74.7.242.1 - - [13/Mar/2026:01:30:16 +0530] "GET /goods.php?detail/206038832463 HTTP/2.0" 200 23955 "https://vedanthasoftware.com/goods.php?jp/206038832.html" "Mozilla/5.0 AppleWebKit/537.36 (KHTML, like Gecko; compatible; GPTBot/1.3; +https://openai.com/gptbot)"
74.7.243.201 - - [13/Mar/2026:01:30:17 +0530] "GET /goods.php?detail/269029324112 HTTP/2.0" 200 24331 "https://www.vedanthasoftware.com/goods.php?detail/017014447435" "Mozilla/5.0 AppleWebKit/537.36 (KHTML, like Gecko; compatible; GPTBot/1.3; +https://openai.com/gptbot)"
57.141.0.46 - - [13/Mar/2026:01:30:17 +0530] "GET /?e=8071998219900 HTTP/2.0" 200 183473 "-" "meta-externalagent/1.1 (+https://developers.facebook.com/docs/sharing/webmasters/crawler)"
74.7.243.201 - - [13/Mar/2026:01:30:20 +0530] "GET /goods.php?detail/087049816916 HTTP/2.0" 200 25459 "https://www.vedanthasoftware.com/goods.php?detail/017041012813" "Mozilla/5.0 AppleWebKit/537.36 (KHTML, like Gecko; compatible; GPTBot/1.3; +https://openai.com/gptbot)"
74.7.242.1 - - [13/Mar/2026:01:30:21 +0530] "GET /goods.php?detail/042018194074 HTTP/2.0" 200 23767 "https://vedanthasoftware.com/goods.php?detail/042004665794" "Mozilla/5.0 AppleWebKit/537.36 (KHTML, like Gecko; compatible; GPTBot/1.3; +https://openai.com/gptbot)"
57.141.0.22 - - [13/Mar/2026:01:30:22 +0530] "GET /?e=0801254112302 HTTP/2.0" 200 183473 "-" "meta-externalagent/1.1 (+https://developers.facebook.com/docs/sharing/webmasters/crawler)"
74.7.243.201 - - [13/Mar/2026:01:30:25 +0530] "GET /goods.php?detail/019019918891 HTTP/2.0" 200 24330 "https://www.vedanthasoftware.com/goods.php?detail/166042935939" "Mozilla/5.0 AppleWebKit/537.36 (KHTML, like Gecko; compatible; GPTBot/1.3; +https://openai.com/gptbot)"
74.7.242.1 - - [13/Mar/2026:01:30:26 +0530] "GET /goods.php?jp/150031569.html HTTP/2.0" 200 24908 "https://vedanthasoftware.com/goods.php?detail/150037766367" "Mozilla/5.0 AppleWebKit/537.36 (KHTML, like Gecko; compatible; GPTBot/1.3; +https://openai.com/gptbot)"
57.141.0.5 - - [13/Mar/2026:01:30:26 +0530] "GET /?e=82831278008602 HTTP/2.0" 200 183473 "-" "meta-externalagent/1.1 (+https://developers.facebook.com/docs/sharing/webmasters/crawler)"
74.7.243.201 - - [13/Mar/2026:01:30:29 +0530] "GET /goods.php?detail/207017502752 HTTP/2.0" 200 24562 "https://www.vedanthasoftware.com/goods.php?detail/158011560057" "Mozilla/5.0 AppleWebKit/537.36 (KHTML, like Gecko; compatible; GPTBot/1.3; +https://openai.com/gptbot)"
74.7.242.1 - - [13/Mar/2026:01:30:30 +0530] "GET /goods.php?detail/037033070768 HTTP/2.0" 200 23712 "https://vedanthasoftware.com/goods.php?detail/150037766367" "Mozilla/5.0 AppleWebKit/537.36 (KHTML, like Gecko; compatible; GPTBot/1.3; +https://openai.com/gptbot)"
57.141.0.71 - - [13/Mar/2026:01:30:31 +0530] "GET /?e=82928218426603 HTTP/2.0" 200 183473 "-" "meta-externalagent/1.1 (+https://developers.facebook.com/docs/sharing/webmasters/crawler)"
74.7.243.201 - - [13/Mar/2026:01:30:34 +0530] "GET /goods.php?detail/101014213229 HTTP/2.0" 200 24010 "https://www.vedanthasoftware.com/goods.php?detail/101014222942" "Mozilla/5.0 AppleWebKit/537.36 (KHTML, like Gecko; compatible; GPTBot/1.3; +https://openai.com/gptbot)"
74.7.242.1 - - [13/Mar/2026:01:30:34 +0530] "GET /goods.php?detail/0200354267269 HTTP/2.0" 200 23744 "https://vedanthasoftware.com/goods.php?detail/020043835435" "Mozilla/5.0 AppleWebKit/537.36 (KHTML, like Gecko; compatible; GPTBot/1.3; +https://openai.com/gptbot)"
74.7.243.201 - - [13/Mar/2026:01:30:38 +0530] "GET /goods.php?detail/009001298594 HTTP/2.0" 200 25469 "https://www.vedanthasoftware.com/goods.php?detail/158011560057" "Mozilla/5.0 AppleWebKit/537.36 (KHTML, like Gecko; compatible; GPTBot/1.3; +https://openai.com/gptbot)"
74.7.242.1 - - [13/Mar/2026:01:30:39 +0530] "GET /goods.php?detail/133031409480 HTTP/2.0" 200 24109 "https://vedanthasoftware.com/goods.php?detail/0900349109905" "Mozilla/5.0 AppleWebKit/537.36 (KHTML, like Gecko; compatible; GPTBot/1.3; +https://openai.com/gptbot)"
114.119.153.137 - - [13/Mar/2026:01:30:39 +0530] "GET /?_s=142043822 HTTP/1.1" 301 5 "https://www.vedanthasoftware.com/sitemap546.xml" "Mozilla/5.0 (Linux; Android 7.0;) AppleWebKit/537.36 (KHTML, like Gecko) Mobile Safari/537.36 (compatible; PetalBot;+https://webmaster.petalsearch.com/site/petalbot)"
57.141.0.31 - - [13/Mar/2026:01:30:39 +0530] "GET /?e=0298470406800 HTTP/2.0" 200 183473 "-" "meta-externalagent/1.1 (+https://developers.facebook.com/docs/sharing/webmasters/crawler)"
74.7.242.1 - - [13/Mar/2026:01:30:42 +0530] "GET /goods.php?detail/065012502606 HTTP/2.0" 200 23773 "https://vedanthasoftware.com/goods.php?detail/112023300565" "Mozilla/5.0 AppleWebKit/537.36 (KHTML, like Gecko; compatible; GPTBot/1.3; +https://openai.com/gptbot)"
74.7.243.201 - - [13/Mar/2026:01:30:43 +0530] "GET /goods.php?detail/1800194090986 HTTP/2.0" 200 24815 "https://www.vedanthasoftware.com/goods.php?detail/300032356062" "Mozilla/5.0 AppleWebKit/537.36 (KHTML, like Gecko; compatible; GPTBot/1.3; +https://openai.com/gptbot)"
57.141.0.25 - - [13/Mar/2026:01:30:43 +0530] "GET /?e=5068191087005 HTTP/2.0" 200 183473 "-" "meta-externalagent/1.1 (+https://developers.facebook.com/docs/sharing/webmasters/crawler)"
57.141.0.36 - - [13/Mar/2026:01:30:44 +0530] "GET /?e=12451253180201 HTTP/2.0" 200 183473 "-" "meta-externalagent/1.1 (+https://developers.facebook.com/docs/sharing/webmasters/crawler)"
57.141.0.11 - - [13/Mar/2026:01:30:44 +0530] "GET /?e=1239316987602 HTTP/2.0" 200 183473 "-" "meta-externalagent/1.1 (+https://developers.facebook.com/docs/sharing/webmasters/crawler)"
74.7.243.201 - - [13/Mar/2026:01:30:46 +0530] "GET /goods.php?detail/063007203888 HTTP/2.0" 200 23798 "https://www.vedanthasoftware.com/goods.php?detail/239013287716" "Mozilla/5.0 AppleWebKit/537.36 (KHTML, like Gecko; compatible; GPTBot/1.3; +https://openai.com/gptbot)"
74.7.242.1 - - [13/Mar/2026:01:30:47 +0530] "GET /goods.php?detail/112024656338 HTTP/2.0" 200 24575 "https://vedanthasoftware.com/goods.php?detail/112023300565" "Mozilla/5.0 AppleWebKit/537.36 (KHTML, like Gecko; compatible; GPTBot/1.3; +https://openai.com/gptbot)"
114.119.153.137 - - [13/Mar/2026:01:30:48 +0530] "GET /?_s=142043822 HTTP/1.1" 200 38173 "https://www.vedanthasoftware.com/sitemap546.xml" "Mozilla/5.0 (Linux; Android 7.0;) AppleWebKit/537.36 (KHTML, like Gecko) Mobile Safari/537.36 (compatible; PetalBot;+https://webmaster.petalsearch.com/site/petalbot)"
74.7.243.201 - - [13/Mar/2026:01:30:50 +0530] "GET /goods.php?detail/0890070086674 HTTP/2.0" 200 25281 "https://www.vedanthasoftware.com/goods.php?detail/037003778802" "Mozilla/5.0 AppleWebKit/537.36 (KHTML, like Gecko; compatible; GPTBot/1.3; +https://openai.com/gptbot)"
74.7.242.1 - - [13/Mar/2026:01:30:51 +0530] "GET /goods.php?jp/065012502.html HTTP/2.0" 200 23774 "https://vedanthasoftware.com/goods.php?detail/065012502606" "Mozilla/5.0 AppleWebKit/537.36 (KHTML, like Gecko; compatible; GPTBot/1.3; +https://openai.com/gptbot)"
57.141.0.23 - - [13/Mar/2026:01:30:51 +0530] "GET /?e=99322136956714 HTTP/2.0" 200 183473 "-" "meta-externalagent/1.1 (+https://developers.facebook.com/docs/sharing/webmasters/crawler)"
57.141.0.50 - - [13/Mar/2026:01:30:53 +0530] "GET /?e=09878284771704 HTTP/2.0" 200 183473 "-" "meta-externalagent/1.1 (+https://developers.facebook.com/docs/sharing/webmasters/crawler)"
74.7.243.201 - - [13/Mar/2026:01:30:54 +0530] "GET /goods.php?detail/123018200130 HTTP/2.0" 200 23636 "https://www.vedanthasoftware.com/goods.php?detail/296044741667" "Mozilla/5.0 AppleWebKit/537.36 (KHTML, like Gecko; compatible; GPTBot/1.3; +https://openai.com/gptbot)"
74.7.242.1 - - [13/Mar/2026:01:30:55 +0530] "GET /goods.php?detail/0410430493899 HTTP/2.0" 200 24500 "https://vedanthasoftware.com/goods.php?detail/041011524648" "Mozilla/5.0 AppleWebKit/537.36 (KHTML, like Gecko; compatible; GPTBot/1.3; +https://openai.com/gptbot)"
57.141.0.17 - - [13/Mar/2026:01:30:56 +0530] "GET /?e=85020270780305 HTTP/2.0" 200 183473 "-" "meta-externalagent/1.1 (+https://developers.facebook.com/docs/sharing/webmasters/crawler)"
57.141.0.14 - - [13/Mar/2026:01:30:56 +0530] "GET /?e=5027950745600 HTTP/2.0" 200 183473 "-" "meta-externalagent/1.1 (+https://developers.facebook.com/docs/sharing/webmasters/crawler)"
74.7.242.1 - - [13/Mar/2026:01:30:59 +0530] "GET /goods.php?detail/296027587515 HTTP/2.0" 200 23824 "https://vedanthasoftware.com/goods.php?detail/260038938301" "Mozilla/5.0 AppleWebKit/537.36 (KHTML, like Gecko; compatible; GPTBot/1.3; +https://openai.com/gptbot)"
74.7.243.201 - - [13/Mar/2026:01:30:59 +0530] "GET /goods.php?detail/101014216093 HTTP/2.0" 200 24311 "https://www.vedanthasoftware.com/goods.php?detail/101014222942" "Mozilla/5.0 AppleWebKit/537.36 (KHTML, like Gecko; compatible; GPTBot/1.3; +https://openai.com/gptbot)"
74.7.242.1 - - [13/Mar/2026:01:31:02 +0530] "GET /goods.php?detail/041042552963 HTTP/2.0" 200 24760 "https://vedanthasoftware.com/goods.php?detail/041011528225" "Mozilla/5.0 AppleWebKit/537.36 (KHTML, like Gecko; compatible; GPTBot/1.3; +https://openai.com/gptbot)"
74.7.243.201 - - [13/Mar/2026:01:31:03 +0530] "GET /goods.php?detail/204030133296 HTTP/2.0" 200 24411 "https://www.vedanthasoftware.com/goods.php?detail/239013287716" "Mozilla/5.0 AppleWebKit/537.36 (KHTML, like Gecko; compatible; GPTBot/1.3; +https://openai.com/gptbot)"
57.141.0.16 - - [13/Mar/2026:01:31:04 +0530] "GET /?e=3701984172610 HTTP/2.0" 200 183473 "-" "meta-externalagent/1.1 (+https://developers.facebook.com/docs/sharing/webmasters/crawler)"
74.7.242.1 - - [13/Mar/2026:01:31:06 +0530] "GET /goods.php?detail/041042553605 HTTP/2.0" 200 24312 "https://vedanthasoftware.com/goods.php?detail/041011528225" "Mozilla/5.0 AppleWebKit/537.36 (KHTML, like Gecko; compatible; GPTBot/1.3; +https://openai.com/gptbot)"
57.141.0.26 - - [13/Mar/2026:01:31:07 +0530] "GET /?e=11667230065401 HTTP/2.0" 200 183473 "-" "meta-externalagent/1.1 (+https://developers.facebook.com/docs/sharing/webmasters/crawler)"
74.7.243.201 - - [13/Mar/2026:01:31:07 +0530] "GET /goods.php?detail/270010577629 HTTP/2.0" 200 24475 "https://www.vedanthasoftware.com/goods.php?detail/270038188701" "Mozilla/5.0 AppleWebKit/537.36 (KHTML, like Gecko; compatible; GPTBot/1.3; +https://openai.com/gptbot)"
74.7.242.1 - - [13/Mar/2026:01:31:10 +0530] "GET /goods.php?detail/042004662555 HTTP/2.0" 200 23781 "https://vedanthasoftware.com/goods.php?detail/042018194074" "Mozilla/5.0 AppleWebKit/537.36 (KHTML, like Gecko; compatible; GPTBot/1.3; +https://openai.com/gptbot)"
74.7.243.201 - - [13/Mar/2026:01:31:11 +0530] "GET /goods.php?detail/275009739714 HTTP/2.0" 200 24419 "https://www.vedanthasoftware.com/goods.php?detail/019019918891" "Mozilla/5.0 AppleWebKit/537.36 (KHTML, like Gecko; compatible; GPTBot/1.3; +https://openai.com/gptbot)"
143.14.6.124 - - [13/Mar/2026:01:31:11 +0530] "GET /wp-json/oembed/1.0/embed?url=https%3A%2F%2Fvedanthasoftware.com%2Fbest-practices%2F&format=xml HTTP/1.1" 200 2452 "-" "Mozilla/5.0 (Macintosh; Intel Mac OS X 10_15_7) AppleWebKit/537.36 (KHTML, like Gecko) Chrome/135.0.0.0 Safari/537.36"
74.7.242.1 - - [13/Mar/2026:01:31:14 +0530] "GET /goods.php?detail/041042554980 HTTP/2.0" 200 24066 "https://vedanthasoftware.com/goods.php?detail/041011528225" "Mozilla/5.0 AppleWebKit/537.36 (KHTML, like Gecko; compatible; GPTBot/1.3; +https://openai.com/gptbot)"
74.7.243.201 - - [13/Mar/2026:01:31:14 +0530] "GET /goods.php?detail/074009223986 HTTP/2.0" 200 24412 "https://www.vedanthasoftware.com/goods.php?detail/101014222942" "Mozilla/5.0 AppleWebKit/537.36 (KHTML, like Gecko; compatible; GPTBot/1.3; +https://openai.com/gptbot)"
57.141.0.16 - - [13/Mar/2026:01:31:15 +0530] "GET /?e=29304118294700 HTTP/2.0" 200 183473 "-" "meta-externalagent/1.1 (+https://developers.facebook.com/docs/sharing/webmasters/crawler)"
74.7.242.1 - - [13/Mar/2026:01:31:18 +0530] "GET /goods.php?detail/042004666789 HTTP/2.0" 200 24021 "https://vedanthasoftware.com/goods.php?detail/042018194074" "Mozilla/5.0 AppleWebKit/537.36 (KHTML, like Gecko; compatible; GPTBot/1.3; +https://openai.com/gptbot)"
74.7.243.201 - - [13/Mar/2026:01:31:19 +0530] "GET /goods.php?detail/156039679961 HTTP/2.0" 200 23969 "https://www.vedanthasoftware.com/goods.php?detail/101014213229" "Mozilla/5.0 AppleWebKit/537.36 (KHTML, like Gecko; compatible; GPTBot/1.3; +https://openai.com/gptbot)"
57.141.0.17 - - [13/Mar/2026:01:31:19 +0530] "GET /?e=9217190406004 HTTP/2.0" 200 183473 "-" "meta-externalagent/1.1 (+https://developers.facebook.com/docs/sharing/webmasters/crawler)"
74.7.242.1 - - [13/Mar/2026:01:31:22 +0530] "GET /goods.php?detail/152027402106 HTTP/2.0" 200 25069 "https://vedanthasoftware.com/goods.php?detail/0200354267269" "Mozilla/5.0 AppleWebKit/537.36 (KHTML, like Gecko; compatible; GPTBot/1.3; +https://openai.com/gptbot)"
57.141.0.26 - - [13/Mar/2026:01:31:23 +0530] "GET /?e=70870155424701 HTTP/2.0" 200 183473 "-" "meta-externalagent/1.1 (+https://developers.facebook.com/docs/sharing/webmasters/crawler)"
57.141.0.8 - - [13/Mar/2026:01:31:23 +0530] "GET /?e=07471171945900 HTTP/2.0" 200 183473 "-" "meta-externalagent/1.1 (+https://developers.facebook.com/docs/sharing/webmasters/crawler)"
74.7.243.201 - - [13/Mar/2026:01:31:24 +0530] "GET /goods.php?detail/101022747416 HTTP/2.0" 200 24190 "https://www.vedanthasoftware.com/goods.php?detail/101014213229" "Mozilla/5.0 AppleWebKit/537.36 (KHTML, like Gecko; compatible; GPTBot/1.3; +https://openai.com/gptbot)"
57.141.0.35 - - [13/Mar/2026:01:31:25 +0530] "GET /?e=10990252248910 HTTP/2.0" 200 183473 "-" "meta-externalagent/1.1 (+https://developers.facebook.com/docs/sharing/webmasters/crawler)"
74.7.242.1 - - [13/Mar/2026:01:31:27 +0530] "GET /goods.php?detail/052025422093 HTTP/2.0" 200 24021 "https://vedanthasoftware.com/goods.php?detail/133031409480" "Mozilla/5.0 AppleWebKit/537.36 (KHTML, like Gecko; compatible; GPTBot/1.3; +https://openai.com/gptbot)"
74.7.243.201 - - [13/Mar/2026:01:31:28 +0530] "GET /goods.php?detail/072035570290 HTTP/2.0" 200 24003 "https://www.vedanthasoftware.com/goods.php?detail/101014213229" "Mozilla/5.0 AppleWebKit/537.36 (KHTML, like Gecko; compatible; GPTBot/1.3; +https://openai.com/gptbot)"
74.7.242.1 - - [13/Mar/2026:01:31:31 +0530] "GET /goods.php?detail/041042555812 HTTP/2.0" 200 24303 "https://vedanthasoftware.com/goods.php?detail/041011528225" "Mozilla/5.0 AppleWebKit/537.36 (KHTML, like Gecko; compatible; GPTBot/1.3; +https://openai.com/gptbot)"
74.7.243.201 - - [13/Mar/2026:01:31:31 +0530] "GET /goods.php?detail/063007200317 HTTP/2.0" 200 23811 "https://www.vedanthasoftware.com/goods.php?detail/063007203888" "Mozilla/5.0 AppleWebKit/537.36 (KHTML, like Gecko; compatible; GPTBot/1.3; +https://openai.com/gptbot)"
57.141.0.66 - - [13/Mar/2026:01:31:32 +0530] "GET /?e=91716255145901 HTTP/2.0" 200 183473 "-" "meta-externalagent/1.1 (+https://developers.facebook.com/docs/sharing/webmasters/crawler)"
74.7.243.201 - - [13/Mar/2026:01:31:34 +0530] "GET /goods.php?detail/089038508306 HTTP/2.0" 200 24915 "https://www.vedanthasoftware.com/goods.php?detail/0890070086674" "Mozilla/5.0 AppleWebKit/537.36 (KHTML, like Gecko; compatible; GPTBot/1.3; +https://openai.com/gptbot)"
74.7.242.1 - - [13/Mar/2026:01:31:35 +0530] "GET /goods.php?jp/112024454.html HTTP/2.0" 200 24938 "https://vedanthasoftware.com/goods.php?detail/112024656338" "Mozilla/5.0 AppleWebKit/537.36 (KHTML, like Gecko; compatible; GPTBot/1.3; +https://openai.com/gptbot)"
57.141.0.60 - - [13/Mar/2026:01:31:36 +0530] "GET /?e=994044549003 HTTP/2.0" 200 183473 "-" "meta-externalagent/1.1 (+https://developers.facebook.com/docs/sharing/webmasters/crawler)"
74.7.243.201 - - [13/Mar/2026:01:31:38 +0530] "GET /goods.php?detail/071044580055 HTTP/2.0" 200 24329 "https://www.vedanthasoftware.com/goods.php?detail/123018200130" "Mozilla/5.0 AppleWebKit/537.36 (KHTML, like Gecko; compatible; GPTBot/1.3; +https://openai.com/gptbot)"
74.7.242.1 - - [13/Mar/2026:01:31:39 +0530] "GET /goods.php?detail/065031166956 HTTP/2.0" 200 23789 "https://vedanthasoftware.com/goods.php?jp/065012502.html" "Mozilla/5.0 AppleWebKit/537.36 (KHTML, like Gecko; compatible; GPTBot/1.3; +https://openai.com/gptbot)"
57.141.0.21 - - [13/Mar/2026:01:31:40 +0530] "GET /?e=87911298343902 HTTP/2.0" 200 183473 "-" "meta-externalagent/1.1 (+https://developers.facebook.com/docs/sharing/webmasters/crawler)"
74.7.243.201 - - [13/Mar/2026:01:31:42 +0530] "GET /goods.php?detail/1910271293902 HTTP/2.0" 200 23718 "https://www.vedanthasoftware.com/goods.php?detail/063007203888" "Mozilla/5.0 AppleWebKit/537.36 (KHTML, like Gecko; compatible; GPTBot/1.3; +https://openai.com/gptbot)"
57.141.0.28 - - [13/Mar/2026:01:31:43 +0530] "GET /?e=979211070800 HTTP/2.0" 200 183473 "-" "meta-externalagent/1.1 (+https://developers.facebook.com/docs/sharing/webmasters/crawler)"
74.7.242.1 - - [13/Mar/2026:01:31:43 +0530] "GET /goods.php?detail/250008100599 HTTP/2.0" 200 24056 "https://vedanthasoftware.com/goods.php?detail/296027587515" "Mozilla/5.0 AppleWebKit/537.36 (KHTML, like Gecko; compatible; GPTBot/1.3; +https://openai.com/gptbot)"
57.141.0.56 - - [13/Mar/2026:01:31:44 +0530] "GET /?e=95433205742300 HTTP/2.0" 200 183473 "-" "meta-externalagent/1.1 (+https://developers.facebook.com/docs/sharing/webmasters/crawler)"
57.141.0.24 - - [13/Mar/2026:01:31:44 +0530] "GET /?e=2919335667400 HTTP/2.0" 200 183473 "-" "meta-externalagent/1.1 (+https://developers.facebook.com/docs/sharing/webmasters/crawler)"
57.141.0.21 - - [13/Mar/2026:01:31:44 +0530] "GET /?e=3124080951602 HTTP/2.0" 200 183473 "-" "meta-externalagent/1.1 (+https://developers.facebook.com/docs/sharing/webmasters/crawler)"
74.7.242.1 - - [13/Mar/2026:01:31:47 +0530] "GET /goods.php?detail/150018884299 HTTP/2.0" 200 24018 "https://vedanthasoftware.com/goods.php?jp/150031569.html" "Mozilla/5.0 AppleWebKit/537.36 (KHTML, like Gecko; compatible; GPTBot/1.3; +https://openai.com/gptbot)"
74.7.243.201 - - [13/Mar/2026:01:31:48 +0530] "GET /goods.php?detail/101014204562 HTTP/2.0" 200 23621 "https://www.vedanthasoftware.com/goods.php?detail/101014216093" "Mozilla/5.0 AppleWebKit/537.36 (KHTML, like Gecko; compatible; GPTBot/1.3; +https://openai.com/gptbot)"
57.141.0.1 - - [13/Mar/2026:01:31:49 +0530] "GET /?e=13809145570802 HTTP/2.0" 200 183473 "-" "meta-externalagent/1.1 (+https://developers.facebook.com/docs/sharing/webmasters/crawler)"
74.7.242.1 - - [13/Mar/2026:01:31:50 +0530] "GET /goods.php?detail/065044367222 HTTP/2.0" 200 24035 "https://vedanthasoftware.com/goods.php?jp/065012502.html" "Mozilla/5.0 AppleWebKit/537.36 (KHTML, like Gecko; compatible; GPTBot/1.3; +https://openai.com/gptbot)"
57.141.0.25 - - [13/Mar/2026:01:31:51 +0530] "GET /?e=12798248990105 HTTP/2.0" 200 183473 "-" "meta-externalagent/1.1 (+https://developers.facebook.com/docs/sharing/webmasters/crawler)"
74.7.243.201 - - [13/Mar/2026:01:31:51 +0530] "GET /goods.php?detail/270005459706 HTTP/2.0" 200 23742 "https://www.vedanthasoftware.com/goods.php?detail/270010577629" "Mozilla/5.0 AppleWebKit/537.36 (KHTML, like Gecko; compatible; GPTBot/1.3; +https://openai.com/gptbot)"
57.141.0.41 - - [13/Mar/2026:01:31:52 +0530] "GET /?e=181063994301 HTTP/2.0" 200 183473 "-" "meta-externalagent/1.1 (+https://developers.facebook.com/docs/sharing/webmasters/crawler)"
74.7.242.1 - - [13/Mar/2026:01:31:54 +0530] "GET /goods.php?detail/257047874868 HTTP/2.0" 200 23824 "https://vedanthasoftware.com/goods.php?detail/037033070768" "Mozilla/5.0 AppleWebKit/537.36 (KHTML, like Gecko; compatible; GPTBot/1.3; +https://openai.com/gptbot)"
74.7.243.201 - - [13/Mar/2026:01:31:55 +0530] "GET /goods.php?detail/1640077460160 HTTP/2.0" 200 24053 "https://www.vedanthasoftware.com/goods.php?detail/275009739714" "Mozilla/5.0 AppleWebKit/537.36 (KHTML, like Gecko; compatible; GPTBot/1.3; +https://openai.com/gptbot)"
74.7.242.1 - - [13/Mar/2026:01:31:58 +0530] "GET /goods.php?detail/041047649836 HTTP/2.0" 200 24897 "https://vedanthasoftware.com/goods.php?detail/041042554980" "Mozilla/5.0 AppleWebKit/537.36 (KHTML, like Gecko; compatible; GPTBot/1.3; +https://openai.com/gptbot)"
74.7.243.201 - - [13/Mar/2026:01:31:59 +0530] "GET /goods.php?detail/270004556372 HTTP/2.0" 200 24293 "https://www.vedanthasoftware.com/goods.php?detail/270010577629" "Mozilla/5.0 AppleWebKit/537.36 (KHTML, like Gecko; compatible; GPTBot/1.3; +https://openai.com/gptbot)"
57.141.0.43 - - [13/Mar/2026:01:32:00 +0530] "GET /?e=98051273018406 HTTP/2.0" 200 183473 "-" "meta-externalagent/1.1 (+https://developers.facebook.com/docs/sharing/webmasters/crawler)"
74.7.242.1 - - [13/Mar/2026:01:32:01 +0530] "GET /goods.php?detail/218035593565 HTTP/2.0" 200 24453 "https://vedanthasoftware.com/goods.php?detail/042004666789" "Mozilla/5.0 AppleWebKit/537.36 (KHTML, like Gecko; compatible; GPTBot/1.3; +https://openai.com/gptbot)"
57.141.0.63 - - [13/Mar/2026:01:32:02 +0530] "GET /?e=19046127592401 HTTP/2.0" 200 183473 "-" "meta-externalagent/1.1 (+https://developers.facebook.com/docs/sharing/webmasters/crawler)"
74.7.243.201 - - [13/Mar/2026:01:32:03 +0530] "GET /goods.php?detail/084028869970 HTTP/2.0" 200 25603 "https://www.vedanthasoftware.com/goods.php?detail/275009739714" "Mozilla/5.0 AppleWebKit/537.36 (KHTML, like Gecko; compatible; GPTBot/1.3; +https://openai.com/gptbot)"
57.141.0.29 - - [13/Mar/2026:01:32:03 +0530] "GET /?e=7590113326202 HTTP/2.0" 200 183473 "-" "meta-externalagent/1.1 (+https://developers.facebook.com/docs/sharing/webmasters/crawler)"
57.141.0.42 - - [13/Mar/2026:01:32:04 +0530] "GET /?e=11177133818101 HTTP/2.0" 200 183473 "-" "meta-externalagent/1.1 (+https://developers.facebook.com/docs/sharing/webmasters/crawler)"
74.7.242.1 - - [13/Mar/2026:01:32:06 +0530] "GET /goods.php?goods/170027752 HTTP/2.0" 200 24367 "https://vedanthasoftware.com/goods.php?detail/152027402106" "Mozilla/5.0 AppleWebKit/537.36 (KHTML, like Gecko; compatible; GPTBot/1.3; +https://openai.com/gptbot)"
74.7.243.201 - - [13/Mar/2026:01:32:07 +0530] "GET /goods.php?detail/280008197900 HTTP/2.0" 200 23913 "https://www.vedanthasoftware.com/goods.php?detail/101022747416" "Mozilla/5.0 AppleWebKit/537.36 (KHTML, like Gecko; compatible; GPTBot/1.3; +https://openai.com/gptbot)"
57.141.0.33 - - [13/Mar/2026:01:32:07 +0530] "GET /?e=0055687899601 HTTP/2.0" 200 183473 "-" "meta-externalagent/1.1 (+https://developers.facebook.com/docs/sharing/webmasters/crawler)"
74.7.243.201 - - [13/Mar/2026:01:32:11 +0530] "GET /goods.php?detail/059038219537 HTTP/2.0" 200 23785 "https://www.vedanthasoftware.com/goods.php?detail/101022747416" "Mozilla/5.0 AppleWebKit/537.36 (KHTML, like Gecko; compatible; GPTBot/1.3; +https://openai.com/gptbot)"
74.7.242.1 - - [13/Mar/2026:01:32:12 +0530] "GET /goods.php?detail/042027487999 HTTP/2.0" 200 24237 "https://vedanthasoftware.com/goods.php?detail/042004666789" "Mozilla/5.0 AppleWebKit/537.36 (KHTML, like Gecko; compatible; GPTBot/1.3; +https://openai.com/gptbot)"
74.7.243.201 - - [13/Mar/2026:01:32:15 +0530] "GET /goods.php?detail/122001025307 HTTP/2.0" 200 23583 "https://www.vedanthasoftware.com/goods.php?detail/063007200317" "Mozilla/5.0 AppleWebKit/537.36 (KHTML, like Gecko; compatible; GPTBot/1.3; +https://openai.com/gptbot)"
74.7.242.1 - - [13/Mar/2026:01:32:16 +0530] "GET /goods.php?detail/059007389877 HTTP/2.0" 200 23717 "https://vedanthasoftware.com/goods.php?detail/041042555812" "Mozilla/5.0 AppleWebKit/537.36 (KHTML, like Gecko; compatible; GPTBot/1.3; +https://openai.com/gptbot)"
74.7.243.201 - - [13/Mar/2026:01:32:18 +0530] "GET /goods.php?detail/001015387321 HTTP/2.0" 200 25086 "https://www.vedanthasoftware.com/goods.php?detail/089038508306" "Mozilla/5.0 AppleWebKit/537.36 (KHTML, like Gecko; compatible; GPTBot/1.3; +https://openai.com/gptbot)"
57.141.0.25 - - [13/Mar/2026:01:32:19 +0530] "GET /?e=21711137520800 HTTP/2.0" 200 183473 "-" "meta-externalagent/1.1 (+https://developers.facebook.com/docs/sharing/webmasters/crawler)"
74.7.242.1 - - [13/Mar/2026:01:32:20 +0530] "GET /goods.php?detail/066001737683 HTTP/2.0" 200 23948 "https://vedanthasoftware.com/goods.php?detail/066007430214" "Mozilla/5.0 AppleWebKit/537.36 (KHTML, like Gecko; compatible; GPTBot/1.3; +https://openai.com/gptbot)"
114.119.153.137 - - [13/Mar/2026:01:32:21 +0530] "GET /?_q=299018747 HTTP/1.1" 301 5 "https://www.vedanthasoftware.com/sitemap546.xml" "Mozilla/5.0 (Linux; Android 7.0;) AppleWebKit/537.36 (KHTML, like Gecko) Mobile Safari/537.36 (compatible; PetalBot;+https://webmaster.petalsearch.com/site/petalbot)"
74.7.243.201 - - [13/Mar/2026:01:32:22 +0530] "GET /goods.php?detail/071026161272 HTTP/2.0" 200 23958 "https://www.vedanthasoftware.com/goods.php?detail/071044580055" "Mozilla/5.0 AppleWebKit/537.36 (KHTML, like Gecko; compatible; GPTBot/1.3; +https://openai.com/gptbot)"
74.7.242.1 - - [13/Mar/2026:01:32:23 +0530] "GET /goods.php?detail/088010793872 HTTP/2.0" 200 24259 "https://vedanthasoftware.com/goods.php?detail/088010070380" "Mozilla/5.0 AppleWebKit/537.36 (KHTML, like Gecko; compatible; GPTBot/1.3; +https://openai.com/gptbot)"
74.7.243.201 - - [13/Mar/2026:01:32:26 +0530] "GET /goods.php?detail/218045456178 HTTP/2.0" 200 24332 "https://www.vedanthasoftware.com/goods.php?detail/1910271293902" "Mozilla/5.0 AppleWebKit/537.36 (KHTML, like Gecko; compatible; GPTBot/1.3; +https://openai.com/gptbot)"
74.7.242.1 - - [13/Mar/2026:01:32:28 +0530] "GET /goods.php?detail/224026647368 HTTP/2.0" 200 23696 "https://vedanthasoftware.com/goods.php?detail/224001434881" "Mozilla/5.0 AppleWebKit/537.36 (KHTML, like Gecko; compatible; GPTBot/1.3; +https://openai.com/gptbot)"
57.141.0.9 - - [13/Mar/2026:01:32:29 +0530] "GET /?e=14059192353106 HTTP/2.0" 200 183473 "-" "meta-externalagent/1.1 (+https://developers.facebook.com/docs/sharing/webmasters/crawler)"
74.7.243.201 - - [13/Mar/2026:01:32:30 +0530] "GET /goods.php?detail/191048011815 HTTP/2.0" 200 23895 "https://www.vedanthasoftware.com/goods.php?detail/1910271293902" "Mozilla/5.0 AppleWebKit/537.36 (KHTML, like Gecko; compatible; GPTBot/1.3; +https://openai.com/gptbot)"
114.119.153.137 - - [13/Mar/2026:01:32:30 +0530] "GET /?_q=299018747 HTTP/1.1" 200 38172 "https://www.vedanthasoftware.com/sitemap546.xml" "Mozilla/5.0 (Linux; Android 7.0;) AppleWebKit/537.36 (KHTML, like Gecko) Mobile Safari/537.36 (compatible; PetalBot;+https://webmaster.petalsearch.com/site/petalbot)"
74.7.243.201 - - [13/Mar/2026:01:32:33 +0530] "GET /goods.php?detail/063007202477 HTTP/2.0" 200 24019 "https://www.vedanthasoftware.com/goods.php?detail/063007200317" "Mozilla/5.0 AppleWebKit/537.36 (KHTML, like Gecko; compatible; GPTBot/1.3; +https://openai.com/gptbot)"
74.7.242.1 - - [13/Mar/2026:01:32:34 +0530] "GET /goods.php?detail/150024600795 HTTP/2.0" 200 25261 "https://vedanthasoftware.com/goods.php?detail/150018884299" "Mozilla/5.0 AppleWebKit/537.36 (KHTML, like Gecko; compatible; GPTBot/1.3; +https://openai.com/gptbot)"
57.141.0.48 - - [13/Mar/2026:01:32:34 +0530] "GET /?e=1273770733201 HTTP/2.0" 200 183473 "-" "meta-externalagent/1.1 (+https://developers.facebook.com/docs/sharing/webmasters/crawler)"
57.141.0.68 - - [13/Mar/2026:01:32:34 +0530] "GET /?e=0315844090000 HTTP/2.0" 200 183473 "-" "meta-externalagent/1.1 (+https://developers.facebook.com/docs/sharing/webmasters/crawler)"
57.141.0.64 - - [13/Mar/2026:01:32:35 +0530] "GET /?e=44051112755700 HTTP/2.0" 200 183473 "-" "meta-externalagent/1.1 (+https://developers.facebook.com/docs/sharing/webmasters/crawler)"
57.141.0.70 - - [13/Mar/2026:01:32:35 +0530] "GET /?e=1980151627702 HTTP/2.0" 200 183473 "-" "meta-externalagent/1.1 (+https://developers.facebook.com/docs/sharing/webmasters/crawler)"
74.7.243.201 - - [13/Mar/2026:01:32:38 +0530] "GET /goods.php?jp/164005435.html HTTP/2.0" 200 23866 "https://www.vedanthasoftware.com/goods.php?detail/1640077460160" "Mozilla/5.0 AppleWebKit/537.36 (KHTML, like Gecko; compatible; GPTBot/1.3; +https://openai.com/gptbot)"
74.7.242.1 - - [13/Mar/2026:01:32:38 +0530] "GET /goods.php?detail/048031543853 HTTP/2.0" 200 25298 "https://vedanthasoftware.com/goods.php?detail/0480384386006" "Mozilla/5.0 AppleWebKit/537.36 (KHTML, like Gecko; compatible; GPTBot/1.3; +https://openai.com/gptbot)"
74.7.243.201 - - [13/Mar/2026:01:32:40 +0530] "GET /goods.php?detail/2860237828368 HTTP/2.0" 200 24642 "https://www.vedanthasoftware.com/goods.php?detail/270005459706" "Mozilla/5.0 AppleWebKit/537.36 (KHTML, like Gecko; compatible; GPTBot/1.3; +https://openai.com/gptbot)"
57.141.0.10 - - [13/Mar/2026:01:32:41 +0530] "GET /?e=0232940453406 HTTP/2.0" 200 183473 "-" "meta-externalagent/1.1 (+https://developers.facebook.com/docs/sharing/webmasters/crawler)"
74.7.242.1 - - [13/Mar/2026:01:32:42 +0530] "GET /goods.php?detail/042019150355 HTTP/2.0" 200 23807 "https://vedanthasoftware.com/goods.php?detail/2020021039890" "Mozilla/5.0 AppleWebKit/537.36 (KHTML, like Gecko; compatible; GPTBot/1.3; +https://openai.com/gptbot)"
57.141.0.61 - - [13/Mar/2026:01:32:43 +0530] "GET /?e=49899235739605 HTTP/2.0" 200 183473 "-" "meta-externalagent/1.1 (+https://developers.facebook.com/docs/sharing/webmasters/crawler)"
57.141.0.40 - - [13/Mar/2026:01:32:44 +0530] "GET /?e=44057126988103 HTTP/2.0" 200 183473 "-" "meta-externalagent/1.1 (+https://developers.facebook.com/docs/sharing/webmasters/crawler)"
74.7.243.201 - - [13/Mar/2026:01:32:45 +0530] "GET /goods.php?detail/142048725727 HTTP/2.0" 200 23818 "https://www.vedanthasoftware.com/goods.php?detail/084028869970" "Mozilla/5.0 AppleWebKit/537.36 (KHTML, like Gecko; compatible; GPTBot/1.3; +https://openai.com/gptbot)"
57.141.0.9 - - [13/Mar/2026:01:32:46 +0530] "GET /?e=91892175353107 HTTP/2.0" 200 183473 "-" "meta-externalagent/1.1 (+https://developers.facebook.com/docs/sharing/webmasters/crawler)"
74.7.242.1 - - [13/Mar/2026:01:32:48 +0530] "GET /goods.php?detail/041047654401 HTTP/2.0" 200 24911 "https://vedanthasoftware.com/goods.php?detail/041047649836" "Mozilla/5.0 AppleWebKit/537.36 (KHTML, like Gecko; compatible; GPTBot/1.3; +https://openai.com/gptbot)"
74.7.243.201 - - [13/Mar/2026:01:32:50 +0530] "GET /goods.php?detail/089011376744 HTTP/2.0" 200 25519 "https://www.vedanthasoftware.com/goods.php?detail/089038508306" "Mozilla/5.0 AppleWebKit/537.36 (KHTML, like Gecko; compatible; GPTBot/1.3; +https://openai.com/gptbot)"
57.141.0.1 - - [13/Mar/2026:01:32:51 +0530] "GET /?e=39961240556000 HTTP/2.0" 200 183473 "-" "meta-externalagent/1.1 (+https://developers.facebook.com/docs/sharing/webmasters/crawler)"
74.7.242.1 - - [13/Mar/2026:01:32:51 +0530] "GET /goods.php?detail/0740283748512 HTTP/2.0" 200 23836 "https://vedanthasoftware.com/goods.php?detail/218035593565" "Mozilla/5.0 AppleWebKit/537.36 (KHTML, like Gecko; compatible; GPTBot/1.3; +https://openai.com/gptbot)"
74.7.243.201 - - [13/Mar/2026:01:32:54 +0530] "GET /goods.php?detail/079004054445 HTTP/2.0" 200 25125 "https://www.vedanthasoftware.com/goods.php?detail/059038219537" "Mozilla/5.0 AppleWebKit/537.36 (KHTML, like Gecko; compatible; GPTBot/1.3; +https://openai.com/gptbot)"
74.7.242.1 - - [13/Mar/2026:01:32:55 +0530] "GET /goods.php?detail/246040896269 HTTP/2.0" 200 24781 "https://vedanthasoftware.com/goods.php?goods/170027752" "Mozilla/5.0 AppleWebKit/537.36 (KHTML, like Gecko; compatible; GPTBot/1.3; +https://openai.com/gptbot)"
57.141.0.7 - - [13/Mar/2026:01:32:55 +0530] "GET /?e=09809283546707 HTTP/2.0" 200 183473 "-" "meta-externalagent/1.1 (+https://developers.facebook.com/docs/sharing/webmasters/crawler)"
74.7.242.1 - - [13/Mar/2026:01:32:59 +0530] "GET /goods.php?goods/042021623 HTTP/2.0" 200 24317 "https://vedanthasoftware.com/goods.php?detail/042027487999" "Mozilla/5.0 AppleWebKit/537.36 (KHTML, like Gecko; compatible; GPTBot/1.3; +https://openai.com/gptbot)"
74.7.243.201 - - [13/Mar/2026:01:32:59 +0530] "GET /goods.php?detail/012030644002 HTTP/2.0" 200 23972 "https://www.vedanthasoftware.com/goods.php?detail/122001025307" "Mozilla/5.0 AppleWebKit/537.36 (KHTML, like Gecko; compatible; GPTBot/1.3; +https://openai.com/gptbot)"
57.141.0.7 - - [13/Mar/2026:01:32:59 +0530] "GET /?e=28289136282701 HTTP/2.0" 200 183473 "-" "meta-externalagent/1.1 (+https://developers.facebook.com/docs/sharing/webmasters/crawler)"
74.7.242.1 - - [13/Mar/2026:01:33:02 +0530] "GET /goods.php?detail/2350035336659 HTTP/2.0" 200 23781 "https://vedanthasoftware.com/goods.php?detail/042027487999" "Mozilla/5.0 AppleWebKit/537.36 (KHTML, like Gecko; compatible; GPTBot/1.3; +https://openai.com/gptbot)"
57.141.0.8 - - [13/Mar/2026:01:33:03 +0530] "GET /?e=6889412484500 HTTP/2.0" 200 183473 "-" "meta-externalagent/1.1 (+https://developers.facebook.com/docs/sharing/webmasters/crawler)"
74.7.243.201 - - [13/Mar/2026:01:33:03 +0530] "GET /goods.php?detail/279027189214 HTTP/2.0" 200 24106 "https://www.vedanthasoftware.com/goods.php?detail/001015387321" "Mozilla/5.0 AppleWebKit/537.36 (KHTML, like Gecko; compatible; GPTBot/1.3; +https://openai.com/gptbot)"
57.141.0.13 - - [13/Mar/2026:01:33:03 +0530] "GET /?e=68579243520701 HTTP/2.0" 200 183473 "-" "meta-externalagent/1.1 (+https://developers.facebook.com/docs/sharing/webmasters/crawler)"
74.7.242.1 - - [13/Mar/2026:01:33:05 +0530] "GET /goods.php?detail/042023023184 HTTP/2.0" 200 24058 "https://vedanthasoftware.com/goods.php?detail/042027487999" "Mozilla/5.0 AppleWebKit/537.36 (KHTML, like Gecko; compatible; GPTBot/1.3; +https://openai.com/gptbot)"
57.141.0.36 - - [13/Mar/2026:01:33:06 +0530] "GET /?e=9489685958003 HTTP/2.0" 200 183473 "-" "meta-externalagent/1.1 (+https://developers.facebook.com/docs/sharing/webmasters/crawler)"
74.7.243.201 - - [13/Mar/2026:01:33:07 +0530] "GET /goods.php?detail/0010260709107 HTTP/2.0" 200 23957 "https://www.vedanthasoftware.com/goods.php?detail/001015387321" "Mozilla/5.0 AppleWebKit/537.36 (KHTML, like Gecko; compatible; GPTBot/1.3; +https://openai.com/gptbot)"
57.141.0.31 - - [13/Mar/2026:01:33:07 +0530] "GET /?e=88247295543101 HTTP/2.0" 200 183473 "-" "meta-externalagent/1.1 (+https://developers.facebook.com/docs/sharing/webmasters/crawler)"
57.141.0.3 - - [13/Mar/2026:01:33:08 +0530] "GET /?e=2300894684503 HTTP/2.0" 200 183473 "-" "meta-externalagent/1.1 (+https://developers.facebook.com/docs/sharing/webmasters/crawler)"
74.7.243.201 - - [13/Mar/2026:01:33:10 +0530] "GET /goods.php?detail/218016448022 HTTP/2.0" 200 24125 "https://www.vedanthasoftware.com/goods.php?detail/218045456178" "Mozilla/5.0 AppleWebKit/537.36 (KHTML, like Gecko; compatible; GPTBot/1.3; +https://openai.com/gptbot)"
57.141.0.61 - - [13/Mar/2026:01:33:11 +0530] "GET /?e=72700293215703 HTTP/2.0" 200 183473 "-" "meta-externalagent/1.1 (+https://developers.facebook.com/docs/sharing/webmasters/crawler)"
74.7.242.1 - - [13/Mar/2026:01:33:11 +0530] "GET /goods.php?detail/088008290894 HTTP/2.0" 200 23900 "https://vedanthasoftware.com/goods.php?detail/088010793872" "Mozilla/5.0 AppleWebKit/537.36 (KHTML, like Gecko; compatible; GPTBot/1.3; +https://openai.com/gptbot)"
74.7.243.201 - - [13/Mar/2026:01:33:14 +0530] "GET /goods.php?detail/053019639535 HTTP/2.0" 200 24091 "https://www.vedanthasoftware.com/goods.php?detail/218045456178" "Mozilla/5.0 AppleWebKit/537.36 (KHTML, like Gecko; compatible; GPTBot/1.3; +https://openai.com/gptbot)"
74.7.242.1 - - [13/Mar/2026:01:33:14 +0530] "GET /goods.php?jp/224026647.html HTTP/2.0" 200 23844 "https://vedanthasoftware.com/goods.php?detail/224026647368" "Mozilla/5.0 AppleWebKit/537.36 (KHTML, like Gecko; compatible; GPTBot/1.3; +https://openai.com/gptbot)"
74.7.243.201 - - [13/Mar/2026:01:33:17 +0530] "GET /goods.php?detail/146046997457 HTTP/2.0" 200 23989 "https://www.vedanthasoftware.com/goods.php?detail/191048011815" "Mozilla/5.0 AppleWebKit/537.36 (KHTML, like Gecko; compatible; GPTBot/1.3; +https://openai.com/gptbot)"
74.7.242.1 - - [13/Mar/2026:01:33:18 +0530] "GET /goods.php?detail/224026649067 HTTP/2.0" 200 25198 "https://vedanthasoftware.com/goods.php?detail/224026647368" "Mozilla/5.0 AppleWebKit/537.36 (KHTML, like Gecko; compatible; GPTBot/1.3; +https://openai.com/gptbot)"
57.141.0.66 - - [13/Mar/2026:01:33:18 +0530] "GET /?e=72321273190402 HTTP/2.0" 200 183473 "-" "meta-externalagent/1.1 (+https://developers.facebook.com/docs/sharing/webmasters/crawler)"
57.141.0.21 - - [13/Mar/2026:01:33:19 +0530] "GET /?e=92695261756002 HTTP/2.0" 200 183473 "-" "meta-externalagent/1.1 (+https://developers.facebook.com/docs/sharing/webmasters/crawler)"
74.7.243.201 - - [13/Mar/2026:01:33:21 +0530] "GET /goods.php?detail/164005432032 HTTP/2.0" 200 23839 "https://www.vedanthasoftware.com/goods.php?jp/164005435.html" "Mozilla/5.0 AppleWebKit/537.36 (KHTML, like Gecko; compatible; GPTBot/1.3; +https://openai.com/gptbot)"
57.141.0.30 - - [13/Mar/2026:01:33:22 +0530] "GET /?e=17461168085504 HTTP/2.0" 200 183473 "-" "meta-externalagent/1.1 (+https://developers.facebook.com/docs/sharing/webmasters/crawler)"
74.7.242.1 - - [13/Mar/2026:01:33:22 +0530] "GET /goods.php?detail/048028988854 HTTP/2.0" 200 23614 "https://vedanthasoftware.com/goods.php?detail/048031543853" "Mozilla/5.0 AppleWebKit/537.36 (KHTML, like Gecko; compatible; GPTBot/1.3; +https://openai.com/gptbot)"
57.141.0.5 - - [13/Mar/2026:01:33:23 +0530] "GET /?e=68391249756100 HTTP/2.0" 200 183473 "-" "meta-externalagent/1.1 (+https://developers.facebook.com/docs/sharing/webmasters/crawler)"
74.7.243.201 - - [13/Mar/2026:01:33:25 +0530] "GET /goods.php?jp/286021178.html HTTP/2.0" 200 24065 "https://www.vedanthasoftware.com/goods.php?detail/2860237828368" "Mozilla/5.0 AppleWebKit/537.36 (KHTML, like Gecko; compatible; GPTBot/1.3; +https://openai.com/gptbot)"
57.141.0.41 - - [13/Mar/2026:01:33:26 +0530] "GET /?e=7977923794300 HTTP/2.0" 200 183473 "-" "meta-externalagent/1.1 (+https://developers.facebook.com/docs/sharing/webmasters/crawler)"
74.7.242.1 - - [13/Mar/2026:01:33:26 +0530] "GET /goods.php?detail/021047374900 HTTP/2.0" 200 23738 "https://vedanthasoftware.com/goods.php?detail/218035593565" "Mozilla/5.0 AppleWebKit/537.36 (KHTML, like Gecko; compatible; GPTBot/1.3; +https://openai.com/gptbot)"
57.141.0.44 - - [13/Mar/2026:01:33:26 +0530] "GET /?e=71544117277400 HTTP/2.0" 200 183473 "-" "meta-externalagent/1.1 (+https://developers.facebook.com/docs/sharing/webmasters/crawler)"
57.141.0.13 - - [13/Mar/2026:01:33:27 +0530] "GET /?e=40020223188405 HTTP/2.0" 200 183473 "-" "meta-externalagent/1.1 (+https://developers.facebook.com/docs/sharing/webmasters/crawler)"
74.7.242.1 - - [13/Mar/2026:01:33:29 +0530] "GET /goods.php?detail/17200274091143 HTTP/2.0" 200 24228 "https://vedanthasoftware.com/goods.php?detail/041047654401" "Mozilla/5.0 AppleWebKit/537.36 (KHTML, like Gecko; compatible; GPTBot/1.3; +https://openai.com/gptbot)"
74.7.243.201 - - [13/Mar/2026:01:33:30 +0530] "GET /goods.php?detail/070048921491 HTTP/2.0" 200 24129 "https://www.vedanthasoftware.com/goods.php?detail/2860237828368" "Mozilla/5.0 AppleWebKit/537.36 (KHTML, like Gecko; compatible; GPTBot/1.3; +https://openai.com/gptbot)"
57.141.0.72 - - [13/Mar/2026:01:33:30 +0530] "GET /?e=01649254094401 HTTP/2.0" 200 183473 "-" "meta-externalagent/1.1 (+https://developers.facebook.com/docs/sharing/webmasters/crawler)"
45.61.188.241 - - [13/Mar/2026:01:33:30 +0530] "GET /wp-login.php HTTP/1.1" 200 7805 "-" "Mozilla/5.0 (compatible; MSIE 9.0; Windows NT 6.1; Trident/5.0)"
74.7.243.201 - - [13/Mar/2026:01:33:33 +0530] "GET /goods.php?detail/289023723878 HTTP/2.0" 200 24352 "https://www.vedanthasoftware.com/goods.php?detail/089011376744" "Mozilla/5.0 AppleWebKit/537.36 (KHTML, like Gecko; compatible; GPTBot/1.3; +https://openai.com/gptbot)"
45.61.188.241 - - [13/Mar/2026:01:33:34 +0530] "POST /wp-login.php HTTP/1.1" 200 8287 "-" "Mozilla/5.0 (compatible; MSIE 9.0; Windows NT 6.1; Trident/5.0)"
74.7.242.1 - - [13/Mar/2026:01:33:34 +0530] "GET /goods.php?detail/048028991960 HTTP/2.0" 200 25038 "https://vedanthasoftware.com/goods.php?detail/048031543853" "Mozilla/5.0 AppleWebKit/537.36 (KHTML, like Gecko; compatible; GPTBot/1.3; +https://openai.com/gptbot)"
57.141.0.42 - - [13/Mar/2026:01:33:35 +0530] "GET /?e=98582293547600 HTTP/2.0" 200 183473 "-" "meta-externalagent/1.1 (+https://developers.facebook.com/docs/sharing/webmasters/crawler)"
57.141.0.19 - - [13/Mar/2026:01:33:36 +0530] "GET /?e=16267134948003 HTTP/2.0" 200 183473 "-" "meta-externalagent/1.1 (+https://developers.facebook.com/docs/sharing/webmasters/crawler)"
74.7.243.201 - - [13/Mar/2026:01:33:38 +0530] "GET /goods.php?detail/142030701930 HTTP/2.0" 200 24588 "https://www.vedanthasoftware.com/goods.php?detail/142048725727" "Mozilla/5.0 AppleWebKit/537.36 (KHTML, like Gecko; compatible; GPTBot/1.3; +https://openai.com/gptbot)"
74.7.242.1 - - [13/Mar/2026:01:33:38 +0530] "GET /goods.php?detail/095020057986 HTTP/2.0" 200 24650 "https://vedanthasoftware.com/goods.php?detail/095031149766" "Mozilla/5.0 AppleWebKit/537.36 (KHTML, like Gecko; compatible; GPTBot/1.3; +https://openai.com/gptbot)"
74.7.243.201 - - [13/Mar/2026:01:33:40 +0530] "GET /goods.php?detail/0790407496197 HTTP/2.0" 200 24436 "https://www.vedanthasoftware.com/goods.php?detail/079004054445" "Mozilla/5.0 AppleWebKit/537.36 (KHTML, like Gecko; compatible; GPTBot/1.3; +https://openai.com/gptbot)"
74.7.242.1 - - [13/Mar/2026:01:33:41 +0530] "GET /goods.php?detail/048012066964 HTTP/2.0" 200 23927 "https://vedanthasoftware.com/goods.php?detail/191033823193" "Mozilla/5.0 AppleWebKit/537.36 (KHTML, like Gecko; compatible; GPTBot/1.3; +https://openai.com/gptbot)"
57.141.0.30 - - [13/Mar/2026:01:33:42 +0530] "GET /?e=88710193556402 HTTP/2.0" 200 183473 "-" "meta-externalagent/1.1 (+https://developers.facebook.com/docs/sharing/webmasters/crawler)"
57.141.0.55 - - [13/Mar/2026:01:33:42 +0530] "GET /?e=21073201016007 HTTP/2.0" 200 183473 "-" "meta-externalagent/1.1 (+https://developers.facebook.com/docs/sharing/webmasters/crawler)"
114.119.153.137 - - [13/Mar/2026:01:33:42 +0530] "GET /?_q=262000678 HTTP/1.1" 301 5 "https://www.vedanthasoftware.com/sitemap546.xml" "Mozilla/5.0 (Linux; Android 7.0;) AppleWebKit/537.36 (KHTML, like Gecko) Mobile Safari/537.36 (compatible; PetalBot;+https://webmaster.petalsearch.com/site/petalbot)"
74.7.243.201 - - [13/Mar/2026:01:33:44 +0530] "GET /goods.php?detail/026023878786 HTTP/2.0" 200 24325 "https://www.vedanthasoftware.com/goods.php?detail/191048011815" "Mozilla/5.0 AppleWebKit/537.36 (KHTML, like Gecko; compatible; GPTBot/1.3; +https://openai.com/gptbot)"
57.141.0.33 - - [13/Mar/2026:01:33:45 +0530] "GET /?e=99157142356001 HTTP/2.0" 200 183473 "-" "meta-externalagent/1.1 (+https://developers.facebook.com/docs/sharing/webmasters/crawler)"
74.7.242.1 - - [13/Mar/2026:01:33:46 +0530] "GET /goods.php?detail/012048554565 HTTP/2.0" 200 23893 "https://vedanthasoftware.com/goods.php?detail/188028230363" "Mozilla/5.0 AppleWebKit/537.36 (KHTML, like Gecko; compatible; GPTBot/1.3; +https://openai.com/gptbot)"
57.141.0.64 - - [13/Mar/2026:01:33:47 +0530] "GET /?e=80100248584000 HTTP/2.0" 200 183473 "-" "meta-externalagent/1.1 (+https://developers.facebook.com/docs/sharing/webmasters/crawler)"
114.119.153.137 - - [13/Mar/2026:01:33:47 +0530] "GET /?_q=262000678 HTTP/1.1" 200 38166 "https://www.vedanthasoftware.com/sitemap546.xml" "Mozilla/5.0 (Linux; Android 7.0;) AppleWebKit/537.36 (KHTML, like Gecko) Mobile Safari/537.36 (compatible; PetalBot;+https://webmaster.petalsearch.com/site/petalbot)"
74.7.243.201 - - [13/Mar/2026:01:33:47 +0530] "GET /goods.php?detail/035009841502 HTTP/2.0" 200 24653 "https://www.vedanthasoftware.com/goods.php?detail/001015387321" "Mozilla/5.0 AppleWebKit/537.36 (KHTML, like Gecko; compatible; GPTBot/1.3; +https://openai.com/gptbot)"
57.141.0.13 - - [13/Mar/2026:01:33:48 +0530] "GET /?e=38892152093200 HTTP/2.0" 200 183473 "-" "meta-externalagent/1.1 (+https://developers.facebook.com/docs/sharing/webmasters/crawler)"
57.141.0.48 - - [13/Mar/2026:01:33:48 +0530] "GET /?e=71490157241201 HTTP/2.0" 200 183473 "-" "meta-externalagent/1.1 (+https://developers.facebook.com/docs/sharing/webmasters/crawler)"
57.141.0.19 - - [13/Mar/2026:01:33:49 +0530] "GET /?e=00267238115800 HTTP/2.0" 200 183473 "-" "meta-externalagent/1.1 (+https://developers.facebook.com/docs/sharing/webmasters/crawler)"
57.141.0.6 - - [13/Mar/2026:01:33:50 +0530] "GET /?e=90710237004803 HTTP/2.0" 200 183473 "-" "meta-externalagent/1.1 (+https://developers.facebook.com/docs/sharing/webmasters/crawler)"
74.7.242.1 - - [13/Mar/2026:01:33:52 +0530] "GET /goods.php?detail/151022169285 HTTP/2.0" 200 24297 "https://vedanthasoftware.com/goods.php?detail/0420048120828" "Mozilla/5.0 AppleWebKit/537.36 (KHTML, like Gecko; compatible; GPTBot/1.3; +https://openai.com/gptbot)"
74.7.243.201 - - [13/Mar/2026:01:33:53 +0530] "GET /goods.php?detail/233048335096 HTTP/2.0" 200 24100 "https://www.vedanthasoftware.com/goods.php?detail/059038219537" "Mozilla/5.0 AppleWebKit/537.36 (KHTML, like Gecko; compatible; GPTBot/1.3; +https://openai.com/gptbot)"
57.141.0.32 - - [13/Mar/2026:01:33:53 +0530] "GET /?e=68087199678300 HTTP/2.0" 200 183473 "-" "meta-externalagent/1.1 (+https://developers.facebook.com/docs/sharing/webmasters/crawler)"
57.141.0.25 - - [13/Mar/2026:01:33:54 +0530] "GET /?e=02287113887002 HTTP/2.0" 200 183473 "-" "meta-externalagent/1.1 (+https://developers.facebook.com/docs/sharing/webmasters/crawler)"
57.141.0.66 - - [13/Mar/2026:01:33:54 +0530] "GET /?e=73290289142102 HTTP/2.0" 200 183473 "-" "meta-externalagent/1.1 (+https://developers.facebook.com/docs/sharing/webmasters/crawler)"
74.7.242.1 - - [13/Mar/2026:01:33:56 +0530] "GET /goods.php?detail/281029003600 HTTP/2.0" 200 24354 "https://vedanthasoftware.com/goods.php?detail/088008290894" "Mozilla/5.0 AppleWebKit/537.36 (KHTML, like Gecko; compatible; GPTBot/1.3; +https://openai.com/gptbot)"
74.7.243.201 - - [13/Mar/2026:01:33:57 +0530] "GET /goods.php?detail/053017524884 HTTP/2.0" 200 24700 "https://www.vedanthasoftware.com/goods.php?detail/053019639535" "Mozilla/5.0 AppleWebKit/537.36 (KHTML, like Gecko; compatible; GPTBot/1.3; +https://openai.com/gptbot)"
57.141.0.10 - - [13/Mar/2026:01:33:57 +0530] "GET /?e=12489155802000 HTTP/2.0" 200 183473 "-" "meta-externalagent/1.1 (+https://developers.facebook.com/docs/sharing/webmasters/crawler)"
57.141.0.53 - - [13/Mar/2026:01:33:58 +0530] "GET /?e=79285272134404 HTTP/2.0" 200 183473 "-" "meta-externalagent/1.1 (+https://developers.facebook.com/docs/sharing/webmasters/crawler)"
57.141.0.47 - - [13/Mar/2026:01:33:58 +0530] "GET /?e=58628166447406 HTTP/2.0" 200 183473 "-" "meta-externalagent/1.1 (+https://developers.facebook.com/docs/sharing/webmasters/crawler)"
57.141.0.14 - - [13/Mar/2026:01:33:59 +0530] "GET /?e=78112165961704 HTTP/2.0" 200 183473 "-" "meta-externalagent/1.1 (+https://developers.facebook.com/docs/sharing/webmasters/crawler)"
74.7.242.1 - - [13/Mar/2026:01:34:01 +0530] "GET /goods.php?detail/088007648990 HTTP/2.0" 200 23977 "https://vedanthasoftware.com/goods.php?detail/088008290894" "Mozilla/5.0 AppleWebKit/537.36 (KHTML, like Gecko; compatible; GPTBot/1.3; +https://openai.com/gptbot)"
74.7.243.201 - - [13/Mar/2026:01:34:01 +0530] "GET /goods.php?jp/146041725.html HTTP/2.0" 200 23818 "https://www.vedanthasoftware.com/goods.php?detail/146046997457" "Mozilla/5.0 AppleWebKit/537.36 (KHTML, like Gecko; compatible; GPTBot/1.3; +https://openai.com/gptbot)"
57.141.0.40 - - [13/Mar/2026:01:34:02 +0530] "GET /?e=85128103899406 HTTP/2.0" 200 183473 "-" "meta-externalagent/1.1 (+https://developers.facebook.com/docs/sharing/webmasters/crawler)"
74.7.242.1 - - [13/Mar/2026:01:34:05 +0530] "GET /goods.php?detail/015002756906 HTTP/2.0" 200 23867 "https://vedanthasoftware.com/goods.php?detail/088008290894" "Mozilla/5.0 AppleWebKit/537.36 (KHTML, like Gecko; compatible; GPTBot/1.3; +https://openai.com/gptbot)"
74.7.243.201 - - [13/Mar/2026:01:34:05 +0530] "GET /goods.php?detail/093016695582 HTTP/2.0" 200 24803 "https://www.vedanthasoftware.com/goods.php?detail/279027189214" "Mozilla/5.0 AppleWebKit/537.36 (KHTML, like Gecko; compatible; GPTBot/1.3; +https://openai.com/gptbot)"
57.141.0.33 - - [13/Mar/2026:01:34:06 +0530] "GET /?e=0799055278901 HTTP/2.0" 200 183473 "-" "meta-externalagent/1.1 (+https://developers.facebook.com/docs/sharing/webmasters/crawler)"
57.141.0.3 - - [13/Mar/2026:01:34:06 +0530] "GET /?e=84313118109602 HTTP/2.0" 200 183473 "-" "meta-externalagent/1.1 (+https://developers.facebook.com/docs/sharing/webmasters/crawler)"
74.7.242.1 - - [13/Mar/2026:01:34:08 +0530] "GET /goods.php?detail/048010204556 HTTP/2.0" 200 23704 "https://vedanthasoftware.com/goods.php?detail/048028988854" "Mozilla/5.0 AppleWebKit/537.36 (KHTML, like Gecko; compatible; GPTBot/1.3; +https://openai.com/gptbot)"
198.244.242.226 - - [13/Mar/2026:01:34:09 +0530] "GET / HTTP/2.0" 200 38143 "-" "Mozilla/5.0 (compatible; AhrefsBot/7.0; +http://ahrefs.com/robot/)"
74.7.243.201 - - [13/Mar/2026:01:34:09 +0530] "GET /goods.php?detail/001026072903 HTTP/2.0" 200 23756 "https://www.vedanthasoftware.com/goods.php?detail/001015387321" "Mozilla/5.0 AppleWebKit/537.36 (KHTML, like Gecko; compatible; GPTBot/1.3; +https://openai.com/gptbot)"
57.141.0.50 - - [13/Mar/2026:01:34:10 +0530] "GET /?e=89978120143902 HTTP/2.0" 200 183473 "-" "meta-externalagent/1.1 (+https://developers.facebook.com/docs/sharing/webmasters/crawler)"
57.141.0.37 - - [13/Mar/2026:01:34:11 +0530] "GET /?e=07218271668500 HTTP/2.0" 200 183473 "-" "meta-externalagent/1.1 (+https://developers.facebook.com/docs/sharing/webmasters/crawler)"
57.141.0.59 - - [13/Mar/2026:01:34:11 +0530] "GET /?e=2171217666000 HTTP/2.0" 200 183473 "-" "meta-externalagent/1.1 (+https://developers.facebook.com/docs/sharing/webmasters/crawler)"
74.7.242.1 - - [13/Mar/2026:01:34:13 +0530] "GET /goods.php?detail/021036202773 HTTP/2.0" 200 23874 "https://vedanthasoftware.com/goods.php?detail/021047374900" "Mozilla/5.0 AppleWebKit/537.36 (KHTML, like Gecko; compatible; GPTBot/1.3; +https://openai.com/gptbot)"
74.7.243.201 - - [13/Mar/2026:01:34:15 +0530] "GET /goods.php?goods/070042921 HTTP/2.0" 200 24117 "https://www.vedanthasoftware.com/goods.php?detail/070048921491" "Mozilla/5.0 AppleWebKit/537.36 (KHTML, like Gecko; compatible; GPTBot/1.3; +https://openai.com/gptbot)"
