74.7.242.1 - - [13/Mar/2026:00:59:29 +0530] "GET /goods.php?detail/156043570057 HTTP/2.0" 200 24667 "https://vedanthasoftware.com/goods.php?detail/0810419508515" "Mozilla/5.0 AppleWebKit/537.36 (KHTML, like Gecko; compatible; GPTBot/1.3; +https://openai.com/gptbot)"
74.7.243.201 - - [13/Mar/2026:00:59:31 +0530] "GET /goods.php?detail/191048505867 HTTP/2.0" 200 25313 "https://www.vedanthasoftware.com/goods.php?detail/283029079303" "Mozilla/5.0 AppleWebKit/537.36 (KHTML, like Gecko; compatible; GPTBot/1.3; +https://openai.com/gptbot)"
74.7.242.1 - - [13/Mar/2026:00:59:34 +0530] "GET /goods.php?detail/173040083400 HTTP/2.0" 200 23986 "https://vedanthasoftware.com/goods.php?detail/247042305033" "Mozilla/5.0 AppleWebKit/537.36 (KHTML, like Gecko; compatible; GPTBot/1.3; +https://openai.com/gptbot)"
74.7.243.201 - - [13/Mar/2026:00:59:34 +0530] "GET /goods.php?detail/062004106315 HTTP/2.0" 200 23895 "https://www.vedanthasoftware.com/goods.php?detail/020009272745" "Mozilla/5.0 AppleWebKit/537.36 (KHTML, like Gecko; compatible; GPTBot/1.3; +https://openai.com/gptbot)"
74.7.242.1 - - [13/Mar/2026:00:59:38 +0530] "GET /goods.php?detail/207010491902 HTTP/2.0" 200 23822 "https://vedanthasoftware.com/goods.php?detail/207033089333" "Mozilla/5.0 AppleWebKit/537.36 (KHTML, like Gecko; compatible; GPTBot/1.3; +https://openai.com/gptbot)"
74.7.243.201 - - [13/Mar/2026:00:59:38 +0530] "GET /goods.php?detail/026044537114 HTTP/2.0" 200 24460 "https://www.vedanthasoftware.com/goods.php?detail/0260472547091" "Mozilla/5.0 AppleWebKit/537.36 (KHTML, like Gecko; compatible; GPTBot/1.3; +https://openai.com/gptbot)"
74.7.243.201 - - [13/Mar/2026:00:59:41 +0530] "GET /goods.php?detail/136029755902 HTTP/2.0" 200 24185 "https://www.vedanthasoftware.com/goods.php?detail/133003020963" "Mozilla/5.0 AppleWebKit/537.36 (KHTML, like Gecko; compatible; GPTBot/1.3; +https://openai.com/gptbot)"
74.7.242.1 - - [13/Mar/2026:00:59:43 +0530] "GET /goods.php?detail/207013704018 HTTP/2.0" 200 24841 "https://vedanthasoftware.com/goods.php?detail/207033089333" "Mozilla/5.0 AppleWebKit/537.36 (KHTML, like Gecko; compatible; GPTBot/1.3; +https://openai.com/gptbot)"
74.7.243.201 - - [13/Mar/2026:00:59:45 +0530] "GET /goods.php?detail/087040210214 HTTP/2.0" 200 24115 "https://www.vedanthasoftware.com/goods.php?detail/087042010570" "Mozilla/5.0 AppleWebKit/537.36 (KHTML, like Gecko; compatible; GPTBot/1.3; +https://openai.com/gptbot)"
74.7.242.1 - - [13/Mar/2026:00:59:47 +0530] "GET /goods.php?detail/282045000899 HTTP/2.0" 200 24071 "https://vedanthasoftware.com/goods.php?detail/282008553357" "Mozilla/5.0 AppleWebKit/537.36 (KHTML, like Gecko; compatible; GPTBot/1.3; +https://openai.com/gptbot)"
74.7.243.201 - - [13/Mar/2026:00:59:50 +0530] "GET /goods.php?detail/096005179655 HTTP/2.0" 200 24006 "https://www.vedanthasoftware.com/goods.php?detail/096007732973" "Mozilla/5.0 AppleWebKit/537.36 (KHTML, like Gecko; compatible; GPTBot/1.3; +https://openai.com/gptbot)"
74.7.242.1 - - [13/Mar/2026:00:59:51 +0530] "GET /goods.php?detail/081043190047 HTTP/2.0" 200 23847 "https://vedanthasoftware.com/goods.php?detail/0810419508515" "Mozilla/5.0 AppleWebKit/537.36 (KHTML, like Gecko; compatible; GPTBot/1.3; +https://openai.com/gptbot)"
74.7.243.201 - - [13/Mar/2026:00:59:53 +0530] "GET /goods.php?detail/087042011280 HTTP/2.0" 200 24032 "https://www.vedanthasoftware.com/goods.php?detail/087042010570" "Mozilla/5.0 AppleWebKit/537.36 (KHTML, like Gecko; compatible; GPTBot/1.3; +https://openai.com/gptbot)"
74.7.242.1 - - [13/Mar/2026:00:59:55 +0530] "GET /goods.php?detail/207021526046 HTTP/2.0" 200 23720 "https://vedanthasoftware.com/goods.php?detail/207033089333" "Mozilla/5.0 AppleWebKit/537.36 (KHTML, like Gecko; compatible; GPTBot/1.3; +https://openai.com/gptbot)"
74.7.243.201 - - [13/Mar/2026:00:59:57 +0530] "GET /goods.php?detail/213046621290 HTTP/2.0" 200 24999 "https://www.vedanthasoftware.com/goods.php?detail/044037263722" "Mozilla/5.0 AppleWebKit/537.36 (KHTML, like Gecko; compatible; GPTBot/1.3; +https://openai.com/gptbot)"
74.7.242.1 - - [13/Mar/2026:00:59:58 +0530] "GET /goods.php?detail/060029643394 HTTP/2.0" 200 24123 "https://vedanthasoftware.com/goods.php?jp/111049782.html" "Mozilla/5.0 AppleWebKit/537.36 (KHTML, like Gecko; compatible; GPTBot/1.3; +https://openai.com/gptbot)"
74.7.243.201 - - [13/Mar/2026:01:00:02 +0530] "GET /goods.php?detail/133036684589 HTTP/2.0" 200 23907 "https://www.vedanthasoftware.com/goods.php?detail/133003020963" "Mozilla/5.0 AppleWebKit/537.36 (KHTML, like Gecko; compatible; GPTBot/1.3; +https://openai.com/gptbot)"
74.7.242.1 - - [13/Mar/2026:01:00:02 +0530] "GET /goods.php?detail/266000710875 HTTP/2.0" 200 24226 "https://vedanthasoftware.com/goods.php?detail/252020133800" "Mozilla/5.0 AppleWebKit/537.36 (KHTML, like Gecko; compatible; GPTBot/1.3; +https://openai.com/gptbot)"
74.7.242.1 - - [13/Mar/2026:01:00:07 +0530] "GET /goods.php?detail/200021624177 HTTP/2.0" 200 23592 "https://vedanthasoftware.com/goods.php?detail/252020133800" "Mozilla/5.0 AppleWebKit/537.36 (KHTML, like Gecko; compatible; GPTBot/1.3; +https://openai.com/gptbot)"
74.7.243.201 - - [13/Mar/2026:01:00:07 +0530] "GET /goods.php?detail/182002644509 HTTP/2.0" 200 23849 "https://www.vedanthasoftware.com/goods.php?detail/066045450723" "Mozilla/5.0 AppleWebKit/537.36 (KHTML, like Gecko; compatible; GPTBot/1.3; +https://openai.com/gptbot)"
185.249.227.216 - - [13/Mar/2026:01:00:08 +0530] "GET / HTTP/1.1" 499 0 "-" "Mozilla/5.0 (X11; Linux x86_64) AppleWebKit/537.36 (KHTML, like Gecko) Chrome/44.0.2403.157 Safari/537.36"
57.141.0.51 - - [13/Mar/2026:01:00:10 +0530] "GET /?e=83200294323803 HTTP/2.0" 200 183473 "-" "meta-externalagent/1.1 (+https://developers.facebook.com/docs/sharing/webmasters/crawler)"
74.7.242.1 - - [13/Mar/2026:01:00:12 +0530] "GET /goods.php?detail/116021441153 HTTP/2.0" 200 23792 "https://vedanthasoftware.com/goods.php?detail/116021442813" "Mozilla/5.0 AppleWebKit/537.36 (KHTML, like Gecko; compatible; GPTBot/1.3; +https://openai.com/gptbot)"
74.7.243.201 - - [13/Mar/2026:01:00:13 +0530] "GET /goods.php?detail/233033073420 HTTP/2.0" 200 24518 "https://www.vedanthasoftware.com/goods.php?detail/233047769160" "Mozilla/5.0 AppleWebKit/537.36 (KHTML, like Gecko; compatible; GPTBot/1.3; +https://openai.com/gptbot)"
74.7.242.1 - - [13/Mar/2026:01:00:15 +0530] "GET /goods.php?detail/252040353823 HTTP/2.0" 200 24268 "https://vedanthasoftware.com/goods.php?detail/252020133800" "Mozilla/5.0 AppleWebKit/537.36 (KHTML, like Gecko; compatible; GPTBot/1.3; +https://openai.com/gptbot)"
74.7.243.201 - - [13/Mar/2026:01:00:17 +0530] "GET /goods.php?detail/191019006358 HTTP/2.0" 200 24431 "https://www.vedanthasoftware.com/goods.php?detail/191048505867" "Mozilla/5.0 AppleWebKit/537.36 (KHTML, like Gecko; compatible; GPTBot/1.3; +https://openai.com/gptbot)"
74.7.242.1 - - [13/Mar/2026:01:00:18 +0530] "GET /goods.php?detail/237025059050 HTTP/2.0" 200 24257 "https://vedanthasoftware.com/goods.php?detail/173040083400" "Mozilla/5.0 AppleWebKit/537.36 (KHTML, like Gecko; compatible; GPTBot/1.3; +https://openai.com/gptbot)"
74.7.243.201 - - [13/Mar/2026:01:00:20 +0530] "GET /goods.php?detail/117018741040 HTTP/2.0" 200 24677 "https://www.vedanthasoftware.com/goods.php?detail/191048505867" "Mozilla/5.0 AppleWebKit/537.36 (KHTML, like Gecko; compatible; GPTBot/1.3; +https://openai.com/gptbot)"
74.7.242.1 - - [13/Mar/2026:01:00:22 +0530] "GET /goods.php?detail/207037860867 HTTP/2.0" 200 23628 "https://vedanthasoftware.com/goods.php?detail/207010491902" "Mozilla/5.0 AppleWebKit/537.36 (KHTML, like Gecko; compatible; GPTBot/1.3; +https://openai.com/gptbot)"
74.7.243.201 - - [13/Mar/2026:01:00:25 +0530] "GET /goods.php?detail/1910190071271 HTTP/2.0" 200 24791 "https://www.vedanthasoftware.com/goods.php?detail/191048505867" "Mozilla/5.0 AppleWebKit/537.36 (KHTML, like Gecko; compatible; GPTBot/1.3; +https://openai.com/gptbot)"
74.7.242.1 - - [13/Mar/2026:01:00:26 +0530] "GET /goods.php?detail/207046162351 HTTP/2.0" 200 23822 "https://vedanthasoftware.com/goods.php?detail/207010491902" "Mozilla/5.0 AppleWebKit/537.36 (KHTML, like Gecko; compatible; GPTBot/1.3; +https://openai.com/gptbot)"
57.141.0.35 - - [13/Mar/2026:01:00:26 +0530] "GET /?e=0880021338100 HTTP/2.0" 200 183473 "-" "meta-externalagent/1.1 (+https://developers.facebook.com/docs/sharing/webmasters/crawler)"
74.7.242.1 - - [13/Mar/2026:01:00:29 +0530] "GET /goods.php?detail/2820311922578 HTTP/2.0" 200 24154 "https://vedanthasoftware.com/goods.php?detail/282045000899" "Mozilla/5.0 AppleWebKit/537.36 (KHTML, like Gecko; compatible; GPTBot/1.3; +https://openai.com/gptbot)"
74.7.243.201 - - [13/Mar/2026:01:00:29 +0530] "GET /goods.php?goods/136029755 HTTP/2.0" 200 24258 "https://www.vedanthasoftware.com/goods.php?detail/136029755902" "Mozilla/5.0 AppleWebKit/537.36 (KHTML, like Gecko; compatible; GPTBot/1.3; +https://openai.com/gptbot)"
57.141.0.34 - - [13/Mar/2026:01:00:30 +0530] "GET /?e=18957152471805 HTTP/2.0" 200 183473 "-" "meta-externalagent/1.1 (+https://developers.facebook.com/docs/sharing/webmasters/crawler)"
74.7.242.1 - - [13/Mar/2026:01:00:33 +0530] "GET /goods.php?detail/106013785260 HTTP/2.0" 200 24156 "https://vedanthasoftware.com/goods.php?detail/081043190047" "Mozilla/5.0 AppleWebKit/537.36 (KHTML, like Gecko; compatible; GPTBot/1.3; +https://openai.com/gptbot)"
74.7.243.201 - - [13/Mar/2026:01:00:33 +0530] "GET /goods.php?detail/026026444112 HTTP/2.0" 200 25230 "https://www.vedanthasoftware.com/goods.php?detail/026044537114" "Mozilla/5.0 AppleWebKit/537.36 (KHTML, like Gecko; compatible; GPTBot/1.3; +https://openai.com/gptbot)"
57.141.0.24 - - [13/Mar/2026:01:00:34 +0530] "GET /?e=2993981539212 HTTP/2.0" 200 183473 "-" "meta-externalagent/1.1 (+https://developers.facebook.com/docs/sharing/webmasters/crawler)"
74.7.242.1 - - [13/Mar/2026:01:00:36 +0530] "GET /goods.php?detail/008040517548 HTTP/2.0" 200 23822 "https://vedanthasoftware.com/goods.php?detail/207021526046" "Mozilla/5.0 AppleWebKit/537.36 (KHTML, like Gecko; compatible; GPTBot/1.3; +https://openai.com/gptbot)"
74.7.243.201 - - [13/Mar/2026:01:00:37 +0530] "GET /goods.php?detail/0960304659469 HTTP/2.0" 200 24276 "https://www.vedanthasoftware.com/goods.php?detail/096005179655" "Mozilla/5.0 AppleWebKit/537.36 (KHTML, like Gecko; compatible; GPTBot/1.3; +https://openai.com/gptbot)"
57.141.0.2 - - [13/Mar/2026:01:00:38 +0530] "GET /?e=99181285627200 HTTP/2.0" 200 183473 "-" "meta-externalagent/1.1 (+https://developers.facebook.com/docs/sharing/webmasters/crawler)"
74.7.243.201 - - [13/Mar/2026:01:00:41 +0530] "GET /goods.php?detail/087014855385 HTTP/2.0" 200 24052 "https://www.vedanthasoftware.com/goods.php?detail/087042011280" "Mozilla/5.0 AppleWebKit/537.36 (KHTML, like Gecko; compatible; GPTBot/1.3; +https://openai.com/gptbot)"
74.7.242.1 - - [13/Mar/2026:01:00:41 +0530] "GET /goods.php?detail/081041947012 HTTP/2.0" 200 23929 "https://vedanthasoftware.com/goods.php?detail/081043190047" "Mozilla/5.0 AppleWebKit/537.36 (KHTML, like Gecko; compatible; GPTBot/1.3; +https://openai.com/gptbot)"
74.7.243.201 - - [13/Mar/2026:01:00:44 +0530] "GET /goods.php?detail/024030433783 HTTP/2.0" 200 24367 "https://www.vedanthasoftware.com/goods.php?detail/213046621290" "Mozilla/5.0 AppleWebKit/537.36 (KHTML, like Gecko; compatible; GPTBot/1.3; +https://openai.com/gptbot)"
74.7.242.1 - - [13/Mar/2026:01:00:44 +0530] "GET /goods.php?detail/060029642105 HTTP/2.0" 200 24616 "https://vedanthasoftware.com/goods.php?detail/060029643394" "Mozilla/5.0 AppleWebKit/537.36 (KHTML, like Gecko; compatible; GPTBot/1.3; +https://openai.com/gptbot)"
57.141.0.3 - - [13/Mar/2026:01:00:45 +0530] "GET /?e=2813179065503 HTTP/2.0" 200 183473 "-" "meta-externalagent/1.1 (+https://developers.facebook.com/docs/sharing/webmasters/crawler)"
57.141.0.37 - - [13/Mar/2026:01:00:46 +0530] "GET /?e=26989202701501 HTTP/2.0" 200 183473 "-" "meta-externalagent/1.1 (+https://developers.facebook.com/docs/sharing/webmasters/crawler)"
74.7.243.201 - - [13/Mar/2026:01:00:49 +0530] "GET /goods.php?detail/087013103230 HTTP/2.0" 200 23959 "https://www.vedanthasoftware.com/goods.php?detail/087042011280" "Mozilla/5.0 AppleWebKit/537.36 (KHTML, like Gecko; compatible; GPTBot/1.3; +https://openai.com/gptbot)"
74.7.242.1 - - [13/Mar/2026:01:00:49 +0530] "GET /goods.php?detail/200010306883 HTTP/2.0" 200 24051 "https://vedanthasoftware.com/goods.php?detail/200021624177" "Mozilla/5.0 AppleWebKit/537.36 (KHTML, like Gecko; compatible; GPTBot/1.3; +https://openai.com/gptbot)"
167.86.127.54 - - [13/Mar/2026:01:00:50 +0530] "GET /wp-login.php HTTP/2.0" 200 2426 "-" "Mozilla/5.0 (Windows NT 10.0; Win64; x64) AppleWebKit/537.36 (KHTML, like Gecko) Chrome/67.0.3396.87 Safari/537.36"
74.7.242.1 - - [13/Mar/2026:01:00:53 +0530] "GET /goods.php?detail/166049393988 HTTP/2.0" 200 24041 "https://vedanthasoftware.com/goods.php?detail/200021624177" "Mozilla/5.0 AppleWebKit/537.36 (KHTML, like Gecko; compatible; GPTBot/1.3; +https://openai.com/gptbot)"
167.86.127.54 - - [13/Mar/2026:01:00:53 +0530] "POST /wp-login.php HTTP/2.0" 200 2611 "https://vedanthasoftware.com/wp-login.php" "Mozilla/5.0 (Windows NT 10.0; Win64; x64) AppleWebKit/537.36 (KHTML, like Gecko) Chrome/67.0.3396.87 Safari/537.36"
74.7.243.201 - - [13/Mar/2026:01:00:53 +0530] "GET /goods.php?detail/213005578243 HTTP/2.0" 200 23757 "https://www.vedanthasoftware.com/goods.php?detail/213046621290" "Mozilla/5.0 AppleWebKit/537.36 (KHTML, like Gecko; compatible; GPTBot/1.3; +https://openai.com/gptbot)"
74.7.242.1 - - [13/Mar/2026:01:00:56 +0530] "GET /goods.php?jp/091039742.html HTTP/2.0" 200 24347 "https://vedanthasoftware.com/goods.php?detail/252040353823" "Mozilla/5.0 AppleWebKit/537.36 (KHTML, like Gecko; compatible; GPTBot/1.3; +https://openai.com/gptbot)"
74.7.243.201 - - [13/Mar/2026:01:00:56 +0530] "GET /goods.php?detail/293005213666 HTTP/2.0" 200 24082 "https://www.vedanthasoftware.com/goods.php?detail/087042011280" "Mozilla/5.0 AppleWebKit/537.36 (KHTML, like Gecko; compatible; GPTBot/1.3; +https://openai.com/gptbot)"
74.7.242.1 - - [13/Mar/2026:01:00:59 +0530] "GET /goods.php?detail/110001575099 HTTP/2.0" 200 23948 "https://vedanthasoftware.com/goods.php?detail/237025059050" "Mozilla/5.0 AppleWebKit/537.36 (KHTML, like Gecko; compatible; GPTBot/1.3; +https://openai.com/gptbot)"
74.7.243.201 - - [13/Mar/2026:01:01:00 +0530] "GET /goods.php?detail/033004585549 HTTP/2.0" 200 23773 "https://www.vedanthasoftware.com/goods.php?detail/087042011280" "Mozilla/5.0 AppleWebKit/537.36 (KHTML, like Gecko; compatible; GPTBot/1.3; +https://openai.com/gptbot)"
54.38.147.217 - - [13/Mar/2026:01:01:01 +0530] "GET /category/uncategorized/page/12/ HTTP/2.0" 200 31546 "-" "Mozilla/5.0 (compatible; AhrefsBot/7.0; +http://ahrefs.com/robot/)"
74.7.242.1 - - [13/Mar/2026:01:01:03 +0530] "GET /goods.php?detail/127024861777 HTTP/2.0" 200 24052 "https://vedanthasoftware.com/goods.php?detail/252040353823" "Mozilla/5.0 AppleWebKit/537.36 (KHTML, like Gecko; compatible; GPTBot/1.3; +https://openai.com/gptbot)"
74.7.243.201 - - [13/Mar/2026:01:01:04 +0530] "GET /goods.php?detail/117018740681 HTTP/2.0" 200 25058 "https://www.vedanthasoftware.com/goods.php?detail/117018741040" "Mozilla/5.0 AppleWebKit/537.36 (KHTML, like Gecko; compatible; GPTBot/1.3; +https://openai.com/gptbot)"
57.141.0.3 - - [13/Mar/2026:01:01:05 +0530] "GET /?e=7055715318900 HTTP/2.0" 200 183473 "-" "meta-externalagent/1.1 (+https://developers.facebook.com/docs/sharing/webmasters/crawler)"
74.7.242.1 - - [13/Mar/2026:01:01:07 +0530] "GET /goods.php?detail/261015622428 HTTP/2.0" 200 24288 "https://vedanthasoftware.com/goods.php?goods/176010755" "Mozilla/5.0 AppleWebKit/537.36 (KHTML, like Gecko; compatible; GPTBot/1.3; +https://openai.com/gptbot)"
74.7.243.201 - - [13/Mar/2026:01:01:08 +0530] "GET /goods.php?detail/031017050279 HTTP/2.0" 200 24629 "https://www.vedanthasoftware.com/goods.php?detail/062004106315" "Mozilla/5.0 AppleWebKit/537.36 (KHTML, like Gecko; compatible; GPTBot/1.3; +https://openai.com/gptbot)"
74.7.243.201 - - [13/Mar/2026:01:01:11 +0530] "GET /goods.php?detail/128004876922 HTTP/2.0" 200 24016 "https://www.vedanthasoftware.com/goods.php?detail/087042011280" "Mozilla/5.0 AppleWebKit/537.36 (KHTML, like Gecko; compatible; GPTBot/1.3; +https://openai.com/gptbot)"
74.7.242.1 - - [13/Mar/2026:01:01:11 +0530] "GET /goods.php?goods/010025496 HTTP/2.0" 200 24108 "https://vedanthasoftware.com/goods.php?detail/2820311922578" "Mozilla/5.0 AppleWebKit/537.36 (KHTML, like Gecko; compatible; GPTBot/1.3; +https://openai.com/gptbot)"
114.119.153.137 - - [13/Mar/2026:01:01:12 +0530] "GET /?_o=277016681 HTTP/1.1" 301 5 "https://www.vedanthasoftware.com/sitemap546.xml" "Mozilla/5.0 (Linux; Android 7.0;) AppleWebKit/537.36 (KHTML, like Gecko) Mobile Safari/537.36 (compatible; PetalBot;+https://webmaster.petalsearch.com/site/petalbot)"
74.7.243.201 - - [13/Mar/2026:01:01:14 +0530] "GET /goods.php?detail/283029081586 HTTP/2.0" 200 23998 "https://www.vedanthasoftware.com/goods.php?detail/283024090166" "Mozilla/5.0 AppleWebKit/537.36 (KHTML, like Gecko; compatible; GPTBot/1.3; +https://openai.com/gptbot)"
74.7.242.1 - - [13/Mar/2026:01:01:15 +0530] "GET /goods.php?detail/106013788989 HTTP/2.0" 200 24686 "https://vedanthasoftware.com/goods.php?detail/106013785260" "Mozilla/5.0 AppleWebKit/537.36 (KHTML, like Gecko; compatible; GPTBot/1.3; +https://openai.com/gptbot)"
74.7.243.201 - - [13/Mar/2026:01:01:17 +0530] "GET /goods.php?detail/2320229230183 HTTP/2.0" 200 24023 "https://www.vedanthasoftware.com/goods.php?detail/0960304659469" "Mozilla/5.0 AppleWebKit/537.36 (KHTML, like Gecko; compatible; GPTBot/1.3; +https://openai.com/gptbot)"
74.7.242.1 - - [13/Mar/2026:01:01:19 +0530] "GET /goods.php?detail/0080232852801 HTTP/2.0" 200 23809 "https://vedanthasoftware.com/goods.php?detail/008040517548" "Mozilla/5.0 AppleWebKit/537.36 (KHTML, like Gecko; compatible; GPTBot/1.3; +https://openai.com/gptbot)"
74.7.243.201 - - [13/Mar/2026:01:01:20 +0530] "GET /goods.php?detail/2020473451491 HTTP/2.0" 200 24033 "https://www.vedanthasoftware.com/goods.php?detail/202021245968" "Mozilla/5.0 AppleWebKit/537.36 (KHTML, like Gecko; compatible; GPTBot/1.3; +https://openai.com/gptbot)"
74.7.242.1 - - [13/Mar/2026:01:01:22 +0530] "GET /goods.php?detail/08100857718391 HTTP/2.0" 200 24588 "https://vedanthasoftware.com/goods.php?detail/081041947012" "Mozilla/5.0 AppleWebKit/537.36 (KHTML, like Gecko; compatible; GPTBot/1.3; +https://openai.com/gptbot)"
114.119.153.137 - - [13/Mar/2026:01:01:22 +0530] "GET /?_o=277016681 HTTP/1.1" 200 38163 "https://www.vedanthasoftware.com/sitemap546.xml" "Mozilla/5.0 (Linux; Android 7.0;) AppleWebKit/537.36 (KHTML, like Gecko) Mobile Safari/537.36 (compatible; PetalBot;+https://webmaster.petalsearch.com/site/petalbot)"
74.7.243.201 - - [13/Mar/2026:01:01:24 +0530] "GET /goods.php?detail/0290179393576 HTTP/2.0" 200 23816 "https://www.vedanthasoftware.com/goods.php?detail/282018951321" "Mozilla/5.0 AppleWebKit/537.36 (KHTML, like Gecko; compatible; GPTBot/1.3; +https://openai.com/gptbot)"
74.7.242.1 - - [13/Mar/2026:01:01:25 +0530] "GET /goods.php?detail/176010756796 HTTP/2.0" 200 24045 "https://vedanthasoftware.com/goods.php?goods/176010755" "Mozilla/5.0 AppleWebKit/537.36 (KHTML, like Gecko; compatible; GPTBot/1.3; +https://openai.com/gptbot)"
74.7.243.201 - - [13/Mar/2026:01:01:27 +0530] "GET /goods.php?detail/0260472632818 HTTP/2.0" 200 24796 "https://www.vedanthasoftware.com/goods.php?detail/026026444112" "Mozilla/5.0 AppleWebKit/537.36 (KHTML, like Gecko; compatible; GPTBot/1.3; +https://openai.com/gptbot)"
74.7.242.1 - - [13/Mar/2026:01:01:30 +0530] "GET /goods.php?detail/200029654019 HTTP/2.0" 200 24901 "https://vedanthasoftware.com/goods.php?detail/200010306883" "Mozilla/5.0 AppleWebKit/537.36 (KHTML, like Gecko; compatible; GPTBot/1.3; +https://openai.com/gptbot)"
74.7.243.201 - - [13/Mar/2026:01:01:30 +0530] "GET /goods.php?detail/2330330711723 HTTP/2.0" 200 24791 "https://www.vedanthasoftware.com/goods.php?detail/233047769160" "Mozilla/5.0 AppleWebKit/537.36 (KHTML, like Gecko; compatible; GPTBot/1.3; +https://openai.com/gptbot)"
74.7.242.1 - - [13/Mar/2026:01:01:33 +0530] "GET /goods.php?detail/124032900644 HTTP/2.0" 200 23674 "https://vedanthasoftware.com/goods.php?detail/1240069664016" "Mozilla/5.0 AppleWebKit/537.36 (KHTML, like Gecko; compatible; GPTBot/1.3; +https://openai.com/gptbot)"
74.7.243.201 - - [13/Mar/2026:01:01:34 +0530] "GET /goods.php?detail/293021871307 HTTP/2.0" 200 24270 "https://www.vedanthasoftware.com/goods.php?detail/293005213666" "Mozilla/5.0 AppleWebKit/537.36 (KHTML, like Gecko; compatible; GPTBot/1.3; +https://openai.com/gptbot)"
57.141.0.35 - - [13/Mar/2026:01:01:35 +0530] "GET /?e=0139186775107 HTTP/2.0" 200 183473 "-" "meta-externalagent/1.1 (+https://developers.facebook.com/docs/sharing/webmasters/crawler)"
74.7.242.1 - - [13/Mar/2026:01:01:38 +0530] "GET /goods.php?detail/091007895089 HTTP/2.0" 200 24645 "https://vedanthasoftware.com/goods.php?jp/091039742.html" "Mozilla/5.0 AppleWebKit/537.36 (KHTML, like Gecko; compatible; GPTBot/1.3; +https://openai.com/gptbot)"
74.7.243.201 - - [13/Mar/2026:01:01:39 +0530] "GET /goods.php?detail/0240155015751 HTTP/2.0" 200 24028 "https://www.vedanthasoftware.com/goods.php?detail/024030433783" "Mozilla/5.0 AppleWebKit/537.36 (KHTML, like Gecko; compatible; GPTBot/1.3; +https://openai.com/gptbot)"
74.7.242.1 - - [13/Mar/2026:01:01:43 +0530] "GET /goods.php?detail/244021814144 HTTP/2.0" 200 24404 "https://vedanthasoftware.com/goods.php?detail/110001575099" "Mozilla/5.0 AppleWebKit/537.36 (KHTML, like Gecko; compatible; GPTBot/1.3; +https://openai.com/gptbot)"
74.7.243.201 - - [13/Mar/2026:01:01:43 +0530] "GET /goods.php?detail/283032824768 HTTP/2.0" 200 25461 "https://www.vedanthasoftware.com/goods.php?detail/117018740681" "Mozilla/5.0 AppleWebKit/537.36 (KHTML, like Gecko; compatible; GPTBot/1.3; +https://openai.com/gptbot)"
74.7.242.1 - - [13/Mar/2026:01:01:46 +0530] "GET /goods.php?detail/110024105824 HTTP/2.0" 200 23816 "https://vedanthasoftware.com/goods.php?detail/110001575099" "Mozilla/5.0 AppleWebKit/537.36 (KHTML, like Gecko; compatible; GPTBot/1.3; +https://openai.com/gptbot)"
74.7.243.201 - - [13/Mar/2026:01:01:46 +0530] "GET /goods.php?detail/0340387852359 HTTP/2.0" 200 24163 "https://www.vedanthasoftware.com/goods.php?detail/117018740681" "Mozilla/5.0 AppleWebKit/537.36 (KHTML, like Gecko; compatible; GPTBot/1.3; +https://openai.com/gptbot)"
74.7.243.201 - - [13/Mar/2026:01:01:49 +0530] "GET /goods.php?detail/0770171380772 HTTP/2.0" 200 24572 "https://www.vedanthasoftware.com/goods.php?detail/071042100433" "Mozilla/5.0 AppleWebKit/537.36 (KHTML, like Gecko; compatible; GPTBot/1.3; +https://openai.com/gptbot)"
74.7.242.1 - - [13/Mar/2026:01:01:50 +0530] "GET /goods.php?m45461362038 HTTP/2.0" 200 24101 "https://vedanthasoftware.com/goods.php?detail/261015622428" "Mozilla/5.0 AppleWebKit/537.36 (KHTML, like Gecko; compatible; GPTBot/1.3; +https://openai.com/gptbot)"
57.141.0.64 - - [13/Mar/2026:01:01:51 +0530] "GET /?e=10679241121408 HTTP/2.0" 200 183473 "-" "meta-externalagent/1.1 (+https://developers.facebook.com/docs/sharing/webmasters/crawler)"
74.7.243.201 - - [13/Mar/2026:01:01:53 +0530] "GET /goods.php?detail/0580018800494 HTTP/2.0" 200 24065 "https://www.vedanthasoftware.com/goods.php?detail/185027962755" "Mozilla/5.0 AppleWebKit/537.36 (KHTML, like Gecko; compatible; GPTBot/1.3; +https://openai.com/gptbot)"
74.7.242.1 - - [13/Mar/2026:01:01:54 +0530] "GET /goods.php?detail/010003934215 HTTP/2.0" 200 23981 "https://vedanthasoftware.com/goods.php?goods/010025496" "Mozilla/5.0 AppleWebKit/537.36 (KHTML, like Gecko; compatible; GPTBot/1.3; +https://openai.com/gptbot)"
74.7.243.201 - - [13/Mar/2026:01:01:57 +0530] "GET /goods.php?detail/2430232086320 HTTP/2.0" 200 23964 "https://www.vedanthasoftware.com/goods.php?detail/2430186893624" "Mozilla/5.0 AppleWebKit/537.36 (KHTML, like Gecko; compatible; GPTBot/1.3; +https://openai.com/gptbot)"
74.7.242.1 - - [13/Mar/2026:01:01:58 +0530] "GET /goods.php?detail/106032706477 HTTP/2.0" 200 24058 "https://vedanthasoftware.com/goods.php?detail/106013788989" "Mozilla/5.0 AppleWebKit/537.36 (KHTML, like Gecko; compatible; GPTBot/1.3; +https://openai.com/gptbot)"
74.7.243.201 - - [13/Mar/2026:01:02:00 +0530] "GET /goods.php?detail/202016948165 HTTP/2.0" 200 24943 "https://www.vedanthasoftware.com/goods.php?detail/2020473451491" "Mozilla/5.0 AppleWebKit/537.36 (KHTML, like Gecko; compatible; GPTBot/1.3; +https://openai.com/gptbot)"
74.7.242.1 - - [13/Mar/2026:01:02:03 +0530] "GET /goods.php?detail/210028286685 HTTP/2.0" 200 23593 "https://vedanthasoftware.com/goods.php?detail/0080232852801" "Mozilla/5.0 AppleWebKit/537.36 (KHTML, like Gecko; compatible; GPTBot/1.3; +https://openai.com/gptbot)"
74.7.243.201 - - [13/Mar/2026:01:02:04 +0530] "GET /goods.php?jp/047023415.html HTTP/2.0" 200 24101 "https://www.vedanthasoftware.com/goods.php?detail/0290179393576" "Mozilla/5.0 AppleWebKit/537.36 (KHTML, like Gecko; compatible; GPTBot/1.3; +https://openai.com/gptbot)"
57.141.0.20 - - [13/Mar/2026:01:02:05 +0530] "GET /?e=09272118921704 HTTP/2.0" 200 183473 "-" "meta-externalagent/1.1 (+https://developers.facebook.com/docs/sharing/webmasters/crawler)"
74.7.242.1 - - [13/Mar/2026:01:02:07 +0530] "GET /goods.php?detail/008023294903 HTTP/2.0" 200 23539 "https://vedanthasoftware.com/goods.php?detail/0080232852801" "Mozilla/5.0 AppleWebKit/537.36 (KHTML, like Gecko; compatible; GPTBot/1.3; +https://openai.com/gptbot)"
74.7.243.201 - - [13/Mar/2026:01:02:09 +0530] "GET /goods.php?detail/074034025888 HTTP/2.0" 200 24192 "https://www.vedanthasoftware.com/goods.php?detail/0260472632818" "Mozilla/5.0 AppleWebKit/537.36 (KHTML, like Gecko; compatible; GPTBot/1.3; +https://openai.com/gptbot)"
74.7.242.1 - - [13/Mar/2026:01:02:10 +0530] "GET /goods.php?detail/17601075512960 HTTP/2.0" 200 23835 "https://vedanthasoftware.com/goods.php?detail/176010756796" "Mozilla/5.0 AppleWebKit/537.36 (KHTML, like Gecko; compatible; GPTBot/1.3; +https://openai.com/gptbot)"
74.7.243.201 - - [13/Mar/2026:01:02:12 +0530] "GET /goods.php?detail/029006856818 HTTP/2.0" 200 24414 "https://www.vedanthasoftware.com/goods.php?detail/0290179393576" "Mozilla/5.0 AppleWebKit/537.36 (KHTML, like Gecko; compatible; GPTBot/1.3; +https://openai.com/gptbot)"
74.7.242.1 - - [13/Mar/2026:01:02:13 +0530] "GET /goods.php?detail/117022276069 HTTP/2.0" 200 24227 "https://vedanthasoftware.com/goods.php?detail/200029654019" "Mozilla/5.0 AppleWebKit/537.36 (KHTML, like Gecko; compatible; GPTBot/1.3; +https://openai.com/gptbot)"
74.7.243.201 - - [13/Mar/2026:01:02:16 +0530] "GET /goods.php?detail/0800107360809 HTTP/2.0" 200 23785 "https://www.vedanthasoftware.com/goods.php?detail/0040303420585" "Mozilla/5.0 AppleWebKit/537.36 (KHTML, like Gecko; compatible; GPTBot/1.3; +https://openai.com/gptbot)"
74.7.242.1 - - [13/Mar/2026:01:02:17 +0530] "GET /goods.php?detail/283008364788 HTTP/2.0" 200 24102 "https://vedanthasoftware.com/goods.php?detail/124032900644" "Mozilla/5.0 AppleWebKit/537.36 (KHTML, like Gecko; compatible; GPTBot/1.3; +https://openai.com/gptbot)"
185.249.227.216 - - [13/Mar/2026:01:02:18 +0530] "POST /wp-cron.php?doing_wp_cron=1773343937.2169499397277832031250 HTTP/1.1" 499 0 "-" "WordPress/6.9.1; https://vedanthasoftware.com"
57.141.0.62 - - [13/Mar/2026:01:02:18 +0530] "GET /?e=10252221130703 HTTP/2.0" 200 183473 "-" "meta-externalagent/1.1 (+https://developers.facebook.com/docs/sharing/webmasters/crawler)"
74.7.243.201 - - [13/Mar/2026:01:02:21 +0530] "GET /goods.php?detail/024021287743 HTTP/2.0" 200 24398 "https://www.vedanthasoftware.com/goods.php?detail/0240155015751" "Mozilla/5.0 AppleWebKit/537.36 (KHTML, like Gecko; compatible; GPTBot/1.3; +https://openai.com/gptbot)"
74.7.242.1 - - [13/Mar/2026:01:02:22 +0530] "GET /goods.php?detail/200023928976 HTTP/2.0" 200 23719 "https://vedanthasoftware.com/goods.php?detail/200029654019" "Mozilla/5.0 AppleWebKit/537.36 (KHTML, like Gecko; compatible; GPTBot/1.3; +https://openai.com/gptbot)"
74.7.243.201 - - [13/Mar/2026:01:02:24 +0530] "GET /goods.php?detail/286040420116 HTTP/2.0" 200 23562 "https://www.vedanthasoftware.com/goods.php?detail/283032824768" "Mozilla/5.0 AppleWebKit/537.36 (KHTML, like Gecko; compatible; GPTBot/1.3; +https://openai.com/gptbot)"
74.7.242.1 - - [13/Mar/2026:01:02:26 +0530] "GET /goods.php?detail/0740460794247 HTTP/2.0" 200 24814 "https://vedanthasoftware.com/goods.php?detail/244021814144" "Mozilla/5.0 AppleWebKit/537.36 (KHTML, like Gecko; compatible; GPTBot/1.3; +https://openai.com/gptbot)"
74.7.243.201 - - [13/Mar/2026:01:02:27 +0530] "GET /goods.php?detail/0800339770335 HTTP/2.0" 200 24113 "https://www.vedanthasoftware.com/goods.php?detail/281032588153" "Mozilla/5.0 AppleWebKit/537.36 (KHTML, like Gecko; compatible; GPTBot/1.3; +https://openai.com/gptbot)"
74.7.242.1 - - [13/Mar/2026:01:02:29 +0530] "GET /goods.php?detail/101015500585 HTTP/2.0" 200 24108 "https://vedanthasoftware.com/goods.php?detail/08100857718391" "Mozilla/5.0 AppleWebKit/537.36 (KHTML, like Gecko; compatible; GPTBot/1.3; +https://openai.com/gptbot)"
74.7.243.201 - - [13/Mar/2026:01:02:30 +0530] "GET /goods.php?detail/1040035400615 HTTP/2.0" 200 23917 "https://www.vedanthasoftware.com/goods.php?detail/1040017460063" "Mozilla/5.0 AppleWebKit/537.36 (KHTML, like Gecko; compatible; GPTBot/1.3; +https://openai.com/gptbot)"
74.7.243.201 - - [13/Mar/2026:01:02:33 +0530] "GET /goods.php?detail/0690107092010 HTTP/2.0" 200 24741 "https://www.vedanthasoftware.com/goods.php?jp/069001681.html" "Mozilla/5.0 AppleWebKit/537.36 (KHTML, like Gecko; compatible; GPTBot/1.3; +https://openai.com/gptbot)"
74.7.242.1 - - [13/Mar/2026:01:02:33 +0530] "GET /goods.php?detail/134039497300 HTTP/2.0" 200 24793 "https://vedanthasoftware.com/goods.php?detail/127024861777" "Mozilla/5.0 AppleWebKit/537.36 (KHTML, like Gecko; compatible; GPTBot/1.3; +https://openai.com/gptbot)"
74.7.243.201 - - [13/Mar/2026:01:02:38 +0530] "GET /goods.php?detail/243030702705 HTTP/2.0" 200 24221 "https://www.vedanthasoftware.com/goods.php?detail/2430232086320" "Mozilla/5.0 AppleWebKit/537.36 (KHTML, like Gecko; compatible; GPTBot/1.3; +https://openai.com/gptbot)"
74.7.242.1 - - [13/Mar/2026:01:02:38 +0530] "GET /goods.php?detail/010000569817 HTTP/2.0" 200 24994 "https://vedanthasoftware.com/goods.php?detail/010003934215" "Mozilla/5.0 AppleWebKit/537.36 (KHTML, like Gecko; compatible; GPTBot/1.3; +https://openai.com/gptbot)"
57.141.0.71 - - [13/Mar/2026:01:02:39 +0530] "GET /?e=790179356200 HTTP/2.0" 200 183473 "-" "meta-externalagent/1.1 (+https://developers.facebook.com/docs/sharing/webmasters/crawler)"
74.7.243.201 - - [13/Mar/2026:01:02:41 +0530] "GET /goods.php?detail/202029891520 HTTP/2.0" 200 24326 "https://www.vedanthasoftware.com/goods.php?detail/202016948165" "Mozilla/5.0 AppleWebKit/537.36 (KHTML, like Gecko; compatible; GPTBot/1.3; +https://openai.com/gptbot)"
74.7.242.1 - - [13/Mar/2026:01:02:43 +0530] "GET /goods.php?detail/2390217368906 HTTP/2.0" 200 23982 "https://vedanthasoftware.com/goods.php?detail/010003934215" "Mozilla/5.0 AppleWebKit/537.36 (KHTML, like Gecko; compatible; GPTBot/1.3; +https://openai.com/gptbot)"
74.7.243.201 - - [13/Mar/2026:01:02:44 +0530] "GET /goods.php?detail/202029882347 HTTP/2.0" 200 24120 "https://www.vedanthasoftware.com/goods.php?detail/202016948165" "Mozilla/5.0 AppleWebKit/537.36 (KHTML, like Gecko; compatible; GPTBot/1.3; +https://openai.com/gptbot)"
74.7.242.1 - - [13/Mar/2026:01:02:46 +0530] "GET /goods.php?detail/244027114531 HTTP/2.0" 200 23927 "https://vedanthasoftware.com/goods.php?detail/244021814144" "Mozilla/5.0 AppleWebKit/537.36 (KHTML, like Gecko; compatible; GPTBot/1.3; +https://openai.com/gptbot)"
114.119.158.211 - - [13/Mar/2026:01:02:47 +0530] "GET /?_o=273007317 HTTP/1.1" 301 5 "https://www.vedanthasoftware.com/sitemap546.xml" "Mozilla/5.0 (Linux; Android 7.0;) AppleWebKit/537.36 (KHTML, like Gecko) Mobile Safari/537.36 (compatible; PetalBot;+https://webmaster.petalsearch.com/site/petalbot)"
74.7.243.201 - - [13/Mar/2026:01:02:48 +0530] "GET /goods.php?detail/084009814448 HTTP/2.0" 200 24405 "https://www.vedanthasoftware.com/goods.php?detail/074034025888" "Mozilla/5.0 AppleWebKit/537.36 (KHTML, like Gecko; compatible; GPTBot/1.3; +https://openai.com/gptbot)"
74.7.242.1 - - [13/Mar/2026:01:02:50 +0530] "GET /goods.php?detail/008023289218 HTTP/2.0" 200 24046 "https://vedanthasoftware.com/goods.php?detail/008023294903" "Mozilla/5.0 AppleWebKit/537.36 (KHTML, like Gecko; compatible; GPTBot/1.3; +https://openai.com/gptbot)"
74.7.243.201 - - [13/Mar/2026:01:02:52 +0530] "GET /goods.php?detail/105001671507 HTTP/2.0" 200 23600 "https://www.vedanthasoftware.com/goods.php?detail/074034025888" "Mozilla/5.0 AppleWebKit/537.36 (KHTML, like Gecko; compatible; GPTBot/1.3; +https://openai.com/gptbot)"
74.7.242.1 - - [13/Mar/2026:01:02:53 +0530] "GET /goods.php?detail/258002359422 HTTP/2.0" 200 24836 "https://vedanthasoftware.com/goods.php?detail/133043245380" "Mozilla/5.0 AppleWebKit/537.36 (KHTML, like Gecko; compatible; GPTBot/1.3; +https://openai.com/gptbot)"
74.7.243.201 - - [13/Mar/2026:01:02:55 +0530] "GET /goods.php?detail/178048872978 HTTP/2.0" 200 24681 "https://www.vedanthasoftware.com/goods.php?detail/0800107360809" "Mozilla/5.0 AppleWebKit/537.36 (KHTML, like Gecko; compatible; GPTBot/1.3; +https://openai.com/gptbot)"
114.119.158.211 - - [13/Mar/2026:01:02:56 +0530] "GET /?_o=273007317 HTTP/1.1" 200 38165 "https://www.vedanthasoftware.com/sitemap546.xml" "Mozilla/5.0 (Linux; Android 7.0;) AppleWebKit/537.36 (KHTML, like Gecko) Mobile Safari/537.36 (compatible; PetalBot;+https://webmaster.petalsearch.com/site/petalbot)"
74.7.242.1 - - [13/Mar/2026:01:02:57 +0530] "GET /goods.php?detail/0400313207431 HTTP/2.0" 200 24706 "https://vedanthasoftware.com/goods.php?detail/117022276069" "Mozilla/5.0 AppleWebKit/537.36 (KHTML, like Gecko; compatible; GPTBot/1.3; +https://openai.com/gptbot)"
74.7.243.201 - - [13/Mar/2026:01:02:59 +0530] "GET /goods.php?detail/235014085407 HTTP/2.0" 200 23801 "https://www.vedanthasoftware.com/goods.php?detail/0800107360809" "Mozilla/5.0 AppleWebKit/537.36 (KHTML, like Gecko; compatible; GPTBot/1.3; +https://openai.com/gptbot)"
74.7.242.1 - - [13/Mar/2026:01:03:02 +0530] "GET /goods.php?jp/258002359.html HTTP/2.0" 200 24733 "https://vedanthasoftware.com/goods.php?detail/258002359422" "Mozilla/5.0 AppleWebKit/537.36 (KHTML, like Gecko; compatible; GPTBot/1.3; +https://openai.com/gptbot)"
74.7.243.201 - - [13/Mar/2026:01:03:03 +0530] "GET /goods.php?detail/066008871618 HTTP/2.0" 200 24291 "https://www.vedanthasoftware.com/goods.php?detail/024021287743" "Mozilla/5.0 AppleWebKit/537.36 (KHTML, like Gecko; compatible; GPTBot/1.3; +https://openai.com/gptbot)"
74.7.242.1 - - [13/Mar/2026:01:03:06 +0530] "GET /goods.php?detail/021039772208 HTTP/2.0" 200 24328 "https://vedanthasoftware.com/goods.php?goods/233040308" "Mozilla/5.0 AppleWebKit/537.36 (KHTML, like Gecko; compatible; GPTBot/1.3; +https://openai.com/gptbot)"
74.7.243.201 - - [13/Mar/2026:01:03:08 +0530] "GET /goods.php?detail/080037374213 HTTP/2.0" 200 25560 "https://www.vedanthasoftware.com/goods.php?detail/0800339770335" "Mozilla/5.0 AppleWebKit/537.36 (KHTML, like Gecko; compatible; GPTBot/1.3; +https://openai.com/gptbot)"
74.7.242.1 - - [13/Mar/2026:01:03:10 +0530] "GET /goods.php?detail/023044163326 HTTP/2.0" 200 23813 "https://vedanthasoftware.com/goods.php?detail/023018249916" "Mozilla/5.0 AppleWebKit/537.36 (KHTML, like Gecko; compatible; GPTBot/1.3; +https://openai.com/gptbot)"
74.7.243.201 - - [13/Mar/2026:01:03:11 +0530] "GET /goods.php?detail/256023687875 HTTP/2.0" 200 24386 "https://www.vedanthasoftware.com/goods.php?detail/286040420116" "Mozilla/5.0 AppleWebKit/537.36 (KHTML, like Gecko; compatible; GPTBot/1.3; +https://openai.com/gptbot)"
74.7.242.1 - - [13/Mar/2026:01:03:14 +0530] "GET /goods.php?detail/201048823824 HTTP/2.0" 200 23901 "https://vedanthasoftware.com/goods.php?detail/0740460794247" "Mozilla/5.0 AppleWebKit/537.36 (KHTML, like Gecko; compatible; GPTBot/1.3; +https://openai.com/gptbot)"
74.7.243.201 - - [13/Mar/2026:01:03:15 +0530] "GET /goods.php?detail/069033800082 HTTP/2.0" 200 24292 "https://www.vedanthasoftware.com/goods.php?detail/0690107092010" "Mozilla/5.0 AppleWebKit/537.36 (KHTML, like Gecko; compatible; GPTBot/1.3; +https://openai.com/gptbot)"
74.7.243.201 - - [13/Mar/2026:01:03:18 +0530] "GET /goods.php?detail/069033797908 HTTP/2.0" 200 24068 "https://www.vedanthasoftware.com/goods.php?detail/0690107092010" "Mozilla/5.0 AppleWebKit/537.36 (KHTML, like Gecko; compatible; GPTBot/1.3; +https://openai.com/gptbot)"
74.7.242.1 - - [13/Mar/2026:01:03:18 +0530] "GET /goods.php?detail/1010315060334 HTTP/2.0" 200 24615 "https://vedanthasoftware.com/goods.php?detail/101015500585" "Mozilla/5.0 AppleWebKit/537.36 (KHTML, like Gecko; compatible; GPTBot/1.3; +https://openai.com/gptbot)"
74.7.242.1 - - [13/Mar/2026:01:03:21 +0530] "GET /goods.php?detail/157017914644 HTTP/2.0" 200 24007 "https://vedanthasoftware.com/goods.php?detail/202033926510" "Mozilla/5.0 AppleWebKit/537.36 (KHTML, like Gecko; compatible; GPTBot/1.3; +https://openai.com/gptbot)"
74.7.243.201 - - [13/Mar/2026:01:03:22 +0530] "GET /goods.php?detail/147026574656 HTTP/2.0" 200 24690 "https://www.vedanthasoftware.com/goods.php?detail/202029891520" "Mozilla/5.0 AppleWebKit/537.36 (KHTML, like Gecko; compatible; GPTBot/1.3; +https://openai.com/gptbot)"
74.7.242.1 - - [13/Mar/2026:01:03:25 +0530] "GET /goods.php?detail/039018066599 HTTP/2.0" 200 23699 "https://vedanthasoftware.com/goods.php?detail/039002038600" "Mozilla/5.0 AppleWebKit/537.36 (KHTML, like Gecko; compatible; GPTBot/1.3; +https://openai.com/gptbot)"
74.7.243.201 - - [13/Mar/2026:01:03:25 +0530] "GET /goods.php?detail/202020972440 HTTP/2.0" 200 24730 "https://www.vedanthasoftware.com/goods.php?detail/202029882347" "Mozilla/5.0 AppleWebKit/537.36 (KHTML, like Gecko; compatible; GPTBot/1.3; +https://openai.com/gptbot)"
74.7.243.201 - - [13/Mar/2026:01:03:28 +0530] "GET /goods.php?jp/192010750.html HTTP/2.0" 200 23717 "https://www.vedanthasoftware.com/goods.php?detail/084009814448" "Mozilla/5.0 AppleWebKit/537.36 (KHTML, like Gecko; compatible; GPTBot/1.3; +https://openai.com/gptbot)"
74.7.242.1 - - [13/Mar/2026:01:03:29 +0530] "GET /goods.php?detail/1390487301472 HTTP/2.0" 200 24180 "https://vedanthasoftware.com/goods.php?detail/2390217368906" "Mozilla/5.0 AppleWebKit/537.36 (KHTML, like Gecko; compatible; GPTBot/1.3; +https://openai.com/gptbot)"
74.7.243.201 - - [13/Mar/2026:01:03:32 +0530] "GET /goods.php?detail/084024484971 HTTP/2.0" 200 24814 "https://www.vedanthasoftware.com/goods.php?detail/084009814448" "Mozilla/5.0 AppleWebKit/537.36 (KHTML, like Gecko; compatible; GPTBot/1.3; +https://openai.com/gptbot)"
74.7.242.1 - - [13/Mar/2026:01:03:33 +0530] "GET /goods.php?detail/244036295762 HTTP/2.0" 200 24942 "https://vedanthasoftware.com/goods.php?detail/244027114531" "Mozilla/5.0 AppleWebKit/537.36 (KHTML, like Gecko; compatible; GPTBot/1.3; +https://openai.com/gptbot)"
74.7.243.201 - - [13/Mar/2026:01:03:35 +0530] "GET /goods.php?detail/029005550146 HTTP/2.0" 200 23943 "https://www.vedanthasoftware.com/goods.php?detail/029006856818" "Mozilla/5.0 AppleWebKit/537.36 (KHTML, like Gecko; compatible; GPTBot/1.3; +https://openai.com/gptbot)"
74.7.242.1 - - [13/Mar/2026:01:03:36 +0530] "GET /goods.php?detail/244036296421 HTTP/2.0" 200 24275 "https://vedanthasoftware.com/goods.php?detail/244027114531" "Mozilla/5.0 AppleWebKit/537.36 (KHTML, like Gecko; compatible; GPTBot/1.3; +https://openai.com/gptbot)"
51.195.183.237 - - [13/Mar/2026:01:03:38 +0530] "GET /wp-content/themes/consultix/css/radiantthemes-gutenberg-blocks.css?ver=1773343860 HTTP/2.0" 200 4608 "-" "Mozilla/5.0 (compatible; AhrefsBot/7.0; +http://ahrefs.com/robot/)"
74.7.243.201 - - [13/Mar/2026:01:03:39 +0530] "GET /goods.php?detail/243028135321 HTTP/2.0" 200 24242 "https://www.vedanthasoftware.com/goods.php?detail/2430232086320" "Mozilla/5.0 AppleWebKit/537.36 (KHTML, like Gecko; compatible; GPTBot/1.3; +https://openai.com/gptbot)"
74.7.242.1 - - [13/Mar/2026:01:03:39 +0530] "GET /goods.php?detail/258042022711 HTTP/2.0" 200 24934 "https://vedanthasoftware.com/goods.php?detail/258002359422" "Mozilla/5.0 AppleWebKit/537.36 (KHTML, like Gecko; compatible; GPTBot/1.3; +https://openai.com/gptbot)"
74.7.243.201 - - [13/Mar/2026:01:03:41 +0530] "GET /goods.php?detail/066024892606 HTTP/2.0" 200 24019 "https://www.vedanthasoftware.com/goods.php?detail/066008871618" "Mozilla/5.0 AppleWebKit/537.36 (KHTML, like Gecko; compatible; GPTBot/1.3; +https://openai.com/gptbot)"
74.7.242.1 - - [13/Mar/2026:01:03:43 +0530] "GET /goods.php?detail/040026720036 HTTP/2.0" 200 24338 "https://vedanthasoftware.com/goods.php?detail/0400313207431" "Mozilla/5.0 AppleWebKit/537.36 (KHTML, like Gecko; compatible; GPTBot/1.3; +https://openai.com/gptbot)"
74.7.243.201 - - [13/Mar/2026:01:03:45 +0530] "GET /goods.php?detail/066024894290 HTTP/2.0" 200 23729 "https://www.vedanthasoftware.com/goods.php?detail/066008871618" "Mozilla/5.0 AppleWebKit/537.36 (KHTML, like Gecko; compatible; GPTBot/1.3; +https://openai.com/gptbot)"
74.7.242.1 - - [13/Mar/2026:01:03:47 +0530] "GET /goods.php?detail/021049580480 HTTP/2.0" 200 24018 "https://vedanthasoftware.com/goods.php?detail/021039772208" "Mozilla/5.0 AppleWebKit/537.36 (KHTML, like Gecko; compatible; GPTBot/1.3; +https://openai.com/gptbot)"
74.7.243.201 - - [13/Mar/2026:01:03:48 +0530] "GET /goods.php?detail/256023620455 HTTP/2.0" 200 24021 "https://www.vedanthasoftware.com/goods.php?detail/256023687875" "Mozilla/5.0 AppleWebKit/537.36 (KHTML, like Gecko; compatible; GPTBot/1.3; +https://openai.com/gptbot)"
74.7.242.1 - - [13/Mar/2026:01:03:50 +0530] "GET /goods.php?detail/185044483265 HTTP/2.0" 200 23843 "https://vedanthasoftware.com/goods.php?jp/258002359.html" "Mozilla/5.0 AppleWebKit/537.36 (KHTML, like Gecko; compatible; GPTBot/1.3; +https://openai.com/gptbot)"
74.7.243.201 - - [13/Mar/2026:01:03:51 +0530] "GET /goods.php?detail/069048892347 HTTP/2.0" 200 25423 "https://www.vedanthasoftware.com/goods.php?detail/069033800082" "Mozilla/5.0 AppleWebKit/537.36 (KHTML, like Gecko; compatible; GPTBot/1.3; +https://openai.com/gptbot)"
74.7.242.1 - - [13/Mar/2026:01:03:53 +0530] "GET /goods.php?detail/223006882824 HTTP/2.0" 200 23919 "https://vedanthasoftware.com/goods.php?detail/201048823824" "Mozilla/5.0 AppleWebKit/537.36 (KHTML, like Gecko; compatible; GPTBot/1.3; +https://openai.com/gptbot)"
74.7.243.201 - - [13/Mar/2026:01:03:54 +0530] "GET /goods.php?detail/1250252418550 HTTP/2.0" 200 23805 "https://www.vedanthasoftware.com/goods.php?detail/069033797908" "Mozilla/5.0 AppleWebKit/537.36 (KHTML, like Gecko; compatible; GPTBot/1.3; +https://openai.com/gptbot)"
74.7.242.1 - - [13/Mar/2026:01:03:57 +0530] "GET /goods.php?detail/082020323997 HTTP/2.0" 200 23852 "https://vedanthasoftware.com/goods.php?detail/201048823824" "Mozilla/5.0 AppleWebKit/537.36 (KHTML, like Gecko; compatible; GPTBot/1.3; +https://openai.com/gptbot)"
74.7.243.201 - - [13/Mar/2026:01:03:58 +0530] "GET /goods.php?detail/239049034573 HTTP/2.0" 200 23888 "https://www.vedanthasoftware.com/goods.php?detail/147026574656" "Mozilla/5.0 AppleWebKit/537.36 (KHTML, like Gecko; compatible; GPTBot/1.3; +https://openai.com/gptbot)"
74.7.242.1 - - [13/Mar/2026:01:04:01 +0530] "GET /goods.php?detail/101017229257 HTTP/2.0" 200 25343 "https://vedanthasoftware.com/goods.php?detail/1010315060334" "Mozilla/5.0 AppleWebKit/537.36 (KHTML, like Gecko; compatible; GPTBot/1.3; +https://openai.com/gptbot)"
74.7.243.201 - - [13/Mar/2026:01:04:02 +0530] "GET /goods.php?detail/043030918266 HTTP/2.0" 200 24056 "https://www.vedanthasoftware.com/goods.php?detail/202020972440" "Mozilla/5.0 AppleWebKit/537.36 (KHTML, like Gecko; compatible; GPTBot/1.3; +https://openai.com/gptbot)"
74.7.242.1 - - [13/Mar/2026:01:04:05 +0530] "GET /goods.php?detail/109019629205 HTTP/2.0" 200 23501 "https://vedanthasoftware.com/goods.php?detail/021039772208" "Mozilla/5.0 AppleWebKit/537.36 (KHTML, like Gecko; compatible; GPTBot/1.3; +https://openai.com/gptbot)"
74.7.243.201 - - [13/Mar/2026:01:04:06 +0530] "GET /goods.php?detail/083048584467 HTTP/2.0" 200 24095 "https://www.vedanthasoftware.com/goods.php?detail/202016948165" "Mozilla/5.0 AppleWebKit/537.36 (KHTML, like Gecko; compatible; GPTBot/1.3; +https://openai.com/gptbot)"
74.7.242.1 - - [13/Mar/2026:01:04:09 +0530] "GET /goods.php?detail/241047803541 HTTP/2.0" 200 24051 "https://vedanthasoftware.com/goods.php?detail/1390487301472" "Mozilla/5.0 AppleWebKit/537.36 (KHTML, like Gecko; compatible; GPTBot/1.3; +https://openai.com/gptbot)"
74.7.243.201 - - [13/Mar/2026:01:04:10 +0530] "GET /goods.php?detail/074004868945 HTTP/2.0" 200 23963 "https://www.vedanthasoftware.com/goods.php?detail/074034025888" "Mozilla/5.0 AppleWebKit/537.36 (KHTML, like Gecko; compatible; GPTBot/1.3; +https://openai.com/gptbot)"
57.141.0.29 - - [13/Mar/2026:01:04:10 +0530] "GET /?e=9790475617002 HTTP/2.0" 200 183473 "-" "meta-externalagent/1.1 (+https://developers.facebook.com/docs/sharing/webmasters/crawler)"
74.7.242.1 - - [13/Mar/2026:01:04:13 +0530] "GET /goods.php?detail/244033304315 HTTP/2.0" 200 24402 "https://vedanthasoftware.com/goods.php?detail/244036295762" "Mozilla/5.0 AppleWebKit/537.36 (KHTML, like Gecko; compatible; GPTBot/1.3; +https://openai.com/gptbot)"
74.7.243.201 - - [13/Mar/2026:01:04:13 +0530] "GET /goods.php?detail/284014136072 HTTP/2.0" 200 23885 "https://www.vedanthasoftware.com/goods.php?detail/029005550146" "Mozilla/5.0 AppleWebKit/537.36 (KHTML, like Gecko; compatible; GPTBot/1.3; +https://openai.com/gptbot)"
114.119.146.223 - - [13/Mar/2026:01:04:14 +0530] "GET /?_o=266008470 HTTP/1.1" 301 5 "https://www.vedanthasoftware.com/sitemap546.xml" "Mozilla/5.0 (Linux; Android 7.0;) AppleWebKit/537.36 (KHTML, like Gecko) Mobile Safari/537.36 (compatible; PetalBot;+https://webmaster.petalsearch.com/site/petalbot)"
74.7.243.201 - - [13/Mar/2026:01:04:17 +0530] "GET /goods.php?detail/049035776070 HTTP/2.0" 200 24267 "https://www.vedanthasoftware.com/goods.php?detail/147026574656" "Mozilla/5.0 AppleWebKit/537.36 (KHTML, like Gecko; compatible; GPTBot/1.3; +https://openai.com/gptbot)"
74.7.242.1 - - [13/Mar/2026:01:04:17 +0530] "GET /goods.php?detail/2300358338535 HTTP/2.0" 200 24086 "https://vedanthasoftware.com/goods.php?detail/244036295762" "Mozilla/5.0 AppleWebKit/537.36 (KHTML, like Gecko; compatible; GPTBot/1.3; +https://openai.com/gptbot)"
114.119.146.223 - - [13/Mar/2026:01:04:17 +0530] "GET /?_o=266008470 HTTP/1.1" 200 38172 "https://www.vedanthasoftware.com/sitemap546.xml" "Mozilla/5.0 (Linux; Android 7.0;) AppleWebKit/537.36 (KHTML, like Gecko) Mobile Safari/537.36 (compatible; PetalBot;+https://webmaster.petalsearch.com/site/petalbot)"
74.7.243.201 - - [13/Mar/2026:01:04:20 +0530] "GET /goods.php?goods/211005844 HTTP/2.0" 200 23909 "https://www.vedanthasoftware.com/goods.php?detail/066024892606" "Mozilla/5.0 AppleWebKit/537.36 (KHTML, like Gecko; compatible; GPTBot/1.3; +https://openai.com/gptbot)"
74.7.242.1 - - [13/Mar/2026:01:04:21 +0530] "GET /goods.php?jp/109015569.html HTTP/2.0" 200 23980 "https://vedanthasoftware.com/goods.php?detail/258042022711" "Mozilla/5.0 AppleWebKit/537.36 (KHTML, like Gecko; compatible; GPTBot/1.3; +https://openai.com/gptbot)"
74.7.242.1 - - [13/Mar/2026:01:04:24 +0530] "GET /goods.php?detail/079048934709 HTTP/2.0" 200 24042 "https://vedanthasoftware.com/goods.php?detail/149044797574" "Mozilla/5.0 AppleWebKit/537.36 (KHTML, like Gecko; compatible; GPTBot/1.3; +https://openai.com/gptbot)"
74.7.243.201 - - [13/Mar/2026:01:04:25 +0530] "GET /goods.php?detail/066029860766 HTTP/2.0" 200 23854 "https://www.vedanthasoftware.com/goods.php?detail/066024894290" "Mozilla/5.0 AppleWebKit/537.36 (KHTML, like Gecko; compatible; GPTBot/1.3; +https://openai.com/gptbot)"
74.7.242.1 - - [13/Mar/2026:01:04:28 +0530] "GET /goods.php?detail/180048090184 HTTP/2.0" 200 24387 "https://vedanthasoftware.com/goods.php?detail/021049580480" "Mozilla/5.0 AppleWebKit/537.36 (KHTML, like Gecko; compatible; GPTBot/1.3; +https://openai.com/gptbot)"
74.7.243.201 - - [13/Mar/2026:01:04:28 +0530] "GET /goods.php?detail/0880352403022 HTTP/2.0" 200 24151 "https://www.vedanthasoftware.com/goods.php?detail/066024892606" "Mozilla/5.0 AppleWebKit/537.36 (KHTML, like Gecko; compatible; GPTBot/1.3; +https://openai.com/gptbot)"
74.7.243.201 - - [13/Mar/2026:01:04:31 +0530] "GET /goods.php?detail/066028881922 HTTP/2.0" 200 24838 "https://www.vedanthasoftware.com/goods.php?detail/066024894290" "Mozilla/5.0 AppleWebKit/537.36 (KHTML, like Gecko; compatible; GPTBot/1.3; +https://openai.com/gptbot)"
74.7.242.1 - - [13/Mar/2026:01:04:32 +0530] "GET /goods.php?detail/244049633237 HTTP/2.0" 200 23826 "https://vedanthasoftware.com/goods.php?detail/185044483265" "Mozilla/5.0 AppleWebKit/537.36 (KHTML, like Gecko; compatible; GPTBot/1.3; +https://openai.com/gptbot)"
57.141.0.19 - - [13/Mar/2026:01:04:33 +0530] "GET /?e=83351202177200 HTTP/2.0" 200 183473 "-" "meta-externalagent/1.1 (+https://developers.facebook.com/docs/sharing/webmasters/crawler)"
74.7.243.201 - - [13/Mar/2026:01:04:35 +0530] "GET /goods.php?detail/12500515606524 HTTP/2.0" 200 23873 "https://www.vedanthasoftware.com/goods.php?detail/1250252418550" "Mozilla/5.0 AppleWebKit/537.36 (KHTML, like Gecko; compatible; GPTBot/1.3; +https://openai.com/gptbot)"
74.7.242.1 - - [13/Mar/2026:01:04:36 +0530] "GET /goods.php?detail/223006878225 HTTP/2.0" 200 23935 "https://vedanthasoftware.com/goods.php?detail/223006882824" "Mozilla/5.0 AppleWebKit/537.36 (KHTML, like Gecko; compatible; GPTBot/1.3; +https://openai.com/gptbot)"
74.7.243.201 - - [13/Mar/2026:01:04:38 +0530] "GET /goods.php?detail/1660399600460 HTTP/2.0" 200 23905 "https://www.vedanthasoftware.com/goods.php?detail/1250252418550" "Mozilla/5.0 AppleWebKit/537.36 (KHTML, like Gecko; compatible; GPTBot/1.3; +https://openai.com/gptbot)"
