74.7.242.1 - - [13/Mar/2026:01:15:14 +0530] "GET /goods.php?detail/107003713539 HTTP/2.0" 200 24197 "https://vedanthasoftware.com/goods.php?detail/0030338331460" "Mozilla/5.0 AppleWebKit/537.36 (KHTML, like Gecko; compatible; GPTBot/1.3; +https://openai.com/gptbot)"
74.7.243.201 - - [13/Mar/2026:01:15:16 +0530] "GET /goods.php?detail/266047004779 HTTP/2.0" 200 24487 "https://www.vedanthasoftware.com/goods.php?detail/251025938065" "Mozilla/5.0 AppleWebKit/537.36 (KHTML, like Gecko; compatible; GPTBot/1.3; +https://openai.com/gptbot)"
74.7.242.1 - - [13/Mar/2026:01:15:17 +0530] "GET /goods.php?detail/1660115841544 HTTP/2.0" 200 23926 "https://vedanthasoftware.com/goods.php?detail/192042310014" "Mozilla/5.0 AppleWebKit/537.36 (KHTML, like Gecko; compatible; GPTBot/1.3; +https://openai.com/gptbot)"
57.141.0.12 - - [13/Mar/2026:01:15:18 +0530] "GET /?e=27079269845101 HTTP/2.0" 200 183473 "-" "meta-externalagent/1.1 (+https://developers.facebook.com/docs/sharing/webmasters/crawler)"
74.7.243.201 - - [13/Mar/2026:01:15:21 +0530] "GET /goods.php?detail/177030349541 HTTP/2.0" 200 24392 "https://www.vedanthasoftware.com/goods.php?detail/177032384646" "Mozilla/5.0 AppleWebKit/537.36 (KHTML, like Gecko; compatible; GPTBot/1.3; +https://openai.com/gptbot)"
74.7.242.1 - - [13/Mar/2026:01:15:21 +0530] "GET /goods.php?detail/228007103852 HTTP/2.0" 200 25119 "https://vedanthasoftware.com/goods.php?detail/023004500405" "Mozilla/5.0 AppleWebKit/537.36 (KHTML, like Gecko; compatible; GPTBot/1.3; +https://openai.com/gptbot)"
74.7.243.201 - - [13/Mar/2026:01:15:24 +0530] "GET /goods.php?detail/177032378254 HTTP/2.0" 200 24050 "https://www.vedanthasoftware.com/goods.php?detail/177032384646" "Mozilla/5.0 AppleWebKit/537.36 (KHTML, like Gecko; compatible; GPTBot/1.3; +https://openai.com/gptbot)"
74.7.242.1 - - [13/Mar/2026:01:15:26 +0530] "GET /goods.php?detail/026047617383 HTTP/2.0" 200 23867 "https://vedanthasoftware.com/goods.php?detail/0260101640641" "Mozilla/5.0 AppleWebKit/537.36 (KHTML, like Gecko; compatible; GPTBot/1.3; +https://openai.com/gptbot)"
74.7.243.201 - - [13/Mar/2026:01:15:28 +0530] "GET /goods.php?detail/199024526263 HTTP/2.0" 200 24750 "https://www.vedanthasoftware.com/goods.php?detail/282025613024" "Mozilla/5.0 AppleWebKit/537.36 (KHTML, like Gecko; compatible; GPTBot/1.3; +https://openai.com/gptbot)"
74.7.242.1 - - [13/Mar/2026:01:15:29 +0530] "GET /goods.php?detail/280020881345 HTTP/2.0" 200 23999 "https://vedanthasoftware.com/goods.php?detail/280002890990" "Mozilla/5.0 AppleWebKit/537.36 (KHTML, like Gecko; compatible; GPTBot/1.3; +https://openai.com/gptbot)"
74.7.243.201 - - [13/Mar/2026:01:15:32 +0530] "GET /goods.php?detail/0770165425480 HTTP/2.0" 200 24314 "https://www.vedanthasoftware.com/goods.php?jp/077030017.html" "Mozilla/5.0 AppleWebKit/537.36 (KHTML, like Gecko; compatible; GPTBot/1.3; +https://openai.com/gptbot)"
74.7.242.1 - - [13/Mar/2026:01:15:34 +0530] "GET /goods.php?detail/109042562048 HTTP/2.0" 200 24525 "https://vedanthasoftware.com/goods.php?detail/005024392326" "Mozilla/5.0 AppleWebKit/537.36 (KHTML, like Gecko; compatible; GPTBot/1.3; +https://openai.com/gptbot)"
74.7.243.201 - - [13/Mar/2026:01:15:36 +0530] "GET /goods.php?detail/0500237496523 HTTP/2.0" 200 23291 "https://www.vedanthasoftware.com/goods.php?detail/066008871618" "Mozilla/5.0 AppleWebKit/537.36 (KHTML, like Gecko; compatible; GPTBot/1.3; +https://openai.com/gptbot)"
74.7.242.1 - - [13/Mar/2026:01:15:37 +0530] "GET /goods.php?detail/198004861508 HTTP/2.0" 200 24709 "https://vedanthasoftware.com/goods.php?jp/207021314.html" "Mozilla/5.0 AppleWebKit/537.36 (KHTML, like Gecko; compatible; GPTBot/1.3; +https://openai.com/gptbot)"
114.119.146.223 - - [13/Mar/2026:01:15:37 +0530] "GET /?_o=247043767 HTTP/1.1" 301 5 "https://www.vedanthasoftware.com/sitemap546.xml" "Mozilla/5.0 (Linux; Android 7.0;) AppleWebKit/537.36 (KHTML, like Gecko) Mobile Safari/537.36 (compatible; PetalBot;+https://webmaster.petalsearch.com/site/petalbot)"
74.7.243.201 - - [13/Mar/2026:01:15:40 +0530] "GET /goods.php?detail/071008947452 HTTP/2.0" 200 23906 "https://www.vedanthasoftware.com/goods.php?detail/0710367524224" "Mozilla/5.0 AppleWebKit/537.36 (KHTML, like Gecko; compatible; GPTBot/1.3; +https://openai.com/gptbot)"
74.7.242.1 - - [13/Mar/2026:01:15:40 +0530] "GET /goods.php?detail/066041241504 HTTP/2.0" 200 24044 "https://vedanthasoftware.com/goods.php?detail/066031442102" "Mozilla/5.0 AppleWebKit/537.36 (KHTML, like Gecko; compatible; GPTBot/1.3; +https://openai.com/gptbot)"
74.7.243.201 - - [13/Mar/2026:01:15:44 +0530] "GET /goods.php?detail/1970169020020 HTTP/2.0" 200 24004 "https://www.vedanthasoftware.com/goods.php?detail/006047481929" "Mozilla/5.0 AppleWebKit/537.36 (KHTML, like Gecko; compatible; GPTBot/1.3; +https://openai.com/gptbot)"
74.7.242.1 - - [13/Mar/2026:01:15:45 +0530] "GET /goods.php?detail/297028107821 HTTP/2.0" 200 23848 "https://vedanthasoftware.com/goods.php?detail/297042453472" "Mozilla/5.0 AppleWebKit/537.36 (KHTML, like Gecko; compatible; GPTBot/1.3; +https://openai.com/gptbot)"
74.7.243.201 - - [13/Mar/2026:01:15:47 +0530] "GET /goods.php?detail/2550293453455 HTTP/2.0" 200 25454 "https://www.vedanthasoftware.com/goods.php?detail/148013318419" "Mozilla/5.0 AppleWebKit/537.36 (KHTML, like Gecko; compatible; GPTBot/1.3; +https://openai.com/gptbot)"
74.7.242.1 - - [13/Mar/2026:01:15:48 +0530] "GET /goods.php?detail/009033164844 HTTP/2.0" 200 24062 "https://vedanthasoftware.com/goods.php?detail/172021351558" "Mozilla/5.0 AppleWebKit/537.36 (KHTML, like Gecko; compatible; GPTBot/1.3; +https://openai.com/gptbot)"
74.7.243.201 - - [13/Mar/2026:01:15:50 +0530] "GET /goods.php?detail/0840410201022 HTTP/2.0" 200 23395 "https://www.vedanthasoftware.com/goods.php?detail/2330030070997" "Mozilla/5.0 AppleWebKit/537.36 (KHTML, like Gecko; compatible; GPTBot/1.3; +https://openai.com/gptbot)"
114.119.146.223 - - [13/Mar/2026:01:15:51 +0530] "GET /?_o=247043767 HTTP/1.1" 200 38167 "https://www.vedanthasoftware.com/sitemap546.xml" "Mozilla/5.0 (Linux; Android 7.0;) AppleWebKit/537.36 (KHTML, like Gecko) Mobile Safari/537.36 (compatible; PetalBot;+https://webmaster.petalsearch.com/site/petalbot)"
74.7.242.1 - - [13/Mar/2026:01:15:52 +0530] "GET /goods.php?detail/001042750579 HTTP/2.0" 200 23898 "https://vedanthasoftware.com/goods.php?detail/001024990300" "Mozilla/5.0 AppleWebKit/537.36 (KHTML, like Gecko; compatible; GPTBot/1.3; +https://openai.com/gptbot)"
74.7.243.201 - - [13/Mar/2026:01:15:54 +0530] "GET /goods.php?detail/191015979032 HTTP/2.0" 200 24041 "https://www.vedanthasoftware.com/goods.php?detail/191015975980" "Mozilla/5.0 AppleWebKit/537.36 (KHTML, like Gecko; compatible; GPTBot/1.3; +https://openai.com/gptbot)"
74.7.242.1 - - [13/Mar/2026:01:15:55 +0530] "GET /goods.php?detail/053001525641 HTTP/2.0" 200 23813 "https://vedanthasoftware.com/goods.php?detail/050006594940" "Mozilla/5.0 AppleWebKit/537.36 (KHTML, like Gecko; compatible; GPTBot/1.3; +https://openai.com/gptbot)"
74.7.242.1 - - [13/Mar/2026:01:15:58 +0530] "GET /goods.php?detail/065030401754 HTTP/2.0" 200 24711 "https://vedanthasoftware.com/goods.php?detail/065013780053" "Mozilla/5.0 AppleWebKit/537.36 (KHTML, like Gecko; compatible; GPTBot/1.3; +https://openai.com/gptbot)"
74.7.243.201 - - [13/Mar/2026:01:15:59 +0530] "GET /goods.php?detail/266046808302 HTTP/2.0" 200 23862 "https://www.vedanthasoftware.com/goods.php?detail/266047004779" "Mozilla/5.0 AppleWebKit/537.36 (KHTML, like Gecko; compatible; GPTBot/1.3; +https://openai.com/gptbot)"
57.141.0.46 - - [13/Mar/2026:01:15:59 +0530] "GET /?e=2013255414002 HTTP/2.0" 200 183473 "-" "meta-externalagent/1.1 (+https://developers.facebook.com/docs/sharing/webmasters/crawler)"
74.7.243.201 - - [13/Mar/2026:01:16:02 +0530] "GET /goods.php?detail/1010193138337 HTTP/2.0" 200 23982 "https://www.vedanthasoftware.com/goods.php?detail/265020672211" "Mozilla/5.0 AppleWebKit/537.36 (KHTML, like Gecko; compatible; GPTBot/1.3; +https://openai.com/gptbot)"
74.7.242.1 - - [13/Mar/2026:01:16:03 +0530] "GET /goods.php?detail/034005888560 HTTP/2.0" 200 23697 "https://vedanthasoftware.com/goods.php?detail/228007103852" "Mozilla/5.0 AppleWebKit/537.36 (KHTML, like Gecko; compatible; GPTBot/1.3; +https://openai.com/gptbot)"
74.7.243.201 - - [13/Mar/2026:01:16:06 +0530] "GET /goods.php?detail/17703237779045 HTTP/2.0" 200 24334 "https://www.vedanthasoftware.com/goods.php?detail/177032378254" "Mozilla/5.0 AppleWebKit/537.36 (KHTML, like Gecko; compatible; GPTBot/1.3; +https://openai.com/gptbot)"
74.7.242.1 - - [13/Mar/2026:01:16:06 +0530] "GET /goods.php?detail/151016208130 HTTP/2.0" 200 24647 "https://vedanthasoftware.com/goods.php?detail/151046005517" "Mozilla/5.0 AppleWebKit/537.36 (KHTML, like Gecko; compatible; GPTBot/1.3; +https://openai.com/gptbot)"
74.7.243.201 - - [13/Mar/2026:01:16:10 +0530] "GET /goods.php?detail/0160070744016 HTTP/2.0" 200 24190 "https://www.vedanthasoftware.com/goods.php?detail/016026465904" "Mozilla/5.0 AppleWebKit/537.36 (KHTML, like Gecko; compatible; GPTBot/1.3; +https://openai.com/gptbot)"
74.7.242.1 - - [13/Mar/2026:01:16:10 +0530] "GET /goods.php?detail/280014130280 HTTP/2.0" 200 23991 "https://vedanthasoftware.com/goods.php?detail/280020881345" "Mozilla/5.0 AppleWebKit/537.36 (KHTML, like Gecko; compatible; GPTBot/1.3; +https://openai.com/gptbot)"
57.141.0.5 - - [13/Mar/2026:01:16:11 +0530] "GET /?e=7777836080703 HTTP/2.0" 200 183473 "-" "meta-externalagent/1.1 (+https://developers.facebook.com/docs/sharing/webmasters/crawler)"
74.7.243.201 - - [13/Mar/2026:01:16:14 +0530] "GET /goods.php?detail/077027140110 HTTP/2.0" 200 23998 "https://www.vedanthasoftware.com/goods.php?detail/0770165425480" "Mozilla/5.0 AppleWebKit/537.36 (KHTML, like Gecko; compatible; GPTBot/1.3; +https://openai.com/gptbot)"
74.7.242.1 - - [13/Mar/2026:01:16:15 +0530] "GET /goods.php?detail/120035614601 HTTP/2.0" 200 24198 "https://vedanthasoftware.com/goods.php?detail/155002009906" "Mozilla/5.0 AppleWebKit/537.36 (KHTML, like Gecko; compatible; GPTBot/1.3; +https://openai.com/gptbot)"
74.7.243.201 - - [13/Mar/2026:01:16:18 +0530] "GET /goods.php?detail/0130133871135 HTTP/2.0" 200 23792 "https://www.vedanthasoftware.com/goods.php?detail/285005578146" "Mozilla/5.0 AppleWebKit/537.36 (KHTML, like Gecko; compatible; GPTBot/1.3; +https://openai.com/gptbot)"
74.7.242.1 - - [13/Mar/2026:01:16:19 +0530] "GET /goods.php?detail/198015851583 HTTP/2.0" 200 23907 "https://vedanthasoftware.com/goods.php?detail/198004861508" "Mozilla/5.0 AppleWebKit/537.36 (KHTML, like Gecko; compatible; GPTBot/1.3; +https://openai.com/gptbot)"
74.7.243.201 - - [13/Mar/2026:01:16:21 +0530] "GET /goods.php?detail/191029887876 HTTP/2.0" 200 25028 "https://www.vedanthasoftware.com/goods.php?detail/071008947452" "Mozilla/5.0 AppleWebKit/537.36 (KHTML, like Gecko; compatible; GPTBot/1.3; +https://openai.com/gptbot)"
74.7.242.1 - - [13/Mar/2026:01:16:23 +0530] "GET /goods.php?detail/066034599834 HTTP/2.0" 200 23832 "https://vedanthasoftware.com/goods.php?detail/066041241504" "Mozilla/5.0 AppleWebKit/537.36 (KHTML, like Gecko; compatible; GPTBot/1.3; +https://openai.com/gptbot)"
74.7.243.201 - - [13/Mar/2026:01:16:25 +0530] "GET /goods.php?detail/0710151510956 HTTP/2.0" 200 24177 "https://www.vedanthasoftware.com/goods.php?detail/046047220552" "Mozilla/5.0 AppleWebKit/537.36 (KHTML, like Gecko; compatible; GPTBot/1.3; +https://openai.com/gptbot)"
74.7.242.1 - - [13/Mar/2026:01:16:27 +0530] "GET /goods.php?detail/066034811644 HTTP/2.0" 200 23824 "https://vedanthasoftware.com/goods.php?detail/066041241504" "Mozilla/5.0 AppleWebKit/537.36 (KHTML, like Gecko; compatible; GPTBot/1.3; +https://openai.com/gptbot)"
74.7.243.201 - - [13/Mar/2026:01:16:29 +0530] "GET /goods.php?detail/25200449707892 HTTP/2.0" 200 23713 "https://www.vedanthasoftware.com/goods.php?detail/2550293453455" "Mozilla/5.0 AppleWebKit/537.36 (KHTML, like Gecko; compatible; GPTBot/1.3; +https://openai.com/gptbot)"
74.7.242.1 - - [13/Mar/2026:01:16:30 +0530] "GET /goods.php?goods/287039880 HTTP/2.0" 200 24985 "https://vedanthasoftware.com/goods.php?detail/009033164844" "Mozilla/5.0 AppleWebKit/537.36 (KHTML, like Gecko; compatible; GPTBot/1.3; +https://openai.com/gptbot)"
74.7.243.201 - - [13/Mar/2026:01:16:32 +0530] "GET /goods.php?detail/2030180203502 HTTP/2.0" 200 24793 "https://www.vedanthasoftware.com/goods.php?detail/041006993519" "Mozilla/5.0 AppleWebKit/537.36 (KHTML, like Gecko; compatible; GPTBot/1.3; +https://openai.com/gptbot)"
57.141.0.29 - - [13/Mar/2026:01:16:33 +0530] "GET /?e=9079662225105 HTTP/2.0" 200 183473 "-" "meta-externalagent/1.1 (+https://developers.facebook.com/docs/sharing/webmasters/crawler)"
74.7.242.1 - - [13/Mar/2026:01:16:34 +0530] "GET /goods.php?detail/142029233248 HTTP/2.0" 200 23571 "https://vedanthasoftware.com/goods.php?jp/142010056.html" "Mozilla/5.0 AppleWebKit/537.36 (KHTML, like Gecko; compatible; GPTBot/1.3; +https://openai.com/gptbot)"
74.7.243.201 - - [13/Mar/2026:01:16:36 +0530] "GET /goods.php?detail/0860086454456 HTTP/2.0" 200 23814 "https://www.vedanthasoftware.com/goods.php?goods/197019775" "Mozilla/5.0 AppleWebKit/537.36 (KHTML, like Gecko; compatible; GPTBot/1.3; +https://openai.com/gptbot)"
57.141.0.14 - - [13/Mar/2026:01:16:37 +0530] "GET /?e=79812198187500 HTTP/2.0" 200 183473 "-" "meta-externalagent/1.1 (+https://developers.facebook.com/docs/sharing/webmasters/crawler)"
74.7.242.1 - - [13/Mar/2026:01:16:38 +0530] "GET /goods.php?detail/053029767765 HTTP/2.0" 200 24161 "https://vedanthasoftware.com/goods.php?detail/053001525641" "Mozilla/5.0 AppleWebKit/537.36 (KHTML, like Gecko; compatible; GPTBot/1.3; +https://openai.com/gptbot)"
74.7.243.201 - - [13/Mar/2026:01:16:41 +0530] "GET /goods.php?detail/0030440448451 HTTP/2.0" 200 24470 "https://www.vedanthasoftware.com/goods.php?goods/149015823" "Mozilla/5.0 AppleWebKit/537.36 (KHTML, like Gecko; compatible; GPTBot/1.3; +https://openai.com/gptbot)"
74.7.242.1 - - [13/Mar/2026:01:16:41 +0530] "GET /goods.php?detail/065037151872 HTTP/2.0" 200 24005 "https://vedanthasoftware.com/goods.php?detail/065030401754" "Mozilla/5.0 AppleWebKit/537.36 (KHTML, like Gecko; compatible; GPTBot/1.3; +https://openai.com/gptbot)"
74.7.243.201 - - [13/Mar/2026:01:16:44 +0530] "GET /goods.php?detail/1010127077140 HTTP/2.0" 200 24300 "https://www.vedanthasoftware.com/goods.php?detail/101005349609" "Mozilla/5.0 AppleWebKit/537.36 (KHTML, like Gecko; compatible; GPTBot/1.3; +https://openai.com/gptbot)"
57.141.0.10 - - [13/Mar/2026:01:16:45 +0530] "GET /?e=17039172573200 HTTP/2.0" 200 183473 "-" "meta-externalagent/1.1 (+https://developers.facebook.com/docs/sharing/webmasters/crawler)"
74.7.242.1 - - [13/Mar/2026:01:16:45 +0530] "GET /goods.php?detail/053027219993 HTTP/2.0" 200 24217 "https://vedanthasoftware.com/goods.php?detail/053001525641" "Mozilla/5.0 AppleWebKit/537.36 (KHTML, like Gecko; compatible; GPTBot/1.3; +https://openai.com/gptbot)"
74.7.243.201 - - [13/Mar/2026:01:16:49 +0530] "GET /goods.php?detail/115009227229 HTTP/2.0" 200 24777 "https://www.vedanthasoftware.com/goods.php?detail/17703237779045" "Mozilla/5.0 AppleWebKit/537.36 (KHTML, like Gecko; compatible; GPTBot/1.3; +https://openai.com/gptbot)"
74.7.242.1 - - [13/Mar/2026:01:16:50 +0530] "GET /goods.php?detail/206047456494 HTTP/2.0" 200 24778 "https://vedanthasoftware.com/goods.php?detail/065030401754" "Mozilla/5.0 AppleWebKit/537.36 (KHTML, like Gecko; compatible; GPTBot/1.3; +https://openai.com/gptbot)"
74.7.243.201 - - [13/Mar/2026:01:16:53 +0530] "GET /goods.php?detail/201034108710 HTTP/2.0" 200 24231 "https://www.vedanthasoftware.com/goods.php?detail/17703237779045" "Mozilla/5.0 AppleWebKit/537.36 (KHTML, like Gecko; compatible; GPTBot/1.3; +https://openai.com/gptbot)"
74.7.242.1 - - [13/Mar/2026:01:16:53 +0530] "GET /goods.php?detail/290048860897 HTTP/2.0" 200 24958 "https://vedanthasoftware.com/goods.php?detail/290048861726" "Mozilla/5.0 AppleWebKit/537.36 (KHTML, like Gecko; compatible; GPTBot/1.3; +https://openai.com/gptbot)"
74.7.243.201 - - [13/Mar/2026:01:16:56 +0530] "GET /goods.php?detail/1910010065979 HTTP/2.0" 200 24531 "https://www.vedanthasoftware.com/goods.php?detail/201033812889" "Mozilla/5.0 AppleWebKit/537.36 (KHTML, like Gecko; compatible; GPTBot/1.3; +https://openai.com/gptbot)"
74.7.242.1 - - [13/Mar/2026:01:16:56 +0530] "GET /goods.php?detail/020032431927 HTTP/2.0" 200 24050 "https://vedanthasoftware.com/goods.php?detail/020040969223" "Mozilla/5.0 AppleWebKit/537.36 (KHTML, like Gecko; compatible; GPTBot/1.3; +https://openai.com/gptbot)"
74.7.243.201 - - [13/Mar/2026:01:16:59 +0530] "GET /goods.php?detail/2520325210902 HTTP/2.0" 200 24494 "https://www.vedanthasoftware.com/goods.php?detail/144024577813" "Mozilla/5.0 AppleWebKit/537.36 (KHTML, like Gecko; compatible; GPTBot/1.3; +https://openai.com/gptbot)"
74.7.242.1 - - [13/Mar/2026:01:17:01 +0530] "GET /goods.php?detail/175011484215 HTTP/2.0" 200 24598 "https://vedanthasoftware.com/goods.php?detail/176003368388" "Mozilla/5.0 AppleWebKit/537.36 (KHTML, like Gecko; compatible; GPTBot/1.3; +https://openai.com/gptbot)"
74.7.243.201 - - [13/Mar/2026:01:17:03 +0530] "GET /goods.php?detail/1910298867673 HTTP/2.0" 200 24594 "https://www.vedanthasoftware.com/goods.php?detail/191029887876" "Mozilla/5.0 AppleWebKit/537.36 (KHTML, like Gecko; compatible; GPTBot/1.3; +https://openai.com/gptbot)"
74.7.242.1 - - [13/Mar/2026:01:17:04 +0530] "GET /goods.php?jp/066007049.html HTTP/2.0" 200 24725 "https://vedanthasoftware.com/goods.php?detail/066034599834" "Mozilla/5.0 AppleWebKit/537.36 (KHTML, like Gecko; compatible; GPTBot/1.3; +https://openai.com/gptbot)"
74.7.243.201 - - [13/Mar/2026:01:17:07 +0530] "GET /goods.php?detail/0710356494421 HTTP/2.0" 200 24424 "https://www.vedanthasoftware.com/goods.php?detail/0710151510956" "Mozilla/5.0 AppleWebKit/537.36 (KHTML, like Gecko; compatible; GPTBot/1.3; +https://openai.com/gptbot)"
74.7.242.1 - - [13/Mar/2026:01:17:08 +0530] "GET /goods.php?detail/066030842030 HTTP/2.0" 200 24094 "https://vedanthasoftware.com/goods.php?detail/066034811644" "Mozilla/5.0 AppleWebKit/537.36 (KHTML, like Gecko; compatible; GPTBot/1.3; +https://openai.com/gptbot)"
74.7.243.201 - - [13/Mar/2026:01:17:12 +0530] "GET /goods.php?detail/071035651847 HTTP/2.0" 200 24625 "https://www.vedanthasoftware.com/goods.php?detail/0710151510956" "Mozilla/5.0 AppleWebKit/537.36 (KHTML, like Gecko; compatible; GPTBot/1.3; +https://openai.com/gptbot)"
74.7.242.1 - - [13/Mar/2026:01:17:13 +0530] "GET /goods.php?detail/066007052092 HTTP/2.0" 200 24378 "https://vedanthasoftware.com/goods.php?detail/066034599834" "Mozilla/5.0 AppleWebKit/537.36 (KHTML, like Gecko; compatible; GPTBot/1.3; +https://openai.com/gptbot)"
66.249.73.99 - - [13/Mar/2026:01:17:13 +0530] "GET /?t=7760392800 HTTP/1.1" 200 56545 "-" "Mozilla/5.0 (Linux; Android 6.0.1; Nexus 5X Build/MMB29P) AppleWebKit/537.36 (KHTML, like Gecko) Chrome/145.0.7632.116 Mobile Safari/537.36 (compatible; Googlebot/2.1; +http://www.google.com/bot.html)"
74.7.242.1 - - [13/Mar/2026:01:17:17 +0530] "GET /goods.php?detail/027033756309 HTTP/2.0" 200 25602 "https://vedanthasoftware.com/goods.php?detail/031002862663" "Mozilla/5.0 AppleWebKit/537.36 (KHTML, like Gecko; compatible; GPTBot/1.3; +https://openai.com/gptbot)"
74.7.243.201 - - [13/Mar/2026:01:17:17 +0530] "GET /goods.php?detail/246025666043 HTTP/2.0" 200 24169 "https://www.vedanthasoftware.com/goods.php?detail/2030180203502" "Mozilla/5.0 AppleWebKit/537.36 (KHTML, like Gecko; compatible; GPTBot/1.3; +https://openai.com/gptbot)"
74.7.243.201 - - [13/Mar/2026:01:17:20 +0530] "GET /goods.php?detail/0240061661651 HTTP/2.0" 200 24069 "https://www.vedanthasoftware.com/goods.php?detail/024017895917" "Mozilla/5.0 AppleWebKit/537.36 (KHTML, like Gecko; compatible; GPTBot/1.3; +https://openai.com/gptbot)"
74.7.242.1 - - [13/Mar/2026:01:17:21 +0530] "GET /goods.php?detail/080017674690 HTTP/2.0" 200 23242 "https://vedanthasoftware.com/goods.php?detail/1040411424609" "Mozilla/5.0 AppleWebKit/537.36 (KHTML, like Gecko; compatible; GPTBot/1.3; +https://openai.com/gptbot)"
74.7.243.201 - - [13/Mar/2026:01:17:24 +0530] "GET /goods.php?detail/003021431036 HTTP/2.0" 200 24174 "https://www.vedanthasoftware.com/goods.php?detail/0030440448451" "Mozilla/5.0 AppleWebKit/537.36 (KHTML, like Gecko; compatible; GPTBot/1.3; +https://openai.com/gptbot)"
74.7.242.1 - - [13/Mar/2026:01:17:28 +0530] "GET /goods.php?detail/236040842352 HTTP/2.0" 200 23823 "https://vedanthasoftware.com/goods.php?detail/065037151872" "Mozilla/5.0 AppleWebKit/537.36 (KHTML, like Gecko; compatible; GPTBot/1.3; +https://openai.com/gptbot)"
74.7.243.201 - - [13/Mar/2026:01:17:28 +0530] "GET /goods.php?detail/0420440443135 HTTP/2.0" 200 24245 "https://www.vedanthasoftware.com/goods.php?detail/241042718514" "Mozilla/5.0 AppleWebKit/537.36 (KHTML, like Gecko; compatible; GPTBot/1.3; +https://openai.com/gptbot)"
74.7.242.1 - - [13/Mar/2026:01:17:32 +0530] "GET /goods.php?detail/211024485051 HTTP/2.0" 200 24406 "https://vedanthasoftware.com/goods.php?detail/053027219993" "Mozilla/5.0 AppleWebKit/537.36 (KHTML, like Gecko; compatible; GPTBot/1.3; +https://openai.com/gptbot)"
74.7.243.201 - - [13/Mar/2026:01:17:32 +0530] "GET /goods.php?detail/0090147472163 HTTP/2.0" 200 23673 "https://www.vedanthasoftware.com/goods.php?detail/115009227229" "Mozilla/5.0 AppleWebKit/537.36 (KHTML, like Gecko; compatible; GPTBot/1.3; +https://openai.com/gptbot)"
74.7.242.1 - - [13/Mar/2026:01:17:36 +0530] "GET /goods.php?detail/2060103359121 HTTP/2.0" 200 24132 "https://vedanthasoftware.com/goods.php?detail/206047456494" "Mozilla/5.0 AppleWebKit/537.36 (KHTML, like Gecko; compatible; GPTBot/1.3; +https://openai.com/gptbot)"
74.7.243.201 - - [13/Mar/2026:01:17:37 +0530] "GET /goods.php?detail/177038510917 HTTP/2.0" 200 24311 "https://www.vedanthasoftware.com/goods.php?detail/201034108710" "Mozilla/5.0 AppleWebKit/537.36 (KHTML, like Gecko; compatible; GPTBot/1.3; +https://openai.com/gptbot)"
57.141.0.45 - - [13/Mar/2026:01:17:38 +0530] "GET /?e=9902777900500 HTTP/2.0" 200 183473 "-" "meta-externalagent/1.1 (+https://developers.facebook.com/docs/sharing/webmasters/crawler)"
74.7.242.1 - - [13/Mar/2026:01:17:40 +0530] "GET /goods.php?detail/226035654529 HTTP/2.0" 200 24266 "https://vedanthasoftware.com/goods.php?jp/226035654.html" "Mozilla/5.0 AppleWebKit/537.36 (KHTML, like Gecko; compatible; GPTBot/1.3; +https://openai.com/gptbot)"
74.7.243.201 - - [13/Mar/2026:01:17:41 +0530] "GET /goods.php?detail/201007216676 HTTP/2.0" 200 23549 "https://www.vedanthasoftware.com/goods.php?detail/201034108710" "Mozilla/5.0 AppleWebKit/537.36 (KHTML, like Gecko; compatible; GPTBot/1.3; +https://openai.com/gptbot)"
74.7.242.1 - - [13/Mar/2026:01:17:44 +0530] "GET /goods.php?detail/020023742427 HTTP/2.0" 200 24805 "https://vedanthasoftware.com/goods.php?detail/020032431927" "Mozilla/5.0 AppleWebKit/537.36 (KHTML, like Gecko; compatible; GPTBot/1.3; +https://openai.com/gptbot)"
74.7.243.201 - - [13/Mar/2026:01:17:46 +0530] "GET /goods.php?detail/041023141368 HTTP/2.0" 200 25346 "https://www.vedanthasoftware.com/goods.php?detail/201034108710" "Mozilla/5.0 AppleWebKit/537.36 (KHTML, like Gecko; compatible; GPTBot/1.3; +https://openai.com/gptbot)"
74.7.242.1 - - [13/Mar/2026:01:17:47 +0530] "GET /goods.php?detail/020023736837 HTTP/2.0" 200 24307 "https://vedanthasoftware.com/goods.php?detail/020032431927" "Mozilla/5.0 AppleWebKit/537.36 (KHTML, like Gecko; compatible; GPTBot/1.3; +https://openai.com/gptbot)"
74.7.243.201 - - [13/Mar/2026:01:17:49 +0530] "GET /goods.php?detail/201007218352 HTTP/2.0" 200 23987 "https://www.vedanthasoftware.com/goods.php?detail/201034108710" "Mozilla/5.0 AppleWebKit/537.36 (KHTML, like Gecko; compatible; GPTBot/1.3; +https://openai.com/gptbot)"
74.7.242.1 - - [13/Mar/2026:01:17:51 +0530] "GET /goods.php?detail/175020452304 HTTP/2.0" 200 24157 "https://vedanthasoftware.com/goods.php?detail/175011484215" "Mozilla/5.0 AppleWebKit/537.36 (KHTML, like Gecko; compatible; GPTBot/1.3; +https://openai.com/gptbot)"
74.7.243.201 - - [13/Mar/2026:01:17:52 +0530] "GET /goods.php?detail/071018021497 HTTP/2.0" 200 23825 "https://www.vedanthasoftware.com/goods.php?detail/0710356494421" "Mozilla/5.0 AppleWebKit/537.36 (KHTML, like Gecko; compatible; GPTBot/1.3; +https://openai.com/gptbot)"
74.7.242.1 - - [13/Mar/2026:01:17:54 +0530] "GET /goods.php?detail/150009939698 HTTP/2.0" 200 24677 "https://vedanthasoftware.com/goods.php?detail/175011484215" "Mozilla/5.0 AppleWebKit/537.36 (KHTML, like Gecko; compatible; GPTBot/1.3; +https://openai.com/gptbot)"
74.7.243.201 - - [13/Mar/2026:01:17:56 +0530] "GET /goods.php?detail/282015605886 HTTP/2.0" 200 24161 "https://www.vedanthasoftware.com/goods.php?detail/071035651847" "Mozilla/5.0 AppleWebKit/537.36 (KHTML, like Gecko; compatible; GPTBot/1.3; +https://openai.com/gptbot)"
74.7.242.1 - - [13/Mar/2026:01:17:57 +0530] "GET /goods.php?detail/102000766972 HTTP/2.0" 200 24323 "https://vedanthasoftware.com/goods.php?detail/066007052092" "Mozilla/5.0 AppleWebKit/537.36 (KHTML, like Gecko; compatible; GPTBot/1.3; +https://openai.com/gptbot)"
74.7.243.201 - - [13/Mar/2026:01:18:00 +0530] "GET /goods.php?detail/192008313706 HTTP/2.0" 200 23713 "https://www.vedanthasoftware.com/goods.php?detail/1910298867673" "Mozilla/5.0 AppleWebKit/537.36 (KHTML, like Gecko; compatible; GPTBot/1.3; +https://openai.com/gptbot)"
74.7.242.1 - - [13/Mar/2026:01:18:00 +0530] "GET /goods.php?detail/066014841764 HTTP/2.0" 200 24576 "https://vedanthasoftware.com/goods.php?detail/066030842030" "Mozilla/5.0 AppleWebKit/537.36 (KHTML, like Gecko; compatible; GPTBot/1.3; +https://openai.com/gptbot)"
74.7.242.1 - - [13/Mar/2026:01:18:04 +0530] "GET /goods.php?detail/140038135020 HTTP/2.0" 200 23760 "https://vedanthasoftware.com/goods.php?detail/290043604435" "Mozilla/5.0 AppleWebKit/537.36 (KHTML, like Gecko; compatible; GPTBot/1.3; +https://openai.com/gptbot)"
74.7.243.201 - - [13/Mar/2026:01:18:04 +0530] "GET /goods.php?detail/247021756437 HTTP/2.0" 200 23646 "https://www.vedanthasoftware.com/goods.php?detail/0240061661651" "Mozilla/5.0 AppleWebKit/537.36 (KHTML, like Gecko; compatible; GPTBot/1.3; +https://openai.com/gptbot)"
40.77.167.19 - - [13/Mar/2026:01:18:04 +0530] "GET /?e=97941134455600 HTTP/2.0" 200 33 "-" "Mozilla/5.0 AppleWebKit/537.36 (KHTML, like Gecko; compatible; bingbot/2.0; +http://www.bing.com/bingbot.htm) Chrome/116.0.1938.76 Safari/537.36"
74.7.242.1 - - [13/Mar/2026:01:18:08 +0530] "GET /goods.php?detail/113006671705 HTTP/2.0" 200 24033 "https://vedanthasoftware.com/goods.php?detail/113030466152" "Mozilla/5.0 AppleWebKit/537.36 (KHTML, like Gecko; compatible; GPTBot/1.3; +https://openai.com/gptbot)"
74.7.243.201 - - [13/Mar/2026:01:18:08 +0530] "GET /goods.php?detail/003048377574 HTTP/2.0" 200 24984 "https://www.vedanthasoftware.com/goods.php?detail/003021431036" "Mozilla/5.0 AppleWebKit/537.36 (KHTML, like Gecko; compatible; GPTBot/1.3; +https://openai.com/gptbot)"
52.167.144.186 - - [13/Mar/2026:01:18:08 +0530] "GET /?e=49240122430902 HTTP/2.0" 200 33 "-" "Mozilla/5.0 AppleWebKit/537.36 (KHTML, like Gecko; compatible; bingbot/2.0; +http://www.bing.com/bingbot.htm) Chrome/116.0.1938.76 Safari/537.36"
74.7.242.1 - - [13/Mar/2026:01:18:12 +0530] "GET /goods.php?detail/211046529586 HTTP/2.0" 200 24848 "https://vedanthasoftware.com/goods.php?detail/211024485051" "Mozilla/5.0 AppleWebKit/537.36 (KHTML, like Gecko; compatible; GPTBot/1.3; +https://openai.com/gptbot)"
74.7.243.201 - - [13/Mar/2026:01:18:12 +0530] "GET /goods.php?detail/0900199143914 HTTP/2.0" 200 24329 "https://www.vedanthasoftware.com/goods.php?detail/0180142915343" "Mozilla/5.0 AppleWebKit/537.36 (KHTML, like Gecko; compatible; GPTBot/1.3; +https://openai.com/gptbot)"
74.7.242.1 - - [13/Mar/2026:01:18:15 +0530] "GET /goods.php?detail/206037373334 HTTP/2.0" 200 23742 "https://vedanthasoftware.com/goods.php?detail/2060103359121" "Mozilla/5.0 AppleWebKit/537.36 (KHTML, like Gecko; compatible; GPTBot/1.3; +https://openai.com/gptbot)"
74.7.243.201 - - [13/Mar/2026:01:18:15 +0530] "GET /goods.php?detail/276010982771 HTTP/2.0" 200 23981 "https://www.vedanthasoftware.com/goods.php?detail/0090147472163" "Mozilla/5.0 AppleWebKit/537.36 (KHTML, like Gecko; compatible; GPTBot/1.3; +https://openai.com/gptbot)"
74.7.243.201 - - [13/Mar/2026:01:18:19 +0530] "GET /goods.php?detail/121001622723 HTTP/2.0" 200 23849 "https://www.vedanthasoftware.com/goods.php?detail/177038510917" "Mozilla/5.0 AppleWebKit/537.36 (KHTML, like Gecko; compatible; GPTBot/1.3; +https://openai.com/gptbot)"
74.7.242.1 - - [13/Mar/2026:01:18:19 +0530] "GET /goods.php?detail/211027672515 HTTP/2.0" 200 24219 "https://vedanthasoftware.com/goods.php?goods/172045980" "Mozilla/5.0 AppleWebKit/537.36 (KHTML, like Gecko; compatible; GPTBot/1.3; +https://openai.com/gptbot)"
74.7.243.201 - - [13/Mar/2026:01:18:23 +0530] "GET /goods.php?m93644129498 HTTP/2.0" 200 24218 "https://www.vedanthasoftware.com/goods.php?detail/201007216676" "Mozilla/5.0 AppleWebKit/537.36 (KHTML, like Gecko; compatible; GPTBot/1.3; +https://openai.com/gptbot)"
114.119.147.45 - - [13/Mar/2026:01:18:24 +0530] "GET /?_o=241041379 HTTP/1.1" 301 5 "https://www.vedanthasoftware.com/sitemap546.xml" "Mozilla/5.0 (Linux; Android 7.0;) AppleWebKit/537.36 (KHTML, like Gecko) Mobile Safari/537.36 (compatible; PetalBot;+https://webmaster.petalsearch.com/site/petalbot)"
74.7.242.1 - - [13/Mar/2026:01:18:24 +0530] "GET /goods.php?detail/132013365424 HTTP/2.0" 200 24791 "https://vedanthasoftware.com/goods.php?detail/020023742427" "Mozilla/5.0 AppleWebKit/537.36 (KHTML, like Gecko; compatible; GPTBot/1.3; +https://openai.com/gptbot)"
74.7.243.201 - - [13/Mar/2026:01:18:27 +0530] "GET /goods.php?goods/041025197 HTTP/2.0" 200 25691 "https://www.vedanthasoftware.com/goods.php?detail/041023141368" "Mozilla/5.0 AppleWebKit/537.36 (KHTML, like Gecko; compatible; GPTBot/1.3; +https://openai.com/gptbot)"
74.7.242.1 - - [13/Mar/2026:01:18:28 +0530] "GET /goods.php?goods/020023735 HTTP/2.0" 200 23696 "https://vedanthasoftware.com/goods.php?detail/020023736837" "Mozilla/5.0 AppleWebKit/537.36 (KHTML, like Gecko; compatible; GPTBot/1.3; +https://openai.com/gptbot)"
114.119.147.45 - - [13/Mar/2026:01:18:28 +0530] "GET /?_o=241041379 HTTP/1.1" 200 38167 "https://www.vedanthasoftware.com/sitemap546.xml" "Mozilla/5.0 (Linux; Android 7.0;) AppleWebKit/537.36 (KHTML, like Gecko) Mobile Safari/537.36 (compatible; PetalBot;+https://webmaster.petalsearch.com/site/petalbot)"
74.7.243.201 - - [13/Mar/2026:01:18:31 +0530] "GET /goods.php?detail/201010473731 HTTP/2.0" 200 24086 "https://www.vedanthasoftware.com/goods.php?detail/201007216676" "Mozilla/5.0 AppleWebKit/537.36 (KHTML, like Gecko; compatible; GPTBot/1.3; +https://openai.com/gptbot)"
74.7.242.1 - - [13/Mar/2026:01:18:32 +0530] "GET /goods.php?detail/121032626472 HTTP/2.0" 200 23707 "https://vedanthasoftware.com/goods.php?detail/175020452304" "Mozilla/5.0 AppleWebKit/537.36 (KHTML, like Gecko; compatible; GPTBot/1.3; +https://openai.com/gptbot)"
57.141.0.38 - - [13/Mar/2026:01:18:32 +0530] "GET /?e=89040219873200 HTTP/2.0" 200 183473 "-" "meta-externalagent/1.1 (+https://developers.facebook.com/docs/sharing/webmasters/crawler)"
74.7.243.201 - - [13/Mar/2026:01:18:35 +0530] "GET /goods.php?detail/240001931647 HTTP/2.0" 200 24188 "https://www.vedanthasoftware.com/goods.php?detail/0090147472163" "Mozilla/5.0 AppleWebKit/537.36 (KHTML, like Gecko; compatible; GPTBot/1.3; +https://openai.com/gptbot)"
74.7.242.1 - - [13/Mar/2026:01:18:35 +0530] "GET /goods.php?detail/020009618516 HTTP/2.0" 200 23981 "https://vedanthasoftware.com/goods.php?detail/020023742427" "Mozilla/5.0 AppleWebKit/537.36 (KHTML, like Gecko; compatible; GPTBot/1.3; +https://openai.com/gptbot)"
74.7.243.201 - - [13/Mar/2026:01:18:39 +0530] "GET /goods.php?detail/103019582577 HTTP/2.0" 200 24394 "https://www.vedanthasoftware.com/goods.php?detail/071018021497" "Mozilla/5.0 AppleWebKit/537.36 (KHTML, like Gecko; compatible; GPTBot/1.3; +https://openai.com/gptbot)"
74.7.242.1 - - [13/Mar/2026:01:18:39 +0530] "GET /goods.php?detail/134022873799 HTTP/2.0" 200 23687 "https://vedanthasoftware.com/goods.php?detail/175020452304" "Mozilla/5.0 AppleWebKit/537.36 (KHTML, like Gecko; compatible; GPTBot/1.3; +https://openai.com/gptbot)"
74.7.243.201 - - [13/Mar/2026:01:18:43 +0530] "GET /goods.php?detail/201009347021 HTTP/2.0" 200 23763 "https://www.vedanthasoftware.com/goods.php?detail/201007216676" "Mozilla/5.0 AppleWebKit/537.36 (KHTML, like Gecko; compatible; GPTBot/1.3; +https://openai.com/gptbot)"
74.7.242.1 - - [13/Mar/2026:01:18:43 +0530] "GET /goods.php?detail/184048963811 HTTP/2.0" 200 25572 "https://vedanthasoftware.com/goods.php?jp/210023340.html" "Mozilla/5.0 AppleWebKit/537.36 (KHTML, like Gecko; compatible; GPTBot/1.3; +https://openai.com/gptbot)"
74.7.243.201 - - [13/Mar/2026:01:18:46 +0530] "GET /goods.php?detail/0610393006116 HTTP/2.0" 200 25036 "https://www.vedanthasoftware.com/goods.php?detail/073002698906" "Mozilla/5.0 AppleWebKit/537.36 (KHTML, like Gecko; compatible; GPTBot/1.3; +https://openai.com/gptbot)"
74.7.242.1 - - [13/Mar/2026:01:18:47 +0530] "GET /goods.php?detail/109040030765 HTTP/2.0" 200 23801 "https://vedanthasoftware.com/goods.php?detail/109008037310" "Mozilla/5.0 AppleWebKit/537.36 (KHTML, like Gecko; compatible; GPTBot/1.3; +https://openai.com/gptbot)"
74.7.243.201 - - [13/Mar/2026:01:18:50 +0530] "GET /goods.php?detail/0030062822428 HTTP/2.0" 200 25355 "https://www.vedanthasoftware.com/goods.php?detail/003048377574" "Mozilla/5.0 AppleWebKit/537.36 (KHTML, like Gecko; compatible; GPTBot/1.3; +https://openai.com/gptbot)"
57.141.0.55 - - [13/Mar/2026:01:18:51 +0530] "GET /?e=77868177888905 HTTP/2.0" 200 183473 "-" "meta-externalagent/1.1 (+https://developers.facebook.com/docs/sharing/webmasters/crawler)"
74.7.242.1 - - [13/Mar/2026:01:18:51 +0530] "GET /goods.php?detail/086024322482 HTTP/2.0" 200 24001 "https://vedanthasoftware.com/goods.php?detail/113006671705" "Mozilla/5.0 AppleWebKit/537.36 (KHTML, like Gecko; compatible; GPTBot/1.3; +https://openai.com/gptbot)"
74.7.243.201 - - [13/Mar/2026:01:18:53 +0530] "GET /goods.php?detail/23204314152560 HTTP/2.0" 200 25209 "https://www.vedanthasoftware.com/goods.php?detail/0900199143914" "Mozilla/5.0 AppleWebKit/537.36 (KHTML, like Gecko; compatible; GPTBot/1.3; +https://openai.com/gptbot)"
74.7.242.1 - - [13/Mar/2026:01:18:54 +0530] "GET /goods.php?jp/211021129.html HTTP/2.0" 200 24497 "https://vedanthasoftware.com/goods.php?detail/211046529586" "Mozilla/5.0 AppleWebKit/537.36 (KHTML, like Gecko; compatible; GPTBot/1.3; +https://openai.com/gptbot)"
57.141.0.38 - - [13/Mar/2026:01:18:55 +0530] "GET /?e=8230186434502 HTTP/2.0" 200 183473 "-" "meta-externalagent/1.1 (+https://developers.facebook.com/docs/sharing/webmasters/crawler)"
74.7.243.201 - - [13/Mar/2026:01:18:57 +0530] "GET /goods.php?detail/273014445880 HTTP/2.0" 200 24539 "https://www.vedanthasoftware.com/goods.php?detail/003048377574" "Mozilla/5.0 AppleWebKit/537.36 (KHTML, like Gecko; compatible; GPTBot/1.3; +https://openai.com/gptbot)"
57.141.0.17 - - [13/Mar/2026:01:18:58 +0530] "GET /?e=7890196952802 HTTP/2.0" 200 183473 "-" "meta-externalagent/1.1 (+https://developers.facebook.com/docs/sharing/webmasters/crawler)"
74.7.242.1 - - [13/Mar/2026:01:18:59 +0530] "GET /goods.php?detail/211021127656 HTTP/2.0" 200 24726 "https://vedanthasoftware.com/goods.php?detail/211046529586" "Mozilla/5.0 AppleWebKit/537.36 (KHTML, like Gecko; compatible; GPTBot/1.3; +https://openai.com/gptbot)"
74.7.243.201 - - [13/Mar/2026:01:19:02 +0530] "GET /goods.php?detail/1120206201205 HTTP/2.0" 200 23996 "https://www.vedanthasoftware.com/goods.php?detail/239007519323" "Mozilla/5.0 AppleWebKit/537.36 (KHTML, like Gecko; compatible; GPTBot/1.3; +https://openai.com/gptbot)"
74.7.242.1 - - [13/Mar/2026:01:19:02 +0530] "GET /goods.php?detail/126008998763 HTTP/2.0" 200 23919 "https://vedanthasoftware.com/goods.php?detail/211046529586" "Mozilla/5.0 AppleWebKit/537.36 (KHTML, like Gecko; compatible; GPTBot/1.3; +https://openai.com/gptbot)"
74.7.243.201 - - [13/Mar/2026:01:19:05 +0530] "GET /goods.php?detail/1300470808038 HTTP/2.0" 200 24005 "https://www.vedanthasoftware.com/goods.php?detail/130032583978" "Mozilla/5.0 AppleWebKit/537.36 (KHTML, like Gecko; compatible; GPTBot/1.3; +https://openai.com/gptbot)"
74.7.242.1 - - [13/Mar/2026:01:19:06 +0530] "GET /goods.php?detail/242025844386 HTTP/2.0" 200 24006 "https://vedanthasoftware.com/goods.php?detail/244041534530" "Mozilla/5.0 AppleWebKit/537.36 (KHTML, like Gecko; compatible; GPTBot/1.3; +https://openai.com/gptbot)"
74.7.243.201 - - [13/Mar/2026:01:19:09 +0530] "GET /goods.php?detail/120033528433 HTTP/2.0" 200 23891 "https://www.vedanthasoftware.com/goods.php?goods/041025197" "Mozilla/5.0 AppleWebKit/537.36 (KHTML, like Gecko; compatible; GPTBot/1.3; +https://openai.com/gptbot)"
57.141.0.49 - - [13/Mar/2026:01:19:10 +0530] "GET /?e=09627274413207 HTTP/2.0" 200 183473 "-" "meta-externalagent/1.1 (+https://developers.facebook.com/docs/sharing/webmasters/crawler)"
74.7.242.1 - - [13/Mar/2026:01:19:10 +0530] "GET /goods.php?detail/0200324328982 HTTP/2.0" 200 24502 "https://vedanthasoftware.com/goods.php?goods/020023735" "Mozilla/5.0 AppleWebKit/537.36 (KHTML, like Gecko; compatible; GPTBot/1.3; +https://openai.com/gptbot)"
57.141.0.49 - - [13/Mar/2026:01:19:10 +0530] "GET /?e=77918261051601 HTTP/2.0" 200 183473 "-" "meta-externalagent/1.1 (+https://developers.facebook.com/docs/sharing/webmasters/crawler)"
74.7.243.201 - - [13/Mar/2026:01:19:14 +0530] "GET /goods.php?detail/041010502960 HTTP/2.0" 200 23996 "https://www.vedanthasoftware.com/goods.php?goods/041025197" "Mozilla/5.0 AppleWebKit/537.36 (KHTML, like Gecko; compatible; GPTBot/1.3; +https://openai.com/gptbot)"
74.7.242.1 - - [13/Mar/2026:01:19:14 +0530] "GET /goods.php?detail/121012832046 HTTP/2.0" 200 23860 "https://vedanthasoftware.com/goods.php?detail/121032626472" "Mozilla/5.0 AppleWebKit/537.36 (KHTML, like Gecko; compatible; GPTBot/1.3; +https://openai.com/gptbot)"
74.7.243.201 - - [13/Mar/2026:01:19:17 +0530] "GET /goods.php?detail/167004815338 HTTP/2.0" 200 24660 "https://www.vedanthasoftware.com/goods.php?detail/201010473731" "Mozilla/5.0 AppleWebKit/537.36 (KHTML, like Gecko; compatible; GPTBot/1.3; +https://openai.com/gptbot)"
74.7.242.1 - - [13/Mar/2026:01:19:17 +0530] "GET /goods.php?detail/042012848356 HTTP/2.0" 200 24374 "https://vedanthasoftware.com/goods.php?detail/020009618516" "Mozilla/5.0 AppleWebKit/537.36 (KHTML, like Gecko; compatible; GPTBot/1.3; +https://openai.com/gptbot)"
74.7.243.201 - - [13/Mar/2026:01:19:21 +0530] "GET /goods.php?detail/110045970120 HTTP/2.0" 200 24031 "https://www.vedanthasoftware.com/goods.php?detail/103019582577" "Mozilla/5.0 AppleWebKit/537.36 (KHTML, like Gecko; compatible; GPTBot/1.3; +https://openai.com/gptbot)"
74.7.242.1 - - [13/Mar/2026:01:19:21 +0530] "GET /goods.php?jp/225003119.html HTTP/2.0" 200 24228 "https://vedanthasoftware.com/goods.php?detail/134022873799" "Mozilla/5.0 AppleWebKit/537.36 (KHTML, like Gecko; compatible; GPTBot/1.3; +https://openai.com/gptbot)"
74.7.243.201 - - [13/Mar/2026:01:19:25 +0530] "GET /goods.php?detail/217034894473 HTTP/2.0" 200 24585 "https://www.vedanthasoftware.com/goods.php?detail/201009347021" "Mozilla/5.0 AppleWebKit/537.36 (KHTML, like Gecko; compatible; GPTBot/1.3; +https://openai.com/gptbot)"
74.7.242.1 - - [13/Mar/2026:01:19:25 +0530] "GET /goods.php?detail/134024354541 HTTP/2.0" 200 23686 "https://vedanthasoftware.com/goods.php?detail/134022873799" "Mozilla/5.0 AppleWebKit/537.36 (KHTML, like Gecko; compatible; GPTBot/1.3; +https://openai.com/gptbot)"
74.7.243.201 - - [13/Mar/2026:01:19:29 +0530] "GET /goods.php?detail/1990019919537 HTTP/2.0" 200 23703 "https://www.vedanthasoftware.com/goods.php?detail/1990404911042" "Mozilla/5.0 AppleWebKit/537.36 (KHTML, like Gecko; compatible; GPTBot/1.3; +https://openai.com/gptbot)"
74.7.242.1 - - [13/Mar/2026:01:19:29 +0530] "GET /goods.php?detail/295030361002 HTTP/2.0" 200 24032 "https://vedanthasoftware.com/goods.php?detail/184048963811" "Mozilla/5.0 AppleWebKit/537.36 (KHTML, like Gecko; compatible; GPTBot/1.3; +https://openai.com/gptbot)"
74.7.243.201 - - [13/Mar/2026:01:19:32 +0530] "GET /goods.php?detail/003045873266 HTTP/2.0" 200 24099 "https://www.vedanthasoftware.com/goods.php?detail/0030062822428" "Mozilla/5.0 AppleWebKit/537.36 (KHTML, like Gecko; compatible; GPTBot/1.3; +https://openai.com/gptbot)"
74.7.242.1 - - [13/Mar/2026:01:19:33 +0530] "GET /goods.php?detail/134024355437 HTTP/2.0" 200 23648 "https://vedanthasoftware.com/goods.php?detail/134022873799" "Mozilla/5.0 AppleWebKit/537.36 (KHTML, like Gecko; compatible; GPTBot/1.3; +https://openai.com/gptbot)"
74.7.243.201 - - [13/Mar/2026:01:19:35 +0530] "GET /goods.php?detail/232041377927 HTTP/2.0" 200 24777 "https://www.vedanthasoftware.com/goods.php?detail/23204314152560" "Mozilla/5.0 AppleWebKit/537.36 (KHTML, like Gecko; compatible; GPTBot/1.3; +https://openai.com/gptbot)"
74.7.242.1 - - [13/Mar/2026:01:19:36 +0530] "GET /goods.php?detail/184015150943 HTTP/2.0" 200 24141 "https://vedanthasoftware.com/goods.php?detail/184048963811" "Mozilla/5.0 AppleWebKit/537.36 (KHTML, like Gecko; compatible; GPTBot/1.3; +https://openai.com/gptbot)"
74.7.243.201 - - [13/Mar/2026:01:19:38 +0530] "GET /goods.php?detail/232005447126 HTTP/2.0" 200 25390 "https://www.vedanthasoftware.com/goods.php?detail/23204314152560" "Mozilla/5.0 AppleWebKit/537.36 (KHTML, like Gecko; compatible; GPTBot/1.3; +https://openai.com/gptbot)"
114.119.149.83 - - [13/Mar/2026:01:19:38 +0530] "GET /?_o=239008247 HTTP/1.1" 301 5 "https://www.vedanthasoftware.com/sitemap546.xml" "Mozilla/5.0 (Linux; Android 7.0;) AppleWebKit/537.36 (KHTML, like Gecko) Mobile Safari/537.36 (compatible; PetalBot;+https://webmaster.petalsearch.com/site/petalbot)"
74.7.242.1 - - [13/Mar/2026:01:19:39 +0530] "GET /goods.php?detail/0740067662672 HTTP/2.0" 200 23513 "https://vedanthasoftware.com/goods.php?detail/211021127656" "Mozilla/5.0 AppleWebKit/537.36 (KHTML, like Gecko; compatible; GPTBot/1.3; +https://openai.com/gptbot)"
74.7.243.201 - - [13/Mar/2026:01:19:42 +0530] "GET /goods.php?detail/231028536905 HTTP/2.0" 200 25100 "https://www.vedanthasoftware.com/goods.php?detail/1120206201205" "Mozilla/5.0 AppleWebKit/537.36 (KHTML, like Gecko; compatible; GPTBot/1.3; +https://openai.com/gptbot)"
114.119.149.83 - - [13/Mar/2026:01:19:43 +0530] "GET /?_o=239008247 HTTP/1.1" 200 38164 "https://www.vedanthasoftware.com/sitemap546.xml" "Mozilla/5.0 (Linux; Android 7.0;) AppleWebKit/537.36 (KHTML, like Gecko) Mobile Safari/537.36 (compatible; PetalBot;+https://webmaster.petalsearch.com/site/petalbot)"
74.7.242.1 - - [13/Mar/2026:01:19:44 +0530] "GET /goods.php?detail/126000452871 HTTP/2.0" 200 24003 "https://vedanthasoftware.com/goods.php?detail/126008998763" "Mozilla/5.0 AppleWebKit/537.36 (KHTML, like Gecko; compatible; GPTBot/1.3; +https://openai.com/gptbot)"
74.7.243.201 - - [13/Mar/2026:01:19:47 +0530] "GET /goods.php?detail/0680161618201 HTTP/2.0" 200 25134 "https://www.vedanthasoftware.com/goods.php?detail/068024990218" "Mozilla/5.0 AppleWebKit/537.36 (KHTML, like Gecko; compatible; GPTBot/1.3; +https://openai.com/gptbot)"
57.141.0.27 - - [13/Mar/2026:01:19:48 +0530] "GET /?e=6221713724103 HTTP/2.0" 200 183473 "-" "meta-externalagent/1.1 (+https://developers.facebook.com/docs/sharing/webmasters/crawler)"
74.7.242.1 - - [13/Mar/2026:01:19:48 +0530] "GET /goods.php?detail/138017758773 HTTP/2.0" 200 23981 "https://vedanthasoftware.com/goods.php?detail/242025844386" "Mozilla/5.0 AppleWebKit/537.36 (KHTML, like Gecko; compatible; GPTBot/1.3; +https://openai.com/gptbot)"
74.7.242.1 - - [13/Mar/2026:01:19:52 +0530] "GET /goods.php?detail/294028622513 HTTP/2.0" 200 24274 "https://vedanthasoftware.com/goods.php?detail/020009618516" "Mozilla/5.0 AppleWebKit/537.36 (KHTML, like Gecko; compatible; GPTBot/1.3; +https://openai.com/gptbot)"
57.141.0.2 - - [13/Mar/2026:01:19:53 +0530] "GET /?e=2159343423702 HTTP/2.0" 200 183473 "-" "meta-externalagent/1.1 (+https://developers.facebook.com/docs/sharing/webmasters/crawler)"
74.7.243.201 - - [13/Mar/2026:01:19:53 +0530] "GET /goods.php?detail/009003104060 HTTP/2.0" 200 24130 "https://www.vedanthasoftware.com/goods.php?detail/120033528433" "Mozilla/5.0 AppleWebKit/537.36 (KHTML, like Gecko; compatible; GPTBot/1.3; +https://openai.com/gptbot)"
74.7.243.201 - - [13/Mar/2026:01:19:57 +0530] "GET /goods.php?detail/2030309499363 HTTP/2.0" 200 24122 "https://www.vedanthasoftware.com/goods.php?detail/2030052072243" "Mozilla/5.0 AppleWebKit/537.36 (KHTML, like Gecko; compatible; GPTBot/1.3; +https://openai.com/gptbot)"
74.7.242.1 - - [13/Mar/2026:01:19:57 +0530] "GET /goods.php?detail/269002888788 HTTP/2.0" 200 23857 "https://vedanthasoftware.com/goods.php?detail/121012832046" "Mozilla/5.0 AppleWebKit/537.36 (KHTML, like Gecko; compatible; GPTBot/1.3; +https://openai.com/gptbot)"
161.123.181.117 - - [13/Mar/2026:01:19:58 +0530] "GET /contact-us/ HTTP/1.1" 200 32077 "-" "Mozilla/5.0 (X11; Ubuntu; Linux i686; rv:114.0) Gecko/20100101 Firefox/114.0"
57.141.0.4 - - [13/Mar/2026:01:19:58 +0530] "GET /?e=1790268244202 HTTP/2.0" 200 183473 "-" "meta-externalagent/1.1 (+https://developers.facebook.com/docs/sharing/webmasters/crawler)"
161.123.181.117 - - [13/Mar/2026:01:20:01 +0530] "GET /wp-content/plugins/contact-form-7/includes/js/index.js?ver=5.4.1 HTTP/1.1" 200 4457 "https://vedanthasoftware.com/contact-us/" "Mozilla/5.0 (X11; Ubuntu; Linux i686; rv:114.0) Gecko/20100101 Firefox/114.0"
74.7.242.1 - - [13/Mar/2026:01:20:01 +0530] "GET /goods.php?detail/042007447549 HTTP/2.0" 200 23859 "https://vedanthasoftware.com/goods.php?detail/042012848356" "Mozilla/5.0 AppleWebKit/537.36 (KHTML, like Gecko; compatible; GPTBot/1.3; +https://openai.com/gptbot)"
74.7.243.201 - - [13/Mar/2026:01:20:01 +0530] "GET /goods.php?jp/167027595.html HTTP/2.0" 200 24889 "https://www.vedanthasoftware.com/goods.php?detail/167004815338" "Mozilla/5.0 AppleWebKit/537.36 (KHTML, like Gecko; compatible; GPTBot/1.3; +https://openai.com/gptbot)"
74.7.242.1 - - [13/Mar/2026:01:20:04 +0530] "GET /goods.php?detail/225046441646 HTTP/2.0" 200 23550 "https://vedanthasoftware.com/goods.php?jp/225003119.html" "Mozilla/5.0 AppleWebKit/537.36 (KHTML, like Gecko; compatible; GPTBot/1.3; +https://openai.com/gptbot)"
161.123.181.117 - - [13/Mar/2026:01:20:05 +0530] "POST /wp-json/contact-form-7/v1/contact-forms/7228/feedback HTTP/1.1" 200 176 "https://vedanthasoftware.com/contact-us/" "Mozilla/5.0 (X11; Ubuntu; Linux i686; rv:114.0) Gecko/20100101 Firefox/114.0"
74.7.243.201 - - [13/Mar/2026:01:20:05 +0530] "GET /goods.php?detail/110032702477 HTTP/2.0" 200 24197 "https://www.vedanthasoftware.com/goods.php?detail/110045970120" "Mozilla/5.0 AppleWebKit/537.36 (KHTML, like Gecko; compatible; GPTBot/1.3; +https://openai.com/gptbot)"
74.7.243.201 - - [13/Mar/2026:01:20:09 +0530] "GET /goods.php?detail/217040713256 HTTP/2.0" 200 24177 "https://www.vedanthasoftware.com/goods.php?detail/217034894473" "Mozilla/5.0 AppleWebKit/537.36 (KHTML, like Gecko; compatible; GPTBot/1.3; +https://openai.com/gptbot)"
74.7.242.1 - - [13/Mar/2026:01:20:09 +0530] "GET /goods.php?detail/134024357582 HTTP/2.0" 200 23640 "https://vedanthasoftware.com/goods.php?detail/134022873799" "Mozilla/5.0 AppleWebKit/537.36 (KHTML, like Gecko; compatible; GPTBot/1.3; +https://openai.com/gptbot)"
18.214.124.6 - - [13/Mar/2026:01:20:09 +0530] "GET /category/consutruction-and-architecture/ HTTP/1.1" 200 31256 "-" "Mozilla/5.0 AppleWebKit/537.36 (KHTML, like Gecko; compatible; Amazonbot/0.1; +https://developer.amazon.com/support/amazonbot) Chrome/119.0.6045.214 Safari/537.36"
74.7.242.1 - - [13/Mar/2026:01:20:13 +0530] "GET /goods.php?detail/109044928667 HTTP/2.0" 200 24180 "https://vedanthasoftware.com/goods.php?detail/109040030765" "Mozilla/5.0 AppleWebKit/537.36 (KHTML, like Gecko; compatible; GPTBot/1.3; +https://openai.com/gptbot)"
52.3.127.170 - - [13/Mar/2026:01:20:13 +0530] "GET /wp-json/oembed/1.0/embed?url=https://vedanthasoftware.com/mariobet-bahis-sitesi-kullanicilarina-ozel-yuksek-oranli-maclar/ HTTP/1.1" 200 2653 "-" "Mozilla/5.0 AppleWebKit/537.36 (KHTML, like Gecko; compatible; Amazonbot/0.1; +https://developer.amazon.com/support/amazonbot) Chrome/119.0.6045.214 Safari/537.36"
74.7.243.201 - - [13/Mar/2026:01:20:13 +0530] "GET /goods.php?detail/061025431720 HTTP/2.0" 200 23834 "https://www.vedanthasoftware.com/goods.php?detail/1990019919537" "Mozilla/5.0 AppleWebKit/537.36 (KHTML, like Gecko; compatible; GPTBot/1.3; +https://openai.com/gptbot)"
74.7.242.1 - - [13/Mar/2026:01:20:16 +0530] "GET /goods.php?detail/278000208367 HTTP/2.0" 200 25617 "https://vedanthasoftware.com/goods.php?detail/134024355437" "Mozilla/5.0 AppleWebKit/537.36 (KHTML, like Gecko; compatible; GPTBot/1.3; +https://openai.com/gptbot)"
74.7.243.201 - - [13/Mar/2026:01:20:16 +0530] "GET /goods.php?detail/1920129977129 HTTP/2.0" 200 23991 "https://www.vedanthasoftware.com/goods.php?detail/192034209639" "Mozilla/5.0 AppleWebKit/537.36 (KHTML, like Gecko; compatible; GPTBot/1.3; +https://openai.com/gptbot)"
23.22.105.143 - - [13/Mar/2026:01:20:17 +0530] "GET /wp-json/oembed/1.0/embed?url=https://vedanthasoftware.com/mariobet-ile-canli-casino-masalarinda-sansini-dene/ HTTP/1.1" 200 2558 "-" "Mozilla/5.0 AppleWebKit/537.36 (KHTML, like Gecko; compatible; Amazonbot/0.1; +https://developer.amazon.com/support/amazonbot) Chrome/119.0.6045.214 Safari/537.36"
57.141.0.13 - - [13/Mar/2026:01:20:17 +0530] "GET /?e=31653228026405 HTTP/2.0" 200 183473 "-" "meta-externalagent/1.1 (+https://developers.facebook.com/docs/sharing/webmasters/crawler)"
74.7.242.1 - - [13/Mar/2026:01:20:20 +0530] "GET /goods.php?detail/134010125889 HTTP/2.0" 200 23629 "https://vedanthasoftware.com/goods.php?detail/134024355437" "Mozilla/5.0 AppleWebKit/537.36 (KHTML, like Gecko; compatible; GPTBot/1.3; +https://openai.com/gptbot)"
