74.7.242.1 - - [13/Mar/2026:02:22:22 +0530] "GET /goods.php?detail/021002568755 HTTP/2.0" 200 25293 "https://vedanthasoftware.com/goods.php?detail/1100413805813" "Mozilla/5.0 AppleWebKit/537.36 (KHTML, like Gecko; compatible; GPTBot/1.3; +https://openai.com/gptbot)"
74.7.243.201 - - [13/Mar/2026:02:22:25 +0530] "GET /goods.php?detail/0460428681337 HTTP/2.0" 200 23864 "https://www.vedanthasoftware.com/goods.php?detail/046036682890" "Mozilla/5.0 AppleWebKit/537.36 (KHTML, like Gecko; compatible; GPTBot/1.3; +https://openai.com/gptbot)"
74.7.242.1 - - [13/Mar/2026:02:22:26 +0530] "GET /goods.php?detail/089041149510 HTTP/2.0" 200 25107 "https://vedanthasoftware.com/goods.php?detail/089037851007" "Mozilla/5.0 AppleWebKit/537.36 (KHTML, like Gecko; compatible; GPTBot/1.3; +https://openai.com/gptbot)"
57.141.0.59 - - [13/Mar/2026:02:22:27 +0530] "GET /?e=1490417781003 HTTP/2.0" 200 183473 "-" "meta-externalagent/1.1 (+https://developers.facebook.com/docs/sharing/webmasters/crawler)"
74.7.243.201 - - [13/Mar/2026:02:22:27 +0530] "GET /goods.php?detail/184035181085 HTTP/2.0" 200 25350 "https://www.vedanthasoftware.com/goods.php?detail/1840385854451" "Mozilla/5.0 AppleWebKit/537.36 (KHTML, like Gecko; compatible; GPTBot/1.3; +https://openai.com/gptbot)"
57.141.0.13 - - [13/Mar/2026:02:22:28 +0530] "GET /?e=8740051069403 HTTP/2.0" 200 183473 "-" "meta-externalagent/1.1 (+https://developers.facebook.com/docs/sharing/webmasters/crawler)"
74.7.242.1 - - [13/Mar/2026:02:22:30 +0530] "GET /goods.php?detail/253025035524 HTTP/2.0" 200 24520 "https://vedanthasoftware.com/goods.php?detail/221012769260" "Mozilla/5.0 AppleWebKit/537.36 (KHTML, like Gecko; compatible; GPTBot/1.3; +https://openai.com/gptbot)"
57.141.0.70 - - [13/Mar/2026:02:22:31 +0530] "GET /?e=71189300095503 HTTP/2.0" 200 183473 "-" "meta-externalagent/1.1 (+https://developers.facebook.com/docs/sharing/webmasters/crawler)"
74.7.243.201 - - [13/Mar/2026:02:22:32 +0530] "GET /goods.php?detail/0960400290486 HTTP/2.0" 200 24030 "https://www.vedanthasoftware.com/goods.php?detail/245028769564" "Mozilla/5.0 AppleWebKit/537.36 (KHTML, like Gecko; compatible; GPTBot/1.3; +https://openai.com/gptbot)"
57.141.0.51 - - [13/Mar/2026:02:22:32 +0530] "GET /?e=7203724451703 HTTP/2.0" 200 183473 "-" "meta-externalagent/1.1 (+https://developers.facebook.com/docs/sharing/webmasters/crawler)"
74.7.243.201 - - [13/Mar/2026:02:22:35 +0530] "GET /goods.php?detail/224042330322 HTTP/2.0" 200 24639 "https://www.vedanthasoftware.com/goods.php?detail/202019499598" "Mozilla/5.0 AppleWebKit/537.36 (KHTML, like Gecko; compatible; GPTBot/1.3; +https://openai.com/gptbot)"
74.7.242.1 - - [13/Mar/2026:02:22:35 +0530] "GET /goods.php?detail/221009647597 HTTP/2.0" 200 24815 "https://vedanthasoftware.com/goods.php?detail/221012769260" "Mozilla/5.0 AppleWebKit/537.36 (KHTML, like Gecko; compatible; GPTBot/1.3; +https://openai.com/gptbot)"
74.7.243.201 - - [13/Mar/2026:02:22:38 +0530] "GET /goods.php?detail/0720093374648 HTTP/2.0" 200 23765 "https://www.vedanthasoftware.com/goods.php?detail/072003085788" "Mozilla/5.0 AppleWebKit/537.36 (KHTML, like Gecko; compatible; GPTBot/1.3; +https://openai.com/gptbot)"
74.7.242.1 - - [13/Mar/2026:02:22:38 +0530] "GET /goods.php?detail/041026181098 HTTP/2.0" 200 23971 "https://vedanthasoftware.com/goods.php?detail/298043799433" "Mozilla/5.0 AppleWebKit/537.36 (KHTML, like Gecko; compatible; GPTBot/1.3; +https://openai.com/gptbot)"
74.7.242.1 - - [13/Mar/2026:02:22:41 +0530] "GET /goods.php?detail/210013957926 HTTP/2.0" 200 25518 "https://vedanthasoftware.com/goods.php?detail/210026958181" "Mozilla/5.0 AppleWebKit/537.36 (KHTML, like Gecko; compatible; GPTBot/1.3; +https://openai.com/gptbot)"
74.7.243.201 - - [13/Mar/2026:02:22:41 +0530] "GET /goods.php?detail/054004617176 HTTP/2.0" 200 24892 "https://www.vedanthasoftware.com/goods.php?detail/054025242050" "Mozilla/5.0 AppleWebKit/537.36 (KHTML, like Gecko; compatible; GPTBot/1.3; +https://openai.com/gptbot)"
57.141.0.70 - - [13/Mar/2026:02:22:42 +0530] "GET /?e=00894229260801 HTTP/2.0" 200 183473 "-" "meta-externalagent/1.1 (+https://developers.facebook.com/docs/sharing/webmasters/crawler)"
57.141.0.63 - - [13/Mar/2026:02:22:43 +0530] "GET /?e=7812424310008 HTTP/2.0" 200 183473 "-" "meta-externalagent/1.1 (+https://developers.facebook.com/docs/sharing/webmasters/crawler)"
74.7.242.1 - - [13/Mar/2026:02:22:45 +0530] "GET /goods.php?detail/184043937997 HTTP/2.0" 200 23831 "https://vedanthasoftware.com/goods.php?detail/043019461588" "Mozilla/5.0 AppleWebKit/537.36 (KHTML, like Gecko; compatible; GPTBot/1.3; +https://openai.com/gptbot)"
74.7.243.201 - - [13/Mar/2026:02:22:45 +0530] "GET /goods.php?detail/200037330752 HTTP/2.0" 200 24215 "https://www.vedanthasoftware.com/goods.php?detail/193011609615" "Mozilla/5.0 AppleWebKit/537.36 (KHTML, like Gecko; compatible; GPTBot/1.3; +https://openai.com/gptbot)"
57.141.0.17 - - [13/Mar/2026:02:22:46 +0530] "GET /?e=17626267699701 HTTP/2.0" 200 183473 "-" "meta-externalagent/1.1 (+https://developers.facebook.com/docs/sharing/webmasters/crawler)"
74.7.243.201 - - [13/Mar/2026:02:22:49 +0530] "GET /goods.php?detail/118021845394 HTTP/2.0" 200 24073 "https://www.vedanthasoftware.com/goods.php?detail/1180060151526" "Mozilla/5.0 AppleWebKit/537.36 (KHTML, like Gecko; compatible; GPTBot/1.3; +https://openai.com/gptbot)"
74.7.242.1 - - [13/Mar/2026:02:22:49 +0530] "GET /goods.php?detail/008041817887 HTTP/2.0" 200 23925 "https://vedanthasoftware.com/goods.php?jp/215026627.html" "Mozilla/5.0 AppleWebKit/537.36 (KHTML, like Gecko; compatible; GPTBot/1.3; +https://openai.com/gptbot)"
74.7.243.201 - - [13/Mar/2026:02:22:52 +0530] "GET /goods.php?detail/006018621716 HTTP/2.0" 200 23914 "https://www.vedanthasoftware.com/goods.php?detail/006018618687" "Mozilla/5.0 AppleWebKit/537.36 (KHTML, like Gecko; compatible; GPTBot/1.3; +https://openai.com/gptbot)"
74.7.242.1 - - [13/Mar/2026:02:22:53 +0530] "GET /goods.php?detail/293045126964 HTTP/2.0" 200 23845 "https://vedanthasoftware.com/goods.php?detail/160027888636" "Mozilla/5.0 AppleWebKit/537.36 (KHTML, like Gecko; compatible; GPTBot/1.3; +https://openai.com/gptbot)"
74.7.243.201 - - [13/Mar/2026:02:22:55 +0530] "GET /goods.php?detail/0470077019474 HTTP/2.0" 200 24256 "https://www.vedanthasoftware.com/goods.php?detail/006018618687" "Mozilla/5.0 AppleWebKit/537.36 (KHTML, like Gecko; compatible; GPTBot/1.3; +https://openai.com/gptbot)"
57.141.0.54 - - [13/Mar/2026:02:22:56 +0530] "GET /?e=84194188582702 HTTP/2.0" 200 183473 "-" "meta-externalagent/1.1 (+https://developers.facebook.com/docs/sharing/webmasters/crawler)"
74.7.242.1 - - [13/Mar/2026:02:22:56 +0530] "GET /goods.php?detail/2850437286075 HTTP/2.0" 200 23722 "https://vedanthasoftware.com/goods.php?detail/285020048115" "Mozilla/5.0 AppleWebKit/537.36 (KHTML, like Gecko; compatible; GPTBot/1.3; +https://openai.com/gptbot)"
74.7.243.201 - - [13/Mar/2026:02:22:58 +0530] "GET /goods.php?detail/033029642960 HTTP/2.0" 200 23908 "https://www.vedanthasoftware.com/goods.php?detail/1180060151526" "Mozilla/5.0 AppleWebKit/537.36 (KHTML, like Gecko; compatible; GPTBot/1.3; +https://openai.com/gptbot)"
74.7.242.1 - - [13/Mar/2026:02:22:59 +0530] "GET /goods.php?detail/254021142374 HTTP/2.0" 200 24863 "https://vedanthasoftware.com/goods.php?detail/28504020930947" "Mozilla/5.0 AppleWebKit/537.36 (KHTML, like Gecko; compatible; GPTBot/1.3; +https://openai.com/gptbot)"
74.7.243.201 - - [13/Mar/2026:02:23:02 +0530] "GET /goods.php?detail/152008784259 HTTP/2.0" 200 24498 "https://www.vedanthasoftware.com/goods.php?detail/272033659987" "Mozilla/5.0 AppleWebKit/537.36 (KHTML, like Gecko; compatible; GPTBot/1.3; +https://openai.com/gptbot)"
74.7.242.1 - - [13/Mar/2026:02:23:03 +0530] "GET /goods.php?detail/201002265491 HTTP/2.0" 200 23831 "https://vedanthasoftware.com/goods.php?detail/20100413951620" "Mozilla/5.0 AppleWebKit/537.36 (KHTML, like Gecko; compatible; GPTBot/1.3; +https://openai.com/gptbot)"
57.141.0.30 - - [13/Mar/2026:02:23:03 +0530] "GET /?e=04059174861107 HTTP/2.0" 200 183473 "-" "meta-externalagent/1.1 (+https://developers.facebook.com/docs/sharing/webmasters/crawler)"
74.7.243.201 - - [13/Mar/2026:02:23:06 +0530] "GET /goods.php?detail/192013796882 HTTP/2.0" 200 23999 "https://www.vedanthasoftware.com/goods.php?detail/054025242050" "Mozilla/5.0 AppleWebKit/537.36 (KHTML, like Gecko; compatible; GPTBot/1.3; +https://openai.com/gptbot)"
74.7.242.1 - - [13/Mar/2026:02:23:06 +0530] "GET /goods.php?detail/158040572450 HTTP/2.0" 200 24437 "https://vedanthasoftware.com/goods.php?detail/210026958181" "Mozilla/5.0 AppleWebKit/537.36 (KHTML, like Gecko; compatible; GPTBot/1.3; +https://openai.com/gptbot)"
57.141.0.20 - - [13/Mar/2026:02:23:07 +0530] "GET /?e=893788306600 HTTP/2.0" 200 183473 "-" "meta-externalagent/1.1 (+https://developers.facebook.com/docs/sharing/webmasters/crawler)"
74.7.242.1 - - [13/Mar/2026:02:23:10 +0530] "GET /goods.php?detail/253024265381 HTTP/2.0" 200 24568 "https://vedanthasoftware.com/goods.php?detail/253025035524" "Mozilla/5.0 AppleWebKit/537.36 (KHTML, like Gecko; compatible; GPTBot/1.3; +https://openai.com/gptbot)"
74.7.243.201 - - [13/Mar/2026:02:23:10 +0530] "GET /goods.php?detail/076042285620 HTTP/2.0" 200 23733 "https://www.vedanthasoftware.com/goods.php?detail/0850058794085" "Mozilla/5.0 AppleWebKit/537.36 (KHTML, like Gecko; compatible; GPTBot/1.3; +https://openai.com/gptbot)"
74.7.243.201 - - [13/Mar/2026:02:23:13 +0530] "GET /goods.php?detail/005017594345 HTTP/2.0" 200 24677 "https://www.vedanthasoftware.com/goods.php?detail/0960400290486" "Mozilla/5.0 AppleWebKit/537.36 (KHTML, like Gecko; compatible; GPTBot/1.3; +https://openai.com/gptbot)"
57.141.0.24 - - [13/Mar/2026:02:23:14 +0530] "GET /?e=70021210361300 HTTP/2.0" 200 183473 "-" "meta-externalagent/1.1 (+https://developers.facebook.com/docs/sharing/webmasters/crawler)"
74.7.242.1 - - [13/Mar/2026:02:23:14 +0530] "GET /goods.php?detail/106007066996 HTTP/2.0" 200 23932 "https://vedanthasoftware.com/goods.php?detail/221009647597" "Mozilla/5.0 AppleWebKit/537.36 (KHTML, like Gecko; compatible; GPTBot/1.3; +https://openai.com/gptbot)"
74.7.242.1 - - [13/Mar/2026:02:23:18 +0530] "GET /goods.php?detail/255026497174 HTTP/2.0" 200 24067 "https://vedanthasoftware.com/goods.php?detail/253025035524" "Mozilla/5.0 AppleWebKit/537.36 (KHTML, like Gecko; compatible; GPTBot/1.3; +https://openai.com/gptbot)"
74.7.243.201 - - [13/Mar/2026:02:23:18 +0530] "GET /goods.php?detail/072009335549 HTTP/2.0" 200 24274 "https://www.vedanthasoftware.com/goods.php?detail/0720093374648" "Mozilla/5.0 AppleWebKit/537.36 (KHTML, like Gecko; compatible; GPTBot/1.3; +https://openai.com/gptbot)"
57.141.0.2 - - [13/Mar/2026:02:23:19 +0530] "GET /?e=04871297484405 HTTP/2.0" 200 183473 "-" "meta-externalagent/1.1 (+https://developers.facebook.com/docs/sharing/webmasters/crawler)"
74.7.242.1 - - [13/Mar/2026:02:23:22 +0530] "GET /goods.php?m87129562024 HTTP/2.0" 200 23820 "https://vedanthasoftware.com/goods.php?detail/210013957926" "Mozilla/5.0 AppleWebKit/537.36 (KHTML, like Gecko; compatible; GPTBot/1.3; +https://openai.com/gptbot)"
74.7.243.201 - - [13/Mar/2026:02:23:23 +0530] "GET /goods.php?detail/106046222795 HTTP/2.0" 200 24334 "https://www.vedanthasoftware.com/goods.php?detail/0720093374648" "Mozilla/5.0 AppleWebKit/537.36 (KHTML, like Gecko; compatible; GPTBot/1.3; +https://openai.com/gptbot)"
57.141.0.70 - - [13/Mar/2026:02:23:24 +0530] "GET /?e=19008155929900 HTTP/2.0" 200 183473 "-" "meta-externalagent/1.1 (+https://developers.facebook.com/docs/sharing/webmasters/crawler)"
57.141.0.71 - - [13/Mar/2026:02:23:24 +0530] "GET /?e=09212180330200 HTTP/2.0" 200 183473 "-" "meta-externalagent/1.1 (+https://developers.facebook.com/docs/sharing/webmasters/crawler)"
74.7.242.1 - - [13/Mar/2026:02:23:25 +0530] "GET /goods.php?goods/255026497 HTTP/2.0" 200 24100 "https://vedanthasoftware.com/goods.php?detail/255026497174" "Mozilla/5.0 AppleWebKit/537.36 (KHTML, like Gecko; compatible; GPTBot/1.3; +https://openai.com/gptbot)"
74.7.243.201 - - [13/Mar/2026:02:23:28 +0530] "GET /goods.php?detail/150026303601 HTTP/2.0" 200 24275 "https://www.vedanthasoftware.com/goods.php?detail/200037330752" "Mozilla/5.0 AppleWebKit/537.36 (KHTML, like Gecko; compatible; GPTBot/1.3; +https://openai.com/gptbot)"
74.7.242.1 - - [13/Mar/2026:02:23:28 +0530] "GET /goods.php?detail/197008431866 HTTP/2.0" 200 24109 "https://vedanthasoftware.com/goods.php?detail/184043937997" "Mozilla/5.0 AppleWebKit/537.36 (KHTML, like Gecko; compatible; GPTBot/1.3; +https://openai.com/gptbot)"
57.141.0.15 - - [13/Mar/2026:02:23:29 +0530] "GET /?e=6148963985201 HTTP/2.0" 200 183473 "-" "meta-externalagent/1.1 (+https://developers.facebook.com/docs/sharing/webmasters/crawler)"
74.7.242.1 - - [13/Mar/2026:02:23:32 +0530] "GET /goods.php?detail/098024448769 HTTP/2.0" 200 24557 "https://vedanthasoftware.com/goods.php?detail/041026181098" "Mozilla/5.0 AppleWebKit/537.36 (KHTML, like Gecko; compatible; GPTBot/1.3; +https://openai.com/gptbot)"
74.7.243.201 - - [13/Mar/2026:02:23:33 +0530] "GET /goods.php?detail/118021841244 HTTP/2.0" 200 24163 "https://www.vedanthasoftware.com/goods.php?detail/118021845394" "Mozilla/5.0 AppleWebKit/537.36 (KHTML, like Gecko; compatible; GPTBot/1.3; +https://openai.com/gptbot)"
57.141.0.18 - - [13/Mar/2026:02:23:33 +0530] "GET /?e=9169859245610 HTTP/2.0" 200 183473 "-" "meta-externalagent/1.1 (+https://developers.facebook.com/docs/sharing/webmasters/crawler)"
57.141.0.1 - - [13/Mar/2026:02:23:33 +0530] "GET /?e=71720148314001 HTTP/2.0" 200 183473 "-" "meta-externalagent/1.1 (+https://developers.facebook.com/docs/sharing/webmasters/crawler)"
74.7.242.1 - - [13/Mar/2026:02:23:35 +0530] "GET /goods.php?jp/293045126.html HTTP/2.0" 200 23838 "https://vedanthasoftware.com/goods.php?detail/293045126964" "Mozilla/5.0 AppleWebKit/537.36 (KHTML, like Gecko; compatible; GPTBot/1.3; +https://openai.com/gptbot)"
57.141.0.23 - - [13/Mar/2026:02:23:36 +0530] "GET /?e=8407958673300 HTTP/2.0" 200 183473 "-" "meta-externalagent/1.1 (+https://developers.facebook.com/docs/sharing/webmasters/crawler)"
74.7.243.201 - - [13/Mar/2026:02:23:37 +0530] "GET /goods.php?detail/081045215656 HTTP/2.0" 200 24575 "https://www.vedanthasoftware.com/goods.php?detail/118021845394" "Mozilla/5.0 AppleWebKit/537.36 (KHTML, like Gecko; compatible; GPTBot/1.3; +https://openai.com/gptbot)"
114.119.149.203 - - [13/Mar/2026:02:23:38 +0530] "GET /?_p=131038207 HTTP/1.1" 499 0 "https://www.vedanthasoftware.com/sitemap546.xml" "Mozilla/5.0 (Linux; Android 7.0;) AppleWebKit/537.36 (KHTML, like Gecko) Mobile Safari/537.36 (compatible; PetalBot;+https://webmaster.petalsearch.com/site/petalbot)"
66.249.73.99 - - [13/Mar/2026:02:23:38 +0530] "GET /detail/443747609138 HTTP/1.1" 200 56197 "-" "Mozilla/5.0 (Linux; Android 6.0.1; Nexus 5X Build/MMB29P) AppleWebKit/537.36 (KHTML, like Gecko) Chrome/145.0.7632.116 Mobile Safari/537.36 (compatible; Googlebot/2.1; +http://www.google.com/bot.html)"
74.7.242.1 - - [13/Mar/2026:02:23:40 +0530] "GET /goods.php?detail/160019127662 HTTP/2.0" 200 23994 "https://vedanthasoftware.com/goods.php?detail/160027888636" "Mozilla/5.0 AppleWebKit/537.36 (KHTML, like Gecko; compatible; GPTBot/1.3; +https://openai.com/gptbot)"
57.141.0.2 - - [13/Mar/2026:02:23:40 +0530] "GET /?e=0997231691501 HTTP/2.0" 200 183473 "-" "meta-externalagent/1.1 (+https://developers.facebook.com/docs/sharing/webmasters/crawler)"
57.141.0.19 - - [13/Mar/2026:02:23:41 +0530] "GET /?e=50981252804204 HTTP/2.0" 200 183473 "-" "meta-externalagent/1.1 (+https://developers.facebook.com/docs/sharing/webmasters/crawler)"
74.7.243.201 - - [13/Mar/2026:02:23:41 +0530] "GET /goods.php?detail/047043745909 HTTP/2.0" 200 24951 "https://www.vedanthasoftware.com/goods.php?detail/0470077019474" "Mozilla/5.0 AppleWebKit/537.36 (KHTML, like Gecko; compatible; GPTBot/1.3; +https://openai.com/gptbot)"
74.7.242.1 - - [13/Mar/2026:02:23:44 +0530] "GET /goods.php?detail/215012913799 HTTP/2.0" 200 23643 "https://vedanthasoftware.com/goods.php?detail/215015594881" "Mozilla/5.0 AppleWebKit/537.36 (KHTML, like Gecko; compatible; GPTBot/1.3; +https://openai.com/gptbot)"
74.7.243.201 - - [13/Mar/2026:02:23:45 +0530] "GET /goods.php?detail/226000975831 HTTP/2.0" 200 24103 "https://www.vedanthasoftware.com/goods.php?detail/033029642960" "Mozilla/5.0 AppleWebKit/537.36 (KHTML, like Gecko; compatible; GPTBot/1.3; +https://openai.com/gptbot)"
74.7.242.1 - - [13/Mar/2026:02:23:47 +0530] "GET /goods.php?detail/201006983801 HTTP/2.0" 200 23767 "https://vedanthasoftware.com/goods.php?detail/201002265491" "Mozilla/5.0 AppleWebKit/537.36 (KHTML, like Gecko; compatible; GPTBot/1.3; +https://openai.com/gptbot)"
74.7.243.201 - - [13/Mar/2026:02:23:48 +0530] "GET /goods.php?detail/137019931699 HTTP/2.0" 200 25669 "https://www.vedanthasoftware.com/goods.php?detail/152008784259" "Mozilla/5.0 AppleWebKit/537.36 (KHTML, like Gecko; compatible; GPTBot/1.3; +https://openai.com/gptbot)"
57.141.0.62 - - [13/Mar/2026:02:23:49 +0530] "GET /?e=17622282613902 HTTP/2.0" 200 183473 "-" "meta-externalagent/1.1 (+https://developers.facebook.com/docs/sharing/webmasters/crawler)"
74.7.242.1 - - [13/Mar/2026:02:23:51 +0530] "GET /goods.php?detail/094036238136 HTTP/2.0" 200 24668 "https://vedanthasoftware.com/goods.php?detail/201002265491" "Mozilla/5.0 AppleWebKit/537.36 (KHTML, like Gecko; compatible; GPTBot/1.3; +https://openai.com/gptbot)"
74.7.243.201 - - [13/Mar/2026:02:23:52 +0530] "GET /goods.php?detail/152016533323 HTTP/2.0" 200 23922 "https://www.vedanthasoftware.com/goods.php?detail/152008784259" "Mozilla/5.0 AppleWebKit/537.36 (KHTML, like Gecko; compatible; GPTBot/1.3; +https://openai.com/gptbot)"
74.7.242.1 - - [13/Mar/2026:02:23:54 +0530] "GET /goods.php?detail/077045051415 HTTP/2.0" 200 23843 "https://vedanthasoftware.com/goods.php?detail/253024265381" "Mozilla/5.0 AppleWebKit/537.36 (KHTML, like Gecko; compatible; GPTBot/1.3; +https://openai.com/gptbot)"
74.7.243.201 - - [13/Mar/2026:02:23:54 +0530] "GET /goods.php?jp/076042289.html HTTP/2.0" 200 23588 "https://www.vedanthasoftware.com/goods.php?detail/076042285620" "Mozilla/5.0 AppleWebKit/537.36 (KHTML, like Gecko; compatible; GPTBot/1.3; +https://openai.com/gptbot)"
57.141.0.16 - - [13/Mar/2026:02:23:55 +0530] "GET /?e=90924189656700 HTTP/2.0" 200 183473 "-" "meta-externalagent/1.1 (+https://developers.facebook.com/docs/sharing/webmasters/crawler)"
74.7.242.1 - - [13/Mar/2026:02:23:57 +0530] "GET /goods.php?detail/05204091291130 HTTP/2.0" 200 24351 "https://vedanthasoftware.com/goods.php?detail/106007066996" "Mozilla/5.0 AppleWebKit/537.36 (KHTML, like Gecko; compatible; GPTBot/1.3; +https://openai.com/gptbot)"
57.141.0.51 - - [13/Mar/2026:02:23:58 +0530] "GET /?e=0279161532608 HTTP/2.0" 200 183473 "-" "meta-externalagent/1.1 (+https://developers.facebook.com/docs/sharing/webmasters/crawler)"
74.7.243.201 - - [13/Mar/2026:02:23:58 +0530] "GET /goods.php?detail/076030709147 HTTP/2.0" 200 23717 "https://www.vedanthasoftware.com/goods.php?detail/076042285620" "Mozilla/5.0 AppleWebKit/537.36 (KHTML, like Gecko; compatible; GPTBot/1.3; +https://openai.com/gptbot)"
57.141.0.36 - - [13/Mar/2026:02:23:59 +0530] "GET /?e=74619186333300 HTTP/2.0" 200 183473 "-" "meta-externalagent/1.1 (+https://developers.facebook.com/docs/sharing/webmasters/crawler)"
57.141.0.42 - - [13/Mar/2026:02:24:00 +0530] "GET /?e=57710190037400 HTTP/2.0" 200 183473 "-" "meta-externalagent/1.1 (+https://developers.facebook.com/docs/sharing/webmasters/crawler)"
57.141.0.5 - - [13/Mar/2026:02:24:01 +0530] "GET /?e=40124122767802 HTTP/2.0" 200 183473 "-" "meta-externalagent/1.1 (+https://developers.facebook.com/docs/sharing/webmasters/crawler)"
74.7.242.1 - - [13/Mar/2026:02:24:02 +0530] "GET /goods.php?detail/181039394912 HTTP/2.0" 200 24038 "https://vedanthasoftware.com/goods.php?detail/255026497174" "Mozilla/5.0 AppleWebKit/537.36 (KHTML, like Gecko; compatible; GPTBot/1.3; +https://openai.com/gptbot)"
74.7.243.201 - - [13/Mar/2026:02:24:05 +0530] "GET /goods.php?detail/0120470818801 HTTP/2.0" 200 24584 "https://www.vedanthasoftware.com/goods.php?detail/005017594345" "Mozilla/5.0 AppleWebKit/537.36 (KHTML, like Gecko; compatible; GPTBot/1.3; +https://openai.com/gptbot)"
74.7.242.1 - - [13/Mar/2026:02:24:05 +0530] "GET /goods.php?detail/255044049294 HTTP/2.0" 200 24021 "https://vedanthasoftware.com/goods.php?goods/255026497" "Mozilla/5.0 AppleWebKit/537.36 (KHTML, like Gecko; compatible; GPTBot/1.3; +https://openai.com/gptbot)"
57.141.0.39 - - [13/Mar/2026:02:24:06 +0530] "GET /?e=70285282268509 HTTP/2.0" 200 183473 "-" "meta-externalagent/1.1 (+https://developers.facebook.com/docs/sharing/webmasters/crawler)"
74.7.243.201 - - [13/Mar/2026:02:24:08 +0530] "GET /goods.php?detail/237032032867 HTTP/2.0" 200 24773 "https://www.vedanthasoftware.com/goods.php?detail/033029642960" "Mozilla/5.0 AppleWebKit/537.36 (KHTML, like Gecko; compatible; GPTBot/1.3; +https://openai.com/gptbot)"
74.7.242.1 - - [13/Mar/2026:02:24:10 +0530] "GET /goods.php?detail/020023769031 HTTP/2.0" 200 23955 "https://vedanthasoftware.com/goods.php?goods/255026497" "Mozilla/5.0 AppleWebKit/537.36 (KHTML, like Gecko; compatible; GPTBot/1.3; +https://openai.com/gptbot)"
74.7.243.201 - - [13/Mar/2026:02:24:12 +0530] "GET /goods.php?detail/152024969507 HTTP/2.0" 200 23971 "https://www.vedanthasoftware.com/goods.php?detail/152008784259" "Mozilla/5.0 AppleWebKit/537.36 (KHTML, like Gecko; compatible; GPTBot/1.3; +https://openai.com/gptbot)"
74.7.242.1 - - [13/Mar/2026:02:24:13 +0530] "GET /goods.php?detail/253024275555 HTTP/2.0" 200 23773 "https://vedanthasoftware.com/goods.php?detail/253024265381" "Mozilla/5.0 AppleWebKit/537.36 (KHTML, like Gecko; compatible; GPTBot/1.3; +https://openai.com/gptbot)"
74.7.243.201 - - [13/Mar/2026:02:24:16 +0530] "GET /goods.php?detail/270048286695 HTTP/2.0" 200 25783 "https://www.vedanthasoftware.com/goods.php?detail/152008784259" "Mozilla/5.0 AppleWebKit/537.36 (KHTML, like Gecko; compatible; GPTBot/1.3; +https://openai.com/gptbot)"
74.7.242.1 - - [13/Mar/2026:02:24:17 +0530] "GET /goods.php?detail/266000858138 HTTP/2.0" 200 24738 "https://vedanthasoftware.com/goods.php?detail/201002265491" "Mozilla/5.0 AppleWebKit/537.36 (KHTML, like Gecko; compatible; GPTBot/1.3; +https://openai.com/gptbot)"
74.7.243.201 - - [13/Mar/2026:02:24:19 +0530] "GET /goods.php?detail/081007257215 HTTP/2.0" 200 24555 "https://www.vedanthasoftware.com/goods.php?detail/081045215656" "Mozilla/5.0 AppleWebKit/537.36 (KHTML, like Gecko; compatible; GPTBot/1.3; +https://openai.com/gptbot)"
74.7.242.1 - - [13/Mar/2026:02:24:20 +0530] "GET /goods.php?detail/106045632229 HTTP/2.0" 200 23866 "https://vedanthasoftware.com/goods.php?detail/106007066996" "Mozilla/5.0 AppleWebKit/537.36 (KHTML, like Gecko; compatible; GPTBot/1.3; +https://openai.com/gptbot)"
74.7.243.201 - - [13/Mar/2026:02:24:23 +0530] "GET /goods.php?detail/047040436110 HTTP/2.0" 200 24712 "https://www.vedanthasoftware.com/goods.php?detail/047043745909" "Mozilla/5.0 AppleWebKit/537.36 (KHTML, like Gecko; compatible; GPTBot/1.3; +https://openai.com/gptbot)"
74.7.242.1 - - [13/Mar/2026:02:24:23 +0530] "GET /goods.php?detail/215025211026 HTTP/2.0" 200 23615 "https://vedanthasoftware.com/goods.php?detail/215012913799" "Mozilla/5.0 AppleWebKit/537.36 (KHTML, like Gecko; compatible; GPTBot/1.3; +https://openai.com/gptbot)"
57.141.0.27 - - [13/Mar/2026:02:24:24 +0530] "GET /?e=97871224508000 HTTP/2.0" 200 183473 "-" "meta-externalagent/1.1 (+https://developers.facebook.com/docs/sharing/webmasters/crawler)"
57.141.0.32 - - [13/Mar/2026:02:24:24 +0530] "GET /?e=95911161941200 HTTP/2.0" 200 183473 "-" "meta-externalagent/1.1 (+https://developers.facebook.com/docs/sharing/webmasters/crawler)"
74.7.243.201 - - [13/Mar/2026:02:24:27 +0530] "GET /goods.php?detail/0470404393800 HTTP/2.0" 200 24354 "https://www.vedanthasoftware.com/goods.php?detail/047043745909" "Mozilla/5.0 AppleWebKit/537.36 (KHTML, like Gecko; compatible; GPTBot/1.3; +https://openai.com/gptbot)"
74.7.242.1 - - [13/Mar/2026:02:24:28 +0530] "GET /goods.php?detail/201013260686 HTTP/2.0" 200 23608 "https://vedanthasoftware.com/goods.php?detail/201006983801" "Mozilla/5.0 AppleWebKit/537.36 (KHTML, like Gecko; compatible; GPTBot/1.3; +https://openai.com/gptbot)"
57.141.0.18 - - [13/Mar/2026:02:24:28 +0530] "GET /?e=21968142477400 HTTP/2.0" 200 183473 "-" "meta-externalagent/1.1 (+https://developers.facebook.com/docs/sharing/webmasters/crawler)"
57.141.0.36 - - [13/Mar/2026:02:24:29 +0530] "GET /?e=02380193182804 HTTP/2.0" 200 183473 "-" "meta-externalagent/1.1 (+https://developers.facebook.com/docs/sharing/webmasters/crawler)"
74.7.243.201 - - [13/Mar/2026:02:24:32 +0530] "GET /goods.php?detail/060001538742 HTTP/2.0" 200 24107 "https://www.vedanthasoftware.com/goods.php?detail/137019931699" "Mozilla/5.0 AppleWebKit/537.36 (KHTML, like Gecko; compatible; GPTBot/1.3; +https://openai.com/gptbot)"
57.141.0.10 - - [13/Mar/2026:02:24:33 +0530] "GET /?e=0323644520301 HTTP/2.0" 200 183473 "-" "meta-externalagent/1.1 (+https://developers.facebook.com/docs/sharing/webmasters/crawler)"
74.7.242.1 - - [13/Mar/2026:02:24:33 +0530] "GET /goods.php?detail/094009384964 HTTP/2.0" 200 25609 "https://vedanthasoftware.com/goods.php?detail/094036238136" "Mozilla/5.0 AppleWebKit/537.36 (KHTML, like Gecko; compatible; GPTBot/1.3; +https://openai.com/gptbot)"
57.141.0.42 - - [13/Mar/2026:02:24:34 +0530] "GET /?e=49921219469000 HTTP/2.0" 200 183473 "-" "meta-externalagent/1.1 (+https://developers.facebook.com/docs/sharing/webmasters/crawler)"
74.7.242.1 - - [13/Mar/2026:02:24:37 +0530] "GET /goods.php?detail/201013264031 HTTP/2.0" 200 23735 "https://vedanthasoftware.com/goods.php?detail/201006983801" "Mozilla/5.0 AppleWebKit/537.36 (KHTML, like Gecko; compatible; GPTBot/1.3; +https://openai.com/gptbot)"
74.7.243.201 - - [13/Mar/2026:02:24:37 +0530] "GET /goods.php?detail/065002074326 HTTP/2.0" 200 24169 "https://www.vedanthasoftware.com/goods.php?detail/106046222795" "Mozilla/5.0 AppleWebKit/537.36 (KHTML, like Gecko; compatible; GPTBot/1.3; +https://openai.com/gptbot)"
57.141.0.56 - - [13/Mar/2026:02:24:38 +0530] "GET /?e=83402156410701 HTTP/2.0" 200 183473 "-" "meta-externalagent/1.1 (+https://developers.facebook.com/docs/sharing/webmasters/crawler)"
57.141.0.20 - - [13/Mar/2026:02:24:38 +0530] "GET /?e=21777227363801 HTTP/2.0" 200 183473 "-" "meta-externalagent/1.1 (+https://developers.facebook.com/docs/sharing/webmasters/crawler)"
74.7.243.201 - - [13/Mar/2026:02:24:41 +0530] "GET /goods.php?detail/192005129904 HTTP/2.0" 200 24237 "https://www.vedanthasoftware.com/goods.php?detail/192013796882" "Mozilla/5.0 AppleWebKit/537.36 (KHTML, like Gecko; compatible; GPTBot/1.3; +https://openai.com/gptbot)"
74.7.242.1 - - [13/Mar/2026:02:24:41 +0530] "GET /goods.php?detail/201004144585 HTTP/2.0" 200 23628 "https://vedanthasoftware.com/goods.php?detail/201002265491" "Mozilla/5.0 AppleWebKit/537.36 (KHTML, like Gecko; compatible; GPTBot/1.3; +https://openai.com/gptbot)"
57.141.0.43 - - [13/Mar/2026:02:24:42 +0530] "GET /?e=96329291745602 HTTP/2.0" 200 183473 "-" "meta-externalagent/1.1 (+https://developers.facebook.com/docs/sharing/webmasters/crawler)"
74.7.243.201 - - [13/Mar/2026:02:24:44 +0530] "GET /goods.php?detail/039011819914 HTTP/2.0" 200 23907 "https://www.vedanthasoftware.com/goods.php?detail/076030709147" "Mozilla/5.0 AppleWebKit/537.36 (KHTML, like Gecko; compatible; GPTBot/1.3; +https://openai.com/gptbot)"
74.7.242.1 - - [13/Mar/2026:02:24:45 +0530] "GET /goods.php?detail/18104002255599 HTTP/2.0" 200 23753 "https://vedanthasoftware.com/goods.php?detail/181039394912" "Mozilla/5.0 AppleWebKit/537.36 (KHTML, like Gecko; compatible; GPTBot/1.3; +https://openai.com/gptbot)"
74.7.243.201 - - [13/Mar/2026:02:24:48 +0530] "GET /goods.php?detail/105041677689 HTTP/2.0" 200 24193 "https://www.vedanthasoftware.com/goods.php?detail/076030709147" "Mozilla/5.0 AppleWebKit/537.36 (KHTML, like Gecko; compatible; GPTBot/1.3; +https://openai.com/gptbot)"
74.7.242.1 - - [13/Mar/2026:02:24:49 +0530] "GET /goods.php?detail/243014409974 HTTP/2.0" 200 23894 "https://vedanthasoftware.com/goods.php?detail/021002568755" "Mozilla/5.0 AppleWebKit/537.36 (KHTML, like Gecko; compatible; GPTBot/1.3; +https://openai.com/gptbot)"
57.141.0.42 - - [13/Mar/2026:02:24:49 +0530] "GET /?e=79550203947003 HTTP/2.0" 200 183473 "-" "meta-externalagent/1.1 (+https://developers.facebook.com/docs/sharing/webmasters/crawler)"
74.7.243.201 - - [13/Mar/2026:02:24:52 +0530] "GET /goods.php?detail/021005593581 HTTP/2.0" 200 23958 "https://www.vedanthasoftware.com/goods.php?detail/118021841244" "Mozilla/5.0 AppleWebKit/537.36 (KHTML, like Gecko; compatible; GPTBot/1.3; +https://openai.com/gptbot)"
74.7.242.1 - - [13/Mar/2026:02:24:52 +0530] "GET /goods.php?detail/175041655481 HTTP/2.0" 200 23918 "https://vedanthasoftware.com/goods.php?goods/215000257" "Mozilla/5.0 AppleWebKit/537.36 (KHTML, like Gecko; compatible; GPTBot/1.3; +https://openai.com/gptbot)"
57.141.0.37 - - [13/Mar/2026:02:24:53 +0530] "GET /?e=8123310834900 HTTP/2.0" 200 183473 "-" "meta-externalagent/1.1 (+https://developers.facebook.com/docs/sharing/webmasters/crawler)"
74.7.242.1 - - [13/Mar/2026:02:24:55 +0530] "GET /goods.php?detail/2530051022405 HTTP/2.0" 200 23790 "https://vedanthasoftware.com/goods.php?detail/253024275555" "Mozilla/5.0 AppleWebKit/537.36 (KHTML, like Gecko; compatible; GPTBot/1.3; +https://openai.com/gptbot)"
74.7.243.201 - - [13/Mar/2026:02:24:55 +0530] "GET /goods.php?detail/146027233118 HTTP/2.0" 200 24877 "https://www.vedanthasoftware.com/goods.php?detail/0960400290486" "Mozilla/5.0 AppleWebKit/537.36 (KHTML, like Gecko; compatible; GPTBot/1.3; +https://openai.com/gptbot)"
57.141.0.22 - - [13/Mar/2026:02:24:56 +0530] "GET /?e=7968895579915 HTTP/2.0" 200 183473 "-" "meta-externalagent/1.1 (+https://developers.facebook.com/docs/sharing/webmasters/crawler)"
57.141.0.4 - - [13/Mar/2026:02:24:56 +0530] "GET /?e=71926275830614 HTTP/2.0" 200 183473 "-" "meta-externalagent/1.1 (+https://developers.facebook.com/docs/sharing/webmasters/crawler)"
114.119.146.223 - - [13/Mar/2026:02:24:56 +0530] "GET /?_p=130029530 HTTP/1.1" 301 5 "https://www.vedanthasoftware.com/sitemap546.xml" "Mozilla/5.0 (Linux; Android 7.0;) AppleWebKit/537.36 (KHTML, like Gecko) Mobile Safari/537.36 (compatible; PetalBot;+https://webmaster.petalsearch.com/site/petalbot)"
74.7.242.1 - - [13/Mar/2026:02:24:59 +0530] "GET /goods.php?detail/225042113810 HTTP/2.0" 200 24536 "https://vedanthasoftware.com/goods.php?detail/266000858138" "Mozilla/5.0 AppleWebKit/537.36 (KHTML, like Gecko; compatible; GPTBot/1.3; +https://openai.com/gptbot)"
158.220.116.59 - - [13/Mar/2026:02:24:59 +0530] "GET /wp-login.php HTTP/2.0" 200 2426 "-" "Mozilla/5.0 (Windows NT 6.3; WOW64; Trident/7.0; MAARJS; rv:11.0) like Gecko"
74.7.243.201 - - [13/Mar/2026:02:25:00 +0530] "GET /goods.php?detail/164047782709 HTTP/2.0" 200 24264 "https://www.vedanthasoftware.com/goods.php?detail/0230231229034" "Mozilla/5.0 AppleWebKit/537.36 (KHTML, like Gecko; compatible; GPTBot/1.3; +https://openai.com/gptbot)"
114.119.146.223 - - [13/Mar/2026:02:25:00 +0530] "GET /?_p=130029530 HTTP/1.1" 200 38164 "https://www.vedanthasoftware.com/sitemap546.xml" "Mozilla/5.0 (Linux; Android 7.0;) AppleWebKit/537.36 (KHTML, like Gecko) Mobile Safari/537.36 (compatible; PetalBot;+https://webmaster.petalsearch.com/site/petalbot)"
158.220.116.59 - - [13/Mar/2026:02:25:01 +0530] "POST /wp-login.php HTTP/2.0" 200 2611 "https://vedanthasoftware.com/wp-login.php" "Mozilla/5.0 (Windows NT 6.3; WOW64; Trident/7.0; MAARJS; rv:11.0) like Gecko"
74.7.242.1 - - [13/Mar/2026:02:25:03 +0530] "GET /goods.php?detail/253005101661 HTTP/2.0" 200 23886 "https://vedanthasoftware.com/goods.php?detail/253024275555" "Mozilla/5.0 AppleWebKit/537.36 (KHTML, like Gecko; compatible; GPTBot/1.3; +https://openai.com/gptbot)"
74.7.243.201 - - [13/Mar/2026:02:25:05 +0530] "GET /goods.php?detail/081030378864 HTTP/2.0" 200 24114 "https://www.vedanthasoftware.com/goods.php?detail/081007257215" "Mozilla/5.0 AppleWebKit/537.36 (KHTML, like Gecko; compatible; GPTBot/1.3; +https://openai.com/gptbot)"
57.141.0.67 - - [13/Mar/2026:02:25:05 +0530] "GET /?e=1280749987801 HTTP/2.0" 200 183473 "-" "meta-externalagent/1.1 (+https://developers.facebook.com/docs/sharing/webmasters/crawler)"
74.7.243.201 - - [13/Mar/2026:02:25:08 +0530] "GET /goods.php?detail/047031651617 HTTP/2.0" 200 24444 "https://www.vedanthasoftware.com/goods.php?detail/047040436110" "Mozilla/5.0 AppleWebKit/537.36 (KHTML, like Gecko; compatible; GPTBot/1.3; +https://openai.com/gptbot)"
74.7.242.1 - - [13/Mar/2026:02:25:08 +0530] "GET /goods.php?detail/052015280724 HTTP/2.0" 200 23804 "https://vedanthasoftware.com/goods.php?detail/215025211026" "Mozilla/5.0 AppleWebKit/537.36 (KHTML, like Gecko; compatible; GPTBot/1.3; +https://openai.com/gptbot)"
57.141.0.22 - - [13/Mar/2026:02:25:09 +0530] "GET /?e=2227188694106 HTTP/2.0" 200 183473 "-" "meta-externalagent/1.1 (+https://developers.facebook.com/docs/sharing/webmasters/crawler)"
57.141.0.38 - - [13/Mar/2026:02:25:10 +0530] "GET /?e=78453260040904 HTTP/2.0" 200 183473 "-" "meta-externalagent/1.1 (+https://developers.facebook.com/docs/sharing/webmasters/crawler)"
57.141.0.39 - - [13/Mar/2026:02:25:10 +0530] "GET /?e=8998651890804 HTTP/2.0" 200 183473 "-" "meta-externalagent/1.1 (+https://developers.facebook.com/docs/sharing/webmasters/crawler)"
57.141.0.17 - - [13/Mar/2026:02:25:11 +0530] "GET /?e=7239191084001 HTTP/2.0" 200 183473 "-" "meta-externalagent/1.1 (+https://developers.facebook.com/docs/sharing/webmasters/crawler)"
74.7.243.201 - - [13/Mar/2026:02:25:13 +0530] "GET /goods.php?detail/0930364903939 HTTP/2.0" 200 24222 "https://www.vedanthasoftware.com/goods.php?detail/081007257215" "Mozilla/5.0 AppleWebKit/537.36 (KHTML, like Gecko; compatible; GPTBot/1.3; +https://openai.com/gptbot)"
74.7.242.1 - - [13/Mar/2026:02:25:14 +0530] "GET /goods.php?detail/201004094031 HTTP/2.0" 200 23579 "https://vedanthasoftware.com/goods.php?detail/201013260686" "Mozilla/5.0 AppleWebKit/537.36 (KHTML, like Gecko; compatible; GPTBot/1.3; +https://openai.com/gptbot)"
57.141.0.26 - - [13/Mar/2026:02:25:14 +0530] "GET /?e=77886184033006 HTTP/2.0" 200 183473 "-" "meta-externalagent/1.1 (+https://developers.facebook.com/docs/sharing/webmasters/crawler)"
57.141.0.63 - - [13/Mar/2026:02:25:15 +0530] "GET /?e=92872142421201 HTTP/2.0" 200 183473 "-" "meta-externalagent/1.1 (+https://developers.facebook.com/docs/sharing/webmasters/crawler)"
74.7.242.1 - - [13/Mar/2026:02:25:18 +0530] "GET /goods.php?detail/0010021066865 HTTP/2.0" 200 24154 "https://vedanthasoftware.com/goods.php?detail/201013260686" "Mozilla/5.0 AppleWebKit/537.36 (KHTML, like Gecko; compatible; GPTBot/1.3; +https://openai.com/gptbot)"
74.7.243.201 - - [13/Mar/2026:02:25:18 +0530] "GET /goods.php?detail/1270383812460 HTTP/2.0" 200 24561 "https://www.vedanthasoftware.com/goods.php?detail/0470404393800" "Mozilla/5.0 AppleWebKit/537.36 (KHTML, like Gecko; compatible; GPTBot/1.3; +https://openai.com/gptbot)"
57.141.0.65 - - [13/Mar/2026:02:25:19 +0530] "GET /?e=41132144509800 HTTP/2.0" 200 183473 "-" "meta-externalagent/1.1 (+https://developers.facebook.com/docs/sharing/webmasters/crawler)"
74.7.243.201 - - [13/Mar/2026:02:25:22 +0530] "GET /goods.php?detail/0650020765925 HTTP/2.0" 200 24151 "https://www.vedanthasoftware.com/goods.php?detail/065002074326" "Mozilla/5.0 AppleWebKit/537.36 (KHTML, like Gecko; compatible; GPTBot/1.3; +https://openai.com/gptbot)"
57.141.0.62 - - [13/Mar/2026:02:25:23 +0530] "GET /?e=73907103971202 HTTP/2.0" 200 183473 "-" "meta-externalagent/1.1 (+https://developers.facebook.com/docs/sharing/webmasters/crawler)"
74.7.242.1 - - [13/Mar/2026:02:25:24 +0530] "GET /goods.php?detail/051038865168 HTTP/2.0" 200 23880 "https://vedanthasoftware.com/goods.php?detail/201013264031" "Mozilla/5.0 AppleWebKit/537.36 (KHTML, like Gecko; compatible; GPTBot/1.3; +https://openai.com/gptbot)"
57.141.0.1 - - [13/Mar/2026:02:25:24 +0530] "GET /?e=7957925088200 HTTP/2.0" 200 183473 "-" "meta-externalagent/1.1 (+https://developers.facebook.com/docs/sharing/webmasters/crawler)"
74.7.243.201 - - [13/Mar/2026:02:25:26 +0530] "GET /goods.php?detail/294019862130 HTTP/2.0" 200 24151 "https://www.vedanthasoftware.com/goods.php?detail/192005129904" "Mozilla/5.0 AppleWebKit/537.36 (KHTML, like Gecko; compatible; GPTBot/1.3; +https://openai.com/gptbot)"
74.7.242.1 - - [13/Mar/2026:02:25:27 +0530] "GET /goods.php?detail/2010041099790 HTTP/2.0" 200 23797 "https://vedanthasoftware.com/goods.php?detail/201013264031" "Mozilla/5.0 AppleWebKit/537.36 (KHTML, like Gecko; compatible; GPTBot/1.3; +https://openai.com/gptbot)"
74.7.243.201 - - [13/Mar/2026:02:25:30 +0530] "GET /goods.php?detail/039006652799 HTTP/2.0" 200 25133 "https://www.vedanthasoftware.com/goods.php?detail/065002074326" "Mozilla/5.0 AppleWebKit/537.36 (KHTML, like Gecko; compatible; GPTBot/1.3; +https://openai.com/gptbot)"
74.7.242.1 - - [13/Mar/2026:02:25:30 +0530] "GET /goods.php?detail/191013015363 HTTP/2.0" 200 24074 "https://vedanthasoftware.com/goods.php?detail/18104002255599" "Mozilla/5.0 AppleWebKit/537.36 (KHTML, like Gecko; compatible; GPTBot/1.3; +https://openai.com/gptbot)"
57.141.0.6 - - [13/Mar/2026:02:25:31 +0530] "GET /?e=59573232837502 HTTP/2.0" 200 183473 "-" "meta-externalagent/1.1 (+https://developers.facebook.com/docs/sharing/webmasters/crawler)"
74.7.243.201 - - [13/Mar/2026:02:25:34 +0530] "GET /goods.php?detail/047031653484 HTTP/2.0" 200 25178 "https://www.vedanthasoftware.com/goods.php?detail/047040436110" "Mozilla/5.0 AppleWebKit/537.36 (KHTML, like Gecko; compatible; GPTBot/1.3; +https://openai.com/gptbot)"
74.7.242.1 - - [13/Mar/2026:02:25:36 +0530] "GET /goods.php?detail/243024786703 HTTP/2.0" 200 23919 "https://vedanthasoftware.com/goods.php?detail/243014409974" "Mozilla/5.0 AppleWebKit/537.36 (KHTML, like Gecko; compatible; GPTBot/1.3; +https://openai.com/gptbot)"
74.7.243.201 - - [13/Mar/2026:02:25:37 +0530] "GET /goods.php?detail/065015863967 HTTP/2.0" 200 24336 "https://www.vedanthasoftware.com/goods.php?detail/065002074326" "Mozilla/5.0 AppleWebKit/537.36 (KHTML, like Gecko; compatible; GPTBot/1.3; +https://openai.com/gptbot)"
74.7.242.1 - - [13/Mar/2026:02:25:40 +0530] "GET /goods.php?goods/165030138 HTTP/2.0" 200 25553 "https://vedanthasoftware.com/goods.php?detail/175041655481" "Mozilla/5.0 AppleWebKit/537.36 (KHTML, like Gecko; compatible; GPTBot/1.3; +https://openai.com/gptbot)"
74.7.243.201 - - [13/Mar/2026:02:25:41 +0530] "GET /goods.php?detail/146014505127 HTTP/2.0" 200 24817 "https://www.vedanthasoftware.com/goods.php?detail/146027233118" "Mozilla/5.0 AppleWebKit/537.36 (KHTML, like Gecko; compatible; GPTBot/1.3; +https://openai.com/gptbot)"
57.141.0.48 - - [13/Mar/2026:02:25:41 +0530] "GET /?e=96335272740801 HTTP/2.0" 200 183473 "-" "meta-externalagent/1.1 (+https://developers.facebook.com/docs/sharing/webmasters/crawler)"
57.141.0.27 - - [13/Mar/2026:02:25:42 +0530] "GET /?e=70833270100500 HTTP/2.0" 200 183473 "-" "meta-externalagent/1.1 (+https://developers.facebook.com/docs/sharing/webmasters/crawler)"
57.141.0.67 - - [13/Mar/2026:02:25:43 +0530] "GET /?e=9010498895309 HTTP/2.0" 200 183473 "-" "meta-externalagent/1.1 (+https://developers.facebook.com/docs/sharing/webmasters/crawler)"
74.7.242.1 - - [13/Mar/2026:02:25:44 +0530] "GET /goods.php?detail/076029661361 HTTP/2.0" 200 25229 "https://vedanthasoftware.com/goods.php?detail/2530051022405" "Mozilla/5.0 AppleWebKit/537.36 (KHTML, like Gecko; compatible; GPTBot/1.3; +https://openai.com/gptbot)"
57.141.0.61 - - [13/Mar/2026:02:25:45 +0530] "GET /?e=01137300284602 HTTP/2.0" 200 183473 "-" "meta-externalagent/1.1 (+https://developers.facebook.com/docs/sharing/webmasters/crawler)"
74.7.243.201 - - [13/Mar/2026:02:25:45 +0530] "GET /goods.php?detail/0370343007565 HTTP/2.0" 200 24710 "https://www.vedanthasoftware.com/goods.php?detail/164047782709" "Mozilla/5.0 AppleWebKit/537.36 (KHTML, like Gecko; compatible; GPTBot/1.3; +https://openai.com/gptbot)"
74.7.242.1 - - [13/Mar/2026:02:25:49 +0530] "GET /goods.php?detail/296015661606 HTTP/2.0" 200 24022 "https://vedanthasoftware.com/goods.php?detail/225042113810" "Mozilla/5.0 AppleWebKit/537.36 (KHTML, like Gecko; compatible; GPTBot/1.3; +https://openai.com/gptbot)"
74.7.243.201 - - [13/Mar/2026:02:25:49 +0530] "GET /goods.php?detail/081029423211 HTTP/2.0" 200 24544 "https://www.vedanthasoftware.com/goods.php?detail/081030378864" "Mozilla/5.0 AppleWebKit/537.36 (KHTML, like Gecko; compatible; GPTBot/1.3; +https://openai.com/gptbot)"
57.141.0.33 - - [13/Mar/2026:02:25:50 +0530] "GET /?e=15262281992203 HTTP/2.0" 200 183473 "-" "meta-externalagent/1.1 (+https://developers.facebook.com/docs/sharing/webmasters/crawler)"
74.7.242.1 - - [13/Mar/2026:02:25:52 +0530] "GET /goods.php?detail/123030730986 HTTP/2.0" 200 23980 "https://vedanthasoftware.com/goods.php?detail/253005101661" "Mozilla/5.0 AppleWebKit/537.36 (KHTML, like Gecko; compatible; GPTBot/1.3; +https://openai.com/gptbot)"
74.7.243.201 - - [13/Mar/2026:02:25:52 +0530] "GET /goods.php?detail/165016938235 HTTP/2.0" 200 23944 "https://www.vedanthasoftware.com/goods.php?detail/047031651617" "Mozilla/5.0 AppleWebKit/537.36 (KHTML, like Gecko; compatible; GPTBot/1.3; +https://openai.com/gptbot)"
74.7.242.1 - - [13/Mar/2026:02:25:55 +0530] "GET /goods.php?detail/01502376038060 HTTP/2.0" 200 24427 "https://vedanthasoftware.com/goods.php?detail/052015280724" "Mozilla/5.0 AppleWebKit/537.36 (KHTML, like Gecko; compatible; GPTBot/1.3; +https://openai.com/gptbot)"
74.7.243.201 - - [13/Mar/2026:02:25:55 +0530] "GET /goods.php?detail/093037823367 HTTP/2.0" 200 24061 "https://www.vedanthasoftware.com/goods.php?detail/0930364903939" "Mozilla/5.0 AppleWebKit/537.36 (KHTML, like Gecko; compatible; GPTBot/1.3; +https://openai.com/gptbot)"
57.141.0.5 - - [13/Mar/2026:02:25:56 +0530] "GET /?e=9372284999300 HTTP/2.0" 200 183473 "-" "meta-externalagent/1.1 (+https://developers.facebook.com/docs/sharing/webmasters/crawler)"
74.7.242.1 - - [13/Mar/2026:02:25:58 +0530] "GET /goods.php?detail/175030226645 HTTP/2.0" 200 24438 "https://vedanthasoftware.com/goods.php?detail/175041655481" "Mozilla/5.0 AppleWebKit/537.36 (KHTML, like Gecko; compatible; GPTBot/1.3; +https://openai.com/gptbot)"
74.7.243.201 - - [13/Mar/2026:02:25:58 +0530] "GET /goods.php?detail/127041445014 HTTP/2.0" 200 25051 "https://www.vedanthasoftware.com/goods.php?detail/1270383812460" "Mozilla/5.0 AppleWebKit/537.36 (KHTML, like Gecko; compatible; GPTBot/1.3; +https://openai.com/gptbot)"
57.141.0.24 - - [13/Mar/2026:02:25:59 +0530] "GET /?e=27049173286803 HTTP/2.0" 200 183473 "-" "meta-externalagent/1.1 (+https://developers.facebook.com/docs/sharing/webmasters/crawler)"
74.7.242.1 - - [13/Mar/2026:02:26:01 +0530] "GET /goods.php?detail/001031602886 HTTP/2.0" 200 24160 "https://vedanthasoftware.com/goods.php?detail/0010021066865" "Mozilla/5.0 AppleWebKit/537.36 (KHTML, like Gecko; compatible; GPTBot/1.3; +https://openai.com/gptbot)"
74.7.243.201 - - [13/Mar/2026:02:26:03 +0530] "GET /goods.php?goods/093037823 HTTP/2.0" 200 24069 "https://www.vedanthasoftware.com/goods.php?detail/093037823367" "Mozilla/5.0 AppleWebKit/537.36 (KHTML, like Gecko; compatible; GPTBot/1.3; +https://openai.com/gptbot)"
57.141.0.10 - - [13/Mar/2026:02:26:04 +0530] "GET /?e=18672167973101 HTTP/2.0" 200 183473 "-" "meta-externalagent/1.1 (+https://developers.facebook.com/docs/sharing/webmasters/crawler)"
57.141.0.62 - - [13/Mar/2026:02:26:05 +0530] "GET /?e=97622105717900 HTTP/2.0" 200 183473 "-" "meta-externalagent/1.1 (+https://developers.facebook.com/docs/sharing/webmasters/crawler)"
74.7.242.1 - - [13/Mar/2026:02:26:05 +0530] "GET /goods.php?detail/0010316008688 HTTP/2.0" 200 24058 "https://vedanthasoftware.com/goods.php?detail/0010021066865" "Mozilla/5.0 AppleWebKit/537.36 (KHTML, like Gecko; compatible; GPTBot/1.3; +https://openai.com/gptbot)"
57.141.0.62 - - [13/Mar/2026:02:26:05 +0530] "GET /?e=70882246967900 HTTP/2.0" 200 183473 "-" "meta-externalagent/1.1 (+https://developers.facebook.com/docs/sharing/webmasters/crawler)"
74.7.242.1 - - [13/Mar/2026:02:26:08 +0530] "GET /goods.php?detail/201039889238 HTTP/2.0" 200 23573 "https://vedanthasoftware.com/goods.php?detail/201004094031" "Mozilla/5.0 AppleWebKit/537.36 (KHTML, like Gecko; compatible; GPTBot/1.3; +https://openai.com/gptbot)"
74.7.243.201 - - [13/Mar/2026:02:26:08 +0530] "GET /goods.php?detail/127042211810 HTTP/2.0" 200 24047 "https://www.vedanthasoftware.com/goods.php?detail/1270383812460" "Mozilla/5.0 AppleWebKit/537.36 (KHTML, like Gecko; compatible; GPTBot/1.3; +https://openai.com/gptbot)"
74.7.242.1 - - [13/Mar/2026:02:26:12 +0530] "GET /goods.php?detail/023023735302 HTTP/2.0" 200 24061 "https://vedanthasoftware.com/goods.php?detail/191013015363" "Mozilla/5.0 AppleWebKit/537.36 (KHTML, like Gecko; compatible; GPTBot/1.3; +https://openai.com/gptbot)"
74.7.243.201 - - [13/Mar/2026:02:26:12 +0530] "GET /goods.php?detail/0950053474305 HTTP/2.0" 200 24694 "https://www.vedanthasoftware.com/goods.php?detail/0650020765925" "Mozilla/5.0 AppleWebKit/537.36 (KHTML, like Gecko; compatible; GPTBot/1.3; +https://openai.com/gptbot)"
57.141.0.4 - - [13/Mar/2026:02:26:13 +0530] "GET /?e=28829149360509 HTTP/2.0" 200 183473 "-" "meta-externalagent/1.1 (+https://developers.facebook.com/docs/sharing/webmasters/crawler)"
74.7.242.1 - - [13/Mar/2026:02:26:16 +0530] "GET /goods.php?detail/080033761446 HTTP/2.0" 200 23591 "https://vedanthasoftware.com/goods.php?detail/243024786703" "Mozilla/5.0 AppleWebKit/537.36 (KHTML, like Gecko; compatible; GPTBot/1.3; +https://openai.com/gptbot)"
74.7.243.201 - - [13/Mar/2026:02:26:16 +0530] "GET /goods.php?detail/039026036075 HTTP/2.0" 200 24264 "https://www.vedanthasoftware.com/goods.php?detail/039006652799" "Mozilla/5.0 AppleWebKit/537.36 (KHTML, like Gecko; compatible; GPTBot/1.3; +https://openai.com/gptbot)"
57.141.0.51 - - [13/Mar/2026:02:26:17 +0530] "GET /?e=945718089101 HTTP/2.0" 200 183473 "-" "meta-externalagent/1.1 (+https://developers.facebook.com/docs/sharing/webmasters/crawler)"
74.7.243.201 - - [13/Mar/2026:02:26:19 +0530] "GET /goods.php?detail/100049077327 HTTP/2.0" 200 24359 "https://www.vedanthasoftware.com/goods.php?detail/1270383812460" "Mozilla/5.0 AppleWebKit/537.36 (KHTML, like Gecko; compatible; GPTBot/1.3; +https://openai.com/gptbot)"
74.7.242.1 - - [13/Mar/2026:02:26:19 +0530] "GET /goods.php?detail/120001472287 HTTP/2.0" 200 23449 "https://vedanthasoftware.com/goods.php?goods/165030138" "Mozilla/5.0 AppleWebKit/537.36 (KHTML, like Gecko; compatible; GPTBot/1.3; +https://openai.com/gptbot)"
40.77.167.255 - - [13/Mar/2026:02:26:20 +0530] "GET /?e=2036852013000 HTTP/2.0" 200 33 "-" "Mozilla/5.0 AppleWebKit/537.36 (KHTML, like Gecko; compatible; bingbot/2.0; +http://www.bing.com/bingbot.htm) Chrome/116.0.1938.76 Safari/537.36"
74.7.242.1 - - [13/Mar/2026:02:26:22 +0530] "GET /goods.php?detail/165038038670 HTTP/2.0" 200 25269 "https://vedanthasoftware.com/goods.php?goods/165030138" "Mozilla/5.0 AppleWebKit/537.36 (KHTML, like Gecko; compatible; GPTBot/1.3; +https://openai.com/gptbot)"
216.73.216.222 - - [13/Mar/2026:02:26:22 +0530] "GET /robots.txt HTTP/2.0" 200 412 "-" "Mozilla/5.0 AppleWebKit/537.36 (KHTML, like Gecko; compatible; ClaudeBot/1.0; +claudebot@anthropic.com)"
74.7.243.201 - - [13/Mar/2026:02:26:23 +0530] "GET /goods.php?detail/065002073520 HTTP/2.0" 200 23962 "https://www.vedanthasoftware.com/goods.php?detail/065015863967" "Mozilla/5.0 AppleWebKit/537.36 (KHTML, like Gecko; compatible; GPTBot/1.3; +https://openai.com/gptbot)"
57.141.0.30 - - [13/Mar/2026:02:26:23 +0530] "GET /?e=49391108929300 HTTP/2.0" 200 183473 "-" "meta-externalagent/1.1 (+https://developers.facebook.com/docs/sharing/webmasters/crawler)"
216.73.216.222 - - [13/Mar/2026:02:26:24 +0530] "GET /?e=41760131453305 HTTP/2.0" 200 38145 "-" "Mozilla/5.0 AppleWebKit/537.36 (KHTML, like Gecko; compatible; ClaudeBot/1.0; +claudebot@anthropic.com)"
57.141.0.46 - - [13/Mar/2026:02:26:25 +0530] "GET /?e=5098946882000 HTTP/2.0" 200 183473 "-" "meta-externalagent/1.1 (+https://developers.facebook.com/docs/sharing/webmasters/crawler)"
74.7.242.1 - - [13/Mar/2026:02:26:26 +0530] "GET /goods.php?detail/001031583481 HTTP/2.0" 200 24091 "https://vedanthasoftware.com/goods.php?detail/0010021066865" "Mozilla/5.0 AppleWebKit/537.36 (KHTML, like Gecko; compatible; GPTBot/1.3; +https://openai.com/gptbot)"
74.7.243.201 - - [13/Mar/2026:02:26:28 +0530] "GET /goods.php?detail/158017709486 HTTP/2.0" 200 24283 "https://www.vedanthasoftware.com/goods.php?detail/065015863967" "Mozilla/5.0 AppleWebKit/537.36 (KHTML, like Gecko; compatible; GPTBot/1.3; +https://openai.com/gptbot)"
74.7.242.1 - - [13/Mar/2026:02:26:29 +0530] "GET /goods.php?detail/123009843854 HTTP/2.0" 200 24727 "https://vedanthasoftware.com/goods.php?detail/123030730986" "Mozilla/5.0 AppleWebKit/537.36 (KHTML, like Gecko; compatible; GPTBot/1.3; +https://openai.com/gptbot)"
74.7.243.201 - - [13/Mar/2026:02:26:32 +0530] "GET /goods.php?detail/093037822029 HTTP/2.0" 200 23998 "https://www.vedanthasoftware.com/goods.php?detail/0930364903939" "Mozilla/5.0 AppleWebKit/537.36 (KHTML, like Gecko; compatible; GPTBot/1.3; +https://openai.com/gptbot)"
74.7.242.1 - - [13/Mar/2026:02:26:33 +0530] "GET /goods.php?detail/015007776945 HTTP/2.0" 200 23806 "https://vedanthasoftware.com/goods.php?detail/01502376038060" "Mozilla/5.0 AppleWebKit/537.36 (KHTML, like Gecko; compatible; GPTBot/1.3; +https://openai.com/gptbot)"
57.141.0.27 - - [13/Mar/2026:02:26:33 +0530] "GET /?e=22487240018604 HTTP/2.0" 200 183473 "-" "meta-externalagent/1.1 (+https://developers.facebook.com/docs/sharing/webmasters/crawler)"
57.141.0.35 - - [13/Mar/2026:02:26:34 +0530] "GET /?e=0078329775201 HTTP/2.0" 200 183473 "-" "meta-externalagent/1.1 (+https://developers.facebook.com/docs/sharing/webmasters/crawler)"
