57.141.0.64 - - [13/Mar/2026:01:47:54 +0530] "GET /?e=04260278236305 HTTP/2.0" 200 183473 "-" "meta-externalagent/1.1 (+https://developers.facebook.com/docs/sharing/webmasters/crawler)"
74.7.243.201 - - [13/Mar/2026:01:47:56 +0530] "GET /goods.php?detail/253024207735 HTTP/2.0" 200 24158 "https://www.vedanthasoftware.com/goods.php?detail/025028411490" "Mozilla/5.0 AppleWebKit/537.36 (KHTML, like Gecko; compatible; GPTBot/1.3; +https://openai.com/gptbot)"
57.141.0.13 - - [13/Mar/2026:01:47:57 +0530] "GET /?e=81392239337402 HTTP/2.0" 200 183473 "-" "meta-externalagent/1.1 (+https://developers.facebook.com/docs/sharing/webmasters/crawler)"
74.7.242.1 - - [13/Mar/2026:01:47:57 +0530] "GET /goods.php?detail/1900394118918 HTTP/2.0" 200 24184 "https://vedanthasoftware.com/goods.php?detail/092012099734" "Mozilla/5.0 AppleWebKit/537.36 (KHTML, like Gecko; compatible; GPTBot/1.3; +https://openai.com/gptbot)"
57.141.0.16 - - [13/Mar/2026:01:47:57 +0530] "GET /?e=42111221006605 HTTP/2.0" 200 183473 "-" "meta-externalagent/1.1 (+https://developers.facebook.com/docs/sharing/webmasters/crawler)"
57.141.0.27 - - [13/Mar/2026:01:47:58 +0530] "GET /?e=87217162831100 HTTP/2.0" 200 183473 "-" "meta-externalagent/1.1 (+https://developers.facebook.com/docs/sharing/webmasters/crawler)"
57.141.0.9 - - [13/Mar/2026:01:47:58 +0530] "GET /?e=33821141509200 HTTP/2.0" 200 183473 "-" "meta-externalagent/1.1 (+https://developers.facebook.com/docs/sharing/webmasters/crawler)"
57.141.0.50 - - [13/Mar/2026:01:47:59 +0530] "GET /?e=07029232628600 HTTP/2.0" 200 183473 "-" "meta-externalagent/1.1 (+https://developers.facebook.com/docs/sharing/webmasters/crawler)"
57.141.0.8 - - [13/Mar/2026:01:48:00 +0530] "GET /?e=92899197329208 HTTP/2.0" 200 183473 "-" "meta-externalagent/1.1 (+https://developers.facebook.com/docs/sharing/webmasters/crawler)"
74.7.243.201 - - [13/Mar/2026:01:48:01 +0530] "GET /goods.php?detail/1780292294687 HTTP/2.0" 200 24423 "https://www.vedanthasoftware.com/goods.php?detail/178012876583" "Mozilla/5.0 AppleWebKit/537.36 (KHTML, like Gecko; compatible; GPTBot/1.3; +https://openai.com/gptbot)"
57.141.0.48 - - [13/Mar/2026:01:48:03 +0530] "GET /?e=36008258778700 HTTP/2.0" 200 183473 "-" "meta-externalagent/1.1 (+https://developers.facebook.com/docs/sharing/webmasters/crawler)"
74.7.242.1 - - [13/Mar/2026:01:48:03 +0530] "GET /goods.php?detail/2060220298955 HTTP/2.0" 200 23824 "https://vedanthasoftware.com/goods.php?detail/050022309454" "Mozilla/5.0 AppleWebKit/537.36 (KHTML, like Gecko; compatible; GPTBot/1.3; +https://openai.com/gptbot)"
57.141.0.16 - - [13/Mar/2026:01:48:04 +0530] "GET /?e=2237862731700 HTTP/2.0" 200 183473 "-" "meta-externalagent/1.1 (+https://developers.facebook.com/docs/sharing/webmasters/crawler)"
57.141.0.21 - - [13/Mar/2026:01:48:05 +0530] "GET /?e=79308176787101 HTTP/2.0" 200 183473 "-" "meta-externalagent/1.1 (+https://developers.facebook.com/docs/sharing/webmasters/crawler)"
51.195.215.24 - - [13/Mar/2026:01:48:06 +0530] "GET /wp-content/themes/consultix/css/radiantthemes-gutenberg-blocks.css?ver=1773345849 HTTP/2.0" 200 4608 "-" "Mozilla/5.0 (compatible; AhrefsBot/7.0; +http://ahrefs.com/robot/)"
74.7.243.201 - - [13/Mar/2026:01:48:06 +0530] "GET /goods.php?detail/209009450062 HTTP/2.0" 200 23641 "https://www.vedanthasoftware.com/goods.php?detail/209012035432" "Mozilla/5.0 AppleWebKit/537.36 (KHTML, like Gecko; compatible; GPTBot/1.3; +https://openai.com/gptbot)"
57.141.0.44 - - [13/Mar/2026:01:48:07 +0530] "GET /?e=15251149726400 HTTP/2.0" 200 183473 "-" "meta-externalagent/1.1 (+https://developers.facebook.com/docs/sharing/webmasters/crawler)"
74.7.242.1 - - [13/Mar/2026:01:48:08 +0530] "GET /goods.php?detail/092011650928 HTTP/2.0" 200 24850 "https://vedanthasoftware.com/goods.php?detail/092012099734" "Mozilla/5.0 AppleWebKit/537.36 (KHTML, like Gecko; compatible; GPTBot/1.3; +https://openai.com/gptbot)"
57.141.0.3 - - [13/Mar/2026:01:48:09 +0530] "GET /wp-sitemap-posts-team-1.xml HTTP/2.0" 200 13 "-" "meta-externalagent/1.1 (+https://developers.facebook.com/docs/sharing/webmasters/crawler)"
57.141.0.65 - - [13/Mar/2026:01:48:09 +0530] "GET /?e=14176127230305 HTTP/2.0" 200 183473 "-" "meta-externalagent/1.1 (+https://developers.facebook.com/docs/sharing/webmasters/crawler)"
74.7.243.201 - - [13/Mar/2026:01:48:11 +0530] "GET /goods.php?detail/0540370596968 HTTP/2.0" 200 23742 "https://www.vedanthasoftware.com/goods.php?detail/257017636581" "Mozilla/5.0 AppleWebKit/537.36 (KHTML, like Gecko; compatible; GPTBot/1.3; +https://openai.com/gptbot)"
57.141.0.45 - - [13/Mar/2026:01:48:12 +0530] "GET /?e=9802592377002 HTTP/2.0" 200 183473 "-" "meta-externalagent/1.1 (+https://developers.facebook.com/docs/sharing/webmasters/crawler)"
57.141.0.6 - - [13/Mar/2026:01:48:13 +0530] "GET /?e=72225170428701 HTTP/2.0" 200 183473 "-" "meta-externalagent/1.1 (+https://developers.facebook.com/docs/sharing/webmasters/crawler)"
74.7.242.1 - - [13/Mar/2026:01:48:13 +0530] "GET /goods.php?detail/054013080182 HTTP/2.0" 200 24046 "https://vedanthasoftware.com/goods.php?detail/0540094409805" "Mozilla/5.0 AppleWebKit/537.36 (KHTML, like Gecko; compatible; GPTBot/1.3; +https://openai.com/gptbot)"
57.141.0.66 - - [13/Mar/2026:01:48:14 +0530] "GET /?e=07608246370600 HTTP/2.0" 200 183473 "-" "meta-externalagent/1.1 (+https://developers.facebook.com/docs/sharing/webmasters/crawler)"
57.141.0.25 - - [13/Mar/2026:01:48:15 +0530] "GET /?e=20227272519100 HTTP/2.0" 200 183473 "-" "meta-externalagent/1.1 (+https://developers.facebook.com/docs/sharing/webmasters/crawler)"
57.141.0.6 - - [13/Mar/2026:01:48:16 +0530] "GET /?e=09986224405306 HTTP/2.0" 200 183473 "-" "meta-externalagent/1.1 (+https://developers.facebook.com/docs/sharing/webmasters/crawler)"
74.7.243.201 - - [13/Mar/2026:01:48:16 +0530] "GET /goods.php?detail/026034924943 HTTP/2.0" 200 24761 "https://www.vedanthasoftware.com/goods.php?detail/0260236073581" "Mozilla/5.0 AppleWebKit/537.36 (KHTML, like Gecko; compatible; GPTBot/1.3; +https://openai.com/gptbot)"
57.141.0.14 - - [13/Mar/2026:01:48:16 +0530] "GET /?e=07792121550505 HTTP/2.0" 200 183473 "-" "meta-externalagent/1.1 (+https://developers.facebook.com/docs/sharing/webmasters/crawler)"
57.141.0.47 - - [13/Mar/2026:01:48:17 +0530] "GET /?e=9918242923100 HTTP/2.0" 200 183473 "-" "meta-externalagent/1.1 (+https://developers.facebook.com/docs/sharing/webmasters/crawler)"
57.141.0.34 - - [13/Mar/2026:01:48:18 +0530] "GET /?e=77895243306900 HTTP/2.0" 200 183473 "-" "meta-externalagent/1.1 (+https://developers.facebook.com/docs/sharing/webmasters/crawler)"
57.141.0.21 - - [13/Mar/2026:01:48:19 +0530] "GET /?e=21392249163201 HTTP/2.0" 200 183473 "-" "meta-externalagent/1.1 (+https://developers.facebook.com/docs/sharing/webmasters/crawler)"
74.7.242.1 - - [13/Mar/2026:01:48:20 +0530] "GET /goods.php?detail/044044837017 HTTP/2.0" 200 24485 "https://vedanthasoftware.com/goods.php?jp/077035275.html" "Mozilla/5.0 AppleWebKit/537.36 (KHTML, like Gecko; compatible; GPTBot/1.3; +https://openai.com/gptbot)"
57.141.0.26 - - [13/Mar/2026:01:48:21 +0530] "GET /?e=17351172014302 HTTP/2.0" 200 183473 "-" "meta-externalagent/1.1 (+https://developers.facebook.com/docs/sharing/webmasters/crawler)"
74.7.243.201 - - [13/Mar/2026:01:48:21 +0530] "GET /goods.php?detail/209027251559 HTTP/2.0" 200 24084 "https://www.vedanthasoftware.com/goods.php?detail/0260236073581" "Mozilla/5.0 AppleWebKit/537.36 (KHTML, like Gecko; compatible; GPTBot/1.3; +https://openai.com/gptbot)"
57.141.0.60 - - [13/Mar/2026:01:48:22 +0530] "GET /?e=11786266645200 HTTP/2.0" 200 183473 "-" "meta-externalagent/1.1 (+https://developers.facebook.com/docs/sharing/webmasters/crawler)"
57.141.0.18 - - [13/Mar/2026:01:48:23 +0530] "GET /?e=67484250733103 HTTP/2.0" 200 183473 "-" "meta-externalagent/1.1 (+https://developers.facebook.com/docs/sharing/webmasters/crawler)"
57.141.0.54 - - [13/Mar/2026:01:48:23 +0530] "GET /?e=86947150606905 HTTP/2.0" 200 183473 "-" "meta-externalagent/1.1 (+https://developers.facebook.com/docs/sharing/webmasters/crawler)"
57.141.0.20 - - [13/Mar/2026:01:48:24 +0530] "GET /?e=7811645898800 HTTP/2.0" 200 183473 "-" "meta-externalagent/1.1 (+https://developers.facebook.com/docs/sharing/webmasters/crawler)"
74.7.242.1 - - [13/Mar/2026:01:48:25 +0530] "GET /goods.php?detail/0770352751075 HTTP/2.0" 200 24207 "https://vedanthasoftware.com/goods.php?jp/077035275.html" "Mozilla/5.0 AppleWebKit/537.36 (KHTML, like Gecko; compatible; GPTBot/1.3; +https://openai.com/gptbot)"
57.141.0.23 - - [13/Mar/2026:01:48:26 +0530] "GET /?e=24488276582104 HTTP/2.0" 200 183473 "-" "meta-externalagent/1.1 (+https://developers.facebook.com/docs/sharing/webmasters/crawler)"
57.141.0.54 - - [13/Mar/2026:01:48:27 +0530] "GET /?e=90230231994300 HTTP/2.0" 200 183473 "-" "meta-externalagent/1.1 (+https://developers.facebook.com/docs/sharing/webmasters/crawler)"
74.7.243.201 - - [13/Mar/2026:01:48:27 +0530] "GET /goods.php?detail/183045235992 HTTP/2.0" 200 23934 "https://www.vedanthasoftware.com/goods.php?detail/025003108840" "Mozilla/5.0 AppleWebKit/537.36 (KHTML, like Gecko; compatible; GPTBot/1.3; +https://openai.com/gptbot)"
57.141.0.49 - - [13/Mar/2026:01:48:28 +0530] "GET /?e=0704365274600 HTTP/2.0" 200 183473 "-" "meta-externalagent/1.1 (+https://developers.facebook.com/docs/sharing/webmasters/crawler)"
57.141.0.70 - - [13/Mar/2026:01:48:28 +0530] "GET /?e=01296300469300 HTTP/2.0" 200 183473 "-" "meta-externalagent/1.1 (+https://developers.facebook.com/docs/sharing/webmasters/crawler)"
57.141.0.49 - - [13/Mar/2026:01:48:29 +0530] "GET /?e=1280951514100 HTTP/2.0" 200 183473 "-" "meta-externalagent/1.1 (+https://developers.facebook.com/docs/sharing/webmasters/crawler)"
57.141.0.61 - - [13/Mar/2026:01:48:29 +0530] "GET /?e=242112783907 HTTP/2.0" 200 183473 "-" "meta-externalagent/1.1 (+https://developers.facebook.com/docs/sharing/webmasters/crawler)"
57.141.0.3 - - [13/Mar/2026:01:48:30 +0530] "GET /?e=20817148462401 HTTP/2.0" 200 183473 "-" "meta-externalagent/1.1 (+https://developers.facebook.com/docs/sharing/webmasters/crawler)"
74.7.242.1 - - [13/Mar/2026:01:48:32 +0530] "GET /goods.php?detail/0770272024855 HTTP/2.0" 200 23941 "https://vedanthasoftware.com/goods.php?jp/077035275.html" "Mozilla/5.0 AppleWebKit/537.36 (KHTML, like Gecko; compatible; GPTBot/1.3; +https://openai.com/gptbot)"
141.98.11.44 - - [13/Mar/2026:01:48:32 +0530] "GET /wp-includes/sodium_compat/src/Core/SecretStream/State.php HTTP/1.1" 200 34 "-" "Mozilla/5.0 (Windows NT 10.0; Win64; x64) AppleWebKit/537.36"
74.7.243.201 - - [13/Mar/2026:01:48:33 +0530] "GET /goods.php?detail/1540370265640 HTTP/2.0" 200 23761 "https://www.vedanthasoftware.com/goods.php?detail/123018200130" "Mozilla/5.0 AppleWebKit/537.36 (KHTML, like Gecko; compatible; GPTBot/1.3; +https://openai.com/gptbot)"
57.141.0.65 - - [13/Mar/2026:01:48:33 +0530] "GET /?e=20817148462401 HTTP/2.0" 200 183473 "-" "meta-externalagent/1.1 (+https://developers.facebook.com/docs/sharing/webmasters/crawler)"
57.141.0.17 - - [13/Mar/2026:01:48:34 +0530] "GET /?e=8619448314214 HTTP/2.0" 200 183473 "-" "meta-externalagent/1.1 (+https://developers.facebook.com/docs/sharing/webmasters/crawler)"
57.141.0.12 - - [13/Mar/2026:01:48:35 +0530] "GET /?e=70029145414802 HTTP/2.0" 200 183473 "-" "meta-externalagent/1.1 (+https://developers.facebook.com/docs/sharing/webmasters/crawler)"
66.249.74.131 - - [13/Mar/2026:01:48:35 +0530] "GET /?e=81959149237004 HTTP/1.1" 200 55298 "-" "Mozilla/5.0 (Linux; Android 6.0.1; Nexus 5X Build/MMB29P) AppleWebKit/537.36 (KHTML, like Gecko) Chrome/145.0.7632.116 Mobile Safari/537.36 (compatible; Googlebot/2.1; +http://www.google.com/bot.html)"
57.141.0.42 - - [13/Mar/2026:01:48:35 +0530] "GET /?e=31749143484603 HTTP/2.0" 200 183473 "-" "meta-externalagent/1.1 (+https://developers.facebook.com/docs/sharing/webmasters/crawler)"
57.141.0.58 - - [13/Mar/2026:01:48:36 +0530] "GET /?e=02654124662300 HTTP/2.0" 200 183473 "-" "meta-externalagent/1.1 (+https://developers.facebook.com/docs/sharing/webmasters/crawler)"
74.7.242.1 - - [13/Mar/2026:01:48:38 +0530] "GET /goods.php?detail/037031909911 HTTP/2.0" 200 24775 "https://vedanthasoftware.com/goods.php?detail/050022312430" "Mozilla/5.0 AppleWebKit/537.36 (KHTML, like Gecko; compatible; GPTBot/1.3; +https://openai.com/gptbot)"
57.141.0.18 - - [13/Mar/2026:01:48:39 +0530] "GET /?e=04092213602900 HTTP/2.0" 200 183473 "-" "meta-externalagent/1.1 (+https://developers.facebook.com/docs/sharing/webmasters/crawler)"
74.7.243.201 - - [13/Mar/2026:01:48:40 +0530] "GET /goods.php?detail/1530421884615 HTTP/2.0" 200 24386 "https://www.vedanthasoftware.com/goods.php?detail/295044284355" "Mozilla/5.0 AppleWebKit/537.36 (KHTML, like Gecko; compatible; GPTBot/1.3; +https://openai.com/gptbot)"
57.141.0.55 - - [13/Mar/2026:01:48:40 +0530] "GET /?e=29376196547105 HTTP/2.0" 200 183473 "-" "meta-externalagent/1.1 (+https://developers.facebook.com/docs/sharing/webmasters/crawler)"
57.141.0.44 - - [13/Mar/2026:01:48:40 +0530] "GET /?e=82709147863700 HTTP/2.0" 200 183473 "-" "meta-externalagent/1.1 (+https://developers.facebook.com/docs/sharing/webmasters/crawler)"
57.141.0.61 - - [13/Mar/2026:01:48:41 +0530] "GET /?e=16621262101105 HTTP/2.0" 200 183473 "-" "meta-externalagent/1.1 (+https://developers.facebook.com/docs/sharing/webmasters/crawler)"
57.141.0.54 - - [13/Mar/2026:01:48:42 +0530] "GET /?e=19219229252602 HTTP/2.0" 200 183473 "-" "meta-externalagent/1.1 (+https://developers.facebook.com/docs/sharing/webmasters/crawler)"
74.7.242.1 - - [13/Mar/2026:01:48:43 +0530] "GET /goods.php?detail/050042862929 HTTP/2.0" 200 24037 "https://vedanthasoftware.com/goods.php?detail/050022312430" "Mozilla/5.0 AppleWebKit/537.36 (KHTML, like Gecko; compatible; GPTBot/1.3; +https://openai.com/gptbot)"
57.141.0.16 - - [13/Mar/2026:01:48:44 +0530] "GET /?e=4180990621200 HTTP/2.0" 200 183473 "-" "meta-externalagent/1.1 (+https://developers.facebook.com/docs/sharing/webmasters/crawler)"
74.7.243.201 - - [13/Mar/2026:01:48:45 +0530] "GET /goods.php?detail/1580098100451 HTTP/2.0" 200 24208 "https://www.vedanthasoftware.com/goods.php?detail/158017994371" "Mozilla/5.0 AppleWebKit/537.36 (KHTML, like Gecko; compatible; GPTBot/1.3; +https://openai.com/gptbot)"
57.141.0.16 - - [13/Mar/2026:01:48:45 +0530] "GET /?e=78073124451701 HTTP/2.0" 200 183473 "-" "meta-externalagent/1.1 (+https://developers.facebook.com/docs/sharing/webmasters/crawler)"
57.141.0.38 - - [13/Mar/2026:01:48:46 +0530] "GET /?e=02514299763902 HTTP/2.0" 200 183473 "-" "meta-externalagent/1.1 (+https://developers.facebook.com/docs/sharing/webmasters/crawler)"
57.141.0.5 - - [13/Mar/2026:01:48:46 +0530] "GET /?e=26947162799504 HTTP/2.0" 200 183473 "-" "meta-externalagent/1.1 (+https://developers.facebook.com/docs/sharing/webmasters/crawler)"
57.141.0.43 - - [13/Mar/2026:01:48:47 +0530] "GET /?e=15412226236801 HTTP/2.0" 200 183473 "-" "meta-externalagent/1.1 (+https://developers.facebook.com/docs/sharing/webmasters/crawler)"
57.141.0.18 - - [13/Mar/2026:01:48:48 +0530] "GET /?e=7211682216504 HTTP/2.0" 200 183473 "-" "meta-externalagent/1.1 (+https://developers.facebook.com/docs/sharing/webmasters/crawler)"
74.7.242.1 - - [13/Mar/2026:01:48:49 +0530] "GET /goods.php?detail/119024367136 HTTP/2.0" 200 24310 "https://vedanthasoftware.com/goods.php?detail/1190018036033" "Mozilla/5.0 AppleWebKit/537.36 (KHTML, like Gecko; compatible; GPTBot/1.3; +https://openai.com/gptbot)"
57.141.0.43 - - [13/Mar/2026:01:48:49 +0530] "GET /?e=6080897500902 HTTP/2.0" 200 183473 "-" "meta-externalagent/1.1 (+https://developers.facebook.com/docs/sharing/webmasters/crawler)"
57.141.0.36 - - [13/Mar/2026:01:48:50 +0530] "GET /?e=27052154355803 HTTP/2.0" 200 183473 "-" "meta-externalagent/1.1 (+https://developers.facebook.com/docs/sharing/webmasters/crawler)"
57.141.0.62 - - [13/Mar/2026:01:48:51 +0530] "GET /?e=32121226850902 HTTP/2.0" 200 183473 "-" "meta-externalagent/1.1 (+https://developers.facebook.com/docs/sharing/webmasters/crawler)"
74.7.243.201 - - [13/Mar/2026:01:48:51 +0530] "GET /goods.php?detail/1010131301489 HTTP/2.0" 200 23916 "https://www.vedanthasoftware.com/goods.php?detail/1010117591702" "Mozilla/5.0 AppleWebKit/537.36 (KHTML, like Gecko; compatible; GPTBot/1.3; +https://openai.com/gptbot)"
57.141.0.72 - - [13/Mar/2026:01:48:52 +0530] "GET /?e=43698230413905 HTTP/2.0" 200 183473 "-" "meta-externalagent/1.1 (+https://developers.facebook.com/docs/sharing/webmasters/crawler)"
57.141.0.30 - - [13/Mar/2026:01:48:52 +0530] "GET /?e=79899153338400 HTTP/2.0" 200 183473 "-" "meta-externalagent/1.1 (+https://developers.facebook.com/docs/sharing/webmasters/crawler)"
57.141.0.19 - - [13/Mar/2026:01:48:53 +0530] "GET /?e=16046113736906 HTTP/2.0" 200 183473 "-" "meta-externalagent/1.1 (+https://developers.facebook.com/docs/sharing/webmasters/crawler)"
74.7.242.1 - - [13/Mar/2026:01:48:55 +0530] "GET /goods.php?detail/278004778176 HTTP/2.0" 200 24038 "https://vedanthasoftware.com/goods.php?detail/2780112212610" "Mozilla/5.0 AppleWebKit/537.36 (KHTML, like Gecko; compatible; GPTBot/1.3; +https://openai.com/gptbot)"
74.7.243.201 - - [13/Mar/2026:01:48:56 +0530] "GET /goods.php?detail/253043156720 HTTP/2.0" 200 24171 "https://www.vedanthasoftware.com/goods.php?detail/253024207735" "Mozilla/5.0 AppleWebKit/537.36 (KHTML, like Gecko; compatible; GPTBot/1.3; +https://openai.com/gptbot)"
57.141.0.49 - - [13/Mar/2026:01:48:56 +0530] "GET /?e=11729153739205 HTTP/2.0" 200 183473 "-" "meta-externalagent/1.1 (+https://developers.facebook.com/docs/sharing/webmasters/crawler)"
57.141.0.64 - - [13/Mar/2026:01:48:57 +0530] "GET /?e=11807166490502 HTTP/2.0" 200 183473 "-" "meta-externalagent/1.1 (+https://developers.facebook.com/docs/sharing/webmasters/crawler)"
57.141.0.34 - - [13/Mar/2026:01:48:57 +0530] "GET /?e=82882230092900 HTTP/2.0" 200 183473 "-" "meta-externalagent/1.1 (+https://developers.facebook.com/docs/sharing/webmasters/crawler)"
57.141.0.11 - - [13/Mar/2026:01:48:58 +0530] "GET /?e=88901170531104 HTTP/2.0" 200 183473 "-" "meta-externalagent/1.1 (+https://developers.facebook.com/docs/sharing/webmasters/crawler)"
57.141.0.31 - - [13/Mar/2026:01:48:58 +0530] "GET /?e=97940170387205 HTTP/2.0" 200 183473 "-" "meta-externalagent/1.1 (+https://developers.facebook.com/docs/sharing/webmasters/crawler)"
74.7.242.1 - - [13/Mar/2026:01:49:01 +0530] "GET /goods.php?detail/1900394154004 HTTP/2.0" 200 23948 "https://vedanthasoftware.com/goods.php?detail/1900394118918" "Mozilla/5.0 AppleWebKit/537.36 (KHTML, like Gecko; compatible; GPTBot/1.3; +https://openai.com/gptbot)"
74.7.243.201 - - [13/Mar/2026:01:49:02 +0530] "GET /goods.php?detail/295006884408 HTTP/2.0" 200 24419 "https://www.vedanthasoftware.com/goods.php?detail/1780292294687" "Mozilla/5.0 AppleWebKit/537.36 (KHTML, like Gecko; compatible; GPTBot/1.3; +https://openai.com/gptbot)"
57.141.0.45 - - [13/Mar/2026:01:49:02 +0530] "GET /?e=2757716055901 HTTP/2.0" 200 183473 "-" "meta-externalagent/1.1 (+https://developers.facebook.com/docs/sharing/webmasters/crawler)"
57.141.0.57 - - [13/Mar/2026:01:49:03 +0530] "GET /?e=0890790174904 HTTP/2.0" 200 183473 "-" "meta-externalagent/1.1 (+https://developers.facebook.com/docs/sharing/webmasters/crawler)"
57.141.0.15 - - [13/Mar/2026:01:49:03 +0530] "GET /?e=56872246792100 HTTP/2.0" 200 183473 "-" "meta-externalagent/1.1 (+https://developers.facebook.com/docs/sharing/webmasters/crawler)"
3.223.181.32 - - [13/Mar/2026:01:49:03 +0530] "GET /wp-json/wp/v2/posts/13201 HTTP/1.1" 200 83798 "-" "Mozilla/5.0 AppleWebKit/537.36 (KHTML, like Gecko; compatible; Amazonbot/0.1; +https://developer.amazon.com/support/amazonbot) Chrome/119.0.6045.214 Safari/537.36"
57.141.0.50 - - [13/Mar/2026:01:49:04 +0530] "GET /?e=01275294878801 HTTP/2.0" 200 183473 "-" "meta-externalagent/1.1 (+https://developers.facebook.com/docs/sharing/webmasters/crawler)"
57.141.0.11 - - [13/Mar/2026:01:49:04 +0530] "GET /?e=70433285298501 HTTP/2.0" 200 183473 "-" "meta-externalagent/1.1 (+https://developers.facebook.com/docs/sharing/webmasters/crawler)"
74.7.242.1 - - [13/Mar/2026:01:49:06 +0530] "GET /goods.php?detail/206001047593 HTTP/2.0" 200 24080 "https://vedanthasoftware.com/goods.php?detail/2060220298955" "Mozilla/5.0 AppleWebKit/537.36 (KHTML, like Gecko; compatible; GPTBot/1.3; +https://openai.com/gptbot)"
57.141.0.26 - - [13/Mar/2026:01:49:07 +0530] "GET /?e=2955174969501 HTTP/2.0" 200 183473 "-" "meta-externalagent/1.1 (+https://developers.facebook.com/docs/sharing/webmasters/crawler)"
57.141.0.59 - - [13/Mar/2026:01:49:08 +0530] "GET /?e=16799295227701 HTTP/2.0" 200 183473 "-" "meta-externalagent/1.1 (+https://developers.facebook.com/docs/sharing/webmasters/crawler)"
114.119.153.137 - - [13/Mar/2026:01:49:08 +0530] "GET /?_p=290016916 HTTP/1.1" 301 5 "https://www.vedanthasoftware.com/sitemap546.xml" "Mozilla/5.0 (Linux; Android 7.0;) AppleWebKit/537.36 (KHTML, like Gecko) Mobile Safari/537.36 (compatible; PetalBot;+https://webmaster.petalsearch.com/site/petalbot)"
74.7.243.201 - - [13/Mar/2026:01:49:08 +0530] "GET /goods.php?detail/0040102004338 HTTP/2.0" 200 24569 "https://www.vedanthasoftware.com/goods.php?detail/0250263498492" "Mozilla/5.0 AppleWebKit/537.36 (KHTML, like Gecko; compatible; GPTBot/1.3; +https://openai.com/gptbot)"
57.141.0.65 - - [13/Mar/2026:01:49:09 +0530] "GET /?e=01869238265103 HTTP/2.0" 200 183473 "-" "meta-externalagent/1.1 (+https://developers.facebook.com/docs/sharing/webmasters/crawler)"
74.7.242.1 - - [13/Mar/2026:01:49:12 +0530] "GET /goods.php?detail/092035573894 HTTP/2.0" 200 23493 "https://vedanthasoftware.com/goods.php?detail/092011650928" "Mozilla/5.0 AppleWebKit/537.36 (KHTML, like Gecko; compatible; GPTBot/1.3; +https://openai.com/gptbot)"
74.7.243.201 - - [13/Mar/2026:01:49:13 +0530] "GET /goods.php?detail/1400101041772 HTTP/2.0" 200 24032 "https://www.vedanthasoftware.com/goods.php?detail/140009409621" "Mozilla/5.0 AppleWebKit/537.36 (KHTML, like Gecko; compatible; GPTBot/1.3; +https://openai.com/gptbot)"
57.141.0.70 - - [13/Mar/2026:01:49:13 +0530] "GET /?e=95960277880501 HTTP/2.0" 200 183473 "-" "meta-externalagent/1.1 (+https://developers.facebook.com/docs/sharing/webmasters/crawler)"
57.141.0.5 - - [13/Mar/2026:01:49:13 +0530] "GET /?e=0725774304704 HTTP/2.0" 200 183473 "-" "meta-externalagent/1.1 (+https://developers.facebook.com/docs/sharing/webmasters/crawler)"
57.141.0.18 - - [13/Mar/2026:01:49:14 +0530] "GET /?e=10298177655309 HTTP/2.0" 200 183473 "-" "meta-externalagent/1.1 (+https://developers.facebook.com/docs/sharing/webmasters/crawler)"
74.7.242.1 - - [13/Mar/2026:01:49:16 +0530] "GET /goods.php?goods/238010998 HTTP/2.0" 200 24342 "https://vedanthasoftware.com/goods.php?detail/054013080182" "Mozilla/5.0 AppleWebKit/537.36 (KHTML, like Gecko; compatible; GPTBot/1.3; +https://openai.com/gptbot)"
74.7.243.201 - - [13/Mar/2026:01:49:17 +0530] "GET /goods.php?detail/2020291990420 HTTP/2.0" 200 24784 "https://www.vedanthasoftware.com/goods.php?detail/202034170700" "Mozilla/5.0 AppleWebKit/537.36 (KHTML, like Gecko; compatible; GPTBot/1.3; +https://openai.com/gptbot)"
57.141.0.24 - - [13/Mar/2026:01:49:17 +0530] "GET /?e=62154294136400 HTTP/2.0" 200 183473 "-" "meta-externalagent/1.1 (+https://developers.facebook.com/docs/sharing/webmasters/crawler)"
57.141.0.25 - - [13/Mar/2026:01:49:18 +0530] "GET /?e=48770263472501 HTTP/2.0" 200 183473 "-" "meta-externalagent/1.1 (+https://developers.facebook.com/docs/sharing/webmasters/crawler)"
114.119.153.137 - - [13/Mar/2026:01:49:18 +0530] "GET /?_p=290016916 HTTP/1.1" 200 38165 "https://www.vedanthasoftware.com/sitemap546.xml" "Mozilla/5.0 (Linux; Android 7.0;) AppleWebKit/537.36 (KHTML, like Gecko) Mobile Safari/537.36 (compatible; PetalBot;+https://webmaster.petalsearch.com/site/petalbot)"
74.7.242.1 - - [13/Mar/2026:01:49:20 +0530] "GET /goods.php?detail/126024247166 HTTP/2.0" 200 25033 "https://vedanthasoftware.com/goods.php?detail/044044837017" "Mozilla/5.0 AppleWebKit/537.36 (KHTML, like Gecko; compatible; GPTBot/1.3; +https://openai.com/gptbot)"
57.141.0.62 - - [13/Mar/2026:01:49:21 +0530] "GET /?e=30024269954801 HTTP/2.0" 200 183473 "-" "meta-externalagent/1.1 (+https://developers.facebook.com/docs/sharing/webmasters/crawler)"
57.141.0.43 - - [13/Mar/2026:01:49:22 +0530] "GET /?e=98942244328801 HTTP/2.0" 200 183473 "-" "meta-externalagent/1.1 (+https://developers.facebook.com/docs/sharing/webmasters/crawler)"
74.7.243.201 - - [13/Mar/2026:01:49:22 +0530] "GET /goods.php?detail/031005989660 HTTP/2.0" 200 24411 "https://www.vedanthasoftware.com/goods.php?detail/209027251559" "Mozilla/5.0 AppleWebKit/537.36 (KHTML, like Gecko; compatible; GPTBot/1.3; +https://openai.com/gptbot)"
57.141.0.62 - - [13/Mar/2026:01:49:24 +0530] "GET /?e=4594230862714 HTTP/2.0" 200 183473 "-" "meta-externalagent/1.1 (+https://developers.facebook.com/docs/sharing/webmasters/crawler)"
57.141.0.55 - - [13/Mar/2026:01:49:24 +0530] "GET /?e=12664266470003 HTTP/2.0" 200 183473 "-" "meta-externalagent/1.1 (+https://developers.facebook.com/docs/sharing/webmasters/crawler)"
74.7.242.1 - - [13/Mar/2026:01:49:25 +0530] "GET /goods.php?detail/077045511677 HTTP/2.0" 200 24003 "https://vedanthasoftware.com/goods.php?detail/0770352751075" "Mozilla/5.0 AppleWebKit/537.36 (KHTML, like Gecko; compatible; GPTBot/1.3; +https://openai.com/gptbot)"
57.141.0.72 - - [13/Mar/2026:01:49:25 +0530] "GET /?e=77619151516202 HTTP/2.0" 200 183473 "-" "meta-externalagent/1.1 (+https://developers.facebook.com/docs/sharing/webmasters/crawler)"
57.141.0.19 - - [13/Mar/2026:01:49:26 +0530] "GET /?e=5910656975502 HTTP/2.0" 200 183473 "-" "meta-externalagent/1.1 (+https://developers.facebook.com/docs/sharing/webmasters/crawler)"
57.141.0.30 - - [13/Mar/2026:01:49:26 +0530] "GET /?e=72334221492716 HTTP/2.0" 200 183473 "-" "meta-externalagent/1.1 (+https://developers.facebook.com/docs/sharing/webmasters/crawler)"
57.141.0.61 - - [13/Mar/2026:01:49:27 +0530] "GET /?e=7892949439105 HTTP/2.0" 200 183473 "-" "meta-externalagent/1.1 (+https://developers.facebook.com/docs/sharing/webmasters/crawler)"
74.7.243.201 - - [13/Mar/2026:01:49:29 +0530] "GET /goods.php?detail/017045045632 HTTP/2.0" 200 24385 "https://www.vedanthasoftware.com/goods.php?detail/183045235992" "Mozilla/5.0 AppleWebKit/537.36 (KHTML, like Gecko; compatible; GPTBot/1.3; +https://openai.com/gptbot)"
57.141.0.70 - - [13/Mar/2026:01:49:30 +0530] "GET /?e=61150168249304 HTTP/2.0" 200 183473 "-" "meta-externalagent/1.1 (+https://developers.facebook.com/docs/sharing/webmasters/crawler)"
74.7.242.1 - - [13/Mar/2026:01:49:30 +0530] "GET /goods.php?detail/095020173090 HTTP/2.0" 200 24809 "https://vedanthasoftware.com/goods.php?detail/0770272024855" "Mozilla/5.0 AppleWebKit/537.36 (KHTML, like Gecko; compatible; GPTBot/1.3; +https://openai.com/gptbot)"
57.141.0.60 - - [13/Mar/2026:01:49:31 +0530] "GET /?e=54748179884502 HTTP/2.0" 200 183473 "-" "meta-externalagent/1.1 (+https://developers.facebook.com/docs/sharing/webmasters/crawler)"
74.7.243.201 - - [13/Mar/2026:01:49:32 +0530] "GET /goods.php?detail/183006777846 HTTP/2.0" 200 23826 "https://www.vedanthasoftware.com/goods.php?detail/183045235992" "Mozilla/5.0 AppleWebKit/537.36 (KHTML, like Gecko; compatible; GPTBot/1.3; +https://openai.com/gptbot)"
57.141.0.60 - - [13/Mar/2026:01:49:33 +0530] "GET /?e=92618237193400 HTTP/2.0" 200 183473 "-" "meta-externalagent/1.1 (+https://developers.facebook.com/docs/sharing/webmasters/crawler)"
74.7.242.1 - - [13/Mar/2026:01:49:33 +0530] "GET /goods.php?detail/044032867280 HTTP/2.0" 200 24382 "https://vedanthasoftware.com/goods.php?detail/044044837017" "Mozilla/5.0 AppleWebKit/537.36 (KHTML, like Gecko; compatible; GPTBot/1.3; +https://openai.com/gptbot)"
57.141.0.28 - - [13/Mar/2026:01:49:34 +0530] "GET /?e=00496163768803 HTTP/2.0" 200 183473 "-" "meta-externalagent/1.1 (+https://developers.facebook.com/docs/sharing/webmasters/crawler)"
74.7.243.201 - - [13/Mar/2026:01:49:37 +0530] "GET /goods.php?detail/084027103457 HTTP/2.0" 200 23583 "https://www.vedanthasoftware.com/goods.php?detail/209027251559" "Mozilla/5.0 AppleWebKit/537.36 (KHTML, like Gecko; compatible; GPTBot/1.3; +https://openai.com/gptbot)"
74.7.242.1 - - [13/Mar/2026:01:49:37 +0530] "GET /goods.php?detail/253038016145 HTTP/2.0" 200 23984 "https://vedanthasoftware.com/goods.php?detail/094019356765" "Mozilla/5.0 AppleWebKit/537.36 (KHTML, like Gecko; compatible; GPTBot/1.3; +https://openai.com/gptbot)"
57.141.0.28 - - [13/Mar/2026:01:49:38 +0530] "GET /?e=5644636661002 HTTP/2.0" 200 183473 "-" "meta-externalagent/1.1 (+https://developers.facebook.com/docs/sharing/webmasters/crawler)"
57.141.0.43 - - [13/Mar/2026:01:49:38 +0530] "GET /?e=72282262532100 HTTP/2.0" 200 183473 "-" "meta-externalagent/1.1 (+https://developers.facebook.com/docs/sharing/webmasters/crawler)"
57.141.0.7 - - [13/Mar/2026:01:49:39 +0530] "GET /?e=19812236309600 HTTP/2.0" 200 183473 "-" "meta-externalagent/1.1 (+https://developers.facebook.com/docs/sharing/webmasters/crawler)"
74.7.243.201 - - [13/Mar/2026:01:49:42 +0530] "GET /goods.php?detail/158005901209 HTTP/2.0" 200 24496 "https://www.vedanthasoftware.com/goods.php?detail/1580098100451" "Mozilla/5.0 AppleWebKit/537.36 (KHTML, like Gecko; compatible; GPTBot/1.3; +https://openai.com/gptbot)"
74.7.242.1 - - [13/Mar/2026:01:49:43 +0530] "GET /goods.php?detail/226039801376 HTTP/2.0" 200 25082 "https://vedanthasoftware.com/goods.php?detail/226043865526" "Mozilla/5.0 AppleWebKit/537.36 (KHTML, like Gecko; compatible; GPTBot/1.3; +https://openai.com/gptbot)"
57.141.0.5 - - [13/Mar/2026:01:49:43 +0530] "GET /?e=8107219848602 HTTP/2.0" 200 183473 "-" "meta-externalagent/1.1 (+https://developers.facebook.com/docs/sharing/webmasters/crawler)"
57.141.0.47 - - [13/Mar/2026:01:49:44 +0530] "GET /?e=58975232423102 HTTP/2.0" 200 183473 "-" "meta-externalagent/1.1 (+https://developers.facebook.com/docs/sharing/webmasters/crawler)"
57.141.0.49 - - [13/Mar/2026:01:49:44 +0530] "GET /?e=0350653969401 HTTP/2.0" 200 183473 "-" "meta-externalagent/1.1 (+https://developers.facebook.com/docs/sharing/webmasters/crawler)"
57.141.0.48 - - [13/Mar/2026:01:49:44 +0530] "GET /?e=72878190340702 HTTP/2.0" 200 183473 "-" "meta-externalagent/1.1 (+https://developers.facebook.com/docs/sharing/webmasters/crawler)"
57.141.0.48 - - [13/Mar/2026:01:49:45 +0530] "GET /?e=08277183979301 HTTP/2.0" 200 183473 "-" "meta-externalagent/1.1 (+https://developers.facebook.com/docs/sharing/webmasters/crawler)"
74.7.243.201 - - [13/Mar/2026:01:49:46 +0530] "GET /goods.php?detail/0400404942319 HTTP/2.0" 200 23866 "https://www.vedanthasoftware.com/goods.php?detail/040040489465" "Mozilla/5.0 AppleWebKit/537.36 (KHTML, like Gecko; compatible; GPTBot/1.3; +https://openai.com/gptbot)"
57.141.0.35 - - [13/Mar/2026:01:49:47 +0530] "GET /?e=98001256255303 HTTP/2.0" 200 183473 "-" "meta-externalagent/1.1 (+https://developers.facebook.com/docs/sharing/webmasters/crawler)"
57.141.0.53 - - [13/Mar/2026:01:49:48 +0530] "GET /?e=32128135735502 HTTP/2.0" 200 183473 "-" "meta-externalagent/1.1 (+https://developers.facebook.com/docs/sharing/webmasters/crawler)"
74.7.242.1 - - [13/Mar/2026:01:49:48 +0530] "GET /goods.php?detail/064026257718 HTTP/2.0" 200 23926 "https://vedanthasoftware.com/goods.php?detail/226043865526" "Mozilla/5.0 AppleWebKit/537.36 (KHTML, like Gecko; compatible; GPTBot/1.3; +https://openai.com/gptbot)"
57.141.0.41 - - [13/Mar/2026:01:49:49 +0530] "GET /?e=22918142814900 HTTP/2.0" 200 183473 "-" "meta-externalagent/1.1 (+https://developers.facebook.com/docs/sharing/webmasters/crawler)"
57.141.0.29 - - [13/Mar/2026:01:49:50 +0530] "GET /?e=90872291561500 HTTP/2.0" 200 183473 "-" "meta-externalagent/1.1 (+https://developers.facebook.com/docs/sharing/webmasters/crawler)"
57.141.0.30 - - [13/Mar/2026:01:49:50 +0530] "GET /?e=36228275060001 HTTP/2.0" 200 183473 "-" "meta-externalagent/1.1 (+https://developers.facebook.com/docs/sharing/webmasters/crawler)"
57.141.0.4 - - [13/Mar/2026:01:49:50 +0530] "GET /?e=89827111948705 HTTP/2.0" 200 183473 "-" "meta-externalagent/1.1 (+https://developers.facebook.com/docs/sharing/webmasters/crawler)"
74.7.243.201 - - [13/Mar/2026:01:49:52 +0530] "GET /goods.php?detail/253043153104 HTTP/2.0" 200 25220 "https://www.vedanthasoftware.com/goods.php?detail/253043156720" "Mozilla/5.0 AppleWebKit/537.36 (KHTML, like Gecko; compatible; GPTBot/1.3; +https://openai.com/gptbot)"
57.141.0.48 - - [13/Mar/2026:01:49:53 +0530] "GET /?e=70078194744601 HTTP/2.0" 200 183473 "-" "meta-externalagent/1.1 (+https://developers.facebook.com/docs/sharing/webmasters/crawler)"
74.7.242.1 - - [13/Mar/2026:01:49:54 +0530] "GET /goods.php?detail/16302834071649 HTTP/2.0" 200 23764 "https://vedanthasoftware.com/goods.php?detail/1900394154004" "Mozilla/5.0 AppleWebKit/537.36 (KHTML, like Gecko; compatible; GPTBot/1.3; +https://openai.com/gptbot)"
57.141.0.15 - - [13/Mar/2026:01:49:54 +0530] "GET /?e=17083158290501 HTTP/2.0" 200 183473 "-" "meta-externalagent/1.1 (+https://developers.facebook.com/docs/sharing/webmasters/crawler)"
57.141.0.56 - - [13/Mar/2026:01:49:55 +0530] "GET /?e=85075263235606 HTTP/2.0" 200 183473 "-" "meta-externalagent/1.1 (+https://developers.facebook.com/docs/sharing/webmasters/crawler)"
57.141.0.55 - - [13/Mar/2026:01:49:55 +0530] "GET /?e=9480015511205 HTTP/2.0" 200 183473 "-" "meta-externalagent/1.1 (+https://developers.facebook.com/docs/sharing/webmasters/crawler)"
74.7.243.201 - - [13/Mar/2026:01:49:57 +0530] "GET /goods.php?goods/295006892 HTTP/2.0" 200 23868 "https://www.vedanthasoftware.com/goods.php?detail/295006884408" "Mozilla/5.0 AppleWebKit/537.36 (KHTML, like Gecko; compatible; GPTBot/1.3; +https://openai.com/gptbot)"
57.141.0.8 - - [13/Mar/2026:01:49:58 +0530] "GET /?e=63142292252304 HTTP/2.0" 200 183473 "-" "meta-externalagent/1.1 (+https://developers.facebook.com/docs/sharing/webmasters/crawler)"
57.141.0.56 - - [13/Mar/2026:01:49:59 +0530] "GET /?e=8498983399600 HTTP/2.0" 200 183473 "-" "meta-externalagent/1.1 (+https://developers.facebook.com/docs/sharing/webmasters/crawler)"
74.7.242.1 - - [13/Mar/2026:01:49:59 +0530] "GET /goods.php?detail/1900120301400 HTTP/2.0" 200 24319 "https://vedanthasoftware.com/goods.php?detail/1900394154004" "Mozilla/5.0 AppleWebKit/537.36 (KHTML, like Gecko; compatible; GPTBot/1.3; +https://openai.com/gptbot)"
57.141.0.13 - - [13/Mar/2026:01:50:00 +0530] "GET /?e=19721194807700 HTTP/2.0" 200 183473 "-" "meta-externalagent/1.1 (+https://developers.facebook.com/docs/sharing/webmasters/crawler)"
57.141.0.39 - - [13/Mar/2026:01:50:01 +0530] "GET /?e=8103961712602 HTTP/2.0" 200 183473 "-" "meta-externalagent/1.1 (+https://developers.facebook.com/docs/sharing/webmasters/crawler)"
57.141.0.70 - - [13/Mar/2026:01:50:02 +0530] "GET /?e=31174146168107 HTTP/2.0" 200 183473 "-" "meta-externalagent/1.1 (+https://developers.facebook.com/docs/sharing/webmasters/crawler)"
57.141.0.28 - - [13/Mar/2026:01:50:03 +0530] "GET /?e=70409137321500 HTTP/2.0" 200 183473 "-" "meta-externalagent/1.1 (+https://developers.facebook.com/docs/sharing/webmasters/crawler)"
74.7.243.201 - - [13/Mar/2026:01:50:03 +0530] "GET /goods.php?detail/169036078069 HTTP/2.0" 200 25115 "https://www.vedanthasoftware.com/goods.php?detail/295006884408" "Mozilla/5.0 AppleWebKit/537.36 (KHTML, like Gecko; compatible; GPTBot/1.3; +https://openai.com/gptbot)"
57.141.0.65 - - [13/Mar/2026:01:50:05 +0530] "GET /?e=95124188798700 HTTP/2.0" 200 183473 "-" "meta-externalagent/1.1 (+https://developers.facebook.com/docs/sharing/webmasters/crawler)"
57.141.0.67 - - [13/Mar/2026:01:50:06 +0530] "GET /?e=0891248751500 HTTP/2.0" 200 183473 "-" "meta-externalagent/1.1 (+https://developers.facebook.com/docs/sharing/webmasters/crawler)"
74.7.242.1 - - [13/Mar/2026:01:50:06 +0530] "GET /goods.php?detail/209044540659 HTTP/2.0" 200 23428 "https://vedanthasoftware.com/goods.php?jp/180044251.html" "Mozilla/5.0 AppleWebKit/537.36 (KHTML, like Gecko; compatible; GPTBot/1.3; +https://openai.com/gptbot)"
57.141.0.22 - - [13/Mar/2026:01:50:07 +0530] "GET /?e=73177122472600 HTTP/2.0" 200 183473 "-" "meta-externalagent/1.1 (+https://developers.facebook.com/docs/sharing/webmasters/crawler)"
57.141.0.64 - - [13/Mar/2026:01:50:08 +0530] "GET /?e=76057126089701 HTTP/2.0" 200 183473 "-" "meta-externalagent/1.1 (+https://developers.facebook.com/docs/sharing/webmasters/crawler)"
57.141.0.45 - - [13/Mar/2026:01:50:09 +0530] "GET /?e=19984224446605 HTTP/2.0" 200 183473 "-" "meta-externalagent/1.1 (+https://developers.facebook.com/docs/sharing/webmasters/crawler)"
57.141.0.11 - - [13/Mar/2026:01:50:09 +0530] "GET /?e=20217261137201 HTTP/2.0" 200 183473 "-" "meta-externalagent/1.1 (+https://developers.facebook.com/docs/sharing/webmasters/crawler)"
57.141.0.39 - - [13/Mar/2026:01:50:09 +0530] "GET /?e=9013236344002 HTTP/2.0" 200 183473 "-" "meta-externalagent/1.1 (+https://developers.facebook.com/docs/sharing/webmasters/crawler)"
57.141.0.7 - - [13/Mar/2026:01:50:10 +0530] "GET /?e=24702236186804 HTTP/2.0" 200 183473 "-" "meta-externalagent/1.1 (+https://developers.facebook.com/docs/sharing/webmasters/crawler)"
74.7.243.201 - - [13/Mar/2026:01:50:12 +0530] "GET /goods.php?detail/0200271992001 HTTP/2.0" 200 24961 "https://www.vedanthasoftware.com/goods.php?detail/020048897591" "Mozilla/5.0 AppleWebKit/537.36 (KHTML, like Gecko; compatible; GPTBot/1.3; +https://openai.com/gptbot)"
57.141.0.5 - - [13/Mar/2026:01:50:13 +0530] "GET /?e=5229936667605 HTTP/2.0" 200 183473 "-" "meta-externalagent/1.1 (+https://developers.facebook.com/docs/sharing/webmasters/crawler)"
74.7.242.1 - - [13/Mar/2026:01:50:14 +0530] "GET /goods.php?detail/238010998800 HTTP/2.0" 200 24365 "https://vedanthasoftware.com/goods.php?goods/238010998" "Mozilla/5.0 AppleWebKit/537.36 (KHTML, like Gecko; compatible; GPTBot/1.3; +https://openai.com/gptbot)"
57.141.0.50 - - [13/Mar/2026:01:50:14 +0530] "GET /?e=16250242559100 HTTP/2.0" 200 183473 "-" "meta-externalagent/1.1 (+https://developers.facebook.com/docs/sharing/webmasters/crawler)"
57.141.0.48 - - [13/Mar/2026:01:50:15 +0530] "GET /?e=7721010412101 HTTP/2.0" 200 183473 "-" "meta-externalagent/1.1 (+https://developers.facebook.com/docs/sharing/webmasters/crawler)"
57.141.0.34 - - [13/Mar/2026:01:50:15 +0530] "GET /?e=9756766852801 HTTP/2.0" 200 183473 "-" "meta-externalagent/1.1 (+https://developers.facebook.com/docs/sharing/webmasters/crawler)"
57.141.0.33 - - [13/Mar/2026:01:50:15 +0530] "GET /?e=27281158350805 HTTP/2.0" 200 183473 "-" "meta-externalagent/1.1 (+https://developers.facebook.com/docs/sharing/webmasters/crawler)"
57.141.0.20 - - [13/Mar/2026:01:50:16 +0530] "GET /?e=80292149173607 HTTP/2.0" 200 183473 "-" "meta-externalagent/1.1 (+https://developers.facebook.com/docs/sharing/webmasters/crawler)"
57.141.0.35 - - [13/Mar/2026:01:50:16 +0530] "GET /?e=9470786978805 HTTP/2.0" 200 183473 "-" "meta-externalagent/1.1 (+https://developers.facebook.com/docs/sharing/webmasters/crawler)"
57.141.0.59 - - [13/Mar/2026:01:50:17 +0530] "GET /?e=076877820700 HTTP/2.0" 200 183473 "-" "meta-externalagent/1.1 (+https://developers.facebook.com/docs/sharing/webmasters/crawler)"
74.7.243.201 - - [13/Mar/2026:01:50:18 +0530] "GET /goods.php?detail/202039363219 HTTP/2.0" 200 24550 "https://www.vedanthasoftware.com/goods.php?detail/2020291990420" "Mozilla/5.0 AppleWebKit/537.36 (KHTML, like Gecko; compatible; GPTBot/1.3; +https://openai.com/gptbot)"
57.141.0.30 - - [13/Mar/2026:01:50:20 +0530] "GET /?e=3785783656600 HTTP/2.0" 200 183473 "-" "meta-externalagent/1.1 (+https://developers.facebook.com/docs/sharing/webmasters/crawler)"
74.7.242.1 - - [13/Mar/2026:01:50:20 +0530] "GET /goods.php?detail/1660060409431 HTTP/2.0" 200 23871 "https://vedanthasoftware.com/goods.php?detail/126024247166" "Mozilla/5.0 AppleWebKit/537.36 (KHTML, like Gecko; compatible; GPTBot/1.3; +https://openai.com/gptbot)"
57.141.0.45 - - [13/Mar/2026:01:50:20 +0530] "GET /?e=3171033726902 HTTP/2.0" 200 183473 "-" "meta-externalagent/1.1 (+https://developers.facebook.com/docs/sharing/webmasters/crawler)"
57.141.0.23 - - [13/Mar/2026:01:50:21 +0530] "GET /?e=0733893190401 HTTP/2.0" 200 183473 "-" "meta-externalagent/1.1 (+https://developers.facebook.com/docs/sharing/webmasters/crawler)"
57.141.0.11 - - [13/Mar/2026:01:50:21 +0530] "GET /?e=01060100309000 HTTP/2.0" 200 183473 "-" "meta-externalagent/1.1 (+https://developers.facebook.com/docs/sharing/webmasters/crawler)"
57.141.0.70 - - [13/Mar/2026:01:50:22 +0530] "GET /?e=29851161869003 HTTP/2.0" 200 183473 "-" "meta-externalagent/1.1 (+https://developers.facebook.com/docs/sharing/webmasters/crawler)"
57.141.0.22 - - [13/Mar/2026:01:50:22 +0530] "GET /?e=40172104703700 HTTP/2.0" 200 183473 "-" "meta-externalagent/1.1 (+https://developers.facebook.com/docs/sharing/webmasters/crawler)"
57.141.0.26 - - [13/Mar/2026:01:50:23 +0530] "GET /?e=77926286822402 HTTP/2.0" 200 183473 "-" "meta-externalagent/1.1 (+https://developers.facebook.com/docs/sharing/webmasters/crawler)"
57.141.0.42 - - [13/Mar/2026:01:50:24 +0530] "GET /?e=1913147732307 HTTP/2.0" 200 183473 "-" "meta-externalagent/1.1 (+https://developers.facebook.com/docs/sharing/webmasters/crawler)"
74.7.243.201 - - [13/Mar/2026:01:50:26 +0530] "GET /goods.php?detail/262043215213 HTTP/2.0" 200 24396 "https://www.vedanthasoftware.com/goods.php?detail/2020291990420" "Mozilla/5.0 AppleWebKit/537.36 (KHTML, like Gecko; compatible; GPTBot/1.3; +https://openai.com/gptbot)"
57.141.0.14 - - [13/Mar/2026:01:50:27 +0530] "GET /?e=2061442534700 HTTP/2.0" 200 183473 "-" "meta-externalagent/1.1 (+https://developers.facebook.com/docs/sharing/webmasters/crawler)"
74.7.242.1 - - [13/Mar/2026:01:50:27 +0530] "GET /goods.php?detail/0910094894901 HTTP/2.0" 200 24101 "https://vedanthasoftware.com/goods.php?detail/077045511677" "Mozilla/5.0 AppleWebKit/537.36 (KHTML, like Gecko; compatible; GPTBot/1.3; +https://openai.com/gptbot)"
57.141.0.36 - - [13/Mar/2026:01:50:27 +0530] "GET /?e=8542065284508 HTTP/2.0" 200 183473 "-" "meta-externalagent/1.1 (+https://developers.facebook.com/docs/sharing/webmasters/crawler)"
57.141.0.21 - - [13/Mar/2026:01:50:28 +0530] "GET /?e=0990670616600 HTTP/2.0" 200 183473 "-" "meta-externalagent/1.1 (+https://developers.facebook.com/docs/sharing/webmasters/crawler)"
57.141.0.65 - - [13/Mar/2026:01:50:28 +0530] "GET /?e=6899342920302 HTTP/2.0" 200 183473 "-" "meta-externalagent/1.1 (+https://developers.facebook.com/docs/sharing/webmasters/crawler)"
57.141.0.45 - - [13/Mar/2026:01:50:29 +0530] "GET /?e=1091883097400 HTTP/2.0" 200 183473 "-" "meta-externalagent/1.1 (+https://developers.facebook.com/docs/sharing/webmasters/crawler)"
57.141.0.67 - - [13/Mar/2026:01:50:29 +0530] "GET /?e=28800277867003 HTTP/2.0" 200 183473 "-" "meta-externalagent/1.1 (+https://developers.facebook.com/docs/sharing/webmasters/crawler)"
57.141.0.33 - - [13/Mar/2026:01:50:30 +0530] "GET /?e=6747050122904 HTTP/2.0" 200 183473 "-" "meta-externalagent/1.1 (+https://developers.facebook.com/docs/sharing/webmasters/crawler)"
57.141.0.13 - - [13/Mar/2026:01:50:30 +0530] "GET /?e=3580086252008 HTTP/2.0" 200 183473 "-" "meta-externalagent/1.1 (+https://developers.facebook.com/docs/sharing/webmasters/crawler)"
57.141.0.4 - - [13/Mar/2026:01:50:30 +0530] "GET /?e=7023599469103 HTTP/2.0" 200 183473 "-" "meta-externalagent/1.1 (+https://developers.facebook.com/docs/sharing/webmasters/crawler)"
57.141.0.51 - - [13/Mar/2026:01:50:31 +0530] "GET /?e=3176018152306 HTTP/2.0" 200 183473 "-" "meta-externalagent/1.1 (+https://developers.facebook.com/docs/sharing/webmasters/crawler)"
57.141.0.45 - - [13/Mar/2026:01:50:32 +0530] "GET /?e=78492278887305 HTTP/2.0" 200 183473 "-" "meta-externalagent/1.1 (+https://developers.facebook.com/docs/sharing/webmasters/crawler)"
74.7.243.201 - - [13/Mar/2026:01:50:33 +0530] "GET /goods.php?jp/049036071.html HTTP/2.0" 200 24065 "https://www.vedanthasoftware.com/goods.php?detail/017045045632" "Mozilla/5.0 AppleWebKit/537.36 (KHTML, like Gecko; compatible; GPTBot/1.3; +https://openai.com/gptbot)"
57.141.0.18 - - [13/Mar/2026:01:50:34 +0530] "GET /?e=07200212855000 HTTP/2.0" 200 183473 "-" "meta-externalagent/1.1 (+https://developers.facebook.com/docs/sharing/webmasters/crawler)"
57.141.0.1 - - [13/Mar/2026:01:50:35 +0530] "GET /?e=29076298083100 HTTP/2.0" 200 183473 "-" "meta-externalagent/1.1 (+https://developers.facebook.com/docs/sharing/webmasters/crawler)"
57.141.0.29 - - [13/Mar/2026:01:50:35 +0530] "GET /?e=18266159781800 HTTP/2.0" 200 183473 "-" "meta-externalagent/1.1 (+https://developers.facebook.com/docs/sharing/webmasters/crawler)"
74.7.242.1 - - [13/Mar/2026:01:50:36 +0530] "GET /goods.php?detail/095040478091 HTTP/2.0" 200 25064 "https://vedanthasoftware.com/goods.php?detail/095020173090" "Mozilla/5.0 AppleWebKit/537.36 (KHTML, like Gecko; compatible; GPTBot/1.3; +https://openai.com/gptbot)"
57.141.0.11 - - [13/Mar/2026:01:50:36 +0530] "GET /?e=97758203266001 HTTP/2.0" 200 183473 "-" "meta-externalagent/1.1 (+https://developers.facebook.com/docs/sharing/webmasters/crawler)"
57.141.0.9 - - [13/Mar/2026:01:50:37 +0530] "GET /?e=7771121186405 HTTP/2.0" 200 183473 "-" "meta-externalagent/1.1 (+https://developers.facebook.com/docs/sharing/webmasters/crawler)"
74.7.243.201 - - [13/Mar/2026:01:50:39 +0530] "GET /goods.php?detail/031033189640 HTTP/2.0" 200 24526 "https://www.vedanthasoftware.com/goods.php?detail/031005989660" "Mozilla/5.0 AppleWebKit/537.36 (KHTML, like Gecko; compatible; GPTBot/1.3; +https://openai.com/gptbot)"
57.141.0.59 - - [13/Mar/2026:01:50:40 +0530] "GET /?e=82348278932100 HTTP/2.0" 200 183473 "-" "meta-externalagent/1.1 (+https://developers.facebook.com/docs/sharing/webmasters/crawler)"
57.141.0.70 - - [13/Mar/2026:01:50:40 +0530] "GET /?e=23226176527204 HTTP/2.0" 200 183473 "-" "meta-externalagent/1.1 (+https://developers.facebook.com/docs/sharing/webmasters/crawler)"
74.7.242.1 - - [13/Mar/2026:01:50:41 +0530] "GET /goods.php?detail/095040477468 HTTP/2.0" 200 24865 "https://vedanthasoftware.com/goods.php?detail/095020173090" "Mozilla/5.0 AppleWebKit/537.36 (KHTML, like Gecko; compatible; GPTBot/1.3; +https://openai.com/gptbot)"
74.7.243.201 - - [13/Mar/2026:01:50:44 +0530] "GET /goods.php?detail/230037666109 HTTP/2.0" 200 24012 "https://www.vedanthasoftware.com/goods.php?detail/183006777846" "Mozilla/5.0 AppleWebKit/537.36 (KHTML, like Gecko; compatible; GPTBot/1.3; +https://openai.com/gptbot)"
74.7.242.1 - - [13/Mar/2026:01:50:45 +0530] "GET /goods.php?detail/122021052440 HTTP/2.0" 200 24390 "https://vedanthasoftware.com/goods.php?detail/253038016145" "Mozilla/5.0 AppleWebKit/537.36 (KHTML, like Gecko; compatible; GPTBot/1.3; +https://openai.com/gptbot)"
57.141.0.39 - - [13/Mar/2026:01:50:45 +0530] "GET /?e=10490254685602 HTTP/2.0" 200 183473 "-" "meta-externalagent/1.1 (+https://developers.facebook.com/docs/sharing/webmasters/crawler)"
57.141.0.38 - - [13/Mar/2026:01:50:46 +0530] "GET /?e=54023198849400 HTTP/2.0" 200 183473 "-" "meta-externalagent/1.1 (+https://developers.facebook.com/docs/sharing/webmasters/crawler)"
57.141.0.66 - - [13/Mar/2026:01:50:46 +0530] "GET /?e=27400172315901 HTTP/2.0" 200 183473 "-" "meta-externalagent/1.1 (+https://developers.facebook.com/docs/sharing/webmasters/crawler)"
57.141.0.63 - - [13/Mar/2026:01:50:47 +0530] "GET /?e=0118758260305 HTTP/2.0" 200 183473 "-" "meta-externalagent/1.1 (+https://developers.facebook.com/docs/sharing/webmasters/crawler)"
114.119.147.45 - - [13/Mar/2026:01:50:47 +0530] "GET /?_p=278046124 HTTP/1.1" 301 5 "https://www.vedanthasoftware.com/sitemap546.xml" "Mozilla/5.0 (Linux; Android 7.0;) AppleWebKit/537.36 (KHTML, like Gecko) Mobile Safari/537.36 (compatible; PetalBot;+https://webmaster.petalsearch.com/site/petalbot)"
57.141.0.22 - - [13/Mar/2026:01:50:48 +0530] "GET /?e=39000257230703 HTTP/2.0" 200 183473 "-" "meta-externalagent/1.1 (+https://developers.facebook.com/docs/sharing/webmasters/crawler)"
57.141.0.10 - - [13/Mar/2026:01:50:49 +0530] "GET /?e=90076116085803 HTTP/2.0" 200 183473 "-" "meta-externalagent/1.1 (+https://developers.facebook.com/docs/sharing/webmasters/crawler)"
74.7.243.201 - - [13/Mar/2026:01:50:50 +0530] "GET /goods.php?detail/279004257481 HTTP/2.0" 200 23827 "https://www.vedanthasoftware.com/goods.php?detail/183006777846" "Mozilla/5.0 AppleWebKit/537.36 (KHTML, like Gecko; compatible; GPTBot/1.3; +https://openai.com/gptbot)"
57.141.0.56 - - [13/Mar/2026:01:50:50 +0530] "GET /?e=81192112083004 HTTP/2.0" 200 183473 "-" "meta-externalagent/1.1 (+https://developers.facebook.com/docs/sharing/webmasters/crawler)"
57.141.0.16 - - [13/Mar/2026:01:50:51 +0530] "GET /?e=50810172535105 HTTP/2.0" 200 183473 "-" "meta-externalagent/1.1 (+https://developers.facebook.com/docs/sharing/webmasters/crawler)"
57.141.0.33 - - [13/Mar/2026:01:50:51 +0530] "GET /?e=20296149126100 HTTP/2.0" 200 183473 "-" "meta-externalagent/1.1 (+https://developers.facebook.com/docs/sharing/webmasters/crawler)"
114.119.147.45 - - [13/Mar/2026:01:50:52 +0530] "GET /?_p=278046124 HTTP/1.1" 499 0 "https://www.vedanthasoftware.com/sitemap546.xml" "Mozilla/5.0 (Linux; Android 7.0;) AppleWebKit/537.36 (KHTML, like Gecko) Mobile Safari/537.36 (compatible; PetalBot;+https://webmaster.petalsearch.com/site/petalbot)"
57.141.0.10 - - [13/Mar/2026:01:50:52 +0530] "GET /?e=372291796300 HTTP/2.0" 200 183473 "-" "meta-externalagent/1.1 (+https://developers.facebook.com/docs/sharing/webmasters/crawler)"
57.141.0.66 - - [13/Mar/2026:01:50:53 +0530] "GET /?e=62444124502001 HTTP/2.0" 200 183473 "-" "meta-externalagent/1.1 (+https://developers.facebook.com/docs/sharing/webmasters/crawler)"
57.141.0.20 - - [13/Mar/2026:01:50:54 +0530] "GET /?e=10058206305200 HTTP/2.0" 200 183473 "-" "meta-externalagent/1.1 (+https://developers.facebook.com/docs/sharing/webmasters/crawler)"
74.7.243.201 - - [13/Mar/2026:01:50:55 +0530] "GET /goods.php?detail/040014270929 HTTP/2.0" 200 24157 "https://www.vedanthasoftware.com/goods.php?detail/0400404942319" "Mozilla/5.0 AppleWebKit/537.36 (KHTML, like Gecko; compatible; GPTBot/1.3; +https://openai.com/gptbot)"
