HEX
Server: nginx/1.28.1
System: Linux vmi1787581.contaboserver.net 5.15.0-168-generic #178-Ubuntu SMP Fri Jan 9 19:05:03 UTC 2026 x86_64
User: vedanthasoft_usr62 (1016)
PHP: 7.4.33
Disabled: NONE
Upload Files
File: /var/www/vedanthasoft_usr62/data/logs/vedanthasoftware.com-frontend.access.log
74.7.243.215 - - [13/Mar/2026:00:00:21 +0530] "GET /goods.php?detail/286001660730 HTTP/2.0" 200 24483 "https://vedanthasoftware.com/goods.php?detail/108042010597" "Mozilla/5.0 AppleWebKit/537.36 (KHTML, like Gecko; compatible; GPTBot/1.3; +https://openai.com/gptbot)"
66.249.74.130 - - [13/Mar/2026:00:00:28 +0530] "GET /?e=0949649669106 HTTP/1.1" 200 55164 "-" "Mozilla/5.0 (Linux; Android 6.0.1; Nexus 5X Build/MMB29P) AppleWebKit/537.36 (KHTML, like Gecko) Chrome/145.0.7632.116 Mobile Safari/537.36 (compatible; Googlebot/2.1; +http://www.google.com/bot.html)"
66.249.74.129 - - [13/Mar/2026:00:00:30 +0530] "GET /?e=68893215417600 HTTP/1.1" 200 57723 "-" "Mozilla/5.0 (Linux; Android 6.0.1; Nexus 5X Build/MMB29P) AppleWebKit/537.36 (KHTML, like Gecko) Chrome/145.0.7632.116 Mobile Safari/537.36 (compatible; Googlebot/2.1; +http://www.google.com/bot.html)"
74.7.243.215 - - [13/Mar/2026:00:00:31 +0530] "GET /goods.php?detail/120040959262 HTTP/2.0" 200 24097 "https://vedanthasoftware.com/goods.php?detail/016004701082" "Mozilla/5.0 AppleWebKit/537.36 (KHTML, like Gecko; compatible; GPTBot/1.3; +https://openai.com/gptbot)"
66.249.73.97 - - [13/Mar/2026:00:00:33 +0530] "GET /?g=21820261374 HTTP/1.1" 200 53896 "-" "Mozilla/5.0 (Linux; Android 6.0.1; Nexus 5X Build/MMB29P) AppleWebKit/537.36 (KHTML, like Gecko) Chrome/145.0.7632.116 Mobile Safari/537.36 (compatible; Googlebot/2.1; +http://www.google.com/bot.html)"
74.7.243.215 - - [13/Mar/2026:00:00:35 +0530] "GET /goods.php?detail/168020305335 HTTP/2.0" 200 24069 "https://vedanthasoftware.com/goods.php?detail/109008037310" "Mozilla/5.0 AppleWebKit/537.36 (KHTML, like Gecko; compatible; GPTBot/1.3; +https://openai.com/gptbot)"
74.7.243.215 - - [13/Mar/2026:00:00:41 +0530] "GET /goods.php?detail/155004851916 HTTP/2.0" 200 24021 "https://vedanthasoftware.com/goods.php?detail/044025312965" "Mozilla/5.0 AppleWebKit/537.36 (KHTML, like Gecko; compatible; GPTBot/1.3; +https://openai.com/gptbot)"
74.7.243.215 - - [13/Mar/2026:00:00:46 +0530] "GET /goods.php?detail/183013822873 HTTP/2.0" 200 24272 "https://vedanthasoftware.com/goods.php?detail/241006740161" "Mozilla/5.0 AppleWebKit/537.36 (KHTML, like Gecko; compatible; GPTBot/1.3; +https://openai.com/gptbot)"
74.7.243.215 - - [13/Mar/2026:00:00:52 +0530] "GET /goods.php?detail/0730082266981 HTTP/2.0" 200 24013 "https://vedanthasoftware.com/goods.php?detail/066024045659" "Mozilla/5.0 AppleWebKit/537.36 (KHTML, like Gecko; compatible; GPTBot/1.3; +https://openai.com/gptbot)"
74.7.243.215 - - [13/Mar/2026:00:00:57 +0530] "GET /goods.php?detail/086005170721 HTTP/2.0" 200 24638 "https://vedanthasoftware.com/goods.php?detail/086028044224" "Mozilla/5.0 AppleWebKit/537.36 (KHTML, like Gecko; compatible; GPTBot/1.3; +https://openai.com/gptbot)"
16.98.77.174 - - [13/Mar/2026:00:01:00 +0530] "GET /cloud-computing/ HTTP/1.1" 200 31245 "-" "Mozilla/5.0 (compatible; MSIE 7.0; Windows 98; Win 9x 4.90; Trident/5.0)"
114.119.147.45 - - [13/Mar/2026:00:01:01 +0530] "GET /?_p=146033116 HTTP/1.1" 301 5 "https://www.vedanthasoftware.com/sitemap546.xml" "Mozilla/5.0 (Linux; Android 7.0;) AppleWebKit/537.36 (KHTML, like Gecko) Mobile Safari/537.36 (compatible; PetalBot;+https://webmaster.petalsearch.com/site/petalbot)"
74.7.243.215 - - [13/Mar/2026:00:01:02 +0530] "GET /goods.php?goods/291040738 HTTP/2.0" 200 23871 "https://vedanthasoftware.com/goods.php?detail/215027574205" "Mozilla/5.0 AppleWebKit/537.36 (KHTML, like Gecko; compatible; GPTBot/1.3; +https://openai.com/gptbot)"
114.119.147.45 - - [13/Mar/2026:00:01:03 +0530] "GET /?_p=146033116 HTTP/1.1" 200 38165 "https://www.vedanthasoftware.com/sitemap546.xml" "Mozilla/5.0 (Linux; Android 7.0;) AppleWebKit/537.36 (KHTML, like Gecko) Mobile Safari/537.36 (compatible; PetalBot;+https://webmaster.petalsearch.com/site/petalbot)"
74.7.243.215 - - [13/Mar/2026:00:01:07 +0530] "GET /goods.php?detail/211026446341 HTTP/2.0" 200 23922 "https://vedanthasoftware.com/goods.php?detail/2110103161424" "Mozilla/5.0 AppleWebKit/537.36 (KHTML, like Gecko; compatible; GPTBot/1.3; +https://openai.com/gptbot)"
74.7.243.215 - - [13/Mar/2026:00:01:12 +0530] "GET /goods.php?detail/130019204515 HTTP/2.0" 200 23818 "https://vedanthasoftware.com/goods.php?detail/241035520200" "Mozilla/5.0 AppleWebKit/537.36 (KHTML, like Gecko; compatible; GPTBot/1.3; +https://openai.com/gptbot)"
74.7.243.215 - - [13/Mar/2026:00:01:17 +0530] "GET /goods.php?detail/003039105354 HTTP/2.0" 200 24045 "https://vedanthasoftware.com/goods.php?detail/131004245530" "Mozilla/5.0 AppleWebKit/537.36 (KHTML, like Gecko; compatible; GPTBot/1.3; +https://openai.com/gptbot)"
103.82.22.214 - - [13/Mar/2026:00:01:19 +0530] "POST /xmlrpc.php HTTP/2.0" 200 401 "-" "Mozilla/4.0 (compatible; MSIE 7.0; Windows NT 6.1; Trident/7.0; SLCC2; .NET CLR 2.0.50727; .NET CLR 3.5.30729; .NET CLR 3.0.30729; .NET4.0C; .NET4.0E; Tablet PC 2.0; Creative AutoUpdate v1.40.01)"
74.7.243.215 - - [13/Mar/2026:00:01:21 +0530] "GET /goods.php?detail/128018831669 HTTP/2.0" 200 24950 "https://vedanthasoftware.com/goods.php?detail/128035403494" "Mozilla/5.0 AppleWebKit/537.36 (KHTML, like Gecko; compatible; GPTBot/1.3; +https://openai.com/gptbot)"
74.7.243.215 - - [13/Mar/2026:00:01:26 +0530] "GET /goods.php?detail/120040957020 HTTP/2.0" 200 24256 "https://vedanthasoftware.com/goods.php?detail/120040959262" "Mozilla/5.0 AppleWebKit/537.36 (KHTML, like Gecko; compatible; GPTBot/1.3; +https://openai.com/gptbot)"
74.7.243.215 - - [13/Mar/2026:00:01:29 +0530] "GET /goods.php?detail/132011542481 HTTP/2.0" 200 24252 "https://vedanthasoftware.com/goods.php?detail/120040959262" "Mozilla/5.0 AppleWebKit/537.36 (KHTML, like Gecko; compatible; GPTBot/1.3; +https://openai.com/gptbot)"
74.7.243.215 - - [13/Mar/2026:00:01:34 +0530] "GET /goods.php?detail/1550387760346 HTTP/2.0" 200 24118 "https://vedanthasoftware.com/goods.php?detail/155004851916" "Mozilla/5.0 AppleWebKit/537.36 (KHTML, like Gecko; compatible; GPTBot/1.3; +https://openai.com/gptbot)"
74.7.243.215 - - [13/Mar/2026:00:01:38 +0530] "GET /goods.php?detail/168020308121 HTTP/2.0" 200 24463 "https://vedanthasoftware.com/goods.php?detail/168020305335" "Mozilla/5.0 AppleWebKit/537.36 (KHTML, like Gecko; compatible; GPTBot/1.3; +https://openai.com/gptbot)"
74.7.243.215 - - [13/Mar/2026:00:01:43 +0530] "GET /goods.php?detail/0470390934403 HTTP/2.0" 200 24278 "https://vedanthasoftware.com/goods.php?detail/0730082266981" "Mozilla/5.0 AppleWebKit/537.36 (KHTML, like Gecko; compatible; GPTBot/1.3; +https://openai.com/gptbot)"
74.7.243.215 - - [13/Mar/2026:00:01:47 +0530] "GET /goods.php?detail/0110189343880 HTTP/2.0" 200 24167 "https://vedanthasoftware.com/goods.php?detail/086005170721" "Mozilla/5.0 AppleWebKit/537.36 (KHTML, like Gecko; compatible; GPTBot/1.3; +https://openai.com/gptbot)"
74.7.243.215 - - [13/Mar/2026:00:01:51 +0530] "GET /goods.php?detail/291009311515 HTTP/2.0" 200 24051 "https://vedanthasoftware.com/goods.php?goods/291040738" "Mozilla/5.0 AppleWebKit/537.36 (KHTML, like Gecko; compatible; GPTBot/1.3; +https://openai.com/gptbot)"
74.7.243.215 - - [13/Mar/2026:00:01:56 +0530] "GET /goods.php?detail/300028297109 HTTP/2.0" 200 23807 "https://vedanthasoftware.com/goods.php?detail/211026446341" "Mozilla/5.0 AppleWebKit/537.36 (KHTML, like Gecko; compatible; GPTBot/1.3; +https://openai.com/gptbot)"
74.7.243.215 - - [13/Mar/2026:00:02:01 +0530] "GET /goods.php?detail/169030820060 HTTP/2.0" 200 25377 "https://vedanthasoftware.com/goods.php?detail/169024854285" "Mozilla/5.0 AppleWebKit/537.36 (KHTML, like Gecko; compatible; GPTBot/1.3; +https://openai.com/gptbot)"
74.7.243.215 - - [13/Mar/2026:00:02:06 +0530] "GET /goods.php?detail/268029813340 HTTP/2.0" 200 24521 "https://vedanthasoftware.com/goods.php?detail/003039105354" "Mozilla/5.0 AppleWebKit/537.36 (KHTML, like Gecko; compatible; GPTBot/1.3; +https://openai.com/gptbot)"
74.7.243.215 - - [13/Mar/2026:00:02:10 +0530] "GET /goods.php?detail/128006147906 HTTP/2.0" 200 23758 "https://vedanthasoftware.com/goods.php?detail/128018831669" "Mozilla/5.0 AppleWebKit/537.36 (KHTML, like Gecko; compatible; GPTBot/1.3; +https://openai.com/gptbot)"
74.7.243.215 - - [13/Mar/2026:00:02:15 +0530] "GET /goods.php?detail/015044268323 HTTP/2.0" 200 23700 "https://vedanthasoftware.com/goods.php?detail/003039105354" "Mozilla/5.0 AppleWebKit/537.36 (KHTML, like Gecko; compatible; GPTBot/1.3; +https://openai.com/gptbot)"
74.7.243.215 - - [13/Mar/2026:00:02:21 +0530] "GET /goods.php?detail/188037307978 HTTP/2.0" 200 24703 "https://vedanthasoftware.com/goods.php?detail/153005355100" "Mozilla/5.0 AppleWebKit/537.36 (KHTML, like Gecko; compatible; GPTBot/1.3; +https://openai.com/gptbot)"
74.7.243.215 - - [13/Mar/2026:00:02:27 +0530] "GET /goods.php?detail/207007637866 HTTP/2.0" 200 23923 "https://vedanthasoftware.com/goods.php?detail/1550387760346" "Mozilla/5.0 AppleWebKit/537.36 (KHTML, like Gecko; compatible; GPTBot/1.3; +https://openai.com/gptbot)"
74.7.243.215 - - [13/Mar/2026:00:02:31 +0530] "GET /goods.php?detail/261030326713 HTTP/2.0" 200 24574 "https://vedanthasoftware.com/goods.php?detail/1550387760346" "Mozilla/5.0 AppleWebKit/537.36 (KHTML, like Gecko; compatible; GPTBot/1.3; +https://openai.com/gptbot)"
74.7.243.215 - - [13/Mar/2026:00:02:36 +0530] "GET /goods.php?detail/143007029996 HTTP/2.0" 200 23654 "https://vedanthasoftware.com/goods.php?detail/1550387760346" "Mozilla/5.0 AppleWebKit/537.36 (KHTML, like Gecko; compatible; GPTBot/1.3; +https://openai.com/gptbot)"
74.7.243.215 - - [13/Mar/2026:00:02:44 +0530] "GET /goods.php?detail/052012266910 HTTP/2.0" 200 24646 "https://vedanthasoftware.com/goods.php?jp/052003993.html" "Mozilla/5.0 AppleWebKit/537.36 (KHTML, like Gecko; compatible; GPTBot/1.3; +https://openai.com/gptbot)"
74.7.243.215 - - [13/Mar/2026:00:02:50 +0530] "GET /goods.php?goods/291029362 HTTP/2.0" 200 24852 "https://vedanthasoftware.com/goods.php?detail/291009311515" "Mozilla/5.0 AppleWebKit/537.36 (KHTML, like Gecko; compatible; GPTBot/1.3; +https://openai.com/gptbot)"
185.249.227.216 - - [13/Mar/2026:00:02:55 +0530] "POST /wp-cron.php?doing_wp_cron=1773340373.9993779659271240234375 HTTP/1.1" 499 0 "-" "WordPress/6.9.1; https://vedanthasoftware.com"
114.119.144.200 - - [13/Mar/2026:00:02:55 +0530] "GET /?_p=133032111 HTTP/1.1" 301 5 "https://www.vedanthasoftware.com/sitemap546.xml" "Mozilla/5.0 (Linux; Android 7.0;) AppleWebKit/537.36 (KHTML, like Gecko) Mobile Safari/537.36 (compatible; PetalBot;+https://webmaster.petalsearch.com/site/petalbot)"
74.7.243.215 - - [13/Mar/2026:00:02:57 +0530] "GET /goods.php?detail/264037403908 HTTP/2.0" 200 24633 "https://vedanthasoftware.com/goods.php?detail/300028297109" "Mozilla/5.0 AppleWebKit/537.36 (KHTML, like Gecko; compatible; GPTBot/1.3; +https://openai.com/gptbot)"
114.119.144.200 - - [13/Mar/2026:00:03:01 +0530] "GET /?_p=133032111 HTTP/1.1" 200 38159 "https://www.vedanthasoftware.com/sitemap546.xml" "Mozilla/5.0 (Linux; Android 7.0;) AppleWebKit/537.36 (KHTML, like Gecko) Mobile Safari/537.36 (compatible; PetalBot;+https://webmaster.petalsearch.com/site/petalbot)"
74.7.243.215 - - [13/Mar/2026:00:03:02 +0530] "GET /goods.php?detail/300024291123 HTTP/2.0" 200 24160 "https://vedanthasoftware.com/goods.php?detail/300028297109" "Mozilla/5.0 AppleWebKit/537.36 (KHTML, like Gecko; compatible; GPTBot/1.3; +https://openai.com/gptbot)"
74.7.243.215 - - [13/Mar/2026:00:03:08 +0530] "GET /goods.php?detail/1240069664016 HTTP/2.0" 200 24856 "https://vedanthasoftware.com/goods.php?detail/268029813340" "Mozilla/5.0 AppleWebKit/537.36 (KHTML, like Gecko; compatible; GPTBot/1.3; +https://openai.com/gptbot)"
74.7.243.215 - - [13/Mar/2026:00:03:12 +0530] "GET /goods.php?detail/128042957842 HTTP/2.0" 200 24061 "https://vedanthasoftware.com/goods.php?detail/128006147906" "Mozilla/5.0 AppleWebKit/537.36 (KHTML, like Gecko; compatible; GPTBot/1.3; +https://openai.com/gptbot)"
74.7.243.215 - - [13/Mar/2026:00:03:16 +0530] "GET /goods.php?detail/015026038790 HTTP/2.0" 200 24086 "https://vedanthasoftware.com/goods.php?detail/015044268323" "Mozilla/5.0 AppleWebKit/537.36 (KHTML, like Gecko; compatible; GPTBot/1.3; +https://openai.com/gptbot)"
74.7.243.215 - - [13/Mar/2026:00:03:20 +0530] "GET /goods.php?detail/188007152151 HTTP/2.0" 200 23918 "https://vedanthasoftware.com/goods.php?detail/188037307978" "Mozilla/5.0 AppleWebKit/537.36 (KHTML, like Gecko; compatible; GPTBot/1.3; +https://openai.com/gptbot)"
51.195.244.227 - - [13/Mar/2026:00:03:26 +0530] "GET /wp-content/plugins/radiantthemes-addons/quote-box/css/radiantthemes-quote-box-element-one.css?ver=6.9.1 HTTP/2.0" 200 346 "-" "Mozilla/5.0 (compatible; AhrefsBot/7.0; +http://ahrefs.com/robot/)"
198.244.183.248 - - [13/Mar/2026:00:03:27 +0530] "GET /wp-content/themes/consultix/css/radiantthemes-gutenberg-blocks.css?ver=1773340075 HTTP/2.0" 200 4608 "-" "Mozilla/5.0 (compatible; AhrefsBot/7.0; +http://ahrefs.com/robot/)"
74.7.243.215 - - [13/Mar/2026:00:03:28 +0530] "GET /goods.php?detail/188007150215 HTTP/2.0" 200 24003 "https://vedanthasoftware.com/goods.php?detail/188037307978" "Mozilla/5.0 AppleWebKit/537.36 (KHTML, like Gecko; compatible; GPTBot/1.3; +https://openai.com/gptbot)"
74.7.243.215 - - [13/Mar/2026:00:03:35 +0530] "GET /goods.php?detail/1810474377878 HTTP/2.0" 200 24082 "https://vedanthasoftware.com/goods.php?detail/207007637866" "Mozilla/5.0 AppleWebKit/537.36 (KHTML, like Gecko; compatible; GPTBot/1.3; +https://openai.com/gptbot)"
66.249.73.97 - - [13/Mar/2026:00:03:37 +0530] "GET /?goods/214014891 HTTP/1.1" 200 53399 "-" "Mozilla/5.0 (Linux; Android 6.0.1; Nexus 5X Build/MMB29P) AppleWebKit/537.36 (KHTML, like Gecko) Chrome/145.0.7632.116 Mobile Safari/537.36 (compatible; Googlebot/2.1; +http://www.google.com/bot.html)"
66.249.74.130 - - [13/Mar/2026:00:03:39 +0530] "GET /?e=04080128088700 HTTP/1.1" 200 54929 "-" "Mozilla/5.0 (Linux; Android 6.0.1; Nexus 5X Build/MMB29P) AppleWebKit/537.36 (KHTML, like Gecko) Chrome/145.0.7632.116 Mobile Safari/537.36 (compatible; Googlebot/2.1; +http://www.google.com/bot.html)"
74.7.243.215 - - [13/Mar/2026:00:03:41 +0530] "GET /goods.php?detail/2550430326300 HTTP/2.0" 200 24373 "https://vedanthasoftware.com/goods.php?detail/188037307978" "Mozilla/5.0 AppleWebKit/537.36 (KHTML, like Gecko; compatible; GPTBot/1.3; +https://openai.com/gptbot)"
74.7.243.215 - - [13/Mar/2026:00:03:45 +0530] "GET /goods.php?detail/052029749792 HTTP/2.0" 200 24773 "https://vedanthasoftware.com/goods.php?detail/052012266910" "Mozilla/5.0 AppleWebKit/537.36 (KHTML, like Gecko; compatible; GPTBot/1.3; +https://openai.com/gptbot)"
74.7.243.215 - - [13/Mar/2026:00:03:50 +0530] "GET /goods.php?detail/020023349601 HTTP/2.0" 200 23855 "https://vedanthasoftware.com/goods.php?goods/291029362" "Mozilla/5.0 AppleWebKit/537.36 (KHTML, like Gecko; compatible; GPTBot/1.3; +https://openai.com/gptbot)"
74.7.243.215 - - [13/Mar/2026:00:03:55 +0530] "GET /goods.php?detail/264035120314 HTTP/2.0" 200 24170 "https://vedanthasoftware.com/goods.php?detail/264037403908" "Mozilla/5.0 AppleWebKit/537.36 (KHTML, like Gecko; compatible; GPTBot/1.3; +https://openai.com/gptbot)"
74.7.243.215 - - [13/Mar/2026:00:03:58 +0530] "GET /goods.php?detail/266012454531 HTTP/2.0" 200 24055 "https://vedanthasoftware.com/goods.php?detail/261030326713" "Mozilla/5.0 AppleWebKit/537.36 (KHTML, like Gecko; compatible; GPTBot/1.3; +https://openai.com/gptbot)"
74.7.243.215 - - [13/Mar/2026:00:04:02 +0530] "GET /goods.php?detail/225030149503 HTTP/2.0" 200 24621 "https://vedanthasoftware.com/goods.php?detail/207007637866" "Mozilla/5.0 AppleWebKit/537.36 (KHTML, like Gecko; compatible; GPTBot/1.3; +https://openai.com/gptbot)"
74.7.243.215 - - [13/Mar/2026:00:04:06 +0530] "GET /goods.php?detail/240015955579 HTTP/2.0" 200 25862 "https://vedanthasoftware.com/goods.php?detail/128042957842" "Mozilla/5.0 AppleWebKit/537.36 (KHTML, like Gecko; compatible; GPTBot/1.3; +https://openai.com/gptbot)"
74.7.243.215 - - [13/Mar/2026:00:04:11 +0530] "GET /goods.php?detail/280033900058 HTTP/2.0" 200 23851 "https://vedanthasoftware.com/goods.php?detail/015026038790" "Mozilla/5.0 AppleWebKit/537.36 (KHTML, like Gecko; compatible; GPTBot/1.3; +https://openai.com/gptbot)"
74.7.243.215 - - [13/Mar/2026:00:04:15 +0530] "GET /goods.php?goods/188007152 HTTP/2.0" 200 23927 "https://vedanthasoftware.com/goods.php?detail/188007152151" "Mozilla/5.0 AppleWebKit/537.36 (KHTML, like Gecko; compatible; GPTBot/1.3; +https://openai.com/gptbot)"
74.7.243.215 - - [13/Mar/2026:00:04:21 +0530] "GET /goods.php?detail/015049065658 HTTP/2.0" 200 24890 "https://vedanthasoftware.com/goods.php?detail/015026038790" "Mozilla/5.0 AppleWebKit/537.36 (KHTML, like Gecko; compatible; GPTBot/1.3; +https://openai.com/gptbot)"
74.7.243.215 - - [13/Mar/2026:00:04:26 +0530] "GET /goods.php?detail/188027270655 HTTP/2.0" 200 25451 "https://vedanthasoftware.com/goods.php?detail/188007150215" "Mozilla/5.0 AppleWebKit/537.36 (KHTML, like Gecko; compatible; GPTBot/1.3; +https://openai.com/gptbot)"
74.7.243.215 - - [13/Mar/2026:00:04:32 +0530] "GET /goods.php?detail/255031803782 HTTP/2.0" 200 24553 "https://vedanthasoftware.com/goods.php?detail/2550430326300" "Mozilla/5.0 AppleWebKit/537.36 (KHTML, like Gecko; compatible; GPTBot/1.3; +https://openai.com/gptbot)"
74.7.243.215 - - [13/Mar/2026:00:04:37 +0530] "GET /goods.php?detail/0840110570187 HTTP/2.0" 200 24112 "https://vedanthasoftware.com/goods.php?detail/052029749792" "Mozilla/5.0 AppleWebKit/537.36 (KHTML, like Gecko; compatible; GPTBot/1.3; +https://openai.com/gptbot)"
74.7.243.215 - - [13/Mar/2026:00:04:41 +0530] "GET /goods.php?detail/0200273772352 HTTP/2.0" 200 23927 "https://vedanthasoftware.com/goods.php?detail/020023349601" "Mozilla/5.0 AppleWebKit/537.36 (KHTML, like Gecko; compatible; GPTBot/1.3; +https://openai.com/gptbot)"
74.7.243.215 - - [13/Mar/2026:00:04:45 +0530] "GET /goods.php?detail/264044612604 HTTP/2.0" 200 24473 "https://vedanthasoftware.com/goods.php?detail/264035120314" "Mozilla/5.0 AppleWebKit/537.36 (KHTML, like Gecko; compatible; GPTBot/1.3; +https://openai.com/gptbot)"
74.7.243.215 - - [13/Mar/2026:00:04:50 +0530] "GET /goods.php?detail/290002817198 HTTP/2.0" 200 24263 "https://vedanthasoftware.com/goods.php?detail/052029749792" "Mozilla/5.0 AppleWebKit/537.36 (KHTML, like Gecko; compatible; GPTBot/1.3; +https://openai.com/gptbot)"
74.7.243.215 - - [13/Mar/2026:00:04:55 +0530] "GET /goods.php?detail/138031143373 HTTP/2.0" 200 25128 "https://vedanthasoftware.com/goods.php?detail/225030149503" "Mozilla/5.0 AppleWebKit/537.36 (KHTML, like Gecko; compatible; GPTBot/1.3; +https://openai.com/gptbot)"
74.7.243.215 - - [13/Mar/2026:00:05:01 +0530] "GET /goods.php?detail/240026230112 HTTP/2.0" 200 23727 "https://vedanthasoftware.com/goods.php?detail/240015955579" "Mozilla/5.0 AppleWebKit/537.36 (KHTML, like Gecko; compatible; GPTBot/1.3; +https://openai.com/gptbot)"
74.7.243.215 - - [13/Mar/2026:00:05:07 +0530] "GET /goods.php?detail/280014196496 HTTP/2.0" 200 23918 "https://vedanthasoftware.com/goods.php?detail/280033900058" "Mozilla/5.0 AppleWebKit/537.36 (KHTML, like Gecko; compatible; GPTBot/1.3; +https://openai.com/gptbot)"
74.7.243.215 - - [13/Mar/2026:00:05:12 +0530] "GET /goods.php?detail/291040738813 HTTP/2.0" 200 23746 "https://vedanthasoftware.com/goods.php?goods/291029362" "Mozilla/5.0 AppleWebKit/537.36 (KHTML, like Gecko; compatible; GPTBot/1.3; +https://openai.com/gptbot)"
74.7.243.215 - - [13/Mar/2026:00:05:17 +0530] "GET /goods.php?detail/264046286314 HTTP/2.0" 200 24025 "https://vedanthasoftware.com/goods.php?detail/264035120314" "Mozilla/5.0 AppleWebKit/537.36 (KHTML, like Gecko; compatible; GPTBot/1.3; +https://openai.com/gptbot)"
74.7.243.215 - - [13/Mar/2026:00:05:22 +0530] "GET /goods.php?detail/188007104291 HTTP/2.0" 200 24851 "https://vedanthasoftware.com/goods.php?detail/188027270655" "Mozilla/5.0 AppleWebKit/537.36 (KHTML, like Gecko; compatible; GPTBot/1.3; +https://openai.com/gptbot)"
141.98.11.44 - - [13/Mar/2026:00:05:26 +0530] "GET /wp-includes/sodium_compat/src/Core/SecretStream/State.php HTTP/1.1" 200 34 "-" "Mozilla/5.0 (Windows NT 10.0; Win64; x64) AppleWebKit/537.36"
74.7.243.215 - - [13/Mar/2026:00:05:30 +0530] "GET /goods.php?detail/255024024290 HTTP/2.0" 200 24621 "https://vedanthasoftware.com/goods.php?detail/255031803782" "Mozilla/5.0 AppleWebKit/537.36 (KHTML, like Gecko; compatible; GPTBot/1.3; +https://openai.com/gptbot)"
74.7.243.215 - - [13/Mar/2026:00:05:36 +0530] "GET /goods.php?detail/112049495336 HTTP/2.0" 200 23454 "https://vedanthasoftware.com/goods.php?detail/255031803782" "Mozilla/5.0 AppleWebKit/537.36 (KHTML, like Gecko; compatible; GPTBot/1.3; +https://openai.com/gptbot)"
74.7.243.215 - - [13/Mar/2026:00:05:42 +0530] "GET /goods.php?detail/044008862598 HTTP/2.0" 200 24282 "https://vedanthasoftware.com/goods.php?detail/1810474377878" "Mozilla/5.0 AppleWebKit/537.36 (KHTML, like Gecko; compatible; GPTBot/1.3; +https://openai.com/gptbot)"
74.7.243.215 - - [13/Mar/2026:00:05:47 +0530] "GET /goods.php?detail/264039438685 HTTP/2.0" 200 24004 "https://vedanthasoftware.com/goods.php?detail/264044612604" "Mozilla/5.0 AppleWebKit/537.36 (KHTML, like Gecko; compatible; GPTBot/1.3; +https://openai.com/gptbot)"
74.7.243.215 - - [13/Mar/2026:00:05:51 +0530] "GET /goods.php?detail/140010256290 HTTP/2.0" 200 24136 "https://vedanthasoftware.com/goods.php?goods/188007152" "Mozilla/5.0 AppleWebKit/537.36 (KHTML, like Gecko; compatible; GPTBot/1.3; +https://openai.com/gptbot)"
114.119.158.211 - - [13/Mar/2026:00:05:55 +0530] "GET /?_p=131035469 HTTP/1.1" 301 5 "https://www.vedanthasoftware.com/sitemap546.xml" "Mozilla/5.0 (Linux; Android 7.0;) AppleWebKit/537.36 (KHTML, like Gecko) Mobile Safari/537.36 (compatible; PetalBot;+https://webmaster.petalsearch.com/site/petalbot)"
114.119.158.211 - - [13/Mar/2026:00:05:57 +0530] "GET /?_p=131035469 HTTP/1.1" 200 38171 "https://www.vedanthasoftware.com/sitemap546.xml" "Mozilla/5.0 (Linux; Android 7.0;) AppleWebKit/537.36 (KHTML, like Gecko) Mobile Safari/537.36 (compatible; PetalBot;+https://webmaster.petalsearch.com/site/petalbot)"
40.77.167.7 - - [13/Mar/2026:00:07:25 +0530] "GET /?e=9942228507300 HTTP/2.0" 200 33 "-" "Mozilla/5.0 AppleWebKit/537.36 (KHTML, like Gecko; compatible; bingbot/2.0; +http://www.bing.com/bingbot.htm) Chrome/116.0.1938.76 Safari/537.36"
34.125.125.122 - - [13/Mar/2026:00:08:13 +0530] "HEAD /old/ HTTP/1.1" 301 0 "-" "Mozilla/5.0 (Linux; Android 11; moto g31) AppleWebKit/537.36 (KHTML, like Gecko) Chrome/122.0.6261.96 Mobile Safari/537.36"
34.125.125.122 - - [13/Mar/2026:00:08:14 +0530] "HEAD /old/ HTTP/2.0" 404 0 "http://vedanthasoftware.com/old/" "Mozilla/5.0 (Linux; Android 11; moto g31) AppleWebKit/537.36 (KHTML, like Gecko) Chrome/122.0.6261.96 Mobile Safari/537.36"
34.125.125.122 - - [13/Mar/2026:00:08:14 +0530] "HEAD / HTTP/1.1" 301 0 "-" "Mozilla/5.0 (Macintosh; Intel Mac OS X 13_5) AppleWebKit/605.1.15 (KHTML, like Gecko) Version/16.5 Safari/605.1.15"
34.125.125.122 - - [13/Mar/2026:00:08:15 +0530] "HEAD / HTTP/2.0" 200 0 "http://vedanthasoftware.com/" "Mozilla/5.0 (Macintosh; Intel Mac OS X 13_5) AppleWebKit/605.1.15 (KHTML, like Gecko) Version/16.5 Safari/605.1.15"
34.125.125.122 - - [13/Mar/2026:00:08:15 +0530] "HEAD /blog/ HTTP/1.1" 301 0 "-" "Mozilla/5.0 (Windows NT 11.0; Win64; x64) AppleWebKit/537.36 (KHTML, like Gecko) Edg/128.0.2790.25 Chrome/128.0.6540.22 Safari/537.36"
34.125.125.122 - - [13/Mar/2026:00:08:15 +0530] "HEAD /blog/ HTTP/2.0" 404 0 "http://vedanthasoftware.com/blog/" "Mozilla/5.0 (Windows NT 11.0; Win64; x64) AppleWebKit/537.36 (KHTML, like Gecko) Edg/128.0.2790.25 Chrome/128.0.6540.22 Safari/537.36"
34.125.125.122 - - [13/Mar/2026:00:08:15 +0530] "HEAD /wp/ HTTP/1.1" 301 0 "-" "Mozilla/5.0 (Linux; Android 14; OnePlus 12) AppleWebKit/537.36 (KHTML, like Gecko) Chrome/125.0.6422.102 Mobile Safari/537.36"
34.125.125.122 - - [13/Mar/2026:00:08:16 +0530] "HEAD /wp/ HTTP/2.0" 404 0 "http://vedanthasoftware.com/wp/" "Mozilla/5.0 (Linux; Android 14; OnePlus 12) AppleWebKit/537.36 (KHTML, like Gecko) Chrome/125.0.6422.102 Mobile Safari/537.36"
34.125.125.122 - - [13/Mar/2026:00:08:16 +0530] "HEAD /new/ HTTP/1.1" 301 0 "-" "Mozilla/5.0 (X11; Fedora; Linux x86_64; rv:125.0) Gecko/20100101 Firefox/125.0"
34.125.125.122 - - [13/Mar/2026:00:08:17 +0530] "HEAD /new/ HTTP/2.0" 404 0 "http://vedanthasoftware.com/new/" "Mozilla/5.0 (X11; Fedora; Linux x86_64; rv:125.0) Gecko/20100101 Firefox/125.0"
34.125.125.122 - - [13/Mar/2026:00:08:17 +0530] "HEAD /backup/ HTTP/1.1" 301 0 "-" "Mozilla/5.0 (Macintosh; Intel Mac OS X 13_5) AppleWebKit/605.1.15 (KHTML, like Gecko) Version/16.5 Safari/605.1.15"
34.125.125.122 - - [13/Mar/2026:00:08:17 +0530] "HEAD /backup/ HTTP/2.0" 404 0 "http://vedanthasoftware.com/backup/" "Mozilla/5.0 (Macintosh; Intel Mac OS X 13_5) AppleWebKit/605.1.15 (KHTML, like Gecko) Version/16.5 Safari/605.1.15"
34.125.125.122 - - [13/Mar/2026:00:08:17 +0530] "HEAD /wordpress/ HTTP/1.1" 301 0 "-" "Mozilla/5.0 (Linux; Android 11; RMX2195) AppleWebKit/537.36 (KHTML, like Gecko) Chrome/120.0.6099.210 Mobile Safari/537.36 OPR/75.2.3995.72468"
34.125.125.122 - - [13/Mar/2026:00:08:18 +0530] "HEAD /wordpress/ HTTP/2.0" 404 0 "http://vedanthasoftware.com/wordpress/" "Mozilla/5.0 (Linux; Android 11; RMX2195) AppleWebKit/537.36 (KHTML, like Gecko) Chrome/120.0.6099.210 Mobile Safari/537.36 OPR/75.2.3995.72468"
8.243.68.197 - - [13/Mar/2026:00:08:32 +0530] "GET /?e=98832166067003 HTTP/1.1" 200 38163 "-" "Mozilla/5.0 (Windows NT 10.0; WOW64) AppleWebKit/537.36 (KHTML, like Gecko) Chrome/96.0.4664.45 Safari/537.36"
123.21.78.21 - - [13/Mar/2026:00:08:32 +0530] "GET /?e=7298393887700 HTTP/1.1" 200 38165 "-" "Mozilla/5.0 (Windows NT 6.1; Win64; x64) AppleWebKit/537.36 (KHTML, like Gecko) Chrome/80.0.3987.132 Safari/537.36"
66.249.73.97 - - [13/Mar/2026:00:08:40 +0530] "GET /saiga.php?g=45974164261 HTTP/1.1" 404 47 "-" "Mozilla/5.0 (Linux; Android 6.0.1; Nexus 5X Build/MMB29P) AppleWebKit/537.36 (KHTML, like Gecko) Chrome/145.0.7632.116 Mobile Safari/537.36 (compatible; Googlebot/2.1; +http://www.google.com/bot.html)"
66.249.73.99 - - [13/Mar/2026:00:08:44 +0530] "GET /?g=21820135181 HTTP/1.1" 200 54922 "-" "Mozilla/5.0 (Linux; Android 6.0.1; Nexus 5X Build/MMB29P) AppleWebKit/537.36 (KHTML, like Gecko) Chrome/145.0.7632.116 Mobile Safari/537.36 (compatible; Googlebot/2.1; +http://www.google.com/bot.html)"
66.249.73.98 - - [13/Mar/2026:00:08:48 +0530] "GET /?u=21574243011 HTTP/1.1" 200 56663 "-" "Mozilla/5.0 (Linux; Android 6.0.1; Nexus 5X Build/MMB29P) AppleWebKit/537.36 (KHTML, like Gecko) Chrome/145.0.7632.116 Mobile Safari/537.36 (compatible; Googlebot/2.1; +http://www.google.com/bot.html)"
34.194.226.74 - - [13/Mar/2026:00:09:26 +0530] "GET /most-bet-ile-en-yaxsi-bahis-tecrubesini-yasayin/ HTTP/1.1" 200 104122 "-" "Mozilla/5.0 AppleWebKit/537.36 (KHTML, like Gecko; compatible; Amazonbot/0.1; +https://developer.amazon.com/support/amazonbot) Chrome/119.0.6045.214 Safari/537.36"
114.119.147.45 - - [13/Mar/2026:00:12:12 +0530] "GET /?_p=110041830 HTTP/1.1" 301 5 "https://www.vedanthasoftware.com/sitemap546.xml" "Mozilla/5.0 (Linux; Android 7.0;) AppleWebKit/537.36 (KHTML, like Gecko) Mobile Safari/537.36 (compatible; PetalBot;+https://webmaster.petalsearch.com/site/petalbot)"
114.119.147.45 - - [13/Mar/2026:00:12:16 +0530] "GET /?_p=110041830 HTTP/1.1" 200 38164 "https://www.vedanthasoftware.com/sitemap546.xml" "Mozilla/5.0 (Linux; Android 7.0;) AppleWebKit/537.36 (KHTML, like Gecko) Mobile Safari/537.36 (compatible; PetalBot;+https://webmaster.petalsearch.com/site/petalbot)"
173.252.82.25 - - [13/Mar/2026:00:13:46 +0530] "GET /robots.txt HTTP/2.0" 206 412 "-" "facebookexternalhit/1.1 (+http://www.facebook.com/externalhit_uatext.php)"
114.119.158.211 - - [13/Mar/2026:00:13:59 +0530] "GET /?_p=108039054 HTTP/1.1" 301 5 "https://www.vedanthasoftware.com/sitemap546.xml" "Mozilla/5.0 (Linux; Android 7.0;) AppleWebKit/537.36 (KHTML, like Gecko) Mobile Safari/537.36 (compatible; PetalBot;+https://webmaster.petalsearch.com/site/petalbot)"
185.249.227.216 - - [13/Mar/2026:00:14:02 +0530] "GET / HTTP/1.1" 200 31911 "-" "Mozilla/5.0 (X11; Linux x86_64) AppleWebKit/537.36 (KHTML, like Gecko) Chrome/44.0.2403.157 Safari/537.36"
114.119.158.211 - - [13/Mar/2026:00:14:10 +0530] "GET /?_p=108039054 HTTP/1.1" 200 38167 "https://www.vedanthasoftware.com/sitemap546.xml" "Mozilla/5.0 (Linux; Android 7.0;) AppleWebKit/537.36 (KHTML, like Gecko) Mobile Safari/537.36 (compatible; PetalBot;+https://webmaster.petalsearch.com/site/petalbot)"
201.77.174.216 - - [13/Mar/2026:00:14:35 +0530] "GET /e-commerce/ HTTP/1.1" 200 31166 "-" "Mozilla/5.0 (Macintosh; Intel Mac OS X 10_12_3 rv:2.0; iw-IL) AppleWebKit/532.5.4 (KHTML, like Gecko) Version/5.0.5 Safari/532.5.4"
66.249.74.131 - - [13/Mar/2026:00:14:51 +0530] "GET /?e=3164282569300 HTTP/1.1" 200 53178 "-" "Mozilla/5.0 (Linux; Android 6.0.1; Nexus 5X Build/MMB29P) AppleWebKit/537.36 (KHTML, like Gecko) Chrome/145.0.7632.116 Mobile Safari/537.36 (compatible; Googlebot/2.1; +http://www.google.com/bot.html)"
66.249.73.98 - - [13/Mar/2026:00:14:56 +0530] "GET /?u=21574159826 HTTP/1.1" 200 55978 "-" "Mozilla/5.0 (Linux; Android 6.0.1; Nexus 5X Build/MMB29P) AppleWebKit/537.36 (KHTML, like Gecko) Chrome/145.0.7632.116 Mobile Safari/537.36 (compatible; Googlebot/2.1; +http://www.google.com/bot.html)"
114.119.149.203 - - [13/Mar/2026:00:14:57 +0530] "GET /?_p=107004061 HTTP/1.1" 301 5 "https://www.vedanthasoftware.com/sitemap546.xml" "Mozilla/5.0 (Linux; Android 7.0;) AppleWebKit/537.36 (KHTML, like Gecko) Mobile Safari/537.36 (compatible; PetalBot;+https://webmaster.petalsearch.com/site/petalbot)"
114.119.149.203 - - [13/Mar/2026:00:14:59 +0530] "GET /?_p=107004061 HTTP/1.1" 200 38166 "https://www.vedanthasoftware.com/sitemap546.xml" "Mozilla/5.0 (Linux; Android 7.0;) AppleWebKit/537.36 (KHTML, like Gecko) Mobile Safari/537.36 (compatible; PetalBot;+https://webmaster.petalsearch.com/site/petalbot)"
66.249.73.98 - - [13/Mar/2026:00:15:57 +0530] "GET /ammika.php?products/3140320414 HTTP/1.1" 404 47 "-" "Mozilla/5.0 (Linux; Android 6.0.1; Nexus 5X Build/MMB29P) AppleWebKit/537.36 (KHTML, like Gecko) Chrome/145.0.7632.116 Mobile Safari/537.36 (compatible; Googlebot/2.1; +http://www.google.com/bot.html)"
114.119.144.200 - - [13/Mar/2026:00:16:58 +0530] "GET /?_p=105003511 HTTP/1.1" 301 5 "https://www.vedanthasoftware.com/sitemap546.xml" "Mozilla/5.0 (Linux; Android 7.0;) AppleWebKit/537.36 (KHTML, like Gecko) Mobile Safari/537.36 (compatible; PetalBot;+https://webmaster.petalsearch.com/site/petalbot)"
114.119.144.200 - - [13/Mar/2026:00:17:01 +0530] "GET /?_p=105003511 HTTP/1.1" 200 38168 "https://www.vedanthasoftware.com/sitemap546.xml" "Mozilla/5.0 (Linux; Android 7.0;) AppleWebKit/537.36 (KHTML, like Gecko) Mobile Safari/537.36 (compatible; PetalBot;+https://webmaster.petalsearch.com/site/petalbot)"
40.77.167.18 - - [13/Mar/2026:00:17:14 +0530] "GET /ugurlu-bahis-tecrubesi-ucun-mostbet-rehberi/ HTTP/2.0" 200 33 "-" "Mozilla/5.0 AppleWebKit/537.36 (KHTML, like Gecko; compatible; bingbot/2.0; +http://www.bing.com/bingbot.htm) Chrome/116.0.1938.76 Safari/537.36"
52.253.113.41 - - [13/Mar/2026:00:18:03 +0530] "GET /.trash7206/index.php HTTP/1.1" 404 47 "-" "Mozilla/5.0 (Windows NT 10.0; Win64; x64) AppleWebKit/537.36 (KHTML, like Gecko) Chrome/120.0.0.0 Safari/537.36"
52.253.113.41 - - [13/Mar/2026:00:18:04 +0530] "GET /.well-known/logs233/index.php?p= HTTP/1.1" 404 47 "-" "Mozilla/5.0 (Windows NT 10.0; Win64; x64) AppleWebKit/537.36 (KHTML, like Gecko) Chrome/120.0.0.0 Safari/537.36"
52.253.113.41 - - [13/Mar/2026:00:18:04 +0530] "GET /wp-content/themes/haha.php HTTP/1.1" 404 47 "-" "Mozilla/5.0 (Windows NT 10.0; Win64; x64) AppleWebKit/537.36 (KHTML, like Gecko) Chrome/120.0.0.0 Safari/537.36"
52.253.113.41 - - [13/Mar/2026:00:18:04 +0530] "GET /wp-content/themes/theme/about.php HTTP/1.1" 404 47 "-" "Mozilla/5.0 (Windows NT 10.0; Win64; x64) AppleWebKit/537.36 (KHTML, like Gecko) Chrome/120.0.0.0 Safari/537.36"
52.253.113.41 - - [13/Mar/2026:00:18:04 +0530] "GET /wp-content/plugins/plugin/index.php HTTP/1.1" 404 47 "-" "Mozilla/5.0 (Windows NT 10.0; Win64; x64) AppleWebKit/537.36 (KHTML, like Gecko) Chrome/120.0.0.0 Safari/537.36"
52.253.113.41 - - [13/Mar/2026:00:18:05 +0530] "GET /xmr.php HTTP/1.1" 404 47 "-" "Mozilla/5.0 (Windows NT 10.0; Win64; x64) AppleWebKit/537.36 (KHTML, like Gecko) Chrome/120.0.0.0 Safari/537.36"
52.253.113.41 - - [13/Mar/2026:00:18:05 +0530] "GET /about.php HTTP/1.1" 404 47 "-" "Mozilla/5.0 (Windows NT 10.0; Win64; x64) AppleWebKit/537.36 (KHTML, like Gecko) Chrome/120.0.0.0 Safari/537.36"
52.253.113.41 - - [13/Mar/2026:00:18:05 +0530] "GET /admin.php HTTP/1.1" 404 47 "-" "Mozilla/5.0 (Windows NT 10.0; Win64; x64) AppleWebKit/537.36 (KHTML, like Gecko) Chrome/120.0.0.0 Safari/537.36"
52.253.113.41 - - [13/Mar/2026:00:18:05 +0530] "GET /adminfuns.php HTTP/1.1" 404 47 "-" "Mozilla/5.0 (Windows NT 10.0; Win64; x64) AppleWebKit/537.36 (KHTML, like Gecko) Chrome/120.0.0.0 Safari/537.36"
52.253.113.41 - - [13/Mar/2026:00:18:06 +0530] "GET /as.php HTTP/1.1" 404 47 "-" "Mozilla/5.0 (Windows NT 10.0; Win64; x64) AppleWebKit/537.36 (KHTML, like Gecko) Chrome/120.0.0.0 Safari/537.36"
52.253.113.41 - - [13/Mar/2026:00:18:06 +0530] "GET /bolt.php HTTP/1.1" 404 47 "-" "Mozilla/5.0 (Windows NT 10.0; Win64; x64) AppleWebKit/537.36 (KHTML, like Gecko) Chrome/120.0.0.0 Safari/537.36"
52.253.113.41 - - [13/Mar/2026:00:18:07 +0530] "GET /cgi-bin/ HTTP/1.1" 404 29357 "-" "Mozilla/5.0 (Windows NT 10.0; Win64; x64) AppleWebKit/537.36 (KHTML, like Gecko) Chrome/120.0.0.0 Safari/537.36"
52.253.113.41 - - [13/Mar/2026:00:18:07 +0530] "GET /class-t.api.php HTTP/1.1" 404 47 "-" "Mozilla/5.0 (Windows NT 10.0; Win64; x64) AppleWebKit/537.36 (KHTML, like Gecko) Chrome/120.0.0.0 Safari/537.36"
52.253.113.41 - - [13/Mar/2026:00:18:07 +0530] "GET /edit.php HTTP/1.1" 404 47 "-" "Mozilla/5.0 (Windows NT 10.0; Win64; x64) AppleWebKit/537.36 (KHTML, like Gecko) Chrome/120.0.0.0 Safari/537.36"
52.253.113.41 - - [13/Mar/2026:00:18:08 +0530] "GET /ff1.php HTTP/1.1" 404 47 "-" "Mozilla/5.0 (Windows NT 10.0; Win64; x64) AppleWebKit/537.36 (KHTML, like Gecko) Chrome/120.0.0.0 Safari/537.36"
52.253.113.41 - - [13/Mar/2026:00:18:08 +0530] "GET /fff.php HTTP/1.1" 404 47 "-" "Mozilla/5.0 (Windows NT 10.0; Win64; x64) AppleWebKit/537.36 (KHTML, like Gecko) Chrome/120.0.0.0 Safari/537.36"
52.253.113.41 - - [13/Mar/2026:00:18:08 +0530] "GET /inputs.php?p= HTTP/1.1" 404 47 "-" "Mozilla/5.0 (Windows NT 10.0; Win64; x64) AppleWebKit/537.36 (KHTML, like Gecko) Chrome/120.0.0.0 Safari/537.36"
52.253.113.41 - - [13/Mar/2026:00:18:08 +0530] "GET /ioxi-o.php HTTP/1.1" 404 47 "-" "Mozilla/5.0 (Windows NT 10.0; Win64; x64) AppleWebKit/537.36 (KHTML, like Gecko) Chrome/120.0.0.0 Safari/537.36"
52.253.113.41 - - [13/Mar/2026:00:18:09 +0530] "GET /lite.php HTTP/1.1" 404 47 "-" "Mozilla/5.0 (Windows NT 10.0; Win64; x64) AppleWebKit/537.36 (KHTML, like Gecko) Chrome/120.0.0.0 Safari/537.36"
52.253.113.41 - - [13/Mar/2026:00:18:09 +0530] "GET /ms-edit.php HTTP/1.1" 404 47 "-" "Mozilla/5.0 (Windows NT 10.0; Win64; x64) AppleWebKit/537.36 (KHTML, like Gecko) Chrome/120.0.0.0 Safari/537.36"
52.253.113.41 - - [13/Mar/2026:00:18:09 +0530] "GET /rip.php HTTP/1.1" 404 47 "-" "Mozilla/5.0 (Windows NT 10.0; Win64; x64) AppleWebKit/537.36 (KHTML, like Gecko) Chrome/120.0.0.0 Safari/537.36"
52.253.113.41 - - [13/Mar/2026:00:18:09 +0530] "GET /update/da222.php HTTP/1.1" 404 47 "-" "Mozilla/5.0 (Windows NT 10.0; Win64; x64) AppleWebKit/537.36 (KHTML, like Gecko) Chrome/120.0.0.0 Safari/537.36"
52.253.113.41 - - [13/Mar/2026:00:18:10 +0530] "GET /upload.php HTTP/1.1" 404 47 "-" "Mozilla/5.0 (Windows NT 10.0; Win64; x64) AppleWebKit/537.36 (KHTML, like Gecko) Chrome/120.0.0.0 Safari/537.36"
52.253.113.41 - - [13/Mar/2026:00:18:10 +0530] "GET /wk/index.php HTTP/1.1" 404 47 "-" "Mozilla/5.0 (Windows NT 10.0; Win64; x64) AppleWebKit/537.36 (KHTML, like Gecko) Chrome/120.0.0.0 Safari/537.36"
52.253.113.41 - - [13/Mar/2026:00:18:10 +0530] "GET /wp-act.php HTTP/1.1" 404 47 "-" "Mozilla/5.0 (Windows NT 10.0; Win64; x64) AppleWebKit/537.36 (KHTML, like Gecko) Chrome/120.0.0.0 Safari/537.36"
52.253.113.41 - - [13/Mar/2026:00:18:10 +0530] "GET /wp-admin/css/bolt.php HTTP/1.1" 404 47 "-" "Mozilla/5.0 (Windows NT 10.0; Win64; x64) AppleWebKit/537.36 (KHTML, like Gecko) Chrome/120.0.0.0 Safari/537.36"
52.253.113.41 - - [13/Mar/2026:00:18:11 +0530] "GET /wp-admin/js/ HTTP/1.1" 403 555 "-" "Mozilla/5.0 (Windows NT 10.0; Win64; x64) AppleWebKit/537.36 (KHTML, like Gecko) Chrome/120.0.0.0 Safari/537.36"
52.253.113.41 - - [13/Mar/2026:00:18:11 +0530] "GET /wp-admin/js/widgets/ HTTP/1.1" 403 555 "-" "Mozilla/5.0 (Windows NT 10.0; Win64; x64) AppleWebKit/537.36 (KHTML, like Gecko) Chrome/120.0.0.0 Safari/537.36"
52.253.113.41 - - [13/Mar/2026:00:18:11 +0530] "GET /wp-admin/maint/ HTTP/1.1" 403 555 "-" "Mozilla/5.0 (Windows NT 10.0; Win64; x64) AppleWebKit/537.36 (KHTML, like Gecko) Chrome/120.0.0.0 Safari/537.36"
52.253.113.41 - - [13/Mar/2026:00:18:12 +0530] "GET /wp-admin/ HTTP/1.1" 302 5 "-" "Mozilla/5.0 (Windows NT 10.0; Win64; x64) AppleWebKit/537.36 (KHTML, like Gecko) Chrome/120.0.0.0 Safari/537.36"
52.253.113.41 - - [13/Mar/2026:00:18:12 +0530] "GET /wp-content/themes/ HTTP/1.1" 403 555 "-" "Mozilla/5.0 (Windows NT 10.0; Win64; x64) AppleWebKit/537.36 (KHTML, like Gecko) Chrome/120.0.0.0 Safari/537.36"
52.253.113.41 - - [13/Mar/2026:00:18:12 +0530] "GET /wp-content/themes/admin.php HTTP/1.1" 404 47 "-" "Mozilla/5.0 (Windows NT 10.0; Win64; x64) AppleWebKit/537.36 (KHTML, like Gecko) Chrome/120.0.0.0 Safari/537.36"
52.253.113.41 - - [13/Mar/2026:00:18:13 +0530] "GET /wp-content/uploads/ HTTP/1.1" 403 555 "-" "Mozilla/5.0 (Windows NT 10.0; Win64; x64) AppleWebKit/537.36 (KHTML, like Gecko) Chrome/120.0.0.0 Safari/537.36"
52.253.113.41 - - [13/Mar/2026:00:18:13 +0530] "GET /wp-content/uploads/admin.php HTTP/1.1" 404 47 "-" "Mozilla/5.0 (Windows NT 10.0; Win64; x64) AppleWebKit/537.36 (KHTML, like Gecko) Chrome/120.0.0.0 Safari/537.36"
52.253.113.41 - - [13/Mar/2026:00:18:13 +0530] "GET /wp-includes/ HTTP/1.1" 200 31 "-" "Mozilla/5.0 (Windows NT 10.0; Win64; x64) AppleWebKit/537.36 (KHTML, like Gecko) Chrome/120.0.0.0 Safari/537.36"
52.253.113.41 - - [13/Mar/2026:00:18:13 +0530] "GET /wp-includes/js/crop/ HTTP/1.1" 403 555 "-" "Mozilla/5.0 (Windows NT 10.0; Win64; x64) AppleWebKit/537.36 (KHTML, like Gecko) Chrome/120.0.0.0 Safari/537.36"
52.253.113.41 - - [13/Mar/2026:00:18:14 +0530] "GET /wp-links-opml.php HTTP/1.1" 200 261 "-" "Mozilla/5.0 (Windows NT 10.0; Win64; x64) AppleWebKit/537.36 (KHTML, like Gecko) Chrome/120.0.0.0 Safari/537.36"
114.119.134.226 - - [13/Mar/2026:00:18:22 +0530] "GET /?_p=103045621 HTTP/1.1" 301 5 "https://www.vedanthasoftware.com/sitemap546.xml" "Mozilla/5.0 (Linux; Android 7.0;) AppleWebKit/537.36 (KHTML, like Gecko) Mobile Safari/537.36 (compatible; PetalBot;+https://webmaster.petalsearch.com/site/petalbot)"
114.119.134.226 - - [13/Mar/2026:00:18:31 +0530] "GET /?_p=103045621 HTTP/1.1" 200 38162 "https://www.vedanthasoftware.com/sitemap546.xml" "Mozilla/5.0 (Linux; Android 7.0;) AppleWebKit/537.36 (KHTML, like Gecko) Mobile Safari/537.36 (compatible; PetalBot;+https://webmaster.petalsearch.com/site/petalbot)"
54.38.147.164 - - [13/Mar/2026:00:19:01 +0530] "GET /her-gun-guncellenen-promosyonlar-bahiscom-guncel-giris-kullanicilarina-duyuruluyor/ HTTP/2.0" 200 124042 "-" "Mozilla/5.0 (compatible; AhrefsBot/7.0; +http://ahrefs.com/robot/)"
57.141.0.37 - - [13/Mar/2026:00:19:57 +0530] "GET /?e=22098190385905 HTTP/2.0" 200 183473 "-" "meta-externalagent/1.1 (+https://developers.facebook.com/docs/sharing/webmasters/crawler)"
57.141.0.28 - - [13/Mar/2026:00:20:06 +0530] "GET /?e=51370164528100 HTTP/2.0" 200 183473 "-" "meta-externalagent/1.1 (+https://developers.facebook.com/docs/sharing/webmasters/crawler)"
57.141.0.58 - - [13/Mar/2026:00:20:08 +0530] "GET /?e=99617130334700 HTTP/2.0" 200 183473 "-" "meta-externalagent/1.1 (+https://developers.facebook.com/docs/sharing/webmasters/crawler)"
57.141.0.42 - - [13/Mar/2026:00:20:25 +0530] "GET /?e=0791136535400 HTTP/2.0" 200 183473 "-" "meta-externalagent/1.1 (+https://developers.facebook.com/docs/sharing/webmasters/crawler)"
57.141.0.34 - - [13/Mar/2026:00:20:36 +0530] "GET /?e=2200982430704 HTTP/2.0" 200 183473 "-" "meta-externalagent/1.1 (+https://developers.facebook.com/docs/sharing/webmasters/crawler)"
57.141.0.50 - - [13/Mar/2026:00:21:22 +0530] "GET /?e=2229137516300 HTTP/2.0" 200 183473 "-" "meta-externalagent/1.1 (+https://developers.facebook.com/docs/sharing/webmasters/crawler)"
114.119.149.83 - - [13/Mar/2026:00:21:46 +0530] "GET /?_p=096039852 HTTP/1.1" 301 5 "https://www.vedanthasoftware.com/sitemap546.xml" "Mozilla/5.0 (Linux; Android 7.0;) AppleWebKit/537.36 (KHTML, like Gecko) Mobile Safari/537.36 (compatible; PetalBot;+https://webmaster.petalsearch.com/site/petalbot)"
208.109.188.137 - - [13/Mar/2026:00:21:46 +0530] "GET /wp-login.php HTTP/2.0" 200 2426 "-" "Mozilla/5.0 (Windows NT 6.1; WOW64; Trident/7.0; CTL_11; rv:11.0) like Gecko"
208.109.188.137 - - [13/Mar/2026:00:21:49 +0530] "POST /wp-login.php HTTP/2.0" 200 2611 "https://vedanthasoftware.com/wp-login.php" "Mozilla/5.0 (Windows NT 6.1; WOW64; Trident/7.0; CTL_11; rv:11.0) like Gecko"
114.119.149.83 - - [13/Mar/2026:00:21:50 +0530] "GET /?_p=096039852 HTTP/1.1" 200 38161 "https://www.vedanthasoftware.com/sitemap546.xml" "Mozilla/5.0 (Linux; Android 7.0;) AppleWebKit/537.36 (KHTML, like Gecko) Mobile Safari/537.36 (compatible; PetalBot;+https://webmaster.petalsearch.com/site/petalbot)"
209.141.49.144 - - [13/Mar/2026:00:22:00 +0530] "GET /wp-login.php HTTP/1.1" 200 7805 "-" "Mozilla/5.0 (Windows NT 6.3; WOW64; rv:30.0) Gecko/20100101 Firefox/30.0"
57.141.0.57 - - [13/Mar/2026:00:22:00 +0530] "GET /?e=6940781276501 HTTP/2.0" 200 183473 "-" "meta-externalagent/1.1 (+https://developers.facebook.com/docs/sharing/webmasters/crawler)"
209.141.49.144 - - [13/Mar/2026:00:22:00 +0530] "POST /wp-login.php HTTP/1.1" 200 8287 "-" "Mozilla/5.0 (Windows NT 6.3; WOW64; rv:30.0) Gecko/20100101 Firefox/30.0"
114.119.146.223 - - [13/Mar/2026:00:22:46 +0530] "GET /?_p=083016531 HTTP/1.1" 301 5 "https://www.vedanthasoftware.com/sitemap546.xml" "Mozilla/5.0 (Linux; Android 7.0;) AppleWebKit/537.36 (KHTML, like Gecko) Mobile Safari/537.36 (compatible; PetalBot;+https://webmaster.petalsearch.com/site/petalbot)"
114.119.146.223 - - [13/Mar/2026:00:22:49 +0530] "GET /?_p=083016531 HTTP/1.1" 200 38167 "https://www.vedanthasoftware.com/sitemap546.xml" "Mozilla/5.0 (Linux; Android 7.0;) AppleWebKit/537.36 (KHTML, like Gecko) Mobile Safari/537.36 (compatible; PetalBot;+https://webmaster.petalsearch.com/site/petalbot)"
38.52.133.241 - - [13/Mar/2026:00:23:07 +0530] "GET /technologies/ HTTP/1.1" 200 31713 "-" "Mozilla/5.0 (compatible; MSIE 6.0; Windows NT 6.0; Trident/3.0)"
57.141.0.61 - - [13/Mar/2026:00:23:14 +0530] "GET /?e=278022342711 HTTP/2.0" 200 183473 "-" "meta-externalagent/1.1 (+https://developers.facebook.com/docs/sharing/webmasters/crawler)"
57.141.0.58 - - [13/Mar/2026:00:23:27 +0530] "GET /?e=82978180821500 HTTP/2.0" 200 183473 "-" "meta-externalagent/1.1 (+https://developers.facebook.com/docs/sharing/webmasters/crawler)"
57.141.0.15 - - [13/Mar/2026:00:23:31 +0530] "GET /?e=88720212596500 HTTP/2.0" 200 183473 "-" "meta-externalagent/1.1 (+https://developers.facebook.com/docs/sharing/webmasters/crawler)"
57.141.0.20 - - [13/Mar/2026:00:23:54 +0530] "GET /?e=11496183466601 HTTP/2.0" 200 183473 "-" "meta-externalagent/1.1 (+https://developers.facebook.com/docs/sharing/webmasters/crawler)"
57.141.0.50 - - [13/Mar/2026:00:24:03 +0530] "GET /?e=6194029700402 HTTP/2.0" 200 183473 "-" "meta-externalagent/1.1 (+https://developers.facebook.com/docs/sharing/webmasters/crawler)"
57.141.0.72 - - [13/Mar/2026:00:24:15 +0530] "GET /?e=8844223949502 HTTP/2.0" 200 183473 "-" "meta-externalagent/1.1 (+https://developers.facebook.com/docs/sharing/webmasters/crawler)"
57.141.0.9 - - [13/Mar/2026:00:24:17 +0530] "GET /?e=8224360675201 HTTP/2.0" 200 183473 "-" "meta-externalagent/1.1 (+https://developers.facebook.com/docs/sharing/webmasters/crawler)"
57.141.0.19 - - [13/Mar/2026:00:24:19 +0530] "GET /?e=5021542273700 HTTP/2.0" 200 183473 "-" "meta-externalagent/1.1 (+https://developers.facebook.com/docs/sharing/webmasters/crawler)"
57.141.0.27 - - [13/Mar/2026:00:24:29 +0530] "GET /?e=91496158062102 HTTP/2.0" 200 183473 "-" "meta-externalagent/1.1 (+https://developers.facebook.com/docs/sharing/webmasters/crawler)"
57.141.0.8 - - [13/Mar/2026:00:25:02 +0530] "GET /?e=24015171177904 HTTP/2.0" 200 183473 "-" "meta-externalagent/1.1 (+https://developers.facebook.com/docs/sharing/webmasters/crawler)"
57.141.0.22 - - [13/Mar/2026:00:25:05 +0530] "GET /?e=32053249115502 HTTP/2.0" 200 183473 "-" "meta-externalagent/1.1 (+https://developers.facebook.com/docs/sharing/webmasters/crawler)"
57.141.0.7 - - [13/Mar/2026:00:25:18 +0530] "GET /?e=73911177913801 HTTP/2.0" 200 183473 "-" "meta-externalagent/1.1 (+https://developers.facebook.com/docs/sharing/webmasters/crawler)"
57.141.0.7 - - [13/Mar/2026:00:25:22 +0530] "GET /?e=87857151526101 HTTP/2.0" 200 183473 "-" "meta-externalagent/1.1 (+https://developers.facebook.com/docs/sharing/webmasters/crawler)"
57.141.0.6 - - [13/Mar/2026:00:26:03 +0530] "GET /?e=80792131303504 HTTP/2.0" 200 183473 "-" "meta-externalagent/1.1 (+https://developers.facebook.com/docs/sharing/webmasters/crawler)"
66.249.74.130 - - [13/Mar/2026:00:26:07 +0530] "GET /?e=90938101489907 HTTP/1.1" 200 54132 "-" "Mozilla/5.0 (Linux; Android 6.0.1; Nexus 5X Build/MMB29P) AppleWebKit/537.36 (KHTML, like Gecko) Chrome/145.0.7632.116 Mobile Safari/537.36 (compatible; Googlebot/2.1; +http://www.google.com/bot.html)"
57.141.0.23 - - [13/Mar/2026:00:26:28 +0530] "GET /?e=74917222973800 HTTP/2.0" 200 183473 "-" "meta-externalagent/1.1 (+https://developers.facebook.com/docs/sharing/webmasters/crawler)"
57.141.0.59 - - [13/Mar/2026:00:26:29 +0530] "GET /?e=85871132547700 HTTP/2.0" 200 183473 "-" "meta-externalagent/1.1 (+https://developers.facebook.com/docs/sharing/webmasters/crawler)"
57.141.0.27 - - [13/Mar/2026:00:27:14 +0530] "GET /?e=23142147574800 HTTP/2.0" 200 183473 "-" "meta-externalagent/1.1 (+https://developers.facebook.com/docs/sharing/webmasters/crawler)"
74.7.242.1 - - [13/Mar/2026:00:27:49 +0530] "GET /goods.php?jp/031030422.html HTTP/2.0" 200 24377 "https://vedanthasoftware.com/goods.php?detail/031030421585" "Mozilla/5.0 AppleWebKit/537.36 (KHTML, like Gecko; compatible; GPTBot/1.3; +https://openai.com/gptbot)"
66.249.73.99 - - [13/Mar/2026:00:27:51 +0530] "GET /?h=26137166805 HTTP/1.1" 200 57066 "-" "Mozilla/5.0 (Linux; Android 6.0.1; Nexus 5X Build/MMB29P) AppleWebKit/537.36 (KHTML, like Gecko) Chrome/145.0.7632.116 Mobile Safari/537.36 (compatible; Googlebot/2.1; +http://www.google.com/bot.html)"
74.7.242.1 - - [13/Mar/2026:00:27:53 +0530] "GET /goods.php?jp/041049924.html HTTP/2.0" 200 23450 "https://vedanthasoftware.com/goods.php?detail/0410363198234" "Mozilla/5.0 AppleWebKit/537.36 (KHTML, like Gecko; compatible; GPTBot/1.3; +https://openai.com/gptbot)"
74.7.242.1 - - [13/Mar/2026:00:27:56 +0530] "GET /goods.php?jp/094033535.html HTTP/2.0" 200 23746 "https://vedanthasoftware.com/goods.php?detail/094048645960" "Mozilla/5.0 AppleWebKit/537.36 (KHTML, like Gecko; compatible; GPTBot/1.3; +https://openai.com/gptbot)"
114.119.144.200 - - [13/Mar/2026:00:27:58 +0530] "GET /?_p=067003919 HTTP/1.1" 301 5 "https://www.vedanthasoftware.com/sitemap546.xml" "Mozilla/5.0 (Linux; Android 7.0;) AppleWebKit/537.36 (KHTML, like Gecko) Mobile Safari/537.36 (compatible; PetalBot;+https://webmaster.petalsearch.com/site/petalbot)"
74.7.243.201 - - [13/Mar/2026:00:27:58 +0530] "GET /goods.php?detail/289046341742 HTTP/2.0" 200 25716 "https://www.vedanthasoftware.com/goods.php?detail/0270030274271" "Mozilla/5.0 AppleWebKit/537.36 (KHTML, like Gecko; compatible; GPTBot/1.3; +https://openai.com/gptbot)"
74.7.242.1 - - [13/Mar/2026:00:28:01 +0530] "GET /goods.php?goods/099000908 HTTP/2.0" 200 24948 "https://vedanthasoftware.com/goods.php?detail/099038130595" "Mozilla/5.0 AppleWebKit/537.36 (KHTML, like Gecko; compatible; GPTBot/1.3; +https://openai.com/gptbot)"
74.7.243.201 - - [13/Mar/2026:00:28:02 +0530] "GET /goods.php?detail/1330301907394 HTTP/2.0" 200 24137 "https://www.vedanthasoftware.com/goods.php?detail/133040958080" "Mozilla/5.0 AppleWebKit/537.36 (KHTML, like Gecko; compatible; GPTBot/1.3; +https://openai.com/gptbot)"
74.7.242.1 - - [13/Mar/2026:00:28:04 +0530] "GET /goods.php?jp/075039500.html HTTP/2.0" 200 24289 "https://vedanthasoftware.com/goods.php?detail/075007322241" "Mozilla/5.0 AppleWebKit/537.36 (KHTML, like Gecko; compatible; GPTBot/1.3; +https://openai.com/gptbot)"
185.249.227.216 - - [13/Mar/2026:00:28:06 +0530] "GET / HTTP/1.1" 200 38163 "-" "Mozilla/5.0 (X11; Linux x86_64) AppleWebKit/537.36 (KHTML, like Gecko) Chrome/44.0.2403.157 Safari/537.36"
74.7.243.201 - - [13/Mar/2026:00:28:06 +0530] "GET /goods.php?detail/039024835910 HTTP/2.0" 200 24136 "https://www.vedanthasoftware.com/goods.php?detail/0390090210632" "Mozilla/5.0 AppleWebKit/537.36 (KHTML, like Gecko; compatible; GPTBot/1.3; +https://openai.com/gptbot)"
114.119.144.200 - - [13/Mar/2026:00:28:08 +0530] "GET /?_p=067003919 HTTP/1.1" 200 38166 "https://www.vedanthasoftware.com/sitemap546.xml" "Mozilla/5.0 (Linux; Android 7.0;) AppleWebKit/537.36 (KHTML, like Gecko) Mobile Safari/537.36 (compatible; PetalBot;+https://webmaster.petalsearch.com/site/petalbot)"
