74.7.242.1 - - [13/Mar/2026:03:03:16 +0530] "GET /goods.php?detail/006031341843 HTTP/2.0" 200 23834 "https://vedanthasoftware.com/goods.php?detail/0060096921070" "Mozilla/5.0 AppleWebKit/537.36 (KHTML, like Gecko; compatible; GPTBot/1.3; +https://openai.com/gptbot)"
74.7.243.201 - - [13/Mar/2026:03:03:17 +0530] "GET /goods.php?detail/261028101656 HTTP/2.0" 200 23773 "https://www.vedanthasoftware.com/goods.php?detail/261028104033" "Mozilla/5.0 AppleWebKit/537.36 (KHTML, like Gecko; compatible; GPTBot/1.3; +https://openai.com/gptbot)"
74.7.242.1 - - [13/Mar/2026:03:03:19 +0530] "GET /goods.php?detail/028042306848 HTTP/2.0" 200 23551 "https://vedanthasoftware.com/goods.php?detail/028042307460" "Mozilla/5.0 AppleWebKit/537.36 (KHTML, like Gecko; compatible; GPTBot/1.3; +https://openai.com/gptbot)"
74.7.243.201 - - [13/Mar/2026:03:03:21 +0530] "GET /goods.php?detail/046015285536 HTTP/2.0" 200 24216 "https://www.vedanthasoftware.com/goods.php?detail/046015677676" "Mozilla/5.0 AppleWebKit/537.36 (KHTML, like Gecko; compatible; GPTBot/1.3; +https://openai.com/gptbot)"
74.7.242.1 - - [13/Mar/2026:03:03:24 +0530] "GET /goods.php?detail/049037504047 HTTP/2.0" 200 23725 "https://vedanthasoftware.com/goods.php?detail/0490407717143" "Mozilla/5.0 AppleWebKit/537.36 (KHTML, like Gecko; compatible; GPTBot/1.3; +https://openai.com/gptbot)"
74.7.243.201 - - [13/Mar/2026:03:03:25 +0530] "GET /goods.php?detail/015045017228 HTTP/2.0" 200 24274 "https://www.vedanthasoftware.com/goods.php?detail/273023573885" "Mozilla/5.0 AppleWebKit/537.36 (KHTML, like Gecko; compatible; GPTBot/1.3; +https://openai.com/gptbot)"
57.141.0.2 - - [13/Mar/2026:03:03:26 +0530] "GET /?e=29222185521100 HTTP/2.0" 200 183473 "-" "meta-externalagent/1.1 (+https://developers.facebook.com/docs/sharing/webmasters/crawler)"
74.7.242.1 - - [13/Mar/2026:03:03:27 +0530] "GET /goods.php?detail/243035293733 HTTP/2.0" 200 23684 "https://vedanthasoftware.com/goods.php?detail/079047705539" "Mozilla/5.0 AppleWebKit/537.36 (KHTML, like Gecko; compatible; GPTBot/1.3; +https://openai.com/gptbot)"
74.7.243.201 - - [13/Mar/2026:03:03:29 +0530] "GET /goods.php?detail/037026669159 HTTP/2.0" 200 23999 "https://www.vedanthasoftware.com/goods.php?detail/037034434492" "Mozilla/5.0 AppleWebKit/537.36 (KHTML, like Gecko; compatible; GPTBot/1.3; +https://openai.com/gptbot)"
74.7.242.1 - - [13/Mar/2026:03:03:30 +0530] "GET /goods.php?detail/2060161962029 HTTP/2.0" 200 24060 "https://vedanthasoftware.com/goods.php?detail/206037470336" "Mozilla/5.0 AppleWebKit/537.36 (KHTML, like Gecko; compatible; GPTBot/1.3; +https://openai.com/gptbot)"
57.141.0.43 - - [13/Mar/2026:03:03:30 +0530] "GET /?e=1554868783500 HTTP/2.0" 200 183473 "-" "meta-externalagent/1.1 (+https://developers.facebook.com/docs/sharing/webmasters/crawler)"
57.141.0.1 - - [13/Mar/2026:03:03:31 +0530] "GET /?e=00082189295700 HTTP/2.0" 200 183473 "-" "meta-externalagent/1.1 (+https://developers.facebook.com/docs/sharing/webmasters/crawler)"
57.141.0.30 - - [13/Mar/2026:03:03:32 +0530] "GET /?e=968374476402 HTTP/2.0" 200 183473 "-" "meta-externalagent/1.1 (+https://developers.facebook.com/docs/sharing/webmasters/crawler)"
74.7.243.201 - - [13/Mar/2026:03:03:35 +0530] "GET /goods.php?detail/195048264402 HTTP/2.0" 200 25627 "https://www.vedanthasoftware.com/goods.php?detail/086009943448" "Mozilla/5.0 AppleWebKit/537.36 (KHTML, like Gecko; compatible; GPTBot/1.3; +https://openai.com/gptbot)"
57.141.0.70 - - [13/Mar/2026:03:03:36 +0530] "GET /?e=1288035443802 HTTP/2.0" 200 183473 "-" "meta-externalagent/1.1 (+https://developers.facebook.com/docs/sharing/webmasters/crawler)"
74.7.242.1 - - [13/Mar/2026:03:03:36 +0530] "GET /goods.php?goods/242002961 HTTP/2.0" 200 23619 "https://vedanthasoftware.com/goods.php?detail/228028455340" "Mozilla/5.0 AppleWebKit/537.36 (KHTML, like Gecko; compatible; GPTBot/1.3; +https://openai.com/gptbot)"
198.244.242.233 - - [13/Mar/2026:03:03:38 +0530] "GET /wp-content/themes/consultix/css/radiantthemes-gutenberg-blocks.css?ver=1773350975 HTTP/2.0" 200 4608 "-" "Mozilla/5.0 (compatible; AhrefsBot/7.0; +http://ahrefs.com/robot/)"
74.7.243.201 - - [13/Mar/2026:03:03:38 +0530] "GET /goods.php?detail/2920201432520 HTTP/2.0" 200 23947 "https://www.vedanthasoftware.com/goods.php?detail/103016539069" "Mozilla/5.0 AppleWebKit/537.36 (KHTML, like Gecko; compatible; GPTBot/1.3; +https://openai.com/gptbot)"
74.7.242.1 - - [13/Mar/2026:03:03:39 +0530] "GET /goods.php?detail/298008330866 HTTP/2.0" 200 24775 "https://vedanthasoftware.com/goods.php?detail/2980396869966" "Mozilla/5.0 AppleWebKit/537.36 (KHTML, like Gecko; compatible; GPTBot/1.3; +https://openai.com/gptbot)"
57.141.0.7 - - [13/Mar/2026:03:03:40 +0530] "GET /?e=95181225882006 HTTP/2.0" 200 183473 "-" "meta-externalagent/1.1 (+https://developers.facebook.com/docs/sharing/webmasters/crawler)"
74.7.243.201 - - [13/Mar/2026:03:03:41 +0530] "GET /goods.php?detail/037043808962 HTTP/2.0" 200 24063 "https://www.vedanthasoftware.com/goods.php?jp/037043808.html" "Mozilla/5.0 AppleWebKit/537.36 (KHTML, like Gecko; compatible; GPTBot/1.3; +https://openai.com/gptbot)"
57.141.0.24 - - [13/Mar/2026:03:03:43 +0530] "GET /?e=12039242078701 HTTP/2.0" 200 183473 "-" "meta-externalagent/1.1 (+https://developers.facebook.com/docs/sharing/webmasters/crawler)"
57.141.0.14 - - [13/Mar/2026:03:03:43 +0530] "GET /?e=1285190165701 HTTP/2.0" 200 183473 "-" "meta-externalagent/1.1 (+https://developers.facebook.com/docs/sharing/webmasters/crawler)"
74.7.242.1 - - [13/Mar/2026:03:03:44 +0530] "GET /goods.php?detail/2440274330339 HTTP/2.0" 200 25047 "https://vedanthasoftware.com/goods.php?detail/028011163516" "Mozilla/5.0 AppleWebKit/537.36 (KHTML, like Gecko; compatible; GPTBot/1.3; +https://openai.com/gptbot)"
57.141.0.28 - - [13/Mar/2026:03:03:45 +0530] "GET /?e=89514256575003 HTTP/2.0" 200 183473 "-" "meta-externalagent/1.1 (+https://developers.facebook.com/docs/sharing/webmasters/crawler)"
57.141.0.39 - - [13/Mar/2026:03:03:46 +0530] "GET /?e=96899129412100 HTTP/2.0" 200 183473 "-" "meta-externalagent/1.1 (+https://developers.facebook.com/docs/sharing/webmasters/crawler)"
74.7.243.201 - - [13/Mar/2026:03:03:46 +0530] "GET /goods.php?detail/15403007270102 HTTP/2.0" 200 23871 "https://www.vedanthasoftware.com/goods.php?detail/154027685102" "Mozilla/5.0 AppleWebKit/537.36 (KHTML, like Gecko; compatible; GPTBot/1.3; +https://openai.com/gptbot)"
57.141.0.23 - - [13/Mar/2026:03:03:46 +0530] "GET /?e=1501021958201 HTTP/2.0" 200 183473 "-" "meta-externalagent/1.1 (+https://developers.facebook.com/docs/sharing/webmasters/crawler)"
57.141.0.29 - - [13/Mar/2026:03:03:47 +0530] "GET /?e=07951240121901 HTTP/2.0" 200 183473 "-" "meta-externalagent/1.1 (+https://developers.facebook.com/docs/sharing/webmasters/crawler)"
57.141.0.26 - - [13/Mar/2026:03:03:47 +0530] "GET /?e=90974176665903 HTTP/2.0" 200 183473 "-" "meta-externalagent/1.1 (+https://developers.facebook.com/docs/sharing/webmasters/crawler)"
74.7.242.1 - - [13/Mar/2026:03:03:50 +0530] "GET /goods.php?detail/202037530006 HTTP/2.0" 200 24300 "https://vedanthasoftware.com/goods.php?detail/202045624990" "Mozilla/5.0 AppleWebKit/537.36 (KHTML, like Gecko; compatible; GPTBot/1.3; +https://openai.com/gptbot)"
74.7.243.201 - - [13/Mar/2026:03:03:51 +0530] "GET /goods.php?detail/2620359535410 HTTP/2.0" 200 24272 "https://www.vedanthasoftware.com/goods.php?detail/222042989730" "Mozilla/5.0 AppleWebKit/537.36 (KHTML, like Gecko; compatible; GPTBot/1.3; +https://openai.com/gptbot)"
57.141.0.46 - - [13/Mar/2026:03:03:51 +0530] "GET /?e=0169998544000 HTTP/2.0" 200 183473 "-" "meta-externalagent/1.1 (+https://developers.facebook.com/docs/sharing/webmasters/crawler)"
57.141.0.53 - - [13/Mar/2026:03:03:52 +0530] "GET /?e=63109231912700 HTTP/2.0" 200 183473 "-" "meta-externalagent/1.1 (+https://developers.facebook.com/docs/sharing/webmasters/crawler)"
74.7.242.1 - - [13/Mar/2026:03:03:54 +0530] "GET /goods.php?detail/231004464045 HTTP/2.0" 200 24504 "https://vedanthasoftware.com/goods.php?detail/231031614178" "Mozilla/5.0 AppleWebKit/537.36 (KHTML, like Gecko; compatible; GPTBot/1.3; +https://openai.com/gptbot)"
57.141.0.22 - - [13/Mar/2026:03:03:55 +0530] "GET /?e=97719198636703 HTTP/2.0" 200 183473 "-" "meta-externalagent/1.1 (+https://developers.facebook.com/docs/sharing/webmasters/crawler)"
74.7.243.201 - - [13/Mar/2026:03:03:56 +0530] "GET /goods.php?detail/2710103194375 HTTP/2.0" 200 24686 "https://www.vedanthasoftware.com/goods.php?detail/222042989730" "Mozilla/5.0 AppleWebKit/537.36 (KHTML, like Gecko; compatible; GPTBot/1.3; +https://openai.com/gptbot)"
74.7.242.1 - - [13/Mar/2026:03:03:58 +0530] "GET /goods.php?detail/204042706629 HTTP/2.0" 200 23557 "https://vedanthasoftware.com/goods.php?detail/202045624990" "Mozilla/5.0 AppleWebKit/537.36 (KHTML, like Gecko; compatible; GPTBot/1.3; +https://openai.com/gptbot)"
57.141.0.31 - - [13/Mar/2026:03:03:59 +0530] "GET /?e=95020208477703 HTTP/2.0" 200 183473 "-" "meta-externalagent/1.1 (+https://developers.facebook.com/docs/sharing/webmasters/crawler)"
74.7.243.201 - - [13/Mar/2026:03:04:00 +0530] "GET /goods.php?detail/2370357355378 HTTP/2.0" 200 24185 "https://www.vedanthasoftware.com/goods.php?detail/250044153857" "Mozilla/5.0 AppleWebKit/537.36 (KHTML, like Gecko; compatible; GPTBot/1.3; +https://openai.com/gptbot)"
57.141.0.15 - - [13/Mar/2026:03:04:00 +0530] "GET /?e=37222219755900 HTTP/2.0" 200 183473 "-" "meta-externalagent/1.1 (+https://developers.facebook.com/docs/sharing/webmasters/crawler)"
57.141.0.51 - - [13/Mar/2026:03:04:01 +0530] "GET /?e=2672421688200 HTTP/2.0" 200 183473 "-" "meta-externalagent/1.1 (+https://developers.facebook.com/docs/sharing/webmasters/crawler)"
57.141.0.63 - - [13/Mar/2026:03:04:02 +0530] "GET /?e=83391210261601 HTTP/2.0" 200 183473 "-" "meta-externalagent/1.1 (+https://developers.facebook.com/docs/sharing/webmasters/crawler)"
74.7.242.1 - - [13/Mar/2026:03:04:04 +0530] "GET /goods.php?jp/032008239.html HTTP/2.0" 200 24249 "https://vedanthasoftware.com/goods.php?detail/006031341843" "Mozilla/5.0 AppleWebKit/537.36 (KHTML, like Gecko; compatible; GPTBot/1.3; +https://openai.com/gptbot)"
74.7.243.201 - - [13/Mar/2026:03:04:04 +0530] "GET /goods.php?detail/190034510504 HTTP/2.0" 200 23886 "https://www.vedanthasoftware.com/goods.php?detail/261028101656" "Mozilla/5.0 AppleWebKit/537.36 (KHTML, like Gecko; compatible; GPTBot/1.3; +https://openai.com/gptbot)"
57.141.0.51 - - [13/Mar/2026:03:04:05 +0530] "GET /?e=81502235768903 HTTP/2.0" 200 183473 "-" "meta-externalagent/1.1 (+https://developers.facebook.com/docs/sharing/webmasters/crawler)"
74.7.242.1 - - [13/Mar/2026:03:04:07 +0530] "GET /goods.php?detail/136003292122 HTTP/2.0" 200 23968 "https://vedanthasoftware.com/goods.php?detail/291030248781" "Mozilla/5.0 AppleWebKit/537.36 (KHTML, like Gecko; compatible; GPTBot/1.3; +https://openai.com/gptbot)"
74.7.243.201 - - [13/Mar/2026:03:04:07 +0530] "GET /goods.php?detail/0460049082288 HTTP/2.0" 200 25132 "https://www.vedanthasoftware.com/goods.php?detail/046015285536" "Mozilla/5.0 AppleWebKit/537.36 (KHTML, like Gecko; compatible; GPTBot/1.3; +https://openai.com/gptbot)"
57.141.0.41 - - [13/Mar/2026:03:04:08 +0530] "GET /?e=08899287926502 HTTP/2.0" 200 183473 "-" "meta-externalagent/1.1 (+https://developers.facebook.com/docs/sharing/webmasters/crawler)"
57.141.0.24 - - [13/Mar/2026:03:04:08 +0530] "GET /?e=71951275995900 HTTP/2.0" 200 183473 "-" "meta-externalagent/1.1 (+https://developers.facebook.com/docs/sharing/webmasters/crawler)"
57.141.0.29 - - [13/Mar/2026:03:04:09 +0530] "GET /?e=12216277524601 HTTP/2.0" 200 183473 "-" "meta-externalagent/1.1 (+https://developers.facebook.com/docs/sharing/webmasters/crawler)"
57.141.0.21 - - [13/Mar/2026:03:04:09 +0530] "GET /?e=7351367664501 HTTP/2.0" 200 183473 "-" "meta-externalagent/1.1 (+https://developers.facebook.com/docs/sharing/webmasters/crawler)"
57.141.0.25 - - [13/Mar/2026:03:04:10 +0530] "GET /?e=5891778793307 HTTP/2.0" 200 183473 "-" "meta-externalagent/1.1 (+https://developers.facebook.com/docs/sharing/webmasters/crawler)"
74.7.243.201 - - [13/Mar/2026:03:04:13 +0530] "GET /goods.php?detail/049043734645 HTTP/2.0" 200 25067 "https://www.vedanthasoftware.com/goods.php?detail/015045017228" "Mozilla/5.0 AppleWebKit/537.36 (KHTML, like Gecko; compatible; GPTBot/1.3; +https://openai.com/gptbot)"
74.7.242.1 - - [13/Mar/2026:03:04:13 +0530] "GET /goods.php?detail/144027948171 HTTP/2.0" 200 23938 "https://vedanthasoftware.com/goods.php?detail/1440044280172" "Mozilla/5.0 AppleWebKit/537.36 (KHTML, like Gecko; compatible; GPTBot/1.3; +https://openai.com/gptbot)"
57.141.0.72 - - [13/Mar/2026:03:04:14 +0530] "GET /?e=1621940526203 HTTP/2.0" 200 183473 "-" "meta-externalagent/1.1 (+https://developers.facebook.com/docs/sharing/webmasters/crawler)"
74.7.243.201 - - [13/Mar/2026:03:04:17 +0530] "GET /goods.php?detail/052042444631 HTTP/2.0" 200 24153 "https://www.vedanthasoftware.com/goods.php?detail/261028101656" "Mozilla/5.0 AppleWebKit/537.36 (KHTML, like Gecko; compatible; GPTBot/1.3; +https://openai.com/gptbot)"
74.7.242.1 - - [13/Mar/2026:03:04:17 +0530] "GET /goods.php?detail/167032211372 HTTP/2.0" 200 24852 "https://vedanthasoftware.com/goods.php?detail/167041754766" "Mozilla/5.0 AppleWebKit/537.36 (KHTML, like Gecko; compatible; GPTBot/1.3; +https://openai.com/gptbot)"
57.141.0.42 - - [13/Mar/2026:03:04:18 +0530] "GET /?e=78511202943701 HTTP/2.0" 200 183473 "-" "meta-externalagent/1.1 (+https://developers.facebook.com/docs/sharing/webmasters/crawler)"
57.141.0.65 - - [13/Mar/2026:03:04:18 +0530] "GET /?e=6520762853203 HTTP/2.0" 200 183473 "-" "meta-externalagent/1.1 (+https://developers.facebook.com/docs/sharing/webmasters/crawler)"
74.7.243.201 - - [13/Mar/2026:03:04:20 +0530] "GET /goods.php?detail/195007154505 HTTP/2.0" 200 24612 "https://www.vedanthasoftware.com/goods.php?detail/195048264402" "Mozilla/5.0 AppleWebKit/537.36 (KHTML, like Gecko; compatible; GPTBot/1.3; +https://openai.com/gptbot)"
216.73.216.222 - - [13/Mar/2026:03:04:21 +0530] "GET /?e=09970226247005 HTTP/2.0" 200 38141 "-" "Mozilla/5.0 AppleWebKit/537.36 (KHTML, like Gecko; compatible; ClaudeBot/1.0; +claudebot@anthropic.com)"
74.7.242.1 - - [13/Mar/2026:03:04:21 +0530] "GET /goods.php?detail/226003483492 HTTP/2.0" 200 23800 "https://vedanthasoftware.com/goods.php?detail/2060161962029" "Mozilla/5.0 AppleWebKit/537.36 (KHTML, like Gecko; compatible; GPTBot/1.3; +https://openai.com/gptbot)"
57.141.0.14 - - [13/Mar/2026:03:04:22 +0530] "GET /?e=26498249001802 HTTP/2.0" 200 183473 "-" "meta-externalagent/1.1 (+https://developers.facebook.com/docs/sharing/webmasters/crawler)"
57.141.0.36 - - [13/Mar/2026:03:04:23 +0530] "GET /?e=0000811474902 HTTP/2.0" 200 183473 "-" "meta-externalagent/1.1 (+https://developers.facebook.com/docs/sharing/webmasters/crawler)"
57.141.0.24 - - [13/Mar/2026:03:04:23 +0530] "GET /?e=5582036331709 HTTP/2.0" 200 183473 "-" "meta-externalagent/1.1 (+https://developers.facebook.com/docs/sharing/webmasters/crawler)"
57.141.0.47 - - [13/Mar/2026:03:04:23 +0530] "GET /?e=28661246605503 HTTP/2.0" 200 183473 "-" "meta-externalagent/1.1 (+https://developers.facebook.com/docs/sharing/webmasters/crawler)"
74.7.243.201 - - [13/Mar/2026:03:04:26 +0530] "GET /goods.php?detail/268006455741 HTTP/2.0" 200 25223 "https://www.vedanthasoftware.com/goods.php?detail/046015285536" "Mozilla/5.0 AppleWebKit/537.36 (KHTML, like Gecko; compatible; GPTBot/1.3; +https://openai.com/gptbot)"
57.141.0.63 - - [13/Mar/2026:03:04:27 +0530] "GET /?e=23200204182400 HTTP/2.0" 200 183473 "-" "meta-externalagent/1.1 (+https://developers.facebook.com/docs/sharing/webmasters/crawler)"
74.7.242.1 - - [13/Mar/2026:03:04:27 +0530] "GET /goods.php?detail/222044557319 HTTP/2.0" 200 24132 "https://vedanthasoftware.com/goods.php?goods/242002961" "Mozilla/5.0 AppleWebKit/537.36 (KHTML, like Gecko; compatible; GPTBot/1.3; +https://openai.com/gptbot)"
57.141.0.59 - - [13/Mar/2026:03:04:28 +0530] "GET /?e=69770150373700 HTTP/2.0" 200 183473 "-" "meta-externalagent/1.1 (+https://developers.facebook.com/docs/sharing/webmasters/crawler)"
74.7.243.201 - - [13/Mar/2026:03:04:29 +0530] "GET /goods.php?detail/195007157210 HTTP/2.0" 200 24803 "https://www.vedanthasoftware.com/goods.php?detail/195048264402" "Mozilla/5.0 AppleWebKit/537.36 (KHTML, like Gecko; compatible; GPTBot/1.3; +https://openai.com/gptbot)"
57.141.0.12 - - [13/Mar/2026:03:04:30 +0530] "GET /?e=7917489652801 HTTP/2.0" 200 183473 "-" "meta-externalagent/1.1 (+https://developers.facebook.com/docs/sharing/webmasters/crawler)"
57.141.0.13 - - [13/Mar/2026:03:04:31 +0530] "GET /?e=17907155370600 HTTP/2.0" 200 183473 "-" "meta-externalagent/1.1 (+https://developers.facebook.com/docs/sharing/webmasters/crawler)"
74.7.242.1 - - [13/Mar/2026:03:04:31 +0530] "GET /goods.php?detail/298039683245 HTTP/2.0" 200 24262 "https://vedanthasoftware.com/goods.php?detail/298008330866" "Mozilla/5.0 AppleWebKit/537.36 (KHTML, like Gecko; compatible; GPTBot/1.3; +https://openai.com/gptbot)"
74.7.242.1 - - [13/Mar/2026:03:04:35 +0530] "GET /goods.php?detail/188009941375 HTTP/2.0" 200 25059 "https://vedanthasoftware.com/goods.php?detail/2060161962029" "Mozilla/5.0 AppleWebKit/537.36 (KHTML, like Gecko; compatible; GPTBot/1.3; +https://openai.com/gptbot)"
74.7.243.201 - - [13/Mar/2026:03:04:35 +0530] "GET /goods.php?detail/037010056431 HTTP/2.0" 200 24157 "https://www.vedanthasoftware.com/goods.php?detail/037026669159" "Mozilla/5.0 AppleWebKit/537.36 (KHTML, like Gecko; compatible; GPTBot/1.3; +https://openai.com/gptbot)"
57.141.0.25 - - [13/Mar/2026:03:04:36 +0530] "GET /?e=13910206477200 HTTP/2.0" 200 183473 "-" "meta-externalagent/1.1 (+https://developers.facebook.com/docs/sharing/webmasters/crawler)"
74.7.242.1 - - [13/Mar/2026:03:04:38 +0530] "GET /goods.php?detail/258024808603 HTTP/2.0" 200 23701 "https://vedanthasoftware.com/goods.php?detail/202037530006" "Mozilla/5.0 AppleWebKit/537.36 (KHTML, like Gecko; compatible; GPTBot/1.3; +https://openai.com/gptbot)"
57.141.0.19 - - [13/Mar/2026:03:04:39 +0530] "GET /?e=2020379577303 HTTP/2.0" 200 183473 "-" "meta-externalagent/1.1 (+https://developers.facebook.com/docs/sharing/webmasters/crawler)"
74.7.243.201 - - [13/Mar/2026:03:04:39 +0530] "GET /goods.php?detail/262035955268 HTTP/2.0" 200 23858 "https://www.vedanthasoftware.com/goods.php?detail/2620359535410" "Mozilla/5.0 AppleWebKit/537.36 (KHTML, like Gecko; compatible; GPTBot/1.3; +https://openai.com/gptbot)"
57.141.0.1 - - [13/Mar/2026:03:04:40 +0530] "GET /?e=0105430257200 HTTP/2.0" 200 183473 "-" "meta-externalagent/1.1 (+https://developers.facebook.com/docs/sharing/webmasters/crawler)"
57.141.0.9 - - [13/Mar/2026:03:04:40 +0530] "GET /?e=62097250879900 HTTP/2.0" 200 183473 "-" "meta-externalagent/1.1 (+https://developers.facebook.com/docs/sharing/webmasters/crawler)"
74.7.242.1 - - [13/Mar/2026:03:04:43 +0530] "GET /goods.php?detail/205008640272 HTTP/2.0" 200 24087 "https://vedanthasoftware.com/goods.php?detail/2440274330339" "Mozilla/5.0 AppleWebKit/537.36 (KHTML, like Gecko; compatible; GPTBot/1.3; +https://openai.com/gptbot)"
57.141.0.35 - - [13/Mar/2026:03:04:43 +0530] "GET /?e=109438481603 HTTP/2.0" 200 183473 "-" "meta-externalagent/1.1 (+https://developers.facebook.com/docs/sharing/webmasters/crawler)"
74.7.243.201 - - [13/Mar/2026:03:04:44 +0530] "GET /goods.php?detail/005041095431 HTTP/2.0" 200 24192 "https://www.vedanthasoftware.com/goods.php?detail/2620359535410" "Mozilla/5.0 AppleWebKit/537.36 (KHTML, like Gecko; compatible; GPTBot/1.3; +https://openai.com/gptbot)"
57.141.0.3 - - [13/Mar/2026:03:04:45 +0530] "GET /?e=2174833292107 HTTP/2.0" 200 183473 "-" "meta-externalagent/1.1 (+https://developers.facebook.com/docs/sharing/webmasters/crawler)"
74.7.242.1 - - [13/Mar/2026:03:04:46 +0530] "GET /goods.php?detail/298039682895 HTTP/2.0" 200 24101 "https://vedanthasoftware.com/goods.php?detail/298008330866" "Mozilla/5.0 AppleWebKit/537.36 (KHTML, like Gecko; compatible; GPTBot/1.3; +https://openai.com/gptbot)"
74.7.243.201 - - [13/Mar/2026:03:04:49 +0530] "GET /goods.php?detail/237008415502 HTTP/2.0" 200 24090 "https://www.vedanthasoftware.com/goods.php?detail/2370357355378" "Mozilla/5.0 AppleWebKit/537.36 (KHTML, like Gecko; compatible; GPTBot/1.3; +https://openai.com/gptbot)"
74.7.242.1 - - [13/Mar/2026:03:04:49 +0530] "GET /goods.php?detail/133002932860 HTTP/2.0" 200 23791 "https://vedanthasoftware.com/goods.php?jp/133002931.html" "Mozilla/5.0 AppleWebKit/537.36 (KHTML, like Gecko; compatible; GPTBot/1.3; +https://openai.com/gptbot)"
57.141.0.55 - - [13/Mar/2026:03:04:51 +0530] "GET /?e=11122161141102 HTTP/2.0" 200 183473 "-" "meta-externalagent/1.1 (+https://developers.facebook.com/docs/sharing/webmasters/crawler)"
74.7.243.201 - - [13/Mar/2026:03:04:53 +0530] "GET /goods.php?detail/0360026036907 HTTP/2.0" 200 24148 "https://www.vedanthasoftware.com/goods.php?goods/036026854" "Mozilla/5.0 AppleWebKit/537.36 (KHTML, like Gecko; compatible; GPTBot/1.3; +https://openai.com/gptbot)"
74.7.242.1 - - [13/Mar/2026:03:04:54 +0530] "GET /goods.php?goods/298039682 HTTP/2.0" 200 24081 "https://vedanthasoftware.com/goods.php?detail/298039682895" "Mozilla/5.0 AppleWebKit/537.36 (KHTML, like Gecko; compatible; GPTBot/1.3; +https://openai.com/gptbot)"
57.141.0.14 - - [13/Mar/2026:03:04:54 +0530] "GET /?e=85991185181100 HTTP/2.0" 200 183473 "-" "meta-externalagent/1.1 (+https://developers.facebook.com/docs/sharing/webmasters/crawler)"
57.141.0.11 - - [13/Mar/2026:03:04:55 +0530] "GET /?e=99773150016601 HTTP/2.0" 200 183473 "-" "meta-externalagent/1.1 (+https://developers.facebook.com/docs/sharing/webmasters/crawler)"
74.7.243.201 - - [13/Mar/2026:03:04:57 +0530] "GET /goods.php?detail/0470404797337 HTTP/2.0" 200 24544 "https://www.vedanthasoftware.com/goods.php?detail/047041975889" "Mozilla/5.0 AppleWebKit/537.36 (KHTML, like Gecko; compatible; GPTBot/1.3; +https://openai.com/gptbot)"
74.7.242.1 - - [13/Mar/2026:03:04:58 +0530] "GET /goods.php?detail/005049233224 HTTP/2.0" 200 24228 "https://vedanthasoftware.com/goods.php?detail/078018497101" "Mozilla/5.0 AppleWebKit/537.36 (KHTML, like Gecko; compatible; GPTBot/1.3; +https://openai.com/gptbot)"
57.141.0.63 - - [13/Mar/2026:03:04:58 +0530] "GET /?e=15911181515501 HTTP/2.0" 200 183473 "-" "meta-externalagent/1.1 (+https://developers.facebook.com/docs/sharing/webmasters/crawler)"
57.141.0.20 - - [13/Mar/2026:03:04:59 +0530] "GET /?e=18008289711306 HTTP/2.0" 200 183473 "-" "meta-externalagent/1.1 (+https://developers.facebook.com/docs/sharing/webmasters/crawler)"
74.7.243.201 - - [13/Mar/2026:03:05:01 +0530] "GET /goods.php?detail/049007878138 HTTP/2.0" 200 24299 "https://www.vedanthasoftware.com/goods.php?detail/049043734645" "Mozilla/5.0 AppleWebKit/537.36 (KHTML, like Gecko; compatible; GPTBot/1.3; +https://openai.com/gptbot)"
74.7.242.1 - - [13/Mar/2026:03:05:02 +0530] "GET /goods.php?detail/144015195186 HTTP/2.0" 200 24416 "https://vedanthasoftware.com/goods.php?detail/144027948171" "Mozilla/5.0 AppleWebKit/537.36 (KHTML, like Gecko; compatible; GPTBot/1.3; +https://openai.com/gptbot)"
57.141.0.65 - - [13/Mar/2026:03:05:03 +0530] "GET /?e=00496196153300 HTTP/2.0" 200 183473 "-" "meta-externalagent/1.1 (+https://developers.facebook.com/docs/sharing/webmasters/crawler)"
74.7.243.201 - - [13/Mar/2026:03:05:06 +0530] "GET /goods.php?detail/178031644350 HTTP/2.0" 200 24071 "https://www.vedanthasoftware.com/goods.php?detail/049043734645" "Mozilla/5.0 AppleWebKit/537.36 (KHTML, like Gecko; compatible; GPTBot/1.3; +https://openai.com/gptbot)"
74.7.242.1 - - [13/Mar/2026:03:05:07 +0530] "GET /goods.php?detail/144015194850 HTTP/2.0" 200 24439 "https://vedanthasoftware.com/goods.php?detail/144027948171" "Mozilla/5.0 AppleWebKit/537.36 (KHTML, like Gecko; compatible; GPTBot/1.3; +https://openai.com/gptbot)"
57.141.0.25 - - [13/Mar/2026:03:05:07 +0530] "GET /?e=07806211760001 HTTP/2.0" 200 183473 "-" "meta-externalagent/1.1 (+https://developers.facebook.com/docs/sharing/webmasters/crawler)"
57.141.0.58 - - [13/Mar/2026:03:05:08 +0530] "GET /?e=1786291525407 HTTP/2.0" 200 183473 "-" "meta-externalagent/1.1 (+https://developers.facebook.com/docs/sharing/webmasters/crawler)"
57.141.0.28 - - [13/Mar/2026:03:05:08 +0530] "GET /?e=79904236041003 HTTP/2.0" 200 183473 "-" "meta-externalagent/1.1 (+https://developers.facebook.com/docs/sharing/webmasters/crawler)"
74.7.243.201 - - [13/Mar/2026:03:05:11 +0530] "GET /goods.php?detail/195040383425 HTTP/2.0" 200 25127 "https://www.vedanthasoftware.com/goods.php?detail/195007154505" "Mozilla/5.0 AppleWebKit/537.36 (KHTML, like Gecko; compatible; GPTBot/1.3; +https://openai.com/gptbot)"
74.7.242.1 - - [13/Mar/2026:03:05:11 +0530] "GET /goods.php?detail/001025351957 HTTP/2.0" 200 24831 "https://vedanthasoftware.com/goods.php?detail/036006129761" "Mozilla/5.0 AppleWebKit/537.36 (KHTML, like Gecko; compatible; GPTBot/1.3; +https://openai.com/gptbot)"
57.141.0.58 - - [13/Mar/2026:03:05:12 +0530] "GET /?e=02265188421301 HTTP/2.0" 200 183473 "-" "meta-externalagent/1.1 (+https://developers.facebook.com/docs/sharing/webmasters/crawler)"
57.141.0.55 - - [13/Mar/2026:03:05:13 +0530] "GET /?e=61928298597404 HTTP/2.0" 200 183473 "-" "meta-externalagent/1.1 (+https://developers.facebook.com/docs/sharing/webmasters/crawler)"
74.7.243.201 - - [13/Mar/2026:03:05:14 +0530] "GET /goods.php?detail/248047734349 HTTP/2.0" 200 24746 "https://www.vedanthasoftware.com/goods.php?detail/268006455741" "Mozilla/5.0 AppleWebKit/537.36 (KHTML, like Gecko; compatible; GPTBot/1.3; +https://openai.com/gptbot)"
57.141.0.17 - - [13/Mar/2026:03:05:16 +0530] "GET /?e=22117269696103 HTTP/2.0" 200 183473 "-" "meta-externalagent/1.1 (+https://developers.facebook.com/docs/sharing/webmasters/crawler)"
74.7.242.1 - - [13/Mar/2026:03:05:16 +0530] "GET /goods.php?detail/222047691461 HTTP/2.0" 200 24552 "https://vedanthasoftware.com/goods.php?detail/222044557319" "Mozilla/5.0 AppleWebKit/537.36 (KHTML, like Gecko; compatible; GPTBot/1.3; +https://openai.com/gptbot)"
57.141.0.36 - - [13/Mar/2026:03:05:16 +0530] "GET /?e=11299278100702 HTTP/2.0" 200 183473 "-" "meta-externalagent/1.1 (+https://developers.facebook.com/docs/sharing/webmasters/crawler)"
57.141.0.7 - - [13/Mar/2026:03:05:17 +0530] "GET /?e=2011722726900 HTTP/2.0" 200 183473 "-" "meta-externalagent/1.1 (+https://developers.facebook.com/docs/sharing/webmasters/crawler)"
57.141.0.35 - - [13/Mar/2026:03:05:18 +0530] "GET /?e=89020260981201 HTTP/2.0" 200 183473 "-" "meta-externalagent/1.1 (+https://developers.facebook.com/docs/sharing/webmasters/crawler)"
74.7.243.201 - - [13/Mar/2026:03:05:19 +0530] "GET /goods.php?m73877678406 HTTP/2.0" 200 24068 "https://www.vedanthasoftware.com/goods.php?detail/195007157210" "Mozilla/5.0 AppleWebKit/537.36 (KHTML, like Gecko; compatible; GPTBot/1.3; +https://openai.com/gptbot)"
57.141.0.44 - - [13/Mar/2026:03:05:20 +0530] "GET /?e=5707982835505 HTTP/2.0" 200 183473 "-" "meta-externalagent/1.1 (+https://developers.facebook.com/docs/sharing/webmasters/crawler)"
74.7.242.1 - - [13/Mar/2026:03:05:21 +0530] "GET /goods.php?detail/055014265407 HTTP/2.0" 200 23640 "https://vedanthasoftware.com/goods.php?jp/055014272.html" "Mozilla/5.0 AppleWebKit/537.36 (KHTML, like Gecko; compatible; GPTBot/1.3; +https://openai.com/gptbot)"
74.7.243.201 - - [13/Mar/2026:03:05:23 +0530] "GET /goods.php?goods/037020588 HTTP/2.0" 200 23735 "https://www.vedanthasoftware.com/goods.php?detail/037010056431" "Mozilla/5.0 AppleWebKit/537.36 (KHTML, like Gecko; compatible; GPTBot/1.3; +https://openai.com/gptbot)"
74.7.242.1 - - [13/Mar/2026:03:05:24 +0530] "GET /goods.php?detail/143016415626 HTTP/2.0" 200 25209 "https://vedanthasoftware.com/goods.php?jp/203021169.html" "Mozilla/5.0 AppleWebKit/537.36 (KHTML, like Gecko; compatible; GPTBot/1.3; +https://openai.com/gptbot)"
114.119.147.45 - - [13/Mar/2026:03:05:25 +0530] "GET /?_o=205003027 HTTP/1.1" 301 5 "https://www.vedanthasoftware.com/sitemap546.xml" "Mozilla/5.0 (Linux; Android 7.0;) AppleWebKit/537.36 (KHTML, like Gecko) Mobile Safari/537.36 (compatible; PetalBot;+https://webmaster.petalsearch.com/site/petalbot)"
74.7.243.201 - - [13/Mar/2026:03:05:26 +0530] "GET /goods.php?detail/262035943359 HTTP/2.0" 200 23891 "https://www.vedanthasoftware.com/goods.php?detail/262035955268" "Mozilla/5.0 AppleWebKit/537.36 (KHTML, like Gecko; compatible; GPTBot/1.3; +https://openai.com/gptbot)"
74.7.242.1 - - [13/Mar/2026:03:05:28 +0530] "GET /goods.php?detail/235008210291 HTTP/2.0" 200 24587 "https://vedanthasoftware.com/goods.php?detail/258024808603" "Mozilla/5.0 AppleWebKit/537.36 (KHTML, like Gecko; compatible; GPTBot/1.3; +https://openai.com/gptbot)"
74.7.243.201 - - [13/Mar/2026:03:05:28 +0530] "GET /goods.php?detail/082044001525 HTTP/2.0" 200 25287 "https://www.vedanthasoftware.com/goods.php?detail/005041095431" "Mozilla/5.0 AppleWebKit/537.36 (KHTML, like Gecko; compatible; GPTBot/1.3; +https://openai.com/gptbot)"
114.119.147.45 - - [13/Mar/2026:03:05:29 +0530] "GET /?_o=205003027 HTTP/1.1" 200 38169 "https://www.vedanthasoftware.com/sitemap546.xml" "Mozilla/5.0 (Linux; Android 7.0;) AppleWebKit/537.36 (KHTML, like Gecko) Mobile Safari/537.36 (compatible; PetalBot;+https://webmaster.petalsearch.com/site/petalbot)"
57.141.0.7 - - [13/Mar/2026:03:05:30 +0530] "GET /?e=77907269287204 HTTP/2.0" 200 183473 "-" "meta-externalagent/1.1 (+https://developers.facebook.com/docs/sharing/webmasters/crawler)"
74.7.243.201 - - [13/Mar/2026:03:05:33 +0530] "GET /goods.php?detail/174041767372 HTTP/2.0" 200 24895 "https://www.vedanthasoftware.com/goods.php?detail/237008415502" "Mozilla/5.0 AppleWebKit/537.36 (KHTML, like Gecko; compatible; GPTBot/1.3; +https://openai.com/gptbot)"
74.7.242.1 - - [13/Mar/2026:03:05:33 +0530] "GET /goods.php?detail/085032166006 HTTP/2.0" 200 24992 "https://vedanthasoftware.com/goods.php?detail/085006768976" "Mozilla/5.0 AppleWebKit/537.36 (KHTML, like Gecko; compatible; GPTBot/1.3; +https://openai.com/gptbot)"
57.141.0.65 - - [13/Mar/2026:03:05:34 +0530] "GET /?e=71805256866101 HTTP/2.0" 200 183473 "-" "meta-externalagent/1.1 (+https://developers.facebook.com/docs/sharing/webmasters/crawler)"
57.141.0.19 - - [13/Mar/2026:03:05:34 +0530] "GET /?e=60415266879601 HTTP/2.0" 200 183473 "-" "meta-externalagent/1.1 (+https://developers.facebook.com/docs/sharing/webmasters/crawler)"
74.7.243.201 - - [13/Mar/2026:03:05:36 +0530] "GET /goods.php?detail/052032633071 HTTP/2.0" 200 24839 "https://www.vedanthasoftware.com/goods.php?detail/052042444631" "Mozilla/5.0 AppleWebKit/537.36 (KHTML, like Gecko; compatible; GPTBot/1.3; +https://openai.com/gptbot)"
74.7.242.1 - - [13/Mar/2026:03:05:38 +0530] "GET /goods.php?detail/246044599691 HTTP/2.0" 200 24741 "https://vedanthasoftware.com/goods.php?detail/0440091100216" "Mozilla/5.0 AppleWebKit/537.36 (KHTML, like Gecko; compatible; GPTBot/1.3; +https://openai.com/gptbot)"
57.141.0.13 - - [13/Mar/2026:03:05:38 +0530] "GET /?e=08213109678605 HTTP/2.0" 200 183473 "-" "meta-externalagent/1.1 (+https://developers.facebook.com/docs/sharing/webmasters/crawler)"
57.141.0.20 - - [13/Mar/2026:03:05:39 +0530] "GET /?e=4240447638300 HTTP/2.0" 200 183473 "-" "meta-externalagent/1.1 (+https://developers.facebook.com/docs/sharing/webmasters/crawler)"
57.141.0.37 - - [13/Mar/2026:03:05:39 +0530] "GET /?e=77627213438604 HTTP/2.0" 200 183473 "-" "meta-externalagent/1.1 (+https://developers.facebook.com/docs/sharing/webmasters/crawler)"
57.141.0.56 - - [13/Mar/2026:03:05:39 +0530] "GET /?e=40788241569200 HTTP/2.0" 200 183473 "-" "meta-externalagent/1.1 (+https://developers.facebook.com/docs/sharing/webmasters/crawler)"
57.141.0.43 - - [13/Mar/2026:03:05:40 +0530] "GET /?e=97268193849104 HTTP/2.0" 200 183473 "-" "meta-externalagent/1.1 (+https://developers.facebook.com/docs/sharing/webmasters/crawler)"
74.7.243.201 - - [13/Mar/2026:03:05:42 +0530] "GET /goods.php?detail/009037152301 HTTP/2.0" 200 23906 "https://www.vedanthasoftware.com/goods.php?detail/262035955268" "Mozilla/5.0 AppleWebKit/537.36 (KHTML, like Gecko; compatible; GPTBot/1.3; +https://openai.com/gptbot)"
57.141.0.27 - - [13/Mar/2026:03:05:43 +0530] "GET /?e=17251236072602 HTTP/2.0" 200 183473 "-" "meta-externalagent/1.1 (+https://developers.facebook.com/docs/sharing/webmasters/crawler)"
74.7.242.1 - - [13/Mar/2026:03:05:43 +0530] "GET /goods.php?detail/216036946803 HTTP/2.0" 200 24369 "https://vedanthasoftware.com/goods.php?detail/133002932860" "Mozilla/5.0 AppleWebKit/537.36 (KHTML, like Gecko; compatible; GPTBot/1.3; +https://openai.com/gptbot)"
57.141.0.56 - - [13/Mar/2026:03:05:44 +0530] "GET /?e=70708213850703 HTTP/2.0" 200 183473 "-" "meta-externalagent/1.1 (+https://developers.facebook.com/docs/sharing/webmasters/crawler)"
57.141.0.62 - - [13/Mar/2026:03:05:44 +0530] "GET /?e=02801295455202 HTTP/2.0" 200 183473 "-" "meta-externalagent/1.1 (+https://developers.facebook.com/docs/sharing/webmasters/crawler)"
74.7.243.201 - - [13/Mar/2026:03:05:46 +0530] "GET /goods.php?detail/049007857708 HTTP/2.0" 200 24016 "https://www.vedanthasoftware.com/goods.php?detail/049007878138" "Mozilla/5.0 AppleWebKit/537.36 (KHTML, like Gecko; compatible; GPTBot/1.3; +https://openai.com/gptbot)"
74.7.242.1 - - [13/Mar/2026:03:05:47 +0530] "GET /goods.php?detail/286022672655 HTTP/2.0" 200 23887 "https://vedanthasoftware.com/goods.php?detail/005049233224" "Mozilla/5.0 AppleWebKit/537.36 (KHTML, like Gecko; compatible; GPTBot/1.3; +https://openai.com/gptbot)"
57.141.0.53 - - [13/Mar/2026:03:05:47 +0530] "GET /?e=18812147210900 HTTP/2.0" 200 183473 "-" "meta-externalagent/1.1 (+https://developers.facebook.com/docs/sharing/webmasters/crawler)"
57.141.0.23 - - [13/Mar/2026:03:05:48 +0530] "GET /?e=11185236419200 HTTP/2.0" 200 183473 "-" "meta-externalagent/1.1 (+https://developers.facebook.com/docs/sharing/webmasters/crawler)"
74.7.243.201 - - [13/Mar/2026:03:05:50 +0530] "GET /goods.php?detail/101037414798 HTTP/2.0" 200 24141 "https://www.vedanthasoftware.com/goods.php?detail/178031644350" "Mozilla/5.0 AppleWebKit/537.36 (KHTML, like Gecko; compatible; GPTBot/1.3; +https://openai.com/gptbot)"
74.7.242.1 - - [13/Mar/2026:03:05:50 +0530] "GET /goods.php?detail/143028903862 HTTP/2.0" 200 23798 "https://vedanthasoftware.com/goods.php?detail/144015195186" "Mozilla/5.0 AppleWebKit/537.36 (KHTML, like Gecko; compatible; GPTBot/1.3; +https://openai.com/gptbot)"
20.194.2.185 - - [13/Mar/2026:03:05:50 +0530] "GET /.trash7206/index.php HTTP/1.1" 404 47 "-" "Mozilla/5.0 (Windows NT 10.0; Win64; x64) AppleWebKit/537.36 (KHTML, like Gecko) Chrome/120.0.0.0 Safari/537.36"
57.141.0.39 - - [13/Mar/2026:03:05:51 +0530] "GET /?e=19527135578102 HTTP/2.0" 200 183473 "-" "meta-externalagent/1.1 (+https://developers.facebook.com/docs/sharing/webmasters/crawler)"
74.7.242.1 - - [13/Mar/2026:03:05:54 +0530] "GET /goods.php?detail/133018322515 HTTP/2.0" 200 23763 "https://vedanthasoftware.com/goods.php?detail/133002932860" "Mozilla/5.0 AppleWebKit/537.36 (KHTML, like Gecko; compatible; GPTBot/1.3; +https://openai.com/gptbot)"
20.194.2.185 - - [13/Mar/2026:03:05:54 +0530] "GET /.well-known/logs233/index.php?p= HTTP/1.1" 404 47 "-" "Mozilla/5.0 (Windows NT 10.0; Win64; x64) AppleWebKit/537.36 (KHTML, like Gecko) Chrome/120.0.0.0 Safari/537.36"
57.141.0.70 - - [13/Mar/2026:03:05:55 +0530] "GET /?e=91880253854100 HTTP/2.0" 200 183473 "-" "meta-externalagent/1.1 (+https://developers.facebook.com/docs/sharing/webmasters/crawler)"
74.7.243.201 - - [13/Mar/2026:03:05:55 +0530] "GET /goods.php?detail/195047570780 HTTP/2.0" 200 24487 "https://www.vedanthasoftware.com/goods.php?detail/195007157210" "Mozilla/5.0 AppleWebKit/537.36 (KHTML, like Gecko; compatible; GPTBot/1.3; +https://openai.com/gptbot)"
57.141.0.65 - - [13/Mar/2026:03:05:55 +0530] "GET /?e=97868254107300 HTTP/2.0" 200 183473 "-" "meta-externalagent/1.1 (+https://developers.facebook.com/docs/sharing/webmasters/crawler)"
20.194.2.185 - - [13/Mar/2026:03:05:55 +0530] "GET /wp-content/themes/haha.php HTTP/1.1" 404 47 "-" "Mozilla/5.0 (Windows NT 10.0; Win64; x64) AppleWebKit/537.36 (KHTML, like Gecko) Chrome/120.0.0.0 Safari/537.36"
57.141.0.11 - - [13/Mar/2026:03:05:56 +0530] "GET /?e=48118198109006 HTTP/2.0" 200 183473 "-" "meta-externalagent/1.1 (+https://developers.facebook.com/docs/sharing/webmasters/crawler)"
74.7.242.1 - - [13/Mar/2026:03:05:58 +0530] "GET /goods.php?detail/001005089427 HTTP/2.0" 200 23900 "https://vedanthasoftware.com/goods.php?detail/001025351957" "Mozilla/5.0 AppleWebKit/537.36 (KHTML, like Gecko; compatible; GPTBot/1.3; +https://openai.com/gptbot)"
74.7.243.201 - - [13/Mar/2026:03:05:58 +0530] "GET /goods.php?detail/268014402435 HTTP/2.0" 200 24301 "https://www.vedanthasoftware.com/goods.php?detail/268006455741" "Mozilla/5.0 AppleWebKit/537.36 (KHTML, like Gecko; compatible; GPTBot/1.3; +https://openai.com/gptbot)"
20.194.2.185 - - [13/Mar/2026:03:05:58 +0530] "GET /wp-content/themes/theme/about.php HTTP/1.1" 404 47 "-" "Mozilla/5.0 (Windows NT 10.0; Win64; x64) AppleWebKit/537.36 (KHTML, like Gecko) Chrome/120.0.0.0 Safari/537.36"
57.141.0.42 - - [13/Mar/2026:03:05:59 +0530] "GET /?e=87359149203802 HTTP/2.0" 200 183473 "-" "meta-externalagent/1.1 (+https://developers.facebook.com/docs/sharing/webmasters/crawler)"
74.7.242.1 - - [13/Mar/2026:03:06:01 +0530] "GET /goods.php?detail/052015645584 HTTP/2.0" 200 23812 "https://vedanthasoftware.com/goods.php?detail/052036264747" "Mozilla/5.0 AppleWebKit/537.36 (KHTML, like Gecko; compatible; GPTBot/1.3; +https://openai.com/gptbot)"
20.194.2.185 - - [13/Mar/2026:03:06:01 +0530] "GET /wp-content/plugins/plugin/index.php HTTP/1.1" 404 47 "-" "Mozilla/5.0 (Windows NT 10.0; Win64; x64) AppleWebKit/537.36 (KHTML, like Gecko) Chrome/120.0.0.0 Safari/537.36"
74.7.243.201 - - [13/Mar/2026:03:06:02 +0530] "GET /goods.php?detail/268039772925 HTTP/2.0" 200 23814 "https://www.vedanthasoftware.com/goods.php?detail/268006455741" "Mozilla/5.0 AppleWebKit/537.36 (KHTML, like Gecko; compatible; GPTBot/1.3; +https://openai.com/gptbot)"
57.141.0.70 - - [13/Mar/2026:03:06:02 +0530] "GET /?e=6809936154402 HTTP/2.0" 200 183473 "-" "meta-externalagent/1.1 (+https://developers.facebook.com/docs/sharing/webmasters/crawler)"
168.119.108.92 - - [13/Mar/2026:03:06:03 +0530] "GET /wp-login.php HTTP/2.0" 200 2426 "-" "Mozilla/5.0 (Windows NT 6.1; Win64; x64) AppleWebKit/537.36 (KHTML, like Gecko) Chrome/65.0.3325.181 Safari/537.36 OPR/52.0.2871.99"
20.194.2.185 - - [13/Mar/2026:03:06:03 +0530] "GET /xmr.php HTTP/1.1" 404 47 "-" "Mozilla/5.0 (Windows NT 10.0; Win64; x64) AppleWebKit/537.36 (KHTML, like Gecko) Chrome/120.0.0.0 Safari/537.36"
74.7.242.1 - - [13/Mar/2026:03:06:06 +0530] "GET /goods.php?detail/070013192351 HTTP/2.0" 200 25020 "https://vedanthasoftware.com/goods.php?jp/070013195.html" "Mozilla/5.0 AppleWebKit/537.36 (KHTML, like Gecko; compatible; GPTBot/1.3; +https://openai.com/gptbot)"
74.7.243.201 - - [13/Mar/2026:03:06:07 +0530] "GET /goods.php?detail/167049886756 HTTP/2.0" 200 24114 "https://www.vedanthasoftware.com/goods.php?goods/037020588" "Mozilla/5.0 AppleWebKit/537.36 (KHTML, like Gecko; compatible; GPTBot/1.3; +https://openai.com/gptbot)"
20.194.2.185 - - [13/Mar/2026:03:06:07 +0530] "GET /about.php HTTP/1.1" 404 47 "-" "Mozilla/5.0 (Windows NT 10.0; Win64; x64) AppleWebKit/537.36 (KHTML, like Gecko) Chrome/120.0.0.0 Safari/537.36"
57.141.0.47 - - [13/Mar/2026:03:06:07 +0530] "GET /?e=98839113514304 HTTP/2.0" 200 183473 "-" "meta-externalagent/1.1 (+https://developers.facebook.com/docs/sharing/webmasters/crawler)"
168.119.108.92 - - [13/Mar/2026:03:06:07 +0530] "POST /wp-login.php HTTP/2.0" 200 2611 "https://vedanthasoftware.com/wp-login.php" "Mozilla/5.0 (Windows NT 6.1; Win64; x64) AppleWebKit/537.36 (KHTML, like Gecko) Chrome/65.0.3325.181 Safari/537.36 OPR/52.0.2871.99"
57.141.0.29 - - [13/Mar/2026:03:06:08 +0530] "GET /?e=69901218015500 HTTP/2.0" 200 183473 "-" "meta-externalagent/1.1 (+https://developers.facebook.com/docs/sharing/webmasters/crawler)"
57.141.0.36 - - [13/Mar/2026:03:06:08 +0530] "GET /?e=7125027030600 HTTP/2.0" 200 183473 "-" "meta-externalagent/1.1 (+https://developers.facebook.com/docs/sharing/webmasters/crawler)"
57.141.0.7 - - [13/Mar/2026:03:06:08 +0530] "GET /?e=95350234799803 HTTP/2.0" 200 183473 "-" "meta-externalagent/1.1 (+https://developers.facebook.com/docs/sharing/webmasters/crawler)"
57.141.0.45 - - [13/Mar/2026:03:06:09 +0530] "GET /?e=98703144700 HTTP/2.0" 200 183473 "-" "meta-externalagent/1.1 (+https://developers.facebook.com/docs/sharing/webmasters/crawler)"
74.7.242.1 - - [13/Mar/2026:03:06:11 +0530] "GET /goods.php?detail/140021806831 HTTP/2.0" 200 23937 "https://vedanthasoftware.com/goods.php?jp/140021826.html" "Mozilla/5.0 AppleWebKit/537.36 (KHTML, like Gecko; compatible; GPTBot/1.3; +https://openai.com/gptbot)"
20.194.2.185 - - [13/Mar/2026:03:06:11 +0530] "GET /admin.php HTTP/1.1" 404 47 "-" "Mozilla/5.0 (Windows NT 10.0; Win64; x64) AppleWebKit/537.36 (KHTML, like Gecko) Chrome/120.0.0.0 Safari/537.36"
74.7.243.201 - - [13/Mar/2026:03:06:12 +0530] "GET /goods.php?detail/037004259922 HTTP/2.0" 200 23858 "https://www.vedanthasoftware.com/goods.php?goods/037020588" "Mozilla/5.0 AppleWebKit/537.36 (KHTML, like Gecko; compatible; GPTBot/1.3; +https://openai.com/gptbot)"
57.141.0.22 - - [13/Mar/2026:03:06:12 +0530] "GET /?e=47797215209600 HTTP/2.0" 200 183473 "-" "meta-externalagent/1.1 (+https://developers.facebook.com/docs/sharing/webmasters/crawler)"
57.141.0.11 - - [13/Mar/2026:03:06:13 +0530] "GET /?e=67788158573500 HTTP/2.0" 200 183473 "-" "meta-externalagent/1.1 (+https://developers.facebook.com/docs/sharing/webmasters/crawler)"
57.141.0.2 - - [13/Mar/2026:03:06:13 +0530] "GET /?e=6109164276101 HTTP/2.0" 200 183473 "-" "meta-externalagent/1.1 (+https://developers.facebook.com/docs/sharing/webmasters/crawler)"
57.141.0.65 - - [13/Mar/2026:03:06:13 +0530] "GET /?e=81047241329002 HTTP/2.0" 200 183473 "-" "meta-externalagent/1.1 (+https://developers.facebook.com/docs/sharing/webmasters/crawler)"
57.141.0.41 - - [13/Mar/2026:03:06:13 +0530] "GET /?e=3118772310400 HTTP/2.0" 200 183473 "-" "meta-externalagent/1.1 (+https://developers.facebook.com/docs/sharing/webmasters/crawler)"
20.194.2.185 - - [13/Mar/2026:03:06:14 +0530] "GET /adminfuns.php HTTP/1.1" 404 47 "-" "Mozilla/5.0 (Windows NT 10.0; Win64; x64) AppleWebKit/537.36 (KHTML, like Gecko) Chrome/120.0.0.0 Safari/537.36"
57.141.0.62 - - [13/Mar/2026:03:06:14 +0530] "GET /?e=08732260579202 HTTP/2.0" 200 183473 "-" "meta-externalagent/1.1 (+https://developers.facebook.com/docs/sharing/webmasters/crawler)"
57.141.0.47 - - [13/Mar/2026:03:06:14 +0530] "GET /?e=79798217560501 HTTP/2.0" 200 183473 "-" "meta-externalagent/1.1 (+https://developers.facebook.com/docs/sharing/webmasters/crawler)"
74.7.243.201 - - [13/Mar/2026:03:06:17 +0530] "GET /goods.php?detail/297047375401 HTTP/2.0" 200 24392 "https://www.vedanthasoftware.com/goods.php?detail/195007154505" "Mozilla/5.0 AppleWebKit/537.36 (KHTML, like Gecko; compatible; GPTBot/1.3; +https://openai.com/gptbot)"
74.7.242.1 - - [13/Mar/2026:03:06:18 +0530] "GET /goods.php?detail/249015450952 HTTP/2.0" 200 23871 "https://vedanthasoftware.com/goods.php?detail/094021609263" "Mozilla/5.0 AppleWebKit/537.36 (KHTML, like Gecko; compatible; GPTBot/1.3; +https://openai.com/gptbot)"
20.194.2.185 - - [13/Mar/2026:03:06:18 +0530] "GET /as.php HTTP/1.1" 404 47 "-" "Mozilla/5.0 (Windows NT 10.0; Win64; x64) AppleWebKit/537.36 (KHTML, like Gecko) Chrome/120.0.0.0 Safari/537.36"
57.141.0.27 - - [13/Mar/2026:03:06:19 +0530] "GET /?e=63270141787601 HTTP/2.0" 200 183473 "-" "meta-externalagent/1.1 (+https://developers.facebook.com/docs/sharing/webmasters/crawler)"
57.141.0.40 - - [13/Mar/2026:03:06:19 +0530] "GET /?e=72191218384602 HTTP/2.0" 200 183473 "-" "meta-externalagent/1.1 (+https://developers.facebook.com/docs/sharing/webmasters/crawler)"
74.7.243.201 - - [13/Mar/2026:03:06:21 +0530] "GET /goods.php?detail/2360312212244 HTTP/2.0" 200 24240 "https://www.vedanthasoftware.com/goods.php?detail/236049622749" "Mozilla/5.0 AppleWebKit/537.36 (KHTML, like Gecko; compatible; GPTBot/1.3; +https://openai.com/gptbot)"
20.194.2.185 - - [13/Mar/2026:03:06:21 +0530] "GET /bolt.php HTTP/1.1" 404 47 "-" "Mozilla/5.0 (Windows NT 10.0; Win64; x64) AppleWebKit/537.36 (KHTML, like Gecko) Chrome/120.0.0.0 Safari/537.36"
74.7.242.1 - - [13/Mar/2026:03:06:22 +0530] "GET /goods.php?detail/085045518180 HTTP/2.0" 200 24341 "https://vedanthasoftware.com/goods.php?detail/085032166006" "Mozilla/5.0 AppleWebKit/537.36 (KHTML, like Gecko; compatible; GPTBot/1.3; +https://openai.com/gptbot)"
57.141.0.68 - - [13/Mar/2026:03:06:22 +0530] "GET /?e=71650232441305 HTTP/2.0" 200 183473 "-" "meta-externalagent/1.1 (+https://developers.facebook.com/docs/sharing/webmasters/crawler)"
20.194.2.185 - - [13/Mar/2026:03:06:23 +0530] "GET /cgi-bin/ HTTP/1.1" 404 29360 "-" "Mozilla/5.0 (Windows NT 10.0; Win64; x64) AppleWebKit/537.36 (KHTML, like Gecko) Chrome/120.0.0.0 Safari/537.36"
74.7.243.201 - - [13/Mar/2026:03:06:26 +0530] "GET /goods.php?detail/0170177131678 HTTP/2.0" 200 24236 "https://www.vedanthasoftware.com/goods.php?detail/277014355061" "Mozilla/5.0 AppleWebKit/537.36 (KHTML, like Gecko; compatible; GPTBot/1.3; +https://openai.com/gptbot)"
20.194.2.185 - - [13/Mar/2026:03:06:26 +0530] "GET /class-t.api.php HTTP/1.1" 404 47 "-" "Mozilla/5.0 (Windows NT 10.0; Win64; x64) AppleWebKit/537.36 (KHTML, like Gecko) Chrome/120.0.0.0 Safari/537.36"
57.141.0.59 - - [13/Mar/2026:03:06:27 +0530] "GET /?e=00383123503402 HTTP/2.0" 200 183473 "-" "meta-externalagent/1.1 (+https://developers.facebook.com/docs/sharing/webmasters/crawler)"
74.7.242.1 - - [13/Mar/2026:03:06:27 +0530] "GET /goods.php?detail/246024060779 HTTP/2.0" 200 24378 "https://vedanthasoftware.com/goods.php?detail/246044599691" "Mozilla/5.0 AppleWebKit/537.36 (KHTML, like Gecko; compatible; GPTBot/1.3; +https://openai.com/gptbot)"
20.194.2.185 - - [13/Mar/2026:03:06:27 +0530] "GET /edit.php HTTP/1.1" 404 47 "-" "Mozilla/5.0 (Windows NT 10.0; Win64; x64) AppleWebKit/537.36 (KHTML, like Gecko) Chrome/120.0.0.0 Safari/537.36"
57.141.0.36 - - [13/Mar/2026:03:06:27 +0530] "GET /?e=2992176789301 HTTP/2.0" 200 183473 "-" "meta-externalagent/1.1 (+https://developers.facebook.com/docs/sharing/webmasters/crawler)"
57.141.0.32 - - [13/Mar/2026:03:06:28 +0530] "GET /?e=98550247682401 HTTP/2.0" 200 183473 "-" "meta-externalagent/1.1 (+https://developers.facebook.com/docs/sharing/webmasters/crawler)"
74.7.243.201 - - [13/Mar/2026:03:06:29 +0530] "GET /goods.php?detail/2190193316331 HTTP/2.0" 200 24060 "https://www.vedanthasoftware.com/goods.php?detail/002033211288" "Mozilla/5.0 AppleWebKit/537.36 (KHTML, like Gecko; compatible; GPTBot/1.3; +https://openai.com/gptbot)"
20.194.2.185 - - [13/Mar/2026:03:06:29 +0530] "GET /ff1.php HTTP/1.1" 404 47 "-" "Mozilla/5.0 (Windows NT 10.0; Win64; x64) AppleWebKit/537.36 (KHTML, like Gecko) Chrome/120.0.0.0 Safari/537.36"
57.141.0.15 - - [13/Mar/2026:03:06:30 +0530] "GET /?e=10700125735118 HTTP/2.0" 200 183473 "-" "meta-externalagent/1.1 (+https://developers.facebook.com/docs/sharing/webmasters/crawler)"
57.141.0.40 - - [13/Mar/2026:03:06:31 +0530] "GET /?e=63621274802502 HTTP/2.0" 200 183473 "-" "meta-externalagent/1.1 (+https://developers.facebook.com/docs/sharing/webmasters/crawler)"
74.7.242.1 - - [13/Mar/2026:03:06:32 +0530] "GET /goods.php?detail/119048678086 HTTP/2.0" 200 23829 "https://vedanthasoftware.com/goods.php?detail/085032166006" "Mozilla/5.0 AppleWebKit/537.36 (KHTML, like Gecko; compatible; GPTBot/1.3; +https://openai.com/gptbot)"
20.194.2.185 - - [13/Mar/2026:03:06:32 +0530] "GET /fff.php HTTP/1.1" 404 47 "-" "Mozilla/5.0 (Windows NT 10.0; Win64; x64) AppleWebKit/537.36 (KHTML, like Gecko) Chrome/120.0.0.0 Safari/537.36"
57.141.0.5 - - [13/Mar/2026:03:06:33 +0530] "GET /?e=2502889435605 HTTP/2.0" 200 183473 "-" "meta-externalagent/1.1 (+https://developers.facebook.com/docs/sharing/webmasters/crawler)"
74.7.243.201 - - [13/Mar/2026:03:06:33 +0530] "GET /goods.php?detail/0150410501579 HTTP/2.0" 200 24957 "https://www.vedanthasoftware.com/goods.php?detail/055028715205" "Mozilla/5.0 AppleWebKit/537.36 (KHTML, like Gecko; compatible; GPTBot/1.3; +https://openai.com/gptbot)"
20.194.2.185 - - [13/Mar/2026:03:06:33 +0530] "GET /inputs.php?p= HTTP/1.1" 404 47 "-" "Mozilla/5.0 (Windows NT 10.0; Win64; x64) AppleWebKit/537.36 (KHTML, like Gecko) Chrome/120.0.0.0 Safari/537.36"
57.141.0.35 - - [13/Mar/2026:03:06:34 +0530] "GET /?e=71977120765103 HTTP/2.0" 200 183473 "-" "meta-externalagent/1.1 (+https://developers.facebook.com/docs/sharing/webmasters/crawler)"
74.7.242.1 - - [13/Mar/2026:03:06:36 +0530] "GET /goods.php?detail/135038109170 HTTP/2.0" 200 25262 "https://vedanthasoftware.com/goods.php?detail/135017226539" "Mozilla/5.0 AppleWebKit/537.36 (KHTML, like Gecko; compatible; GPTBot/1.3; +https://openai.com/gptbot)"
20.194.2.185 - - [13/Mar/2026:03:06:36 +0530] "GET /ioxi-o.php HTTP/1.1" 404 47 "-" "Mozilla/5.0 (Windows NT 10.0; Win64; x64) AppleWebKit/537.36 (KHTML, like Gecko) Chrome/120.0.0.0 Safari/537.36"
57.141.0.19 - - [13/Mar/2026:03:06:37 +0530] "GET /?e=0486416481402 HTTP/2.0" 200 183473 "-" "meta-externalagent/1.1 (+https://developers.facebook.com/docs/sharing/webmasters/crawler)"
74.7.243.201 - - [13/Mar/2026:03:06:37 +0530] "GET /goods.php?detail/0040321703040 HTTP/2.0" 200 24164 "https://www.vedanthasoftware.com/goods.php?detail/0280487708086" "Mozilla/5.0 AppleWebKit/537.36 (KHTML, like Gecko; compatible; GPTBot/1.3; +https://openai.com/gptbot)"
20.194.2.185 - - [13/Mar/2026:03:06:37 +0530] "GET /lite.php HTTP/1.1" 404 47 "-" "Mozilla/5.0 (Windows NT 10.0; Win64; x64) AppleWebKit/537.36 (KHTML, like Gecko) Chrome/120.0.0.0 Safari/537.36"
57.141.0.9 - - [13/Mar/2026:03:06:38 +0530] "GET /?e=8829553902903 HTTP/2.0" 200 183473 "-" "meta-externalagent/1.1 (+https://developers.facebook.com/docs/sharing/webmasters/crawler)"
