74.7.243.201 - - [13/Mar/2026:01:44:40 +0530] "GET /goods.php?detail/258003492336 HTTP/2.0" 200 24986 "https://www.vedanthasoftware.com/goods.php?detail/2580122503035" "Mozilla/5.0 AppleWebKit/537.36 (KHTML, like Gecko; compatible; GPTBot/1.3; +https://openai.com/gptbot)"
57.141.0.46 - - [13/Mar/2026:01:44:41 +0530] "GET /?e=0050185441604 HTTP/2.0" 200 183473 "-" "meta-externalagent/1.1 (+https://developers.facebook.com/docs/sharing/webmasters/crawler)"
57.141.0.54 - - [13/Mar/2026:01:44:42 +0530] "GET /?e=62800234282203 HTTP/2.0" 200 183473 "-" "meta-externalagent/1.1 (+https://developers.facebook.com/docs/sharing/webmasters/crawler)"
74.7.242.1 - - [13/Mar/2026:01:44:43 +0530] "GET /goods.php?detail/226028514256 HTTP/2.0" 200 25529 "https://vedanthasoftware.com/goods.php?goods/226005938" "Mozilla/5.0 AppleWebKit/537.36 (KHTML, like Gecko; compatible; GPTBot/1.3; +https://openai.com/gptbot)"
57.141.0.14 - - [13/Mar/2026:01:44:44 +0530] "GET /?e=89907269993102 HTTP/2.0" 200 183473 "-" "meta-externalagent/1.1 (+https://developers.facebook.com/docs/sharing/webmasters/crawler)"
74.7.243.201 - - [13/Mar/2026:01:44:45 +0530] "GET /goods.php?detail/190010376654 HTTP/2.0" 200 24080 "https://www.vedanthasoftware.com/goods.php?detail/190048909240" "Mozilla/5.0 AppleWebKit/537.36 (KHTML, like Gecko; compatible; GPTBot/1.3; +https://openai.com/gptbot)"
57.141.0.42 - - [13/Mar/2026:01:44:45 +0530] "GET /?e=35397207754301 HTTP/2.0" 200 183473 "-" "meta-externalagent/1.1 (+https://developers.facebook.com/docs/sharing/webmasters/crawler)"
57.141.0.47 - - [13/Mar/2026:01:44:46 +0530] "GET /?e=73395201126610 HTTP/2.0" 200 183473 "-" "meta-externalagent/1.1 (+https://developers.facebook.com/docs/sharing/webmasters/crawler)"
57.141.0.20 - - [13/Mar/2026:01:44:46 +0530] "GET /?e=29674220322500 HTTP/2.0" 200 183473 "-" "meta-externalagent/1.1 (+https://developers.facebook.com/docs/sharing/webmasters/crawler)"
57.141.0.59 - - [13/Mar/2026:01:44:47 +0530] "GET /?e=8854740050704 HTTP/2.0" 200 183473 "-" "meta-externalagent/1.1 (+https://developers.facebook.com/docs/sharing/webmasters/crawler)"
57.141.0.71 - - [13/Mar/2026:01:44:48 +0530] "GET /?e=37819269038603 HTTP/2.0" 200 183473 "-" "meta-externalagent/1.1 (+https://developers.facebook.com/docs/sharing/webmasters/crawler)"
74.7.242.1 - - [13/Mar/2026:01:44:48 +0530] "GET /goods.php?detail/077015255724 HTTP/2.0" 200 23888 "https://vedanthasoftware.com/goods.php?detail/077007566494" "Mozilla/5.0 AppleWebKit/537.36 (KHTML, like Gecko; compatible; GPTBot/1.3; +https://openai.com/gptbot)"
57.141.0.67 - - [13/Mar/2026:01:44:48 +0530] "GET /?e=45939285205501 HTTP/2.0" 200 183473 "-" "meta-externalagent/1.1 (+https://developers.facebook.com/docs/sharing/webmasters/crawler)"
57.141.0.35 - - [13/Mar/2026:01:44:49 +0530] "GET /?e=26492255823305 HTTP/2.0" 200 183473 "-" "meta-externalagent/1.1 (+https://developers.facebook.com/docs/sharing/webmasters/crawler)"
57.141.0.43 - - [13/Mar/2026:01:44:50 +0530] "GET /?e=7904616227306 HTTP/2.0" 200 183473 "-" "meta-externalagent/1.1 (+https://developers.facebook.com/docs/sharing/webmasters/crawler)"
114.119.153.137 - - [13/Mar/2026:01:44:50 +0530] "GET /?_q=004003406 HTTP/1.1" 200 38166 "https://www.vedanthasoftware.com/sitemap546.xml" "Mozilla/5.0 (Linux; Android 7.0;) AppleWebKit/537.36 (KHTML, like Gecko) Mobile Safari/537.36 (compatible; PetalBot;+https://webmaster.petalsearch.com/site/petalbot)"
74.7.243.201 - - [13/Mar/2026:01:44:53 +0530] "GET /goods.php?detail/025034919630 HTTP/2.0" 200 24159 "https://www.vedanthasoftware.com/goods.php?detail/277046147057" "Mozilla/5.0 AppleWebKit/537.36 (KHTML, like Gecko; compatible; GPTBot/1.3; +https://openai.com/gptbot)"
57.141.0.25 - - [13/Mar/2026:01:44:54 +0530] "GET /?e=7883993540203 HTTP/2.0" 200 183473 "-" "meta-externalagent/1.1 (+https://developers.facebook.com/docs/sharing/webmasters/crawler)"
57.141.0.35 - - [13/Mar/2026:01:44:54 +0530] "GET /?e=97506113639102 HTTP/2.0" 200 183473 "-" "meta-externalagent/1.1 (+https://developers.facebook.com/docs/sharing/webmasters/crawler)"
74.7.242.1 - - [13/Mar/2026:01:44:54 +0530] "GET /goods.php?detail/2350256797940 HTTP/2.0" 200 23825 "https://vedanthasoftware.com/goods.php?detail/300023936723" "Mozilla/5.0 AppleWebKit/537.36 (KHTML, like Gecko; compatible; GPTBot/1.3; +https://openai.com/gptbot)"
57.141.0.70 - - [13/Mar/2026:01:44:55 +0530] "GET /?e=91019183950901 HTTP/2.0" 200 183473 "-" "meta-externalagent/1.1 (+https://developers.facebook.com/docs/sharing/webmasters/crawler)"
57.141.0.35 - - [13/Mar/2026:01:44:55 +0530] "GET /?e=92709279595000 HTTP/2.0" 200 183473 "-" "meta-externalagent/1.1 (+https://developers.facebook.com/docs/sharing/webmasters/crawler)"
57.141.0.42 - - [13/Mar/2026:01:44:56 +0530] "GET /?e=06234110317500 HTTP/2.0" 200 183473 "-" "meta-externalagent/1.1 (+https://developers.facebook.com/docs/sharing/webmasters/crawler)"
57.141.0.42 - - [13/Mar/2026:01:44:57 +0530] "GET /?e=57763131515300 HTTP/2.0" 200 183473 "-" "meta-externalagent/1.1 (+https://developers.facebook.com/docs/sharing/webmasters/crawler)"
74.7.243.201 - - [13/Mar/2026:01:44:58 +0530] "GET /goods.php?detail/1470138479455 HTTP/2.0" 200 24742 "https://www.vedanthasoftware.com/goods.php?detail/079004054445" "Mozilla/5.0 AppleWebKit/537.36 (KHTML, like Gecko; compatible; GPTBot/1.3; +https://openai.com/gptbot)"
74.7.242.1 - - [13/Mar/2026:01:44:59 +0530] "GET /goods.php?detail/156016337100 HTTP/2.0" 200 23876 "https://vedanthasoftware.com/goods.php?detail/117045841617" "Mozilla/5.0 AppleWebKit/537.36 (KHTML, like Gecko; compatible; GPTBot/1.3; +https://openai.com/gptbot)"
57.141.0.29 - - [13/Mar/2026:01:44:59 +0530] "GET /?e=01196187628502 HTTP/2.0" 200 183473 "-" "meta-externalagent/1.1 (+https://developers.facebook.com/docs/sharing/webmasters/crawler)"
57.141.0.14 - - [13/Mar/2026:01:45:00 +0530] "GET /?e=7709425794801 HTTP/2.0" 200 183473 "-" "meta-externalagent/1.1 (+https://developers.facebook.com/docs/sharing/webmasters/crawler)"
57.141.0.26 - - [13/Mar/2026:01:45:01 +0530] "GET /?e=86510282869904 HTTP/2.0" 200 183473 "-" "meta-externalagent/1.1 (+https://developers.facebook.com/docs/sharing/webmasters/crawler)"
57.141.0.33 - - [13/Mar/2026:01:45:02 +0530] "GET /?e=72777141718601 HTTP/2.0" 200 183473 "-" "meta-externalagent/1.1 (+https://developers.facebook.com/docs/sharing/webmasters/crawler)"
57.141.0.68 - - [13/Mar/2026:01:45:02 +0530] "GET /?e=89874140009500 HTTP/2.0" 200 183473 "-" "meta-externalagent/1.1 (+https://developers.facebook.com/docs/sharing/webmasters/crawler)"
74.7.243.201 - - [13/Mar/2026:01:45:04 +0530] "GET /goods.php?detail/005006844359 HTTP/2.0" 200 23959 "https://www.vedanthasoftware.com/goods.php?detail/04002313027587" "Mozilla/5.0 AppleWebKit/537.36 (KHTML, like Gecko; compatible; GPTBot/1.3; +https://openai.com/gptbot)"
74.7.242.1 - - [13/Mar/2026:01:45:04 +0530] "GET /goods.php?detail/287012182750 HTTP/2.0" 200 24191 "https://vedanthasoftware.com/goods.php?jp/287012183.html" "Mozilla/5.0 AppleWebKit/537.36 (KHTML, like Gecko; compatible; GPTBot/1.3; +https://openai.com/gptbot)"
57.141.0.44 - - [13/Mar/2026:01:45:06 +0530] "GET /?e=11990166994700 HTTP/2.0" 200 183473 "-" "meta-externalagent/1.1 (+https://developers.facebook.com/docs/sharing/webmasters/crawler)"
57.141.0.10 - - [13/Mar/2026:01:45:07 +0530] "GET /?e=7405840084500 HTTP/2.0" 200 183473 "-" "meta-externalagent/1.1 (+https://developers.facebook.com/docs/sharing/webmasters/crawler)"
74.7.243.201 - - [13/Mar/2026:01:45:08 +0530] "GET /goods.php?detail/040014575090 HTTP/2.0" 200 24228 "https://www.vedanthasoftware.com/goods.php?detail/04002313027587" "Mozilla/5.0 AppleWebKit/537.36 (KHTML, like Gecko; compatible; GPTBot/1.3; +https://openai.com/gptbot)"
57.141.0.45 - - [13/Mar/2026:01:45:10 +0530] "GET /?e=21457121300603 HTTP/2.0" 200 183473 "-" "meta-externalagent/1.1 (+https://developers.facebook.com/docs/sharing/webmasters/crawler)"
74.7.242.1 - - [13/Mar/2026:01:45:11 +0530] "GET /goods.php?detail/072039925094 HTTP/2.0" 200 25567 "https://vedanthasoftware.com/goods.php?detail/085017217706" "Mozilla/5.0 AppleWebKit/537.36 (KHTML, like Gecko; compatible; GPTBot/1.3; +https://openai.com/gptbot)"
57.141.0.7 - - [13/Mar/2026:01:45:11 +0530] "GET /?e=73274100103501 HTTP/2.0" 200 183473 "-" "meta-externalagent/1.1 (+https://developers.facebook.com/docs/sharing/webmasters/crawler)"
57.141.0.3 - - [13/Mar/2026:01:45:12 +0530] "GET /?e=60160146862302 HTTP/2.0" 200 183473 "-" "meta-externalagent/1.1 (+https://developers.facebook.com/docs/sharing/webmasters/crawler)"
57.141.0.18 - - [13/Mar/2026:01:45:13 +0530] "GET /?e=59228212013902 HTTP/2.0" 200 183473 "-" "meta-externalagent/1.1 (+https://developers.facebook.com/docs/sharing/webmasters/crawler)"
143.20.253.143 - - [13/Mar/2026:01:45:13 +0530] "GET /wp-json/wp/v2/categories/87 HTTP/1.1" 200 671 "-" "Mozilla/5.0 (Macintosh; Intel Mac OS X 10_15_7) AppleWebKit/537.36 (KHTML, like Gecko) Chrome/135.0.0.0 Safari/537.36"
57.141.0.62 - - [13/Mar/2026:01:45:15 +0530] "GET /?e=85222153632703 HTTP/2.0" 200 183473 "-" "meta-externalagent/1.1 (+https://developers.facebook.com/docs/sharing/webmasters/crawler)"
74.7.243.201 - - [13/Mar/2026:01:45:15 +0530] "GET /goods.php?detail/085004757970 HTTP/2.0" 200 24236 "https://www.vedanthasoftware.com/goods.php?detail/295044284355" "Mozilla/5.0 AppleWebKit/537.36 (KHTML, like Gecko; compatible; GPTBot/1.3; +https://openai.com/gptbot)"
178.175.136.73 - - [13/Mar/2026:01:45:16 +0530] "GET /wp-login.php HTTP/2.0" 200 2426 "-" "Mozilla/5.0 (Windows NT 6.1; Trident/7.0; MATP; rv:11.0) like Gecko"
57.141.0.68 - - [13/Mar/2026:01:45:18 +0530] "GET /?e=63651299748404 HTTP/2.0" 200 183473 "-" "meta-externalagent/1.1 (+https://developers.facebook.com/docs/sharing/webmasters/crawler)"
74.7.242.1 - - [13/Mar/2026:01:45:18 +0530] "GET /goods.php?detail/232024228735 HTTP/2.0" 200 23861 "https://vedanthasoftware.com/goods.php?detail/147037042457" "Mozilla/5.0 AppleWebKit/537.36 (KHTML, like Gecko; compatible; GPTBot/1.3; +https://openai.com/gptbot)"
57.141.0.47 - - [13/Mar/2026:01:45:19 +0530] "GET /?e=87612188608202 HTTP/2.0" 200 183473 "-" "meta-externalagent/1.1 (+https://developers.facebook.com/docs/sharing/webmasters/crawler)"
57.141.0.16 - - [13/Mar/2026:01:45:19 +0530] "GET /?e=4439251158501 HTTP/2.0" 200 183473 "-" "meta-externalagent/1.1 (+https://developers.facebook.com/docs/sharing/webmasters/crawler)"
57.141.0.36 - - [13/Mar/2026:01:45:20 +0530] "GET /?e=99709227311202 HTTP/2.0" 200 183473 "-" "meta-externalagent/1.1 (+https://developers.facebook.com/docs/sharing/webmasters/crawler)"
178.175.136.73 - - [13/Mar/2026:01:45:20 +0530] "POST /wp-login.php HTTP/2.0" 200 2611 "https://vedanthasoftware.com/wp-login.php" "Mozilla/5.0 (Windows NT 6.1; Trident/7.0; MATP; rv:11.0) like Gecko"
57.141.0.10 - - [13/Mar/2026:01:45:21 +0530] "GET /?e=21806194119700 HTTP/2.0" 200 183473 "-" "meta-externalagent/1.1 (+https://developers.facebook.com/docs/sharing/webmasters/crawler)"
57.141.0.12 - - [13/Mar/2026:01:45:22 +0530] "GET /?e=27877101678905 HTTP/2.0" 200 183473 "-" "meta-externalagent/1.1 (+https://developers.facebook.com/docs/sharing/webmasters/crawler)"
74.7.243.201 - - [13/Mar/2026:01:45:23 +0530] "GET /goods.php?detail/158032826728 HTTP/2.0" 200 24120 "https://www.vedanthasoftware.com/goods.php?jp/295044284.html" "Mozilla/5.0 AppleWebKit/537.36 (KHTML, like Gecko; compatible; GPTBot/1.3; +https://openai.com/gptbot)"
57.141.0.58 - - [13/Mar/2026:01:45:23 +0530] "GET /?e=8170011229101 HTTP/2.0" 200 183473 "-" "meta-externalagent/1.1 (+https://developers.facebook.com/docs/sharing/webmasters/crawler)"
57.141.0.67 - - [13/Mar/2026:01:45:24 +0530] "GET /?e=90701142079001 HTTP/2.0" 200 183473 "-" "meta-externalagent/1.1 (+https://developers.facebook.com/docs/sharing/webmasters/crawler)"
57.141.0.16 - - [13/Mar/2026:01:45:25 +0530] "GET /?e=67242289908100 HTTP/2.0" 200 183473 "-" "meta-externalagent/1.1 (+https://developers.facebook.com/docs/sharing/webmasters/crawler)"
57.141.0.37 - - [13/Mar/2026:01:45:26 +0530] "GET /?e=63330265297100 HTTP/2.0" 200 183473 "-" "meta-externalagent/1.1 (+https://developers.facebook.com/docs/sharing/webmasters/crawler)"
74.7.242.1 - - [13/Mar/2026:01:45:27 +0530] "GET /goods.php?detail/149045087747 HTTP/2.0" 200 23942 "https://vedanthasoftware.com/goods.php?detail/149021883885" "Mozilla/5.0 AppleWebKit/537.36 (KHTML, like Gecko; compatible; GPTBot/1.3; +https://openai.com/gptbot)"
57.141.0.54 - - [13/Mar/2026:01:45:27 +0530] "GET /?e=3727724829501 HTTP/2.0" 200 183473 "-" "meta-externalagent/1.1 (+https://developers.facebook.com/docs/sharing/webmasters/crawler)"
57.141.0.39 - - [13/Mar/2026:01:45:28 +0530] "GET /?e=68062175626301 HTTP/2.0" 200 183473 "-" "meta-externalagent/1.1 (+https://developers.facebook.com/docs/sharing/webmasters/crawler)"
57.141.0.26 - - [13/Mar/2026:01:45:29 +0530] "GET /?e=40912264003201 HTTP/2.0" 200 183473 "-" "meta-externalagent/1.1 (+https://developers.facebook.com/docs/sharing/webmasters/crawler)"
57.141.0.25 - - [13/Mar/2026:01:45:29 +0530] "GET /?e=05215144838600 HTTP/2.0" 200 183473 "-" "meta-externalagent/1.1 (+https://developers.facebook.com/docs/sharing/webmasters/crawler)"
74.7.243.201 - - [13/Mar/2026:01:45:30 +0530] "GET /goods.php?detail/0940176734026 HTTP/2.0" 200 25223 "https://www.vedanthasoftware.com/goods.php?detail/094010460490" "Mozilla/5.0 AppleWebKit/537.36 (KHTML, like Gecko; compatible; GPTBot/1.3; +https://openai.com/gptbot)"
57.141.0.56 - - [13/Mar/2026:01:45:31 +0530] "GET /?e=7099891816803 HTTP/2.0" 200 183473 "-" "meta-externalagent/1.1 (+https://developers.facebook.com/docs/sharing/webmasters/crawler)"
57.141.0.9 - - [13/Mar/2026:01:45:32 +0530] "GET /?e=29933294483701 HTTP/2.0" 200 183473 "-" "meta-externalagent/1.1 (+https://developers.facebook.com/docs/sharing/webmasters/crawler)"
74.7.242.1 - - [13/Mar/2026:01:45:33 +0530] "GET /goods.php?detail/050026321672 HTTP/2.0" 200 24912 "https://vedanthasoftware.com/goods.php?detail/287007430021" "Mozilla/5.0 AppleWebKit/537.36 (KHTML, like Gecko; compatible; GPTBot/1.3; +https://openai.com/gptbot)"
57.141.0.54 - - [13/Mar/2026:01:45:33 +0530] "GET /?e=99978166609405 HTTP/2.0" 200 183473 "-" "meta-externalagent/1.1 (+https://developers.facebook.com/docs/sharing/webmasters/crawler)"
57.141.0.47 - - [13/Mar/2026:01:45:33 +0530] "GET /?e=70991252429501 HTTP/2.0" 200 183473 "-" "meta-externalagent/1.1 (+https://developers.facebook.com/docs/sharing/webmasters/crawler)"
57.141.0.71 - - [13/Mar/2026:01:45:34 +0530] "GET /?e=50789299300508 HTTP/2.0" 200 183473 "-" "meta-externalagent/1.1 (+https://developers.facebook.com/docs/sharing/webmasters/crawler)"
57.141.0.28 - - [13/Mar/2026:01:45:35 +0530] "GET /?e=90087286824605 HTTP/2.0" 200 183473 "-" "meta-externalagent/1.1 (+https://developers.facebook.com/docs/sharing/webmasters/crawler)"
74.7.243.201 - - [13/Mar/2026:01:45:36 +0530] "GET /goods.php?detail/002018515417 HTTP/2.0" 200 24730 "https://www.vedanthasoftware.com/goods.php?detail/053009488297" "Mozilla/5.0 AppleWebKit/537.36 (KHTML, like Gecko; compatible; GPTBot/1.3; +https://openai.com/gptbot)"
57.141.0.33 - - [13/Mar/2026:01:45:37 +0530] "GET /?e=24972253733700 HTTP/2.0" 200 183473 "-" "meta-externalagent/1.1 (+https://developers.facebook.com/docs/sharing/webmasters/crawler)"
57.141.0.2 - - [13/Mar/2026:01:45:38 +0530] "GET /?e=4292010103503 HTTP/2.0" 200 183473 "-" "meta-externalagent/1.1 (+https://developers.facebook.com/docs/sharing/webmasters/crawler)"
74.7.242.1 - - [13/Mar/2026:01:45:38 +0530] "GET /goods.php?detail/168027616689 HTTP/2.0" 200 23397 "https://vedanthasoftware.com/goods.php?detail/066016402756" "Mozilla/5.0 AppleWebKit/537.36 (KHTML, like Gecko; compatible; GPTBot/1.3; +https://openai.com/gptbot)"
57.141.0.15 - - [13/Mar/2026:01:45:40 +0530] "GET /?e=68609151650103 HTTP/2.0" 200 183473 "-" "meta-externalagent/1.1 (+https://developers.facebook.com/docs/sharing/webmasters/crawler)"
74.7.243.201 - - [13/Mar/2026:01:45:40 +0530] "GET /goods.php?detail/0740158356830 HTTP/2.0" 200 24027 "https://www.vedanthasoftware.com/goods.php?detail/074009223986" "Mozilla/5.0 AppleWebKit/537.36 (KHTML, like Gecko; compatible; GPTBot/1.3; +https://openai.com/gptbot)"
57.141.0.17 - - [13/Mar/2026:01:45:41 +0530] "GET /?e=92452293617100 HTTP/2.0" 200 183473 "-" "meta-externalagent/1.1 (+https://developers.facebook.com/docs/sharing/webmasters/crawler)"
57.141.0.31 - - [13/Mar/2026:01:45:42 +0530] "GET /?e=9744373186609 HTTP/2.0" 200 183473 "-" "meta-externalagent/1.1 (+https://developers.facebook.com/docs/sharing/webmasters/crawler)"
74.7.242.1 - - [13/Mar/2026:01:45:42 +0530] "GET /goods.php?detail/021047305323 HTTP/2.0" 200 23866 "https://vedanthasoftware.com/goods.php?jp/021017426.html" "Mozilla/5.0 AppleWebKit/537.36 (KHTML, like Gecko; compatible; GPTBot/1.3; +https://openai.com/gptbot)"
57.141.0.35 - - [13/Mar/2026:01:45:43 +0530] "GET /?e=71226254319600 HTTP/2.0" 200 183473 "-" "meta-externalagent/1.1 (+https://developers.facebook.com/docs/sharing/webmasters/crawler)"
74.7.243.201 - - [13/Mar/2026:01:45:46 +0530] "GET /goods.php?detail/109049404472 HTTP/2.0" 200 24355 "https://www.vedanthasoftware.com/goods.php?detail/258003492336" "Mozilla/5.0 AppleWebKit/537.36 (KHTML, like Gecko; compatible; GPTBot/1.3; +https://openai.com/gptbot)"
74.7.242.1 - - [13/Mar/2026:01:45:47 +0530] "GET /goods.php?jp/189044234.html HTTP/2.0" 200 24982 "https://vedanthasoftware.com/goods.php?detail/226028514256" "Mozilla/5.0 AppleWebKit/537.36 (KHTML, like Gecko; compatible; GPTBot/1.3; +https://openai.com/gptbot)"
57.141.0.63 - - [13/Mar/2026:01:45:47 +0530] "GET /?e=28324164401910 HTTP/2.0" 200 183473 "-" "meta-externalagent/1.1 (+https://developers.facebook.com/docs/sharing/webmasters/crawler)"
57.141.0.49 - - [13/Mar/2026:01:45:48 +0530] "GET /?e=29620263934000 HTTP/2.0" 200 183473 "-" "meta-externalagent/1.1 (+https://developers.facebook.com/docs/sharing/webmasters/crawler)"
57.141.0.10 - - [13/Mar/2026:01:45:48 +0530] "GET /?e=32167240609205 HTTP/2.0" 200 183473 "-" "meta-externalagent/1.1 (+https://developers.facebook.com/docs/sharing/webmasters/crawler)"
57.141.0.50 - - [13/Mar/2026:01:45:49 +0530] "GET /?e=0971221066714 HTTP/2.0" 200 183473 "-" "meta-externalagent/1.1 (+https://developers.facebook.com/docs/sharing/webmasters/crawler)"
74.7.243.201 - - [13/Mar/2026:01:45:50 +0530] "GET /goods.php?detail/258008678259 HTTP/2.0" 200 25410 "https://www.vedanthasoftware.com/goods.php?detail/258003492336" "Mozilla/5.0 AppleWebKit/537.36 (KHTML, like Gecko; compatible; GPTBot/1.3; +https://openai.com/gptbot)"
74.7.242.1 - - [13/Mar/2026:01:45:51 +0530] "GET /goods.php?detail/226043865526 HTTP/2.0" 200 24291 "https://vedanthasoftware.com/goods.php?detail/226028514256" "Mozilla/5.0 AppleWebKit/537.36 (KHTML, like Gecko; compatible; GPTBot/1.3; +https://openai.com/gptbot)"
57.141.0.60 - - [13/Mar/2026:01:45:52 +0530] "GET /?e=69721202323901 HTTP/2.0" 200 183473 "-" "meta-externalagent/1.1 (+https://developers.facebook.com/docs/sharing/webmasters/crawler)"
74.7.243.201 - - [13/Mar/2026:01:45:54 +0530] "GET /goods.php?detail/046049293782 HTTP/2.0" 200 23609 "https://www.vedanthasoftware.com/goods.php?detail/025034919630" "Mozilla/5.0 AppleWebKit/537.36 (KHTML, like Gecko; compatible; GPTBot/1.3; +https://openai.com/gptbot)"
57.141.0.57 - - [13/Mar/2026:01:45:55 +0530] "GET /?e=70042159323500 HTTP/2.0" 200 183473 "-" "meta-externalagent/1.1 (+https://developers.facebook.com/docs/sharing/webmasters/crawler)"
74.7.242.1 - - [13/Mar/2026:01:45:56 +0530] "GET /goods.php?detail/235035844435 HTTP/2.0" 200 23885 "https://vedanthasoftware.com/goods.php?detail/2350256797940" "Mozilla/5.0 AppleWebKit/537.36 (KHTML, like Gecko; compatible; GPTBot/1.3; +https://openai.com/gptbot)"
57.141.0.23 - - [13/Mar/2026:01:45:56 +0530] "GET /?e=11990198763300 HTTP/2.0" 200 183473 "-" "meta-externalagent/1.1 (+https://developers.facebook.com/docs/sharing/webmasters/crawler)"
57.141.0.45 - - [13/Mar/2026:01:45:57 +0530] "GET /?e=2971699560507 HTTP/2.0" 200 183473 "-" "meta-externalagent/1.1 (+https://developers.facebook.com/docs/sharing/webmasters/crawler)"
57.141.0.65 - - [13/Mar/2026:01:45:57 +0530] "GET /?e=25088217710900 HTTP/2.0" 200 183473 "-" "meta-externalagent/1.1 (+https://developers.facebook.com/docs/sharing/webmasters/crawler)"
57.141.0.39 - - [13/Mar/2026:01:45:58 +0530] "GET /?e=71937151571803 HTTP/2.0" 200 183473 "-" "meta-externalagent/1.1 (+https://developers.facebook.com/docs/sharing/webmasters/crawler)"
57.141.0.8 - - [13/Mar/2026:01:45:59 +0530] "GET /?e=98099202991902 HTTP/2.0" 200 183473 "-" "meta-externalagent/1.1 (+https://developers.facebook.com/docs/sharing/webmasters/crawler)"
74.7.243.201 - - [13/Mar/2026:01:45:59 +0530] "GET /goods.php?detail/025026351688 HTTP/2.0" 200 24832 "https://www.vedanthasoftware.com/goods.php?detail/025034919630" "Mozilla/5.0 AppleWebKit/537.36 (KHTML, like Gecko; compatible; GPTBot/1.3; +https://openai.com/gptbot)"
57.141.0.72 - - [13/Mar/2026:01:46:00 +0530] "GET /?e=600936694300 HTTP/2.0" 200 183473 "-" "meta-externalagent/1.1 (+https://developers.facebook.com/docs/sharing/webmasters/crawler)"
57.141.0.57 - - [13/Mar/2026:01:46:01 +0530] "GET /?e=96796240380803 HTTP/2.0" 200 183473 "-" "meta-externalagent/1.1 (+https://developers.facebook.com/docs/sharing/webmasters/crawler)"
74.7.242.1 - - [13/Mar/2026:01:46:02 +0530] "GET /goods.php?detail/102001272426 HTTP/2.0" 200 24009 "https://vedanthasoftware.com/goods.php?detail/2350256797940" "Mozilla/5.0 AppleWebKit/537.36 (KHTML, like Gecko; compatible; GPTBot/1.3; +https://openai.com/gptbot)"
57.141.0.20 - - [13/Mar/2026:01:46:02 +0530] "GET /?e=7934171755706 HTTP/2.0" 200 183473 "-" "meta-externalagent/1.1 (+https://developers.facebook.com/docs/sharing/webmasters/crawler)"
57.141.0.42 - - [13/Mar/2026:01:46:03 +0530] "GET /?e=9683230940902 HTTP/2.0" 200 183473 "-" "meta-externalagent/1.1 (+https://developers.facebook.com/docs/sharing/webmasters/crawler)"
57.141.0.41 - - [13/Mar/2026:01:46:03 +0530] "GET /?e=49092193679302 HTTP/2.0" 200 183473 "-" "meta-externalagent/1.1 (+https://developers.facebook.com/docs/sharing/webmasters/crawler)"
57.141.0.6 - - [13/Mar/2026:01:46:04 +0530] "GET /?e=12092148500203 HTTP/2.0" 200 183473 "-" "meta-externalagent/1.1 (+https://developers.facebook.com/docs/sharing/webmasters/crawler)"
57.141.0.3 - - [13/Mar/2026:01:46:05 +0530] "GET /?e=77297193397105 HTTP/2.0" 200 183473 "-" "meta-externalagent/1.1 (+https://developers.facebook.com/docs/sharing/webmasters/crawler)"
57.141.0.72 - - [13/Mar/2026:01:46:06 +0530] "GET /?e=0068045911900 HTTP/2.0" 200 183473 "-" "meta-externalagent/1.1 (+https://developers.facebook.com/docs/sharing/webmasters/crawler)"
74.7.243.201 - - [13/Mar/2026:01:46:06 +0530] "GET /goods.php?detail/190013071024 HTTP/2.0" 200 23871 "https://www.vedanthasoftware.com/goods.php?detail/190010376654" "Mozilla/5.0 AppleWebKit/537.36 (KHTML, like Gecko; compatible; GPTBot/1.3; +https://openai.com/gptbot)"
57.141.0.47 - - [13/Mar/2026:01:46:07 +0530] "GET /?e=3402998441600 HTTP/2.0" 200 183473 "-" "meta-externalagent/1.1 (+https://developers.facebook.com/docs/sharing/webmasters/crawler)"
74.7.242.1 - - [13/Mar/2026:01:46:09 +0530] "GET /goods.php?detail/094019356765 HTTP/2.0" 200 23587 "https://vedanthasoftware.com/goods.php?detail/226028514256" "Mozilla/5.0 AppleWebKit/537.36 (KHTML, like Gecko; compatible; GPTBot/1.3; +https://openai.com/gptbot)"
74.7.243.201 - - [13/Mar/2026:01:46:10 +0530] "GET /goods.php?detail/0640298808440 HTTP/2.0" 200 24800 "https://www.vedanthasoftware.com/goods.php?detail/040014575090" "Mozilla/5.0 AppleWebKit/537.36 (KHTML, like Gecko; compatible; GPTBot/1.3; +https://openai.com/gptbot)"
57.141.0.36 - - [13/Mar/2026:01:46:10 +0530] "GET /?e=70186190470402 HTTP/2.0" 200 183473 "-" "meta-externalagent/1.1 (+https://developers.facebook.com/docs/sharing/webmasters/crawler)"
57.141.0.21 - - [13/Mar/2026:01:46:12 +0530] "GET /?e=87797133164201 HTTP/2.0" 200 183473 "-" "meta-externalagent/1.1 (+https://developers.facebook.com/docs/sharing/webmasters/crawler)"
74.7.242.1 - - [13/Mar/2026:01:46:14 +0530] "GET /goods.php?detail/072038033246 HTTP/2.0" 200 24598 "https://vedanthasoftware.com/goods.php?detail/072039925094" "Mozilla/5.0 AppleWebKit/537.36 (KHTML, like Gecko; compatible; GPTBot/1.3; +https://openai.com/gptbot)"
74.7.243.201 - - [13/Mar/2026:01:46:15 +0530] "GET /goods.php?detail/293004962409 HTTP/2.0" 200 23920 "https://www.vedanthasoftware.com/goods.php?detail/258003492336" "Mozilla/5.0 AppleWebKit/537.36 (KHTML, like Gecko; compatible; GPTBot/1.3; +https://openai.com/gptbot)"
57.141.0.41 - - [13/Mar/2026:01:46:15 +0530] "GET /?e=2192960518001 HTTP/2.0" 200 183473 "-" "meta-externalagent/1.1 (+https://developers.facebook.com/docs/sharing/webmasters/crawler)"
57.141.0.68 - - [13/Mar/2026:01:46:16 +0530] "GET /?e=08180264334607 HTTP/2.0" 200 183473 "-" "meta-externalagent/1.1 (+https://developers.facebook.com/docs/sharing/webmasters/crawler)"
57.141.0.18 - - [13/Mar/2026:01:46:16 +0530] "GET /?e=44298511400 HTTP/2.0" 200 183473 "-" "meta-externalagent/1.1 (+https://developers.facebook.com/docs/sharing/webmasters/crawler)"
74.7.243.201 - - [13/Mar/2026:01:46:18 +0530] "GET /goods.php?detail/0260238801445 HTTP/2.0" 200 24299 "https://www.vedanthasoftware.com/goods.php?goods/026023606" "Mozilla/5.0 AppleWebKit/537.36 (KHTML, like Gecko; compatible; GPTBot/1.3; +https://openai.com/gptbot)"
74.7.242.1 - - [13/Mar/2026:01:46:19 +0530] "GET /goods.php?detail/188029437409 HTTP/2.0" 200 23988 "https://vedanthasoftware.com/goods.php?detail/2350256797940" "Mozilla/5.0 AppleWebKit/537.36 (KHTML, like Gecko; compatible; GPTBot/1.3; +https://openai.com/gptbot)"
57.141.0.64 - - [13/Mar/2026:01:46:19 +0530] "GET /?e=88207157865800 HTTP/2.0" 200 183473 "-" "meta-externalagent/1.1 (+https://developers.facebook.com/docs/sharing/webmasters/crawler)"
57.141.0.48 - - [13/Mar/2026:01:46:20 +0530] "GET /?e=5422280891600 HTTP/2.0" 200 183473 "-" "meta-externalagent/1.1 (+https://developers.facebook.com/docs/sharing/webmasters/crawler)"
74.7.243.201 - - [13/Mar/2026:01:46:22 +0530] "GET /goods.php?detail/0250263498492 HTTP/2.0" 200 24376 "https://www.vedanthasoftware.com/goods.php?detail/025034919630" "Mozilla/5.0 AppleWebKit/537.36 (KHTML, like Gecko; compatible; GPTBot/1.3; +https://openai.com/gptbot)"
57.141.0.42 - - [13/Mar/2026:01:46:23 +0530] "GET /?e=38352148619301 HTTP/2.0" 200 183473 "-" "meta-externalagent/1.1 (+https://developers.facebook.com/docs/sharing/webmasters/crawler)"
57.141.0.1 - - [13/Mar/2026:01:46:24 +0530] "GET /?e=0342510786202 HTTP/2.0" 200 183473 "-" "meta-externalagent/1.1 (+https://developers.facebook.com/docs/sharing/webmasters/crawler)"
74.7.242.1 - - [13/Mar/2026:01:46:25 +0530] "GET /goods.php?detail/180002859683 HTTP/2.0" 200 23807 "https://vedanthasoftware.com/goods.php?detail/2350256797940" "Mozilla/5.0 AppleWebKit/537.36 (KHTML, like Gecko; compatible; GPTBot/1.3; +https://openai.com/gptbot)"
57.141.0.35 - - [13/Mar/2026:01:46:26 +0530] "GET /?e=8999744040202 HTTP/2.0" 200 183473 "-" "meta-externalagent/1.1 (+https://developers.facebook.com/docs/sharing/webmasters/crawler)"
74.7.243.201 - - [13/Mar/2026:01:46:27 +0530] "GET /goods.php?goods/017032835 HTTP/2.0" 200 23657 "https://www.vedanthasoftware.com/goods.php?detail/002018515417" "Mozilla/5.0 AppleWebKit/537.36 (KHTML, like Gecko; compatible; GPTBot/1.3; +https://openai.com/gptbot)"
57.141.0.50 - - [13/Mar/2026:01:46:28 +0530] "GET /?e=82779119006703 HTTP/2.0" 200 183473 "-" "meta-externalagent/1.1 (+https://developers.facebook.com/docs/sharing/webmasters/crawler)"
74.7.242.1 - - [13/Mar/2026:01:46:29 +0530] "GET /goods.php?detail/050022313315 HTTP/2.0" 200 24847 "https://vedanthasoftware.com/goods.php?detail/050026321672" "Mozilla/5.0 AppleWebKit/537.36 (KHTML, like Gecko; compatible; GPTBot/1.3; +https://openai.com/gptbot)"
74.7.243.201 - - [13/Mar/2026:01:46:32 +0530] "GET /goods.php?detail/158003640838 HTTP/2.0" 200 24140 "https://www.vedanthasoftware.com/goods.php?detail/0740158356830" "Mozilla/5.0 AppleWebKit/537.36 (KHTML, like Gecko; compatible; GPTBot/1.3; +https://openai.com/gptbot)"
74.7.242.1 - - [13/Mar/2026:01:46:33 +0530] "GET /goods.php?detail/050022309454 HTTP/2.0" 200 24792 "https://vedanthasoftware.com/goods.php?detail/050026321672" "Mozilla/5.0 AppleWebKit/537.36 (KHTML, like Gecko; compatible; GPTBot/1.3; +https://openai.com/gptbot)"
57.141.0.31 - - [13/Mar/2026:01:46:33 +0530] "GET /?e=7960775371902 HTTP/2.0" 200 183473 "-" "meta-externalagent/1.1 (+https://developers.facebook.com/docs/sharing/webmasters/crawler)"
57.141.0.53 - - [13/Mar/2026:01:46:34 +0530] "GET /?e=34368163702600 HTTP/2.0" 200 183473 "-" "meta-externalagent/1.1 (+https://developers.facebook.com/docs/sharing/webmasters/crawler)"
57.141.0.32 - - [13/Mar/2026:01:46:34 +0530] "GET /?e=20418225904302 HTTP/2.0" 200 183473 "-" "meta-externalagent/1.1 (+https://developers.facebook.com/docs/sharing/webmasters/crawler)"
57.141.0.4 - - [13/Mar/2026:01:46:34 +0530] "GET /?e=0905886537810 HTTP/2.0" 200 183473 "-" "meta-externalagent/1.1 (+https://developers.facebook.com/docs/sharing/webmasters/crawler)"
74.7.243.201 - - [13/Mar/2026:01:46:37 +0530] "GET /goods.php?detail/109008496997 HTTP/2.0" 200 24176 "https://www.vedanthasoftware.com/goods.php?detail/109049404472" "Mozilla/5.0 AppleWebKit/537.36 (KHTML, like Gecko; compatible; GPTBot/1.3; +https://openai.com/gptbot)"
74.7.242.1 - - [13/Mar/2026:01:46:38 +0530] "GET /goods.php?detail/021028470782 HTTP/2.0" 200 24034 "https://vedanthasoftware.com/goods.php?detail/021047305323" "Mozilla/5.0 AppleWebKit/537.36 (KHTML, like Gecko; compatible; GPTBot/1.3; +https://openai.com/gptbot)"
57.141.0.23 - - [13/Mar/2026:01:46:38 +0530] "GET /?e=49883211668902 HTTP/2.0" 200 183473 "-" "meta-externalagent/1.1 (+https://developers.facebook.com/docs/sharing/webmasters/crawler)"
52.167.144.175 - - [13/Mar/2026:01:46:38 +0530] "GET /?e=6899875305601 HTTP/2.0" 200 33 "-" "Mozilla/5.0 AppleWebKit/537.36 (KHTML, like Gecko; compatible; bingbot/2.0; +http://www.bing.com/bingbot.htm) Chrome/116.0.1938.76 Safari/537.36"
57.141.0.48 - - [13/Mar/2026:01:46:39 +0530] "GET /?e=33652142208201 HTTP/2.0" 200 183473 "-" "meta-externalagent/1.1 (+https://developers.facebook.com/docs/sharing/webmasters/crawler)"
57.141.0.40 - - [13/Mar/2026:01:46:39 +0530] "GET /?e=9782699183815 HTTP/2.0" 200 183473 "-" "meta-externalagent/1.1 (+https://developers.facebook.com/docs/sharing/webmasters/crawler)"
57.141.0.61 - - [13/Mar/2026:01:46:40 +0530] "GET /?e=11117130800204 HTTP/2.0" 200 183473 "-" "meta-externalagent/1.1 (+https://developers.facebook.com/docs/sharing/webmasters/crawler)"
74.7.243.201 - - [13/Mar/2026:01:46:43 +0530] "GET /goods.php?detail/2430285049497 HTTP/2.0" 200 25185 "https://www.vedanthasoftware.com/goods.php?detail/258008678259" "Mozilla/5.0 AppleWebKit/537.36 (KHTML, like Gecko; compatible; GPTBot/1.3; +https://openai.com/gptbot)"
74.7.242.1 - - [13/Mar/2026:01:46:43 +0530] "GET /goods.php?detail/092012099734 HTTP/2.0" 200 24772 "https://vedanthasoftware.com/goods.php?detail/021047305323" "Mozilla/5.0 AppleWebKit/537.36 (KHTML, like Gecko; compatible; GPTBot/1.3; +https://openai.com/gptbot)"
57.141.0.25 - - [13/Mar/2026:01:46:44 +0530] "GET /?e=8187546703700 HTTP/2.0" 200 183473 "-" "meta-externalagent/1.1 (+https://developers.facebook.com/docs/sharing/webmasters/crawler)"
114.119.149.203 - - [13/Mar/2026:01:46:44 +0530] "GET /?_p=300019862 HTTP/1.1" 301 5 "https://www.vedanthasoftware.com/sitemap546.xml" "Mozilla/5.0 (Linux; Android 7.0;) AppleWebKit/537.36 (KHTML, like Gecko) Mobile Safari/537.36 (compatible; PetalBot;+https://webmaster.petalsearch.com/site/petalbot)"
57.141.0.56 - - [13/Mar/2026:01:46:44 +0530] "GET /?e=20240245300502 HTTP/2.0" 200 183473 "-" "meta-externalagent/1.1 (+https://developers.facebook.com/docs/sharing/webmasters/crawler)"
74.7.242.1 - - [13/Mar/2026:01:46:47 +0530] "GET /goods.php?detail/269046468507 HTTP/2.0" 200 23554 "https://vedanthasoftware.com/goods.php?detail/226043865526" "Mozilla/5.0 AppleWebKit/537.36 (KHTML, like Gecko; compatible; GPTBot/1.3; +https://openai.com/gptbot)"
74.7.243.201 - - [13/Mar/2026:01:46:48 +0530] "GET /goods.php?detail/077030757902 HTTP/2.0" 200 24044 "https://www.vedanthasoftware.com/goods.php?detail/046049293782" "Mozilla/5.0 AppleWebKit/537.36 (KHTML, like Gecko; compatible; GPTBot/1.3; +https://openai.com/gptbot)"
57.141.0.54 - - [13/Mar/2026:01:46:48 +0530] "GET /?e=43092174416505 HTTP/2.0" 200 183473 "-" "meta-externalagent/1.1 (+https://developers.facebook.com/docs/sharing/webmasters/crawler)"
57.141.0.20 - - [13/Mar/2026:01:46:49 +0530] "GET /?e=12541217225903 HTTP/2.0" 200 183473 "-" "meta-externalagent/1.1 (+https://developers.facebook.com/docs/sharing/webmasters/crawler)"
57.141.0.57 - - [13/Mar/2026:01:46:49 +0530] "GET /?e=8272242125307 HTTP/2.0" 200 183473 "-" "meta-externalagent/1.1 (+https://developers.facebook.com/docs/sharing/webmasters/crawler)"
57.141.0.23 - - [13/Mar/2026:01:46:49 +0530] "GET /?e=18027296635906 HTTP/2.0" 200 183473 "-" "meta-externalagent/1.1 (+https://developers.facebook.com/docs/sharing/webmasters/crawler)"
114.119.149.203 - - [13/Mar/2026:01:46:50 +0530] "GET /?_p=300019862 HTTP/1.1" 200 38165 "https://www.vedanthasoftware.com/sitemap546.xml" "Mozilla/5.0 (Linux; Android 7.0;) AppleWebKit/537.36 (KHTML, like Gecko) Mobile Safari/537.36 (compatible; PetalBot;+https://webmaster.petalsearch.com/site/petalbot)"
74.7.243.201 - - [13/Mar/2026:01:46:52 +0530] "GET /goods.php?detail/025028411490 HTTP/2.0" 200 23857 "https://www.vedanthasoftware.com/goods.php?detail/025026351688" "Mozilla/5.0 AppleWebKit/537.36 (KHTML, like Gecko; compatible; GPTBot/1.3; +https://openai.com/gptbot)"
74.7.242.1 - - [13/Mar/2026:01:46:53 +0530] "GET /goods.php?detail/235002274435 HTTP/2.0" 200 24128 "https://vedanthasoftware.com/goods.php?detail/235035844435" "Mozilla/5.0 AppleWebKit/537.36 (KHTML, like Gecko; compatible; GPTBot/1.3; +https://openai.com/gptbot)"
57.141.0.27 - - [13/Mar/2026:01:46:53 +0530] "GET /?e=7815463578107 HTTP/2.0" 200 183473 "-" "meta-externalagent/1.1 (+https://developers.facebook.com/docs/sharing/webmasters/crawler)"
57.141.0.46 - - [13/Mar/2026:01:46:54 +0530] "GET /?e=3590748339202 HTTP/2.0" 200 183473 "-" "meta-externalagent/1.1 (+https://developers.facebook.com/docs/sharing/webmasters/crawler)"
57.141.0.25 - - [13/Mar/2026:01:46:54 +0530] "GET /?e=91197126973300 HTTP/2.0" 200 183473 "-" "meta-externalagent/1.1 (+https://developers.facebook.com/docs/sharing/webmasters/crawler)"
57.141.0.38 - - [13/Mar/2026:01:46:55 +0530] "GET /?e=92006104055100 HTTP/2.0" 200 183473 "-" "meta-externalagent/1.1 (+https://developers.facebook.com/docs/sharing/webmasters/crawler)"
57.141.0.24 - - [13/Mar/2026:01:46:55 +0530] "GET /?e=3458030127803 HTTP/2.0" 200 183473 "-" "meta-externalagent/1.1 (+https://developers.facebook.com/docs/sharing/webmasters/crawler)"
57.141.0.35 - - [13/Mar/2026:01:46:55 +0530] "GET /?e=1895888901503 HTTP/2.0" 200 183473 "-" "meta-externalagent/1.1 (+https://developers.facebook.com/docs/sharing/webmasters/crawler)"
57.141.0.42 - - [13/Mar/2026:01:46:56 +0530] "GET /?e=9172813548300 HTTP/2.0" 200 183473 "-" "meta-externalagent/1.1 (+https://developers.facebook.com/docs/sharing/webmasters/crawler)"
74.7.242.1 - - [13/Mar/2026:01:46:59 +0530] "GET /goods.php?detail/226014060573 HTTP/2.0" 200 23738 "https://vedanthasoftware.com/goods.php?detail/102001272426" "Mozilla/5.0 AppleWebKit/537.36 (KHTML, like Gecko; compatible; GPTBot/1.3; +https://openai.com/gptbot)"
74.7.243.201 - - [13/Mar/2026:01:46:59 +0530] "GET /goods.php?detail/0710316025353 HTTP/2.0" 200 23824 "https://www.vedanthasoftware.com/goods.php?detail/190013071024" "Mozilla/5.0 AppleWebKit/537.36 (KHTML, like Gecko; compatible; GPTBot/1.3; +https://openai.com/gptbot)"
57.141.0.17 - - [13/Mar/2026:01:46:59 +0530] "GET /?e=8192051913502 HTTP/2.0" 200 183473 "-" "meta-externalagent/1.1 (+https://developers.facebook.com/docs/sharing/webmasters/crawler)"
57.141.0.16 - - [13/Mar/2026:01:47:00 +0530] "GET /?e=19872110009706 HTTP/2.0" 200 183473 "-" "meta-externalagent/1.1 (+https://developers.facebook.com/docs/sharing/webmasters/crawler)"
57.141.0.6 - - [13/Mar/2026:01:47:00 +0530] "GET /?e=99929227399001 HTTP/2.0" 200 183473 "-" "meta-externalagent/1.1 (+https://developers.facebook.com/docs/sharing/webmasters/crawler)"
57.141.0.42 - - [13/Mar/2026:01:47:01 +0530] "GET /?e=8538798990800 HTTP/2.0" 200 183473 "-" "meta-externalagent/1.1 (+https://developers.facebook.com/docs/sharing/webmasters/crawler)"
57.141.0.72 - - [13/Mar/2026:01:47:03 +0530] "GET /?e=0981793867001 HTTP/2.0" 200 183473 "-" "meta-externalagent/1.1 (+https://developers.facebook.com/docs/sharing/webmasters/crawler)"
74.7.242.1 - - [13/Mar/2026:01:47:05 +0530] "GET /goods.php?detail/049041430999 HTTP/2.0" 200 23870 "https://vedanthasoftware.com/goods.php?detail/094019356765" "Mozilla/5.0 AppleWebKit/537.36 (KHTML, like Gecko; compatible; GPTBot/1.3; +https://openai.com/gptbot)"
74.7.243.201 - - [13/Mar/2026:01:47:06 +0530] "GET /goods.php?detail/209012035432 HTTP/2.0" 200 24252 "https://www.vedanthasoftware.com/goods.php?detail/0640298808440" "Mozilla/5.0 AppleWebKit/537.36 (KHTML, like Gecko; compatible; GPTBot/1.3; +https://openai.com/gptbot)"
57.141.0.72 - - [13/Mar/2026:01:47:07 +0530] "GET /?e=21925259986603 HTTP/2.0" 200 183473 "-" "meta-externalagent/1.1 (+https://developers.facebook.com/docs/sharing/webmasters/crawler)"
57.141.0.41 - - [13/Mar/2026:01:47:07 +0530] "GET /?e=2657280934304 HTTP/2.0" 200 183473 "-" "meta-externalagent/1.1 (+https://developers.facebook.com/docs/sharing/webmasters/crawler)"
57.141.0.12 - - [13/Mar/2026:01:47:08 +0530] "GET /?e=61272116597107 HTTP/2.0" 200 183473 "-" "meta-externalagent/1.1 (+https://developers.facebook.com/docs/sharing/webmasters/crawler)"
57.141.0.37 - - [13/Mar/2026:01:47:08 +0530] "GET /?e=09983217321003 HTTP/2.0" 200 183473 "-" "meta-externalagent/1.1 (+https://developers.facebook.com/docs/sharing/webmasters/crawler)"
57.141.0.8 - - [13/Mar/2026:01:47:09 +0530] "GET /?e=7184175743700 HTTP/2.0" 200 183473 "-" "meta-externalagent/1.1 (+https://developers.facebook.com/docs/sharing/webmasters/crawler)"
57.141.0.62 - - [13/Mar/2026:01:47:10 +0530] "GET /?e=305327381500 HTTP/2.0" 200 183473 "-" "meta-externalagent/1.1 (+https://developers.facebook.com/docs/sharing/webmasters/crawler)"
57.141.0.51 - - [13/Mar/2026:01:47:10 +0530] "GET /?e=99788249263100 HTTP/2.0" 200 183473 "-" "meta-externalagent/1.1 (+https://developers.facebook.com/docs/sharing/webmasters/crawler)"
74.7.242.1 - - [13/Mar/2026:01:47:13 +0530] "GET /goods.php?detail/0540094409805 HTTP/2.0" 200 23675 "https://vedanthasoftware.com/goods.php?detail/072038033246" "Mozilla/5.0 AppleWebKit/537.36 (KHTML, like Gecko; compatible; GPTBot/1.3; +https://openai.com/gptbot)"
57.141.0.60 - - [13/Mar/2026:01:47:14 +0530] "GET /?e=18924201388800 HTTP/2.0" 200 183473 "-" "meta-externalagent/1.1 (+https://developers.facebook.com/docs/sharing/webmasters/crawler)"
74.7.243.201 - - [13/Mar/2026:01:47:14 +0530] "GET /goods.php?detail/156049125808 HTTP/2.0" 200 23913 "https://www.vedanthasoftware.com/goods.php?detail/190013071024" "Mozilla/5.0 AppleWebKit/537.36 (KHTML, like Gecko; compatible; GPTBot/1.3; +https://openai.com/gptbot)"
57.141.0.67 - - [13/Mar/2026:01:47:14 +0530] "GET /?e=58059252257800 HTTP/2.0" 200 183473 "-" "meta-externalagent/1.1 (+https://developers.facebook.com/docs/sharing/webmasters/crawler)"
57.141.0.5 - - [13/Mar/2026:01:47:15 +0530] "GET /?e=69945255887114 HTTP/2.0" 200 183473 "-" "meta-externalagent/1.1 (+https://developers.facebook.com/docs/sharing/webmasters/crawler)"
57.141.0.38 - - [13/Mar/2026:01:47:15 +0530] "GET /?e=11121262318806 HTTP/2.0" 200 183473 "-" "meta-externalagent/1.1 (+https://developers.facebook.com/docs/sharing/webmasters/crawler)"
57.141.0.23 - - [13/Mar/2026:01:47:16 +0530] "GET /?e=7338856895501 HTTP/2.0" 200 183473 "-" "meta-externalagent/1.1 (+https://developers.facebook.com/docs/sharing/webmasters/crawler)"
74.7.243.201 - - [13/Mar/2026:01:47:19 +0530] "GET /goods.php?detail/0260236073581 HTTP/2.0" 200 24551 "https://www.vedanthasoftware.com/goods.php?detail/0260238801445" "Mozilla/5.0 AppleWebKit/537.36 (KHTML, like Gecko; compatible; GPTBot/1.3; +https://openai.com/gptbot)"
74.7.242.1 - - [13/Mar/2026:01:47:19 +0530] "GET /goods.php?jp/077035275.html HTTP/2.0" 200 24179 "https://vedanthasoftware.com/goods.php?detail/188029437409" "Mozilla/5.0 AppleWebKit/537.36 (KHTML, like Gecko; compatible; GPTBot/1.3; +https://openai.com/gptbot)"
57.141.0.50 - - [13/Mar/2026:01:47:20 +0530] "GET /?e=7877739075200 HTTP/2.0" 200 183473 "-" "meta-externalagent/1.1 (+https://developers.facebook.com/docs/sharing/webmasters/crawler)"
57.141.0.7 - - [13/Mar/2026:01:47:20 +0530] "GET /?e=22249202512000 HTTP/2.0" 200 183473 "-" "meta-externalagent/1.1 (+https://developers.facebook.com/docs/sharing/webmasters/crawler)"
74.7.242.1 - - [13/Mar/2026:01:47:23 +0530] "GET /goods.php?jp/180044251.html HTTP/2.0" 200 25186 "https://vedanthasoftware.com/goods.php?detail/180002859683" "Mozilla/5.0 AppleWebKit/537.36 (KHTML, like Gecko; compatible; GPTBot/1.3; +https://openai.com/gptbot)"
74.7.243.201 - - [13/Mar/2026:01:47:23 +0530] "GET /goods.php?detail/025003400640 HTTP/2.0" 200 24199 "https://www.vedanthasoftware.com/goods.php?detail/0250263498492" "Mozilla/5.0 AppleWebKit/537.36 (KHTML, like Gecko; compatible; GPTBot/1.3; +https://openai.com/gptbot)"
57.141.0.36 - - [13/Mar/2026:01:47:24 +0530] "GET /?e=3121073500303 HTTP/2.0" 200 183473 "-" "meta-externalagent/1.1 (+https://developers.facebook.com/docs/sharing/webmasters/crawler)"
57.141.0.63 - - [13/Mar/2026:01:47:24 +0530] "GET /?e=39818109317704 HTTP/2.0" 200 183473 "-" "meta-externalagent/1.1 (+https://developers.facebook.com/docs/sharing/webmasters/crawler)"
57.141.0.61 - - [13/Mar/2026:01:47:25 +0530] "GET /?e=85717166346703 HTTP/2.0" 200 183473 "-" "meta-externalagent/1.1 (+https://developers.facebook.com/docs/sharing/webmasters/crawler)"
57.141.0.72 - - [13/Mar/2026:01:47:25 +0530] "GET /?e=2923239405200 HTTP/2.0" 200 183473 "-" "meta-externalagent/1.1 (+https://developers.facebook.com/docs/sharing/webmasters/crawler)"
74.7.242.1 - - [13/Mar/2026:01:47:28 +0530] "GET /goods.php?detail/058012996583 HTTP/2.0" 200 23642 "https://vedanthasoftware.com/goods.php?detail/180002859683" "Mozilla/5.0 AppleWebKit/537.36 (KHTML, like Gecko; compatible; GPTBot/1.3; +https://openai.com/gptbot)"
57.141.0.27 - - [13/Mar/2026:01:47:29 +0530] "GET /?e=98606148037800 HTTP/2.0" 200 183473 "-" "meta-externalagent/1.1 (+https://developers.facebook.com/docs/sharing/webmasters/crawler)"
74.7.243.201 - - [13/Mar/2026:01:47:29 +0530] "GET /goods.php?detail/025003108840 HTTP/2.0" 200 24695 "https://www.vedanthasoftware.com/goods.php?detail/0250263498492" "Mozilla/5.0 AppleWebKit/537.36 (KHTML, like Gecko; compatible; GPTBot/1.3; +https://openai.com/gptbot)"
114.119.147.45 - - [13/Mar/2026:01:47:29 +0530] "GET /?_p=294028452 HTTP/1.1" 301 5 "https://www.vedanthasoftware.com/sitemap546.xml" "Mozilla/5.0 (Linux; Android 7.0;) AppleWebKit/537.36 (KHTML, like Gecko) Mobile Safari/537.36 (compatible; PetalBot;+https://webmaster.petalsearch.com/site/petalbot)"
57.141.0.31 - - [13/Mar/2026:01:47:30 +0530] "GET /?e=47358288164807 HTTP/2.0" 200 183473 "-" "meta-externalagent/1.1 (+https://developers.facebook.com/docs/sharing/webmasters/crawler)"
57.141.0.58 - - [13/Mar/2026:01:47:30 +0530] "GET /?e=29112165466504 HTTP/2.0" 200 183473 "-" "meta-externalagent/1.1 (+https://developers.facebook.com/docs/sharing/webmasters/crawler)"
57.141.0.37 - - [13/Mar/2026:01:47:31 +0530] "GET /?e=75869152688006 HTTP/2.0" 200 183473 "-" "meta-externalagent/1.1 (+https://developers.facebook.com/docs/sharing/webmasters/crawler)"
74.7.242.1 - - [13/Mar/2026:01:47:33 +0530] "GET /goods.php?detail/050022312430 HTTP/2.0" 200 24761 "https://vedanthasoftware.com/goods.php?detail/050022313315" "Mozilla/5.0 AppleWebKit/537.36 (KHTML, like Gecko; compatible; GPTBot/1.3; +https://openai.com/gptbot)"
57.141.0.62 - - [13/Mar/2026:01:47:33 +0530] "GET /?e=09106295127701 HTTP/2.0" 200 183473 "-" "meta-externalagent/1.1 (+https://developers.facebook.com/docs/sharing/webmasters/crawler)"
74.7.243.201 - - [13/Mar/2026:01:47:34 +0530] "GET /goods.php?detail/271012402232 HTTP/2.0" 200 24396 "https://www.vedanthasoftware.com/goods.php?detail/158003640838" "Mozilla/5.0 AppleWebKit/537.36 (KHTML, like Gecko; compatible; GPTBot/1.3; +https://openai.com/gptbot)"
57.141.0.23 - - [13/Mar/2026:01:47:34 +0530] "GET /?e=52940207487205 HTTP/2.0" 200 183473 "-" "meta-externalagent/1.1 (+https://developers.facebook.com/docs/sharing/webmasters/crawler)"
57.141.0.56 - - [13/Mar/2026:01:47:35 +0530] "GET /?e=9409247288603 HTTP/2.0" 200 183473 "-" "meta-externalagent/1.1 (+https://developers.facebook.com/docs/sharing/webmasters/crawler)"
114.119.147.45 - - [13/Mar/2026:01:47:36 +0530] "GET /?_p=294028452 HTTP/1.1" 200 38166 "https://www.vedanthasoftware.com/sitemap546.xml" "Mozilla/5.0 (Linux; Android 7.0;) AppleWebKit/537.36 (KHTML, like Gecko) Mobile Safari/537.36 (compatible; PetalBot;+https://webmaster.petalsearch.com/site/petalbot)"
57.141.0.8 - - [13/Mar/2026:01:47:37 +0530] "GET /?e=87039169724700 HTTP/2.0" 200 183473 "-" "meta-externalagent/1.1 (+https://developers.facebook.com/docs/sharing/webmasters/crawler)"
57.141.0.8 - - [13/Mar/2026:01:47:38 +0530] "GET /?e=81925141107008 HTTP/2.0" 200 183473 "-" "meta-externalagent/1.1 (+https://developers.facebook.com/docs/sharing/webmasters/crawler)"
74.7.242.1 - - [13/Mar/2026:01:47:39 +0530] "GET /goods.php?detail/115024674574 HTTP/2.0" 200 23644 "https://vedanthasoftware.com/goods.php?detail/021028470782" "Mozilla/5.0 AppleWebKit/537.36 (KHTML, like Gecko; compatible; GPTBot/1.3; +https://openai.com/gptbot)"
57.141.0.51 - - [13/Mar/2026:01:47:40 +0530] "GET /?e=17777210037206 HTTP/2.0" 200 183473 "-" "meta-externalagent/1.1 (+https://developers.facebook.com/docs/sharing/webmasters/crawler)"
57.141.0.27 - - [13/Mar/2026:01:47:41 +0530] "GET /?e=27092237570402 HTTP/2.0" 200 183473 "-" "meta-externalagent/1.1 (+https://developers.facebook.com/docs/sharing/webmasters/crawler)"
74.7.243.201 - - [13/Mar/2026:01:47:41 +0530] "GET /goods.php?detail/158012131933 HTTP/2.0" 200 25029 "https://www.vedanthasoftware.com/goods.php?detail/158003640838" "Mozilla/5.0 AppleWebKit/537.36 (KHTML, like Gecko; compatible; GPTBot/1.3; +https://openai.com/gptbot)"
57.141.0.2 - - [13/Mar/2026:01:47:41 +0530] "GET /?e=01771231351408 HTTP/2.0" 200 183473 "-" "meta-externalagent/1.1 (+https://developers.facebook.com/docs/sharing/webmasters/crawler)"
57.141.0.44 - - [13/Mar/2026:01:47:42 +0530] "GET /?e=0588124690200 HTTP/2.0" 200 183473 "-" "meta-externalagent/1.1 (+https://developers.facebook.com/docs/sharing/webmasters/crawler)"
57.141.0.42 - - [13/Mar/2026:01:47:43 +0530] "GET /?e=7895066657501 HTTP/2.0" 200 183473 "-" "meta-externalagent/1.1 (+https://developers.facebook.com/docs/sharing/webmasters/crawler)"
57.141.0.58 - - [13/Mar/2026:01:47:43 +0530] "GET /?e=13267221553502 HTTP/2.0" 200 183473 "-" "meta-externalagent/1.1 (+https://developers.facebook.com/docs/sharing/webmasters/crawler)"
57.141.0.66 - - [13/Mar/2026:01:47:44 +0530] "GET /?e=70679143375502 HTTP/2.0" 200 183473 "-" "meta-externalagent/1.1 (+https://developers.facebook.com/docs/sharing/webmasters/crawler)"
74.7.242.1 - - [13/Mar/2026:01:47:46 +0530] "GET /goods.php?detail/1190018036033 HTTP/2.0" 200 24040 "https://vedanthasoftware.com/goods.php?detail/050022313315" "Mozilla/5.0 AppleWebKit/537.36 (KHTML, like Gecko; compatible; GPTBot/1.3; +https://openai.com/gptbot)"
74.7.243.201 - - [13/Mar/2026:01:47:46 +0530] "GET /goods.php?detail/158017994371 HTTP/2.0" 200 25320 "https://www.vedanthasoftware.com/goods.php?detail/158003640838" "Mozilla/5.0 AppleWebKit/537.36 (KHTML, like Gecko; compatible; GPTBot/1.3; +https://openai.com/gptbot)"
57.141.0.2 - - [13/Mar/2026:01:47:47 +0530] "GET /?e=86887120380002 HTTP/2.0" 200 183473 "-" "meta-externalagent/1.1 (+https://developers.facebook.com/docs/sharing/webmasters/crawler)"
57.141.0.65 - - [13/Mar/2026:01:47:48 +0530] "GET /?e=0523068635904 HTTP/2.0" 200 183473 "-" "meta-externalagent/1.1 (+https://developers.facebook.com/docs/sharing/webmasters/crawler)"
74.7.243.201 - - [13/Mar/2026:01:47:50 +0530] "GET /goods.php?detail/077043604352 HTTP/2.0" 200 24806 "https://www.vedanthasoftware.com/goods.php?detail/077030757902" "Mozilla/5.0 AppleWebKit/537.36 (KHTML, like Gecko; compatible; GPTBot/1.3; +https://openai.com/gptbot)"
185.61.221.192 - - [13/Mar/2026:01:47:50 +0530] "POST /xmlrpc.php HTTP/2.0" 200 403 "-" "Mozilla/5.0 (compatible; Googlebot/2.1; +http://www.google.com/bot.html)"
74.7.242.1 - - [13/Mar/2026:01:47:51 +0530] "GET /goods.php?detail/2780112212610 HTTP/2.0" 200 23994 "https://vedanthasoftware.com/goods.php?detail/094019356765" "Mozilla/5.0 AppleWebKit/537.36 (KHTML, like Gecko; compatible; GPTBot/1.3; +https://openai.com/gptbot)"
57.141.0.13 - - [13/Mar/2026:01:47:51 +0530] "GET /?e=49516229540205 HTTP/2.0" 200 183473 "-" "meta-externalagent/1.1 (+https://developers.facebook.com/docs/sharing/webmasters/crawler)"
57.141.0.34 - - [13/Mar/2026:01:47:52 +0530] "GET /?e=1881187986107 HTTP/2.0" 200 183473 "-" "meta-externalagent/1.1 (+https://developers.facebook.com/docs/sharing/webmasters/crawler)"
57.141.0.35 - - [13/Mar/2026:01:47:52 +0530] "GET /?e=07017187745902 HTTP/2.0" 200 183473 "-" "meta-externalagent/1.1 (+https://developers.facebook.com/docs/sharing/webmasters/crawler)"
57.141.0.25 - - [13/Mar/2026:01:47:53 +0530] "GET /?e=2278783866801 HTTP/2.0" 200 183473 "-" "meta-externalagent/1.1 (+https://developers.facebook.com/docs/sharing/webmasters/crawler)"
