74.7.242.1 - - [13/Mar/2026:02:35:22 +0530] "GET /goods.php?detail/277031757334 HTTP/2.0" 200 25224 "https://vedanthasoftware.com/goods.php?jp/277000859.html" "Mozilla/5.0 AppleWebKit/537.36 (KHTML, like Gecko; compatible; GPTBot/1.3; +https://openai.com/gptbot)"
74.7.243.201 - - [13/Mar/2026:02:35:24 +0530] "GET /goods.php?detail/006029052283 HTTP/2.0" 200 24614 "https://www.vedanthasoftware.com/goods.php?detail/069026387740" "Mozilla/5.0 AppleWebKit/537.36 (KHTML, like Gecko; compatible; GPTBot/1.3; +https://openai.com/gptbot)"
74.7.242.1 - - [13/Mar/2026:02:35:25 +0530] "GET /goods.php?detail/027048787718 HTTP/2.0" 200 23874 "https://vedanthasoftware.com/goods.php?detail/0270074743737" "Mozilla/5.0 AppleWebKit/537.36 (KHTML, like Gecko; compatible; GPTBot/1.3; +https://openai.com/gptbot)"
74.7.243.201 - - [13/Mar/2026:02:35:28 +0530] "GET /goods.php?detail/141020691420 HTTP/2.0" 200 23976 "https://www.vedanthasoftware.com/goods.php?detail/141044373090" "Mozilla/5.0 AppleWebKit/537.36 (KHTML, like Gecko; compatible; GPTBot/1.3; +https://openai.com/gptbot)"
57.141.0.58 - - [13/Mar/2026:02:35:29 +0530] "GET /?e=97901249011302 HTTP/2.0" 200 183473 "-" "meta-externalagent/1.1 (+https://developers.facebook.com/docs/sharing/webmasters/crawler)"
114.119.153.137 - - [13/Mar/2026:02:35:29 +0530] "GET /?_p=060003126 HTTP/1.1" 301 5 "https://www.vedanthasoftware.com/sitemap546.xml" "Mozilla/5.0 (Linux; Android 7.0;) AppleWebKit/537.36 (KHTML, like Gecko) Mobile Safari/537.36 (compatible; PetalBot;+https://webmaster.petalsearch.com/site/petalbot)"
74.7.242.1 - - [13/Mar/2026:02:35:29 +0530] "GET /goods.php?detail/027048915487 HTTP/2.0" 200 23891 "https://vedanthasoftware.com/goods.php?detail/0270074743737" "Mozilla/5.0 AppleWebKit/537.36 (KHTML, like Gecko; compatible; GPTBot/1.3; +https://openai.com/gptbot)"
74.7.243.201 - - [13/Mar/2026:02:35:31 +0530] "GET /goods.php?detail/132011421511 HTTP/2.0" 200 23798 "https://www.vedanthasoftware.com/goods.php?detail/0780078850091" "Mozilla/5.0 AppleWebKit/537.36 (KHTML, like Gecko; compatible; GPTBot/1.3; +https://openai.com/gptbot)"
74.7.242.1 - - [13/Mar/2026:02:35:32 +0530] "GET /goods.php?detail/124008046281 HTTP/2.0" 200 24609 "https://vedanthasoftware.com/goods.php?detail/124037501130" "Mozilla/5.0 AppleWebKit/537.36 (KHTML, like Gecko; compatible; GPTBot/1.3; +https://openai.com/gptbot)"
114.119.153.137 - - [13/Mar/2026:02:35:32 +0530] "GET /?_p=060003126 HTTP/1.1" 200 38171 "https://www.vedanthasoftware.com/sitemap546.xml" "Mozilla/5.0 (Linux; Android 7.0;) AppleWebKit/537.36 (KHTML, like Gecko) Mobile Safari/537.36 (compatible; PetalBot;+https://webmaster.petalsearch.com/site/petalbot)"
57.141.0.41 - - [13/Mar/2026:02:35:33 +0530] "GET /?e=44376216529703 HTTP/2.0" 200 183473 "-" "meta-externalagent/1.1 (+https://developers.facebook.com/docs/sharing/webmasters/crawler)"
74.7.242.1 - - [13/Mar/2026:02:35:35 +0530] "GET /goods.php?detail/058005571776 HTTP/2.0" 200 24159 "https://vedanthasoftware.com/goods.php?detail/031015180747" "Mozilla/5.0 AppleWebKit/537.36 (KHTML, like Gecko; compatible; GPTBot/1.3; +https://openai.com/gptbot)"
74.7.242.1 - - [13/Mar/2026:02:35:39 +0530] "GET /goods.php?detail/287033183349 HTTP/2.0" 200 23832 "https://vedanthasoftware.com/goods.php?detail/0410107317541" "Mozilla/5.0 AppleWebKit/537.36 (KHTML, like Gecko; compatible; GPTBot/1.3; +https://openai.com/gptbot)"
74.7.243.201 - - [13/Mar/2026:02:35:40 +0530] "GET /goods.php?detail/0370082708602 HTTP/2.0" 200 23801 "https://www.vedanthasoftware.com/goods.php?detail/162019412252" "Mozilla/5.0 AppleWebKit/537.36 (KHTML, like Gecko; compatible; GPTBot/1.3; +https://openai.com/gptbot)"
57.141.0.10 - - [13/Mar/2026:02:35:40 +0530] "GET /?e=94755257931900 HTTP/2.0" 200 183473 "-" "meta-externalagent/1.1 (+https://developers.facebook.com/docs/sharing/webmasters/crawler)"
74.7.243.201 - - [13/Mar/2026:02:35:43 +0530] "GET /goods.php?jp/180020737.html HTTP/2.0" 200 24012 "https://www.vedanthasoftware.com/goods.php?detail/022013795131" "Mozilla/5.0 AppleWebKit/537.36 (KHTML, like Gecko; compatible; GPTBot/1.3; +https://openai.com/gptbot)"
74.7.242.1 - - [13/Mar/2026:02:35:43 +0530] "GET /goods.php?detail/017021476274 HTTP/2.0" 200 23961 "https://vedanthasoftware.com/goods.php?detail/031015180747" "Mozilla/5.0 AppleWebKit/537.36 (KHTML, like Gecko; compatible; GPTBot/1.3; +https://openai.com/gptbot)"
74.7.242.1 - - [13/Mar/2026:02:35:46 +0530] "GET /goods.php?detail/144008857695 HTTP/2.0" 200 23984 "https://vedanthasoftware.com/goods.php?detail/144036157814" "Mozilla/5.0 AppleWebKit/537.36 (KHTML, like Gecko; compatible; GPTBot/1.3; +https://openai.com/gptbot)"
74.7.243.201 - - [13/Mar/2026:02:35:46 +0530] "GET /goods.php?detail/022025600527 HTTP/2.0" 200 23942 "https://www.vedanthasoftware.com/goods.php?detail/022025598168" "Mozilla/5.0 AppleWebKit/537.36 (KHTML, like Gecko; compatible; GPTBot/1.3; +https://openai.com/gptbot)"
74.7.242.1 - - [13/Mar/2026:02:35:49 +0530] "GET /goods.php?detail/209026849045 HTTP/2.0" 200 23984 "https://vedanthasoftware.com/goods.php?detail/209022449570" "Mozilla/5.0 AppleWebKit/537.36 (KHTML, like Gecko; compatible; GPTBot/1.3; +https://openai.com/gptbot)"
74.7.243.201 - - [13/Mar/2026:02:35:50 +0530] "GET /goods.php?detail/109043892220 HTTP/2.0" 200 24854 "https://www.vedanthasoftware.com/goods.php?detail/162019412252" "Mozilla/5.0 AppleWebKit/537.36 (KHTML, like Gecko; compatible; GPTBot/1.3; +https://openai.com/gptbot)"
57.141.0.10 - - [13/Mar/2026:02:35:50 +0530] "GET /?e=95575135646313 HTTP/2.0" 200 183473 "-" "meta-externalagent/1.1 (+https://developers.facebook.com/docs/sharing/webmasters/crawler)"
74.7.243.201 - - [13/Mar/2026:02:35:53 +0530] "GET /goods.php?detail/068017885220 HTTP/2.0" 200 24864 "https://www.vedanthasoftware.com/goods.php?detail/141044373090" "Mozilla/5.0 AppleWebKit/537.36 (KHTML, like Gecko; compatible; GPTBot/1.3; +https://openai.com/gptbot)"
74.7.242.1 - - [13/Mar/2026:02:35:53 +0530] "GET /goods.php?detail/144008859949 HTTP/2.0" 200 24034 "https://vedanthasoftware.com/goods.php?detail/144036157814" "Mozilla/5.0 AppleWebKit/537.36 (KHTML, like Gecko; compatible; GPTBot/1.3; +https://openai.com/gptbot)"
74.7.243.201 - - [13/Mar/2026:02:35:56 +0530] "GET /goods.php?detail/191023320305 HTTP/2.0" 200 23991 "https://www.vedanthasoftware.com/goods.php?detail/022025598168" "Mozilla/5.0 AppleWebKit/537.36 (KHTML, like Gecko; compatible; GPTBot/1.3; +https://openai.com/gptbot)"
74.7.242.1 - - [13/Mar/2026:02:35:57 +0530] "GET /goods.php?detail/178009041507 HTTP/2.0" 200 24249 "https://vedanthasoftware.com/goods.php?detail/178023708183" "Mozilla/5.0 AppleWebKit/537.36 (KHTML, like Gecko; compatible; GPTBot/1.3; +https://openai.com/gptbot)"
57.141.0.59 - - [13/Mar/2026:02:35:59 +0530] "GET /?e=28691134616201 HTTP/2.0" 200 183473 "-" "meta-externalagent/1.1 (+https://developers.facebook.com/docs/sharing/webmasters/crawler)"
57.141.0.48 - - [13/Mar/2026:02:35:59 +0530] "GET /?e=8187365057606 HTTP/2.0" 200 183473 "-" "meta-externalagent/1.1 (+https://developers.facebook.com/docs/sharing/webmasters/crawler)"
74.7.243.201 - - [13/Mar/2026:02:35:59 +0530] "GET /goods.php?detail/257023755878 HTTP/2.0" 200 23868 "https://www.vedanthasoftware.com/goods.php?detail/169016991230" "Mozilla/5.0 AppleWebKit/537.36 (KHTML, like Gecko; compatible; GPTBot/1.3; +https://openai.com/gptbot)"
74.7.243.201 - - [13/Mar/2026:02:36:03 +0530] "GET /goods.php?detail/024002489859 HTTP/2.0" 200 23823 "https://www.vedanthasoftware.com/goods.php?detail/026031811089" "Mozilla/5.0 AppleWebKit/537.36 (KHTML, like Gecko; compatible; GPTBot/1.3; +https://openai.com/gptbot)"
74.7.242.1 - - [13/Mar/2026:02:36:06 +0530] "GET /goods.php?detail/004039789208 HTTP/2.0" 200 23977 "https://vedanthasoftware.com/goods.php?detail/004048799410" "Mozilla/5.0 AppleWebKit/537.36 (KHTML, like Gecko; compatible; GPTBot/1.3; +https://openai.com/gptbot)"
74.7.243.201 - - [13/Mar/2026:02:36:06 +0530] "GET /goods.php?detail/010031653248 HTTP/2.0" 200 24783 "https://www.vedanthasoftware.com/goods.php?detail/010006995771" "Mozilla/5.0 AppleWebKit/537.36 (KHTML, like Gecko; compatible; GPTBot/1.3; +https://openai.com/gptbot)"
47.128.61.22 - - [13/Mar/2026:02:36:06 +0530] "GET /robots.txt HTTP/1.1" 200 412 "-" "Mozilla/5.0 (Linux; Android 5.0) AppleWebKit/537.36 (KHTML, like Gecko) Mobile Safari/537.36 (compatible; Bytespider; spider-feedback@bytedance.com)"
57.141.0.21 - - [13/Mar/2026:02:36:07 +0530] "GET /?e=34210182728300 HTTP/2.0" 200 183473 "-" "meta-externalagent/1.1 (+https://developers.facebook.com/docs/sharing/webmasters/crawler)"
74.7.242.1 - - [13/Mar/2026:02:36:10 +0530] "GET /goods.php?detail/073012164144 HTTP/2.0" 200 23888 "https://vedanthasoftware.com/goods.php?detail/140038921643" "Mozilla/5.0 AppleWebKit/537.36 (KHTML, like Gecko; compatible; GPTBot/1.3; +https://openai.com/gptbot)"
74.7.243.201 - - [13/Mar/2026:02:36:10 +0530] "GET /goods.php?detail/232031491526 HTTP/2.0" 200 24768 "https://www.vedanthasoftware.com/goods.php?detail/2320200737506" "Mozilla/5.0 AppleWebKit/537.36 (KHTML, like Gecko; compatible; GPTBot/1.3; +https://openai.com/gptbot)"
57.141.0.3 - - [13/Mar/2026:02:36:11 +0530] "GET /?e=50287251581702 HTTP/2.0" 200 183473 "-" "meta-externalagent/1.1 (+https://developers.facebook.com/docs/sharing/webmasters/crawler)"
74.7.242.1 - - [13/Mar/2026:02:36:13 +0530] "GET /goods.php?m40966367984 HTTP/2.0" 200 24176 "https://vedanthasoftware.com/goods.php?detail/027048915487" "Mozilla/5.0 AppleWebKit/537.36 (KHTML, like Gecko; compatible; GPTBot/1.3; +https://openai.com/gptbot)"
74.7.243.201 - - [13/Mar/2026:02:36:14 +0530] "GET /goods.php?detail/249023831239 HTTP/2.0" 200 25374 "https://www.vedanthasoftware.com/goods.php?detail/132011421511" "Mozilla/5.0 AppleWebKit/537.36 (KHTML, like Gecko; compatible; GPTBot/1.3; +https://openai.com/gptbot)"
57.141.0.64 - - [13/Mar/2026:02:36:14 +0530] "GET /?e=07875287516903 HTTP/2.0" 200 183473 "-" "meta-externalagent/1.1 (+https://developers.facebook.com/docs/sharing/webmasters/crawler)"
57.141.0.22 - - [13/Mar/2026:02:36:15 +0530] "GET /?e=2654083007106 HTTP/2.0" 200 183473 "-" "meta-externalagent/1.1 (+https://developers.facebook.com/docs/sharing/webmasters/crawler)"
57.141.0.34 - - [13/Mar/2026:02:36:16 +0530] "GET /?e=5892022668616 HTTP/2.0" 200 183473 "-" "meta-externalagent/1.1 (+https://developers.facebook.com/docs/sharing/webmasters/crawler)"
57.141.0.38 - - [13/Mar/2026:02:36:16 +0530] "GET /?e=62326278770909 HTTP/2.0" 200 183473 "-" "meta-externalagent/1.1 (+https://developers.facebook.com/docs/sharing/webmasters/crawler)"
74.7.242.1 - - [13/Mar/2026:02:36:17 +0530] "GET /goods.php?m26410877981 HTTP/2.0" 200 23789 "https://vedanthasoftware.com/goods.php?detail/124008046281" "Mozilla/5.0 AppleWebKit/537.36 (KHTML, like Gecko; compatible; GPTBot/1.3; +https://openai.com/gptbot)"
74.7.242.1 - - [13/Mar/2026:02:36:20 +0530] "GET /goods.php?detail/152015072675 HTTP/2.0" 200 24183 "https://vedanthasoftware.com/goods.php?detail/027048915487" "Mozilla/5.0 AppleWebKit/537.36 (KHTML, like Gecko; compatible; GPTBot/1.3; +https://openai.com/gptbot)"
74.7.243.201 - - [13/Mar/2026:02:36:21 +0530] "GET /goods.php?detail/060040531760 HTTP/2.0" 200 25894 "https://www.vedanthasoftware.com/goods.php?detail/0370082708602" "Mozilla/5.0 AppleWebKit/537.36 (KHTML, like Gecko; compatible; GPTBot/1.3; +https://openai.com/gptbot)"
57.141.0.16 - - [13/Mar/2026:02:36:21 +0530] "GET /?e=30514171934911 HTTP/2.0" 200 183473 "-" "meta-externalagent/1.1 (+https://developers.facebook.com/docs/sharing/webmasters/crawler)"
74.7.242.1 - - [13/Mar/2026:02:36:24 +0530] "GET /goods.php?detail/287034006300 HTTP/2.0" 200 24071 "https://vedanthasoftware.com/goods.php?detail/287033183349" "Mozilla/5.0 AppleWebKit/537.36 (KHTML, like Gecko; compatible; GPTBot/1.3; +https://openai.com/gptbot)"
74.7.243.201 - - [13/Mar/2026:02:36:24 +0530] "GET /goods.php?detail/166024058605 HTTP/2.0" 200 23701 "https://www.vedanthasoftware.com/goods.php?jp/180020737.html" "Mozilla/5.0 AppleWebKit/537.36 (KHTML, like Gecko; compatible; GPTBot/1.3; +https://openai.com/gptbot)"
57.141.0.34 - - [13/Mar/2026:02:36:25 +0530] "GET /?e=63618160884300 HTTP/2.0" 200 183473 "-" "meta-externalagent/1.1 (+https://developers.facebook.com/docs/sharing/webmasters/crawler)"
74.7.242.1 - - [13/Mar/2026:02:36:27 +0530] "GET /goods.php?detail/017007131028 HTTP/2.0" 200 24400 "https://vedanthasoftware.com/goods.php?detail/017021476274" "Mozilla/5.0 AppleWebKit/537.36 (KHTML, like Gecko; compatible; GPTBot/1.3; +https://openai.com/gptbot)"
74.7.243.201 - - [13/Mar/2026:02:36:27 +0530] "GET /goods.php?detail/2510259667829 HTTP/2.0" 200 24843 "https://www.vedanthasoftware.com/goods.php?detail/069026387740" "Mozilla/5.0 AppleWebKit/537.36 (KHTML, like Gecko; compatible; GPTBot/1.3; +https://openai.com/gptbot)"
74.7.242.1 - - [13/Mar/2026:02:36:30 +0530] "GET /goods.php?detail/1610411764044 HTTP/2.0" 200 24872 "https://vedanthasoftware.com/goods.php?detail/017021476274" "Mozilla/5.0 AppleWebKit/537.36 (KHTML, like Gecko; compatible; GPTBot/1.3; +https://openai.com/gptbot)"
74.7.243.201 - - [13/Mar/2026:02:36:31 +0530] "GET /goods.php?detail/054008156754 HTTP/2.0" 200 24041 "https://www.vedanthasoftware.com/goods.php?detail/109043892220" "Mozilla/5.0 AppleWebKit/537.36 (KHTML, like Gecko; compatible; GPTBot/1.3; +https://openai.com/gptbot)"
57.141.0.4 - - [13/Mar/2026:02:36:32 +0530] "GET /?e=981475505706 HTTP/2.0" 200 183473 "-" "meta-externalagent/1.1 (+https://developers.facebook.com/docs/sharing/webmasters/crawler)"
74.7.242.1 - - [13/Mar/2026:02:36:33 +0530] "GET /goods.php?detail/232017910337 HTTP/2.0" 200 24428 "https://vedanthasoftware.com/goods.php?detail/209026849045" "Mozilla/5.0 AppleWebKit/537.36 (KHTML, like Gecko; compatible; GPTBot/1.3; +https://openai.com/gptbot)"
74.7.243.201 - - [13/Mar/2026:02:36:35 +0530] "GET /goods.php?detail/068021181127 HTTP/2.0" 200 24132 "https://www.vedanthasoftware.com/goods.php?detail/068017885220" "Mozilla/5.0 AppleWebKit/537.36 (KHTML, like Gecko; compatible; GPTBot/1.3; +https://openai.com/gptbot)"
74.7.242.1 - - [13/Mar/2026:02:36:37 +0530] "GET /goods.php?detail/126021408051 HTTP/2.0" 200 24596 "https://vedanthasoftware.com/goods.php?detail/210031011008" "Mozilla/5.0 AppleWebKit/537.36 (KHTML, like Gecko; compatible; GPTBot/1.3; +https://openai.com/gptbot)"
57.141.0.59 - - [13/Mar/2026:02:36:38 +0530] "GET /?e=0208493794800 HTTP/2.0" 200 183473 "-" "meta-externalagent/1.1 (+https://developers.facebook.com/docs/sharing/webmasters/crawler)"
74.7.243.201 - - [13/Mar/2026:02:36:39 +0530] "GET /goods.php?detail/1910233172393 HTTP/2.0" 200 24559 "https://www.vedanthasoftware.com/goods.php?detail/191023320305" "Mozilla/5.0 AppleWebKit/537.36 (KHTML, like Gecko; compatible; GPTBot/1.3; +https://openai.com/gptbot)"
74.7.242.1 - - [13/Mar/2026:02:36:41 +0530] "GET /goods.php?detail/140021803381 HTTP/2.0" 200 23699 "https://vedanthasoftware.com/goods.php?jp/140021826.html" "Mozilla/5.0 AppleWebKit/537.36 (KHTML, like Gecko; compatible; GPTBot/1.3; +https://openai.com/gptbot)"
74.7.243.201 - - [13/Mar/2026:02:36:42 +0530] "GET /goods.php?detail/257023756530 HTTP/2.0" 200 23819 "https://www.vedanthasoftware.com/goods.php?detail/257023755878" "Mozilla/5.0 AppleWebKit/537.36 (KHTML, like Gecko; compatible; GPTBot/1.3; +https://openai.com/gptbot)"
57.141.0.55 - - [13/Mar/2026:02:36:42 +0530] "GET /?e=88525287479305 HTTP/2.0" 200 183473 "-" "meta-externalagent/1.1 (+https://developers.facebook.com/docs/sharing/webmasters/crawler)"
74.7.243.201 - - [13/Mar/2026:02:36:45 +0530] "GET /goods.php?detail/026033913966 HTTP/2.0" 200 23903 "https://www.vedanthasoftware.com/goods.php?detail/024002489859" "Mozilla/5.0 AppleWebKit/537.36 (KHTML, like Gecko; compatible; GPTBot/1.3; +https://openai.com/gptbot)"
74.7.242.1 - - [13/Mar/2026:02:36:45 +0530] "GET /goods.php?detail/054039308995 HTTP/2.0" 200 23976 "https://vedanthasoftware.com/goods.php?goods/054039308" "Mozilla/5.0 AppleWebKit/537.36 (KHTML, like Gecko; compatible; GPTBot/1.3; +https://openai.com/gptbot)"
74.7.242.1 - - [13/Mar/2026:02:36:48 +0530] "GET /goods.php?detail/069027079259 HTTP/2.0" 200 23827 "https://vedanthasoftware.com/goods.php?detail/041009445970" "Mozilla/5.0 AppleWebKit/537.36 (KHTML, like Gecko; compatible; GPTBot/1.3; +https://openai.com/gptbot)"
74.7.243.201 - - [13/Mar/2026:02:36:49 +0530] "GET /goods.php?detail/164007290408 HTTP/2.0" 200 23926 "https://www.vedanthasoftware.com/goods.php?detail/010031653248" "Mozilla/5.0 AppleWebKit/537.36 (KHTML, like Gecko; compatible; GPTBot/1.3; +https://openai.com/gptbot)"
74.7.243.201 - - [13/Mar/2026:02:36:51 +0530] "GET /goods.php?detail/232026542732 HTTP/2.0" 200 24396 "https://www.vedanthasoftware.com/goods.php?detail/232031491526" "Mozilla/5.0 AppleWebKit/537.36 (KHTML, like Gecko; compatible; GPTBot/1.3; +https://openai.com/gptbot)"
74.7.242.1 - - [13/Mar/2026:02:36:52 +0530] "GET /goods.php?detail/061035167641 HTTP/2.0" 200 25246 "https://vedanthasoftware.com/goods.php?detail/026012693580" "Mozilla/5.0 AppleWebKit/537.36 (KHTML, like Gecko; compatible; GPTBot/1.3; +https://openai.com/gptbot)"
57.141.0.44 - - [13/Mar/2026:02:36:52 +0530] "GET /?e=72459264224205 HTTP/2.0" 200 183473 "-" "meta-externalagent/1.1 (+https://developers.facebook.com/docs/sharing/webmasters/crawler)"
74.7.243.201 - - [13/Mar/2026:02:36:55 +0530] "GET /goods.php?detail/2760303752994 HTTP/2.0" 200 24628 "https://www.vedanthasoftware.com/goods.php?detail/024002489859" "Mozilla/5.0 AppleWebKit/537.36 (KHTML, like Gecko; compatible; GPTBot/1.3; +https://openai.com/gptbot)"
57.141.0.7 - - [13/Mar/2026:02:36:56 +0530] "GET /?e=9320224212904 HTTP/2.0" 200 183473 "-" "meta-externalagent/1.1 (+https://developers.facebook.com/docs/sharing/webmasters/crawler)"
74.7.242.1 - - [13/Mar/2026:02:36:56 +0530] "GET /goods.php?detail/227044719574 HTTP/2.0" 200 23711 "https://vedanthasoftware.com/goods.php?jp/209016194.html" "Mozilla/5.0 AppleWebKit/537.36 (KHTML, like Gecko; compatible; GPTBot/1.3; +https://openai.com/gptbot)"
57.141.0.10 - - [13/Mar/2026:02:36:56 +0530] "GET /?e=21465136396300 HTTP/2.0" 200 183473 "-" "meta-externalagent/1.1 (+https://developers.facebook.com/docs/sharing/webmasters/crawler)"
57.141.0.22 - - [13/Mar/2026:02:36:57 +0530] "GET /?e=65298275260401 HTTP/2.0" 200 183473 "-" "meta-externalagent/1.1 (+https://developers.facebook.com/docs/sharing/webmasters/crawler)"
74.7.243.201 - - [13/Mar/2026:02:36:59 +0530] "GET /goods.php?detail/068021179566 HTTP/2.0" 200 24534 "https://www.vedanthasoftware.com/goods.php?detail/068017885220" "Mozilla/5.0 AppleWebKit/537.36 (KHTML, like Gecko; compatible; GPTBot/1.3; +https://openai.com/gptbot)"
74.7.242.1 - - [13/Mar/2026:02:37:00 +0530] "GET /goods.php?detail/211016127682 HTTP/2.0" 200 23638 "https://vedanthasoftware.com/goods.php?detail/152015072675" "Mozilla/5.0 AppleWebKit/537.36 (KHTML, like Gecko; compatible; GPTBot/1.3; +https://openai.com/gptbot)"
57.141.0.32 - - [13/Mar/2026:02:37:00 +0530] "GET /?e=51062273594215 HTTP/2.0" 200 183473 "-" "meta-externalagent/1.1 (+https://developers.facebook.com/docs/sharing/webmasters/crawler)"
74.7.243.201 - - [13/Mar/2026:02:37:03 +0530] "GET /goods.php?jp/079044332.html HTTP/2.0" 200 24420 "https://www.vedanthasoftware.com/goods.php?detail/166024058605" "Mozilla/5.0 AppleWebKit/537.36 (KHTML, like Gecko; compatible; GPTBot/1.3; +https://openai.com/gptbot)"
74.7.242.1 - - [13/Mar/2026:02:37:03 +0530] "GET /goods.php?detail/086021563050 HTTP/2.0" 200 24716 "https://vedanthasoftware.com/goods.php?detail/086033373240" "Mozilla/5.0 AppleWebKit/537.36 (KHTML, like Gecko; compatible; GPTBot/1.3; +https://openai.com/gptbot)"
57.141.0.62 - - [13/Mar/2026:02:37:04 +0530] "GET /?e=87197264407804 HTTP/2.0" 200 183473 "-" "meta-externalagent/1.1 (+https://developers.facebook.com/docs/sharing/webmasters/crawler)"
74.7.243.201 - - [13/Mar/2026:02:37:06 +0530] "GET /goods.php?detail/2510344763683 HTTP/2.0" 200 23795 "https://www.vedanthasoftware.com/goods.php?detail/2510259667829" "Mozilla/5.0 AppleWebKit/537.36 (KHTML, like Gecko; compatible; GPTBot/1.3; +https://openai.com/gptbot)"
74.7.242.1 - - [13/Mar/2026:02:37:06 +0530] "GET /goods.php?detail/082049039910 HTTP/2.0" 200 23794 "https://vedanthasoftware.com/goods.php?detail/082001271927" "Mozilla/5.0 AppleWebKit/537.36 (KHTML, like Gecko; compatible; GPTBot/1.3; +https://openai.com/gptbot)"
57.141.0.46 - - [13/Mar/2026:02:37:07 +0530] "GET /?e=3128090442603 HTTP/2.0" 200 183473 "-" "meta-externalagent/1.1 (+https://developers.facebook.com/docs/sharing/webmasters/crawler)"
74.7.242.1 - - [13/Mar/2026:02:37:10 +0530] "GET /goods.php?detail/091046470051 HTTP/2.0" 200 23721 "https://vedanthasoftware.com/goods.php?detail/160013654752" "Mozilla/5.0 AppleWebKit/537.36 (KHTML, like Gecko; compatible; GPTBot/1.3; +https://openai.com/gptbot)"
74.7.243.201 - - [13/Mar/2026:02:37:10 +0530] "GET /goods.php?detail/257023758421 HTTP/2.0" 200 24131 "https://www.vedanthasoftware.com/goods.php?detail/257023755878" "Mozilla/5.0 AppleWebKit/537.36 (KHTML, like Gecko; compatible; GPTBot/1.3; +https://openai.com/gptbot)"
57.141.0.29 - - [13/Mar/2026:02:37:11 +0530] "GET /?e=38888112315401 HTTP/2.0" 200 183473 "-" "meta-externalagent/1.1 (+https://developers.facebook.com/docs/sharing/webmasters/crawler)"
57.141.0.61 - - [13/Mar/2026:02:37:11 +0530] "GET /?e=9090837095901 HTTP/2.0" 200 183473 "-" "meta-externalagent/1.1 (+https://developers.facebook.com/docs/sharing/webmasters/crawler)"
57.141.0.48 - - [13/Mar/2026:02:37:11 +0530] "GET /?e=82152277516203 HTTP/2.0" 200 183473 "-" "meta-externalagent/1.1 (+https://developers.facebook.com/docs/sharing/webmasters/crawler)"
57.141.0.66 - - [13/Mar/2026:02:37:12 +0530] "GET /?e=20327262222701 HTTP/2.0" 200 183473 "-" "meta-externalagent/1.1 (+https://developers.facebook.com/docs/sharing/webmasters/crawler)"
74.7.242.1 - - [13/Mar/2026:02:37:15 +0530] "GET /goods.php?detail/094008785288 HTTP/2.0" 200 24300 "https://vedanthasoftware.com/goods.php?detail/053007209789" "Mozilla/5.0 AppleWebKit/537.36 (KHTML, like Gecko; compatible; GPTBot/1.3; +https://openai.com/gptbot)"
57.141.0.43 - - [13/Mar/2026:02:37:16 +0530] "GET /?e=3760047033101 HTTP/2.0" 200 183473 "-" "meta-externalagent/1.1 (+https://developers.facebook.com/docs/sharing/webmasters/crawler)"
74.7.243.201 - - [13/Mar/2026:02:37:17 +0530] "GET /goods.php?detail/068023446366 HTTP/2.0" 200 24462 "https://www.vedanthasoftware.com/goods.php?detail/068021181127" "Mozilla/5.0 AppleWebKit/537.36 (KHTML, like Gecko; compatible; GPTBot/1.3; +https://openai.com/gptbot)"
74.7.243.201 - - [13/Mar/2026:02:37:20 +0530] "GET /goods.php?detail/0390112602003 HTTP/2.0" 200 24545 "https://www.vedanthasoftware.com/goods.php?detail/1910233172393" "Mozilla/5.0 AppleWebKit/537.36 (KHTML, like Gecko; compatible; GPTBot/1.3; +https://openai.com/gptbot)"
74.7.242.1 - - [13/Mar/2026:02:37:20 +0530] "GET /goods.php?detail/126024022622 HTTP/2.0" 200 24749 "https://vedanthasoftware.com/goods.php?detail/126021408051" "Mozilla/5.0 AppleWebKit/537.36 (KHTML, like Gecko; compatible; GPTBot/1.3; +https://openai.com/gptbot)"
142.93.120.13 - - [13/Mar/2026:02:37:21 +0530] "POST /xmlrpc.php HTTP/2.0" 200 401 "-" "Mozilla/5.0 (Windows NT 6.1) AppleWebKit/537.36 (KHTML, like Gecko) Chrome/63.0.3239.132 Safari/537.36 OPR/50.0.2762.67"
57.141.0.25 - - [13/Mar/2026:02:37:21 +0530] "GET /?e=97906150256702 HTTP/2.0" 200 183473 "-" "meta-externalagent/1.1 (+https://developers.facebook.com/docs/sharing/webmasters/crawler)"
57.141.0.55 - - [13/Mar/2026:02:37:22 +0530] "GET /?e=90441118131302 HTTP/2.0" 200 183473 "-" "meta-externalagent/1.1 (+https://developers.facebook.com/docs/sharing/webmasters/crawler)"
74.7.242.1 - - [13/Mar/2026:02:37:25 +0530] "GET /goods.php?detail/126024024378 HTTP/2.0" 200 23853 "https://vedanthasoftware.com/goods.php?detail/126021408051" "Mozilla/5.0 AppleWebKit/537.36 (KHTML, like Gecko; compatible; GPTBot/1.3; +https://openai.com/gptbot)"
74.7.243.201 - - [13/Mar/2026:02:37:25 +0530] "GET /goods.php?detail/2020032064950 HTTP/2.0" 200 25100 "https://www.vedanthasoftware.com/goods.php?detail/257023756530" "Mozilla/5.0 AppleWebKit/537.36 (KHTML, like Gecko; compatible; GPTBot/1.3; +https://openai.com/gptbot)"
74.7.242.1 - - [13/Mar/2026:02:37:28 +0530] "GET /goods.php?detail/195041675307 HTTP/2.0" 200 23758 "https://vedanthasoftware.com/goods.php?detail/126021408051" "Mozilla/5.0 AppleWebKit/537.36 (KHTML, like Gecko; compatible; GPTBot/1.3; +https://openai.com/gptbot)"
57.141.0.48 - - [13/Mar/2026:02:37:29 +0530] "GET /?e=73782284568205 HTTP/2.0" 200 183473 "-" "meta-externalagent/1.1 (+https://developers.facebook.com/docs/sharing/webmasters/crawler)"
74.7.243.201 - - [13/Mar/2026:02:37:29 +0530] "GET /goods.php?detail/172046179391 HTTP/2.0" 200 24114 "https://www.vedanthasoftware.com/goods.php?detail/026033913966" "Mozilla/5.0 AppleWebKit/537.36 (KHTML, like Gecko; compatible; GPTBot/1.3; +https://openai.com/gptbot)"
74.7.242.1 - - [13/Mar/2026:02:37:32 +0530] "GET /goods.php?detail/069037720657 HTTP/2.0" 200 23816 "https://vedanthasoftware.com/goods.php?detail/069027079259" "Mozilla/5.0 AppleWebKit/537.36 (KHTML, like Gecko; compatible; GPTBot/1.3; +https://openai.com/gptbot)"
74.7.243.201 - - [13/Mar/2026:02:37:32 +0530] "GET /goods.php?detail/164007289169 HTTP/2.0" 200 24133 "https://www.vedanthasoftware.com/goods.php?detail/164007290408" "Mozilla/5.0 AppleWebKit/537.36 (KHTML, like Gecko; compatible; GPTBot/1.3; +https://openai.com/gptbot)"
57.141.0.50 - - [13/Mar/2026:02:37:33 +0530] "GET /?e=80011273723504 HTTP/2.0" 200 183473 "-" "meta-externalagent/1.1 (+https://developers.facebook.com/docs/sharing/webmasters/crawler)"
74.7.242.1 - - [13/Mar/2026:02:37:35 +0530] "GET /goods.php?detail/122044517366 HTTP/2.0" 200 23941 "https://vedanthasoftware.com/goods.php?detail/054039308995" "Mozilla/5.0 AppleWebKit/537.36 (KHTML, like Gecko; compatible; GPTBot/1.3; +https://openai.com/gptbot)"
74.7.243.201 - - [13/Mar/2026:02:37:35 +0530] "GET /goods.php?detail/232011335012 HTTP/2.0" 200 24521 "https://www.vedanthasoftware.com/goods.php?detail/232026542732" "Mozilla/5.0 AppleWebKit/537.36 (KHTML, like Gecko; compatible; GPTBot/1.3; +https://openai.com/gptbot)"
57.141.0.62 - - [13/Mar/2026:02:37:36 +0530] "GET /?e=8469819139605 HTTP/2.0" 200 183473 "-" "meta-externalagent/1.1 (+https://developers.facebook.com/docs/sharing/webmasters/crawler)"
74.7.242.1 - - [13/Mar/2026:02:37:38 +0530] "GET /goods.php?detail/191024415694 HTTP/2.0" 200 24097 "https://vedanthasoftware.com/goods.php?detail/191000954552" "Mozilla/5.0 AppleWebKit/537.36 (KHTML, like Gecko; compatible; GPTBot/1.3; +https://openai.com/gptbot)"
74.7.243.201 - - [13/Mar/2026:02:37:39 +0530] "GET /goods.php?detail/2730240202582 HTTP/2.0" 200 23716 "https://www.vedanthasoftware.com/goods.php?detail/026033913966" "Mozilla/5.0 AppleWebKit/537.36 (KHTML, like Gecko; compatible; GPTBot/1.3; +https://openai.com/gptbot)"
74.7.242.1 - - [13/Mar/2026:02:37:40 +0530] "GET /goods.php?m23008269060 HTTP/2.0" 200 24524 "https://vedanthasoftware.com/goods.php?detail/211016127682" "Mozilla/5.0 AppleWebKit/537.36 (KHTML, like Gecko; compatible; GPTBot/1.3; +https://openai.com/gptbot)"
57.141.0.16 - - [13/Mar/2026:02:37:41 +0530] "GET /?e=4851820861000 HTTP/2.0" 200 183473 "-" "meta-externalagent/1.1 (+https://developers.facebook.com/docs/sharing/webmasters/crawler)"
74.7.243.201 - - [13/Mar/2026:02:37:43 +0530] "GET /goods.php?detail/249038817911 HTTP/2.0" 200 24053 "https://www.vedanthasoftware.com/goods.php?detail/068017885220" "Mozilla/5.0 AppleWebKit/537.36 (KHTML, like Gecko; compatible; GPTBot/1.3; +https://openai.com/gptbot)"
57.141.0.20 - - [13/Mar/2026:02:37:44 +0530] "GET /?e=47908196464600 HTTP/2.0" 200 183473 "-" "meta-externalagent/1.1 (+https://developers.facebook.com/docs/sharing/webmasters/crawler)"
74.7.242.1 - - [13/Mar/2026:02:37:45 +0530] "GET /goods.php?detail/287005904980 HTTP/2.0" 200 24376 "https://vedanthasoftware.com/goods.php?detail/211016127682" "Mozilla/5.0 AppleWebKit/537.36 (KHTML, like Gecko; compatible; GPTBot/1.3; +https://openai.com/gptbot)"
74.7.243.201 - - [13/Mar/2026:02:37:48 +0530] "GET /goods.php?detail/079048716606 HTTP/2.0" 200 23906 "https://www.vedanthasoftware.com/goods.php?jp/079044332.html" "Mozilla/5.0 AppleWebKit/537.36 (KHTML, like Gecko; compatible; GPTBot/1.3; +https://openai.com/gptbot)"
74.7.242.1 - - [13/Mar/2026:02:37:48 +0530] "GET /goods.php?detail/033026604032 HTTP/2.0" 200 24240 "https://vedanthasoftware.com/goods.php?detail/082049039910" "Mozilla/5.0 AppleWebKit/537.36 (KHTML, like Gecko; compatible; GPTBot/1.3; +https://openai.com/gptbot)"
74.7.243.201 - - [13/Mar/2026:02:37:50 +0530] "GET /goods.php?detail/068023447331 HTTP/2.0" 200 23948 "https://www.vedanthasoftware.com/goods.php?detail/068021181127" "Mozilla/5.0 AppleWebKit/537.36 (KHTML, like Gecko; compatible; GPTBot/1.3; +https://openai.com/gptbot)"
74.7.242.1 - - [13/Mar/2026:02:37:51 +0530] "GET /goods.php?jp/287005904.html HTTP/2.0" 200 24311 "https://vedanthasoftware.com/goods.php?detail/287005904980" "Mozilla/5.0 AppleWebKit/537.36 (KHTML, like Gecko; compatible; GPTBot/1.3; +https://openai.com/gptbot)"
74.7.243.201 - - [13/Mar/2026:02:37:54 +0530] "GET /goods.php?detail/0620201101149 HTTP/2.0" 200 24431 "https://www.vedanthasoftware.com/goods.php?detail/062044810496" "Mozilla/5.0 AppleWebKit/537.36 (KHTML, like Gecko; compatible; GPTBot/1.3; +https://openai.com/gptbot)"
74.7.242.1 - - [13/Mar/2026:02:37:56 +0530] "GET /goods.php?detail/158012536344 HTTP/2.0" 200 24182 "https://vedanthasoftware.com/goods.php?detail/082049039910" "Mozilla/5.0 AppleWebKit/537.36 (KHTML, like Gecko; compatible; GPTBot/1.3; +https://openai.com/gptbot)"
74.7.243.201 - - [13/Mar/2026:02:37:57 +0530] "GET /goods.php?detail/267042900118 HTTP/2.0" 200 25403 "https://www.vedanthasoftware.com/goods.php?detail/068023446366" "Mozilla/5.0 AppleWebKit/537.36 (KHTML, like Gecko; compatible; GPTBot/1.3; +https://openai.com/gptbot)"
57.141.0.18 - - [13/Mar/2026:02:37:58 +0530] "GET /?e=93372298560302 HTTP/2.0" 200 183473 "-" "meta-externalagent/1.1 (+https://developers.facebook.com/docs/sharing/webmasters/crawler)"
74.7.242.1 - - [13/Mar/2026:02:37:59 +0530] "GET /goods.php?detail/280012571646 HTTP/2.0" 200 25406 "https://vedanthasoftware.com/goods.php?detail/094008785288" "Mozilla/5.0 AppleWebKit/537.36 (KHTML, like Gecko; compatible; GPTBot/1.3; +https://openai.com/gptbot)"
57.141.0.32 - - [13/Mar/2026:02:37:59 +0530] "GET /?e=7825124979802 HTTP/2.0" 200 183473 "-" "meta-externalagent/1.1 (+https://developers.facebook.com/docs/sharing/webmasters/crawler)"
57.141.0.37 - - [13/Mar/2026:02:38:01 +0530] "GET /?e=01590173073003 HTTP/2.0" 200 183473 "-" "meta-externalagent/1.1 (+https://developers.facebook.com/docs/sharing/webmasters/crawler)"
74.7.243.201 - - [13/Mar/2026:02:38:01 +0530] "GET /goods.php?detail/039019492907 HTTP/2.0" 200 25049 "https://www.vedanthasoftware.com/goods.php?detail/0390112602003" "Mozilla/5.0 AppleWebKit/537.36 (KHTML, like Gecko; compatible; GPTBot/1.3; +https://openai.com/gptbot)"
57.141.0.53 - - [13/Mar/2026:02:38:03 +0530] "GET /?e=58326260277503 HTTP/2.0" 200 183473 "-" "meta-externalagent/1.1 (+https://developers.facebook.com/docs/sharing/webmasters/crawler)"
74.7.242.1 - - [13/Mar/2026:02:38:03 +0530] "GET /goods.php?detail/126002212690 HTTP/2.0" 200 23462 "https://vedanthasoftware.com/goods.php?detail/126024022622" "Mozilla/5.0 AppleWebKit/537.36 (KHTML, like Gecko; compatible; GPTBot/1.3; +https://openai.com/gptbot)"
57.141.0.66 - - [13/Mar/2026:02:38:04 +0530] "GET /?e=0317439412206 HTTP/2.0" 200 183473 "-" "meta-externalagent/1.1 (+https://developers.facebook.com/docs/sharing/webmasters/crawler)"
74.7.243.201 - - [13/Mar/2026:02:38:05 +0530] "GET /goods.php?jp/202027890.html HTTP/2.0" 200 24190 "https://www.vedanthasoftware.com/goods.php?detail/2020032064950" "Mozilla/5.0 AppleWebKit/537.36 (KHTML, like Gecko; compatible; GPTBot/1.3; +https://openai.com/gptbot)"
57.141.0.41 - - [13/Mar/2026:02:38:06 +0530] "GET /?e=97269256510501 HTTP/2.0" 200 183473 "-" "meta-externalagent/1.1 (+https://developers.facebook.com/docs/sharing/webmasters/crawler)"
74.7.242.1 - - [13/Mar/2026:02:38:07 +0530] "GET /goods.php?detail/142048800487 HTTP/2.0" 200 23915 "https://vedanthasoftware.com/goods.php?detail/126024022622" "Mozilla/5.0 AppleWebKit/537.36 (KHTML, like Gecko; compatible; GPTBot/1.3; +https://openai.com/gptbot)"
74.7.243.201 - - [13/Mar/2026:02:38:09 +0530] "GET /goods.php?detail/039019480504 HTTP/2.0" 200 25179 "https://www.vedanthasoftware.com/goods.php?detail/0390112602003" "Mozilla/5.0 AppleWebKit/537.36 (KHTML, like Gecko; compatible; GPTBot/1.3; +https://openai.com/gptbot)"
74.7.242.1 - - [13/Mar/2026:02:38:11 +0530] "GET /goods.php?detail/273010331357 HTTP/2.0" 200 24467 "https://vedanthasoftware.com/goods.php?detail/126024024378" "Mozilla/5.0 AppleWebKit/537.36 (KHTML, like Gecko; compatible; GPTBot/1.3; +https://openai.com/gptbot)"
74.7.243.201 - - [13/Mar/2026:02:38:14 +0530] "GET /goods.php?detail/039025451711 HTTP/2.0" 200 25411 "https://www.vedanthasoftware.com/goods.php?detail/0390112602003" "Mozilla/5.0 AppleWebKit/537.36 (KHTML, like Gecko; compatible; GPTBot/1.3; +https://openai.com/gptbot)"
57.141.0.42 - - [13/Mar/2026:02:38:15 +0530] "GET /?e=44279252740906 HTTP/2.0" 200 183473 "-" "meta-externalagent/1.1 (+https://developers.facebook.com/docs/sharing/webmasters/crawler)"
74.7.243.201 - - [13/Mar/2026:02:38:17 +0530] "GET /goods.php?detail/063025848510 HTTP/2.0" 200 24248 "https://www.vedanthasoftware.com/goods.php?detail/232011335012" "Mozilla/5.0 AppleWebKit/537.36 (KHTML, like Gecko; compatible; GPTBot/1.3; +https://openai.com/gptbot)"
74.7.243.201 - - [13/Mar/2026:02:38:20 +0530] "GET /goods.php?detail/002024765288 HTTP/2.0" 200 23936 "https://www.vedanthasoftware.com/goods.php?detail/2730240202582" "Mozilla/5.0 AppleWebKit/537.36 (KHTML, like Gecko; compatible; GPTBot/1.3; +https://openai.com/gptbot)"
74.7.243.201 - - [13/Mar/2026:02:38:23 +0530] "GET /goods.php?detail/233046220130 HTTP/2.0" 200 23688 "https://www.vedanthasoftware.com/goods.php?detail/249038817911" "Mozilla/5.0 AppleWebKit/537.36 (KHTML, like Gecko; compatible; GPTBot/1.3; +https://openai.com/gptbot)"
74.7.243.201 - - [13/Mar/2026:02:38:28 +0530] "GET /goods.php?detail/260047104021 HTTP/2.0" 200 24088 "https://www.vedanthasoftware.com/goods.php?detail/079048716606" "Mozilla/5.0 AppleWebKit/537.36 (KHTML, like Gecko; compatible; GPTBot/1.3; +https://openai.com/gptbot)"
74.7.243.201 - - [13/Mar/2026:02:38:30 +0530] "GET /goods.php?detail/217049299197 HTTP/2.0" 200 25251 "https://www.vedanthasoftware.com/goods.php?detail/068023447331" "Mozilla/5.0 AppleWebKit/537.36 (KHTML, like Gecko; compatible; GPTBot/1.3; +https://openai.com/gptbot)"
141.98.11.44 - - [13/Mar/2026:02:38:31 +0530] "GET /wp-includes/sodium_compat/src/Core/SecretStream/State.php HTTP/1.1" 200 34 "-" "Mozilla/5.0 (Windows NT 10.0; Win64; x64) AppleWebKit/537.36"
74.7.243.201 - - [13/Mar/2026:02:38:35 +0530] "GET /goods.php?detail/249036564324 HTTP/2.0" 200 24276 "https://www.vedanthasoftware.com/goods.php?detail/249038817911" "Mozilla/5.0 AppleWebKit/537.36 (KHTML, like Gecko; compatible; GPTBot/1.3; +https://openai.com/gptbot)"
66.249.74.129 - - [13/Mar/2026:02:38:37 +0530] "GET /?e=0475111280105 HTTP/1.1" 200 55188 "-" "Mozilla/5.0 (Linux; Android 6.0.1; Nexus 5X Build/MMB29P) AppleWebKit/537.36 (KHTML, like Gecko) Chrome/145.0.7632.116 Mobile Safari/537.36 (compatible; Googlebot/2.1; +http://www.google.com/bot.html)"
74.7.243.201 - - [13/Mar/2026:02:38:38 +0530] "GET /goods.php?detail/273024989668 HTTP/2.0" 200 23676 "https://www.vedanthasoftware.com/goods.php?detail/2730240202582" "Mozilla/5.0 AppleWebKit/537.36 (KHTML, like Gecko; compatible; GPTBot/1.3; +https://openai.com/gptbot)"
74.7.243.201 - - [13/Mar/2026:02:38:41 +0530] "GET /goods.php?detail/145035711707 HTTP/2.0" 200 23950 "https://www.vedanthasoftware.com/goods.php?detail/249038817911" "Mozilla/5.0 AppleWebKit/537.36 (KHTML, like Gecko; compatible; GPTBot/1.3; +https://openai.com/gptbot)"
57.141.0.60 - - [13/Mar/2026:02:38:42 +0530] "GET /?e=77200150690704 HTTP/2.0" 200 183473 "-" "meta-externalagent/1.1 (+https://developers.facebook.com/docs/sharing/webmasters/crawler)"
74.7.243.201 - - [13/Mar/2026:02:38:44 +0530] "GET /goods.php?detail/202025693024 HTTP/2.0" 200 24492 "https://www.vedanthasoftware.com/goods.php?jp/202027890.html" "Mozilla/5.0 AppleWebKit/537.36 (KHTML, like Gecko; compatible; GPTBot/1.3; +https://openai.com/gptbot)"
74.7.242.1 - - [13/Mar/2026:02:38:46 +0530] "GET /goods.php?detail/099001588739 HTTP/2.0" 200 24894 "https://vedanthasoftware.com/goods.php?detail/099028064603" "Mozilla/5.0 AppleWebKit/537.36 (KHTML, like Gecko; compatible; GPTBot/1.3; +https://openai.com/gptbot)"
74.7.243.201 - - [13/Mar/2026:02:38:47 +0530] "GET /goods.php?detail/1720158903722 HTTP/2.0" 200 24393 "https://www.vedanthasoftware.com/goods.php?detail/172046179391" "Mozilla/5.0 AppleWebKit/537.36 (KHTML, like Gecko; compatible; GPTBot/1.3; +https://openai.com/gptbot)"
74.7.243.201 - - [13/Mar/2026:02:38:50 +0530] "GET /goods.php?detail/060019617990 HTTP/2.0" 200 23791 "https://www.vedanthasoftware.com/goods.php?detail/039025451711" "Mozilla/5.0 AppleWebKit/537.36 (KHTML, like Gecko; compatible; GPTBot/1.3; +https://openai.com/gptbot)"
114.119.153.137 - - [13/Mar/2026:02:38:51 +0530] "GET /?_p=037020087 HTTP/1.1" 301 5 "https://www.vedanthasoftware.com/sitemap546.xml" "Mozilla/5.0 (Linux; Android 7.0;) AppleWebKit/537.36 (KHTML, like Gecko) Mobile Safari/537.36 (compatible; PetalBot;+https://webmaster.petalsearch.com/site/petalbot)"
57.141.0.8 - - [13/Mar/2026:02:38:51 +0530] "GET /?e=96703230115200 HTTP/2.0" 200 183473 "-" "meta-externalagent/1.1 (+https://developers.facebook.com/docs/sharing/webmasters/crawler)"
74.7.243.201 - - [13/Mar/2026:02:38:54 +0530] "GET /goods.php?detail/2490365658629 HTTP/2.0" 200 23914 "https://www.vedanthasoftware.com/goods.php?detail/249038817911" "Mozilla/5.0 AppleWebKit/537.36 (KHTML, like Gecko; compatible; GPTBot/1.3; +https://openai.com/gptbot)"
57.141.0.32 - - [13/Mar/2026:02:38:54 +0530] "GET /?e=20908209644006 HTTP/2.0" 200 183473 "-" "meta-externalagent/1.1 (+https://developers.facebook.com/docs/sharing/webmasters/crawler)"
74.7.243.201 - - [13/Mar/2026:02:38:57 +0530] "GET /goods.php?detail/002046033942 HTTP/2.0" 200 23795 "https://www.vedanthasoftware.com/goods.php?detail/002024765288" "Mozilla/5.0 AppleWebKit/537.36 (KHTML, like Gecko; compatible; GPTBot/1.3; +https://openai.com/gptbot)"
74.7.242.1 - - [13/Mar/2026:02:39:00 +0530] "GET /goods.php?detail/210013779312 HTTP/2.0" 200 24347 "https://vedanthasoftware.com/goods.php?jp/210037939.html" "Mozilla/5.0 AppleWebKit/537.36 (KHTML, like Gecko; compatible; GPTBot/1.3; +https://openai.com/gptbot)"
74.7.243.201 - - [13/Mar/2026:02:39:01 +0530] "GET /goods.php?detail/233040228309 HTTP/2.0" 200 24020 "https://www.vedanthasoftware.com/goods.php?detail/233046220130" "Mozilla/5.0 AppleWebKit/537.36 (KHTML, like Gecko; compatible; GPTBot/1.3; +https://openai.com/gptbot)"
114.119.153.137 - - [13/Mar/2026:02:39:01 +0530] "GET /?_p=037020087 HTTP/1.1" 200 38168 "https://www.vedanthasoftware.com/sitemap546.xml" "Mozilla/5.0 (Linux; Android 7.0;) AppleWebKit/537.36 (KHTML, like Gecko) Mobile Safari/537.36 (compatible; PetalBot;+https://webmaster.petalsearch.com/site/petalbot)"
74.7.242.1 - - [13/Mar/2026:02:39:04 +0530] "GET /goods.php?detail/2510271936369 HTTP/2.0" 200 23773 "https://vedanthasoftware.com/goods.php?detail/191024415694" "Mozilla/5.0 AppleWebKit/537.36 (KHTML, like Gecko; compatible; GPTBot/1.3; +https://openai.com/gptbot)"
74.7.243.201 - - [13/Mar/2026:02:39:04 +0530] "GET /goods.php?detail/0020460340408 HTTP/2.0" 200 24249 "https://www.vedanthasoftware.com/goods.php?detail/002024765288" "Mozilla/5.0 AppleWebKit/537.36 (KHTML, like Gecko; compatible; GPTBot/1.3; +https://openai.com/gptbot)"
57.141.0.67 - - [13/Mar/2026:02:39:05 +0530] "GET /?e=7844368648407 HTTP/2.0" 200 183473 "-" "meta-externalagent/1.1 (+https://developers.facebook.com/docs/sharing/webmasters/crawler)"
74.7.243.201 - - [13/Mar/2026:02:39:07 +0530] "GET /goods.php?detail/217002133279 HTTP/2.0" 200 24177 "https://www.vedanthasoftware.com/goods.php?detail/217049299197" "Mozilla/5.0 AppleWebKit/537.36 (KHTML, like Gecko; compatible; GPTBot/1.3; +https://openai.com/gptbot)"
74.7.242.1 - - [13/Mar/2026:02:39:07 +0530] "GET /goods.php?detail/032047014431 HTTP/2.0" 200 24305 "https://vedanthasoftware.com/goods.php?detail/194003708399" "Mozilla/5.0 AppleWebKit/537.36 (KHTML, like Gecko; compatible; GPTBot/1.3; +https://openai.com/gptbot)"
74.7.242.1 - - [13/Mar/2026:02:39:11 +0530] "GET /goods.php?detail/2810012258002 HTTP/2.0" 200 23901 "https://vedanthasoftware.com/goods.php?detail/287005904980" "Mozilla/5.0 AppleWebKit/537.36 (KHTML, like Gecko; compatible; GPTBot/1.3; +https://openai.com/gptbot)"
74.7.243.201 - - [13/Mar/2026:02:39:12 +0530] "GET /goods.php?jp/249036564.html HTTP/2.0" 200 24151 "https://www.vedanthasoftware.com/goods.php?detail/249036564324" "Mozilla/5.0 AppleWebKit/537.36 (KHTML, like Gecko; compatible; GPTBot/1.3; +https://openai.com/gptbot)"
66.249.73.97 - - [13/Mar/2026:02:39:12 +0530] "GET /?_s=044026822 HTTP/1.1" 200 60326 "-" "Mozilla/5.0 (Linux; Android 6.0.1; Nexus 5X Build/MMB29P) AppleWebKit/537.36 (KHTML, like Gecko) Chrome/145.0.7632.116 Mobile Safari/537.36 (compatible; Googlebot/2.1; +http://www.google.com/bot.html)"
74.7.242.1 - - [13/Mar/2026:02:39:16 +0530] "GET /goods.php?detail/229022011161 HTTP/2.0" 200 23924 "https://vedanthasoftware.com/goods.php?jp/287005904.html" "Mozilla/5.0 AppleWebKit/537.36 (KHTML, like Gecko; compatible; GPTBot/1.3; +https://openai.com/gptbot)"
74.7.243.201 - - [13/Mar/2026:02:39:16 +0530] "GET /goods.php?detail/249022554524 HTTP/2.0" 200 25213 "https://www.vedanthasoftware.com/goods.php?detail/249036564324" "Mozilla/5.0 AppleWebKit/537.36 (KHTML, like Gecko; compatible; GPTBot/1.3; +https://openai.com/gptbot)"
57.141.0.31 - - [13/Mar/2026:02:39:16 +0530] "GET /?e=7916055038200 HTTP/2.0" 200 183473 "-" "meta-externalagent/1.1 (+https://developers.facebook.com/docs/sharing/webmasters/crawler)"
57.141.0.66 - - [13/Mar/2026:02:39:17 +0530] "GET /?e=38452255749100 HTTP/2.0" 200 183473 "-" "meta-externalagent/1.1 (+https://developers.facebook.com/docs/sharing/webmasters/crawler)"
57.141.0.64 - - [13/Mar/2026:02:39:17 +0530] "GET /?e=8299056915200 HTTP/2.0" 200 183473 "-" "meta-externalagent/1.1 (+https://developers.facebook.com/docs/sharing/webmasters/crawler)"
74.7.242.1 - - [13/Mar/2026:02:39:20 +0530] "GET /goods.php?detail/0400324330061 HTTP/2.0" 200 24021 "https://vedanthasoftware.com/goods.php?jp/287005904.html" "Mozilla/5.0 AppleWebKit/537.36 (KHTML, like Gecko; compatible; GPTBot/1.3; +https://openai.com/gptbot)"
74.7.243.201 - - [13/Mar/2026:02:39:20 +0530] "GET /goods.php?detail/043008552408 HTTP/2.0" 200 24076 "https://www.vedanthasoftware.com/goods.php?detail/273024989668" "Mozilla/5.0 AppleWebKit/537.36 (KHTML, like Gecko; compatible; GPTBot/1.3; +https://openai.com/gptbot)"
57.141.0.4 - - [13/Mar/2026:02:39:22 +0530] "GET /?e=08269292882100 HTTP/2.0" 200 183473 "-" "meta-externalagent/1.1 (+https://developers.facebook.com/docs/sharing/webmasters/crawler)"
74.7.243.201 - - [13/Mar/2026:02:39:23 +0530] "GET /goods.php?detail/202034089662 HTTP/2.0" 200 24365 "https://www.vedanthasoftware.com/goods.php?detail/202025693024" "Mozilla/5.0 AppleWebKit/537.36 (KHTML, like Gecko; compatible; GPTBot/1.3; +https://openai.com/gptbot)"
74.7.243.201 - - [13/Mar/2026:02:39:26 +0530] "GET /goods.php?detail/273025157717 HTTP/2.0" 200 23688 "https://www.vedanthasoftware.com/goods.php?detail/273024989668" "Mozilla/5.0 AppleWebKit/537.36 (KHTML, like Gecko; compatible; GPTBot/1.3; +https://openai.com/gptbot)"
57.141.0.32 - - [13/Mar/2026:02:39:29 +0530] "GET /?e=2988798188801 HTTP/2.0" 200 183473 "-" "meta-externalagent/1.1 (+https://developers.facebook.com/docs/sharing/webmasters/crawler)"
74.7.243.201 - - [13/Mar/2026:02:39:30 +0530] "GET /goods.php?detail/003003801483 HTTP/2.0" 200 24071 "https://www.vedanthasoftware.com/goods.php?detail/060019617990" "Mozilla/5.0 AppleWebKit/537.36 (KHTML, like Gecko; compatible; GPTBot/1.3; +https://openai.com/gptbot)"
74.7.243.201 - - [13/Mar/2026:02:39:35 +0530] "GET /goods.php?detail/248008594708 HTTP/2.0" 200 24797 "https://www.vedanthasoftware.com/goods.php?detail/060019617990" "Mozilla/5.0 AppleWebKit/537.36 (KHTML, like Gecko; compatible; GPTBot/1.3; +https://openai.com/gptbot)"
74.7.243.201 - - [13/Mar/2026:02:39:38 +0530] "GET /goods.php?detail/249027367374 HTTP/2.0" 200 24101 "https://www.vedanthasoftware.com/goods.php?detail/249036564324" "Mozilla/5.0 AppleWebKit/537.36 (KHTML, like Gecko; compatible; GPTBot/1.3; +https://openai.com/gptbot)"
74.7.243.201 - - [13/Mar/2026:02:39:41 +0530] "GET /goods.php?detail/2170021407187 HTTP/2.0" 200 24379 "https://www.vedanthasoftware.com/goods.php?detail/217049299197" "Mozilla/5.0 AppleWebKit/537.36 (KHTML, like Gecko; compatible; GPTBot/1.3; +https://openai.com/gptbot)"
57.141.0.7 - - [13/Mar/2026:02:39:42 +0530] "GET /?e=5828860347303 HTTP/2.0" 200 183473 "-" "meta-externalagent/1.1 (+https://developers.facebook.com/docs/sharing/webmasters/crawler)"
74.7.243.201 - - [13/Mar/2026:02:39:45 +0530] "GET /goods.php?detail/1040319834101 HTTP/2.0" 200 23779 "https://www.vedanthasoftware.com/goods.php?detail/2490365658629" "Mozilla/5.0 AppleWebKit/537.36 (KHTML, like Gecko; compatible; GPTBot/1.3; +https://openai.com/gptbot)"
57.141.0.41 - - [13/Mar/2026:02:39:46 +0530] "GET /?e=81722108473600 HTTP/2.0" 200 183473 "-" "meta-externalagent/1.1 (+https://developers.facebook.com/docs/sharing/webmasters/crawler)"
74.7.243.201 - - [13/Mar/2026:02:39:49 +0530] "GET /goods.php?jp/217025019.html HTTP/2.0" 200 24878 "https://www.vedanthasoftware.com/goods.php?detail/217002133279" "Mozilla/5.0 AppleWebKit/537.36 (KHTML, like Gecko; compatible; GPTBot/1.3; +https://openai.com/gptbot)"
74.7.243.201 - - [13/Mar/2026:02:39:53 +0530] "GET /goods.php?jp/088041960.html HTTP/2.0" 200 24141 "https://www.vedanthasoftware.com/goods.php?jp/249036564.html" "Mozilla/5.0 AppleWebKit/537.36 (KHTML, like Gecko; compatible; GPTBot/1.3; +https://openai.com/gptbot)"
57.141.0.23 - - [13/Mar/2026:02:39:53 +0530] "GET /?e=8302018751003 HTTP/2.0" 200 183473 "-" "meta-externalagent/1.1 (+https://developers.facebook.com/docs/sharing/webmasters/crawler)"
57.141.0.32 - - [13/Mar/2026:02:39:54 +0530] "GET /?e=44812144294803 HTTP/2.0" 200 183473 "-" "meta-externalagent/1.1 (+https://developers.facebook.com/docs/sharing/webmasters/crawler)"
74.7.242.1 - - [13/Mar/2026:02:39:56 +0530] "GET /goods.php?detail/191042530263 HTTP/2.0" 200 24489 "https://vedanthasoftware.com/goods.php?detail/158012536344" "Mozilla/5.0 AppleWebKit/537.36 (KHTML, like Gecko; compatible; GPTBot/1.3; +https://openai.com/gptbot)"
74.7.243.201 - - [13/Mar/2026:02:39:57 +0530] "GET /goods.php?detail/002006663184 HTTP/2.0" 200 24080 "https://www.vedanthasoftware.com/goods.php?detail/002046033942" "Mozilla/5.0 AppleWebKit/537.36 (KHTML, like Gecko; compatible; GPTBot/1.3; +https://openai.com/gptbot)"
57.141.0.8 - - [13/Mar/2026:02:39:57 +0530] "GET /?e=59127257099400 HTTP/2.0" 200 183473 "-" "meta-externalagent/1.1 (+https://developers.facebook.com/docs/sharing/webmasters/crawler)"
57.141.0.37 - - [13/Mar/2026:02:39:58 +0530] "GET /?e=7053893050403 HTTP/2.0" 200 183473 "-" "meta-externalagent/1.1 (+https://developers.facebook.com/docs/sharing/webmasters/crawler)"
74.7.243.201 - - [13/Mar/2026:02:40:00 +0530] "GET /goods.php?detail/291000146974 HTTP/2.0" 200 25236 "https://www.vedanthasoftware.com/goods.php?detail/1720158903722" "Mozilla/5.0 AppleWebKit/537.36 (KHTML, like Gecko; compatible; GPTBot/1.3; +https://openai.com/gptbot)"
74.7.243.201 - - [13/Mar/2026:02:40:04 +0530] "GET /goods.php?detail/202027856689 HTTP/2.0" 200 24375 "https://www.vedanthasoftware.com/goods.php?detail/202034089662" "Mozilla/5.0 AppleWebKit/537.36 (KHTML, like Gecko; compatible; GPTBot/1.3; +https://openai.com/gptbot)"
74.7.243.201 - - [13/Mar/2026:02:40:07 +0530] "GET /goods.php?detail/258005156070 HTTP/2.0" 200 25654 "https://www.vedanthasoftware.com/goods.php?detail/2490365658629" "Mozilla/5.0 AppleWebKit/537.36 (KHTML, like Gecko; compatible; GPTBot/1.3; +https://openai.com/gptbot)"
74.7.242.1 - - [13/Mar/2026:02:40:10 +0530] "GET /goods.php?detail/104003711802 HTTP/2.0" 200 24517 "https://vedanthasoftware.com/goods.php?detail/287005904980" "Mozilla/5.0 AppleWebKit/537.36 (KHTML, like Gecko; compatible; GPTBot/1.3; +https://openai.com/gptbot)"
74.7.243.201 - - [13/Mar/2026:02:40:11 +0530] "GET /goods.php?detail/0030320447143 HTTP/2.0" 200 24248 "https://www.vedanthasoftware.com/goods.php?detail/003003801483" "Mozilla/5.0 AppleWebKit/537.36 (KHTML, like Gecko; compatible; GPTBot/1.3; +https://openai.com/gptbot)"
57.141.0.28 - - [13/Mar/2026:02:40:12 +0530] "GET /?e=88504175350902 HTTP/2.0" 200 183473 "-" "meta-externalagent/1.1 (+https://developers.facebook.com/docs/sharing/webmasters/crawler)"
74.7.242.1 - - [13/Mar/2026:02:40:14 +0530] "GET /goods.php?detail/090025667636 HTTP/2.0" 200 24092 "https://vedanthasoftware.com/goods.php?detail/0900360301280" "Mozilla/5.0 AppleWebKit/537.36 (KHTML, like Gecko; compatible; GPTBot/1.3; +https://openai.com/gptbot)"
74.7.243.201 - - [13/Mar/2026:02:40:15 +0530] "GET /goods.php?detail/279008294816 HTTP/2.0" 200 24110 "https://www.vedanthasoftware.com/goods.php?detail/248008594708" "Mozilla/5.0 AppleWebKit/537.36 (KHTML, like Gecko; compatible; GPTBot/1.3; +https://openai.com/gptbot)"
57.141.0.16 - - [13/Mar/2026:02:40:16 +0530] "GET /?e=21091181995100 HTTP/2.0" 200 183473 "-" "meta-externalagent/1.1 (+https://developers.facebook.com/docs/sharing/webmasters/crawler)"
