74.7.243.201 - - [13/Mar/2026:02:53:12 +0530] "GET /goods.php?detail/0460388300373 HTTP/2.0" 200 24142 "https://www.vedanthasoftware.com/goods.php?detail/0460020468608" "Mozilla/5.0 AppleWebKit/537.36 (KHTML, like Gecko; compatible; GPTBot/1.3; +https://openai.com/gptbot)"
74.7.242.1 - - [13/Mar/2026:02:53:12 +0530] "GET /goods.php?detail/198038039658 HTTP/2.0" 200 24715 "https://vedanthasoftware.com/goods.php?detail/084017118455" "Mozilla/5.0 AppleWebKit/537.36 (KHTML, like Gecko; compatible; GPTBot/1.3; +https://openai.com/gptbot)"
57.141.0.65 - - [13/Mar/2026:02:53:13 +0530] "GET /?e=20786285836601 HTTP/2.0" 200 183473 "-" "meta-externalagent/1.1 (+https://developers.facebook.com/docs/sharing/webmasters/crawler)"
74.7.242.1 - - [13/Mar/2026:02:53:15 +0530] "GET /goods.php?jp/251018585.html HTTP/2.0" 200 24375 "https://vedanthasoftware.com/goods.php?detail/166023784878" "Mozilla/5.0 AppleWebKit/537.36 (KHTML, like Gecko; compatible; GPTBot/1.3; +https://openai.com/gptbot)"
74.7.243.201 - - [13/Mar/2026:02:53:16 +0530] "GET /goods.php?detail/1810468800510 HTTP/2.0" 200 24046 "https://www.vedanthasoftware.com/goods.php?detail/115046239599" "Mozilla/5.0 AppleWebKit/537.36 (KHTML, like Gecko; compatible; GPTBot/1.3; +https://openai.com/gptbot)"
57.141.0.53 - - [13/Mar/2026:02:53:16 +0530] "GET /?e=77970156792800 HTTP/2.0" 200 183473 "-" "meta-externalagent/1.1 (+https://developers.facebook.com/docs/sharing/webmasters/crawler)"
57.141.0.2 - - [13/Mar/2026:02:53:17 +0530] "GET /?e=92871280956300 HTTP/2.0" 200 183473 "-" "meta-externalagent/1.1 (+https://developers.facebook.com/docs/sharing/webmasters/crawler)"
74.7.242.1 - - [13/Mar/2026:02:53:19 +0530] "GET /goods.php?detail/235014020110 HTTP/2.0" 200 24576 "https://vedanthasoftware.com/goods.php?detail/166023784878" "Mozilla/5.0 AppleWebKit/537.36 (KHTML, like Gecko; compatible; GPTBot/1.3; +https://openai.com/gptbot)"
74.7.243.201 - - [13/Mar/2026:02:53:20 +0530] "GET /goods.php?detail/191011096804 HTTP/2.0" 200 24190 "https://www.vedanthasoftware.com/goods.php?detail/0120108040809" "Mozilla/5.0 AppleWebKit/537.36 (KHTML, like Gecko; compatible; GPTBot/1.3; +https://openai.com/gptbot)"
57.141.0.48 - - [13/Mar/2026:02:53:20 +0530] "GET /?e=28278233902 HTTP/2.0" 200 183473 "-" "meta-externalagent/1.1 (+https://developers.facebook.com/docs/sharing/webmasters/crawler)"
57.141.0.21 - - [13/Mar/2026:02:53:21 +0530] "GET /?e=55769117406901 HTTP/2.0" 200 183473 "-" "meta-externalagent/1.1 (+https://developers.facebook.com/docs/sharing/webmasters/crawler)"
74.7.242.1 - - [13/Mar/2026:02:53:23 +0530] "GET /goods.php?jp/272030890.html HTTP/2.0" 200 25169 "https://vedanthasoftware.com/goods.php?detail/190047196034" "Mozilla/5.0 AppleWebKit/537.36 (KHTML, like Gecko; compatible; GPTBot/1.3; +https://openai.com/gptbot)"
57.141.0.45 - - [13/Mar/2026:02:53:24 +0530] "GET /?e=88964296786608 HTTP/2.0" 200 183473 "-" "meta-externalagent/1.1 (+https://developers.facebook.com/docs/sharing/webmasters/crawler)"
74.7.243.201 - - [13/Mar/2026:02:53:24 +0530] "GET /goods.php?detail/157010827896 HTTP/2.0" 200 25039 "https://www.vedanthasoftware.com/goods.php?detail/297025048140" "Mozilla/5.0 AppleWebKit/537.36 (KHTML, like Gecko; compatible; GPTBot/1.3; +https://openai.com/gptbot)"
57.141.0.17 - - [13/Mar/2026:02:53:25 +0530] "GET /?e=33014290590801 HTTP/2.0" 200 183473 "-" "meta-externalagent/1.1 (+https://developers.facebook.com/docs/sharing/webmasters/crawler)"
74.7.242.1 - - [13/Mar/2026:02:53:27 +0530] "GET /goods.php?detail/2900100628810 HTTP/2.0" 200 24634 "https://vedanthasoftware.com/goods.php?detail/190047196034" "Mozilla/5.0 AppleWebKit/537.36 (KHTML, like Gecko; compatible; GPTBot/1.3; +https://openai.com/gptbot)"
74.7.243.201 - - [13/Mar/2026:02:53:28 +0530] "GET /goods.php?detail/0460471024835 HTTP/2.0" 200 24188 "https://www.vedanthasoftware.com/goods.php?detail/0460020468608" "Mozilla/5.0 AppleWebKit/537.36 (KHTML, like Gecko; compatible; GPTBot/1.3; +https://openai.com/gptbot)"
57.141.0.32 - - [13/Mar/2026:02:53:28 +0530] "GET /?e=09176235025515 HTTP/2.0" 200 183473 "-" "meta-externalagent/1.1 (+https://developers.facebook.com/docs/sharing/webmasters/crawler)"
57.141.0.37 - - [13/Mar/2026:02:53:29 +0530] "GET /?e=8588788485902 HTTP/2.0" 200 183473 "-" "meta-externalagent/1.1 (+https://developers.facebook.com/docs/sharing/webmasters/crawler)"
57.141.0.42 - - [13/Mar/2026:02:53:31 +0530] "GET /?e=49018162132510 HTTP/2.0" 200 183473 "-" "meta-externalagent/1.1 (+https://developers.facebook.com/docs/sharing/webmasters/crawler)"
57.141.0.56 - - [13/Mar/2026:02:53:32 +0530] "GET /?e=02520294214007 HTTP/2.0" 200 183473 "-" "meta-externalagent/1.1 (+https://developers.facebook.com/docs/sharing/webmasters/crawler)"
57.141.0.45 - - [13/Mar/2026:02:53:38 +0530] "GET /?e=7231151422100 HTTP/2.0" 200 183473 "-" "meta-externalagent/1.1 (+https://developers.facebook.com/docs/sharing/webmasters/crawler)"
57.141.0.32 - - [13/Mar/2026:02:53:53 +0530] "GET /?e=0700217290602 HTTP/2.0" 200 183473 "-" "meta-externalagent/1.1 (+https://developers.facebook.com/docs/sharing/webmasters/crawler)"
57.141.0.4 - - [13/Mar/2026:02:53:57 +0530] "GET /?e=03156232516009 HTTP/2.0" 200 183473 "-" "meta-externalagent/1.1 (+https://developers.facebook.com/docs/sharing/webmasters/crawler)"
57.141.0.21 - - [13/Mar/2026:02:53:57 +0530] "GET /?e=27190209901600 HTTP/2.0" 200 183473 "-" "meta-externalagent/1.1 (+https://developers.facebook.com/docs/sharing/webmasters/crawler)"
57.141.0.8 - - [13/Mar/2026:02:54:00 +0530] "GET /?e=76193122180202 HTTP/2.0" 200 183473 "-" "meta-externalagent/1.1 (+https://developers.facebook.com/docs/sharing/webmasters/crawler)"
57.141.0.59 - - [13/Mar/2026:02:54:01 +0530] "GET /?e=57804256588007 HTTP/2.0" 200 183473 "-" "meta-externalagent/1.1 (+https://developers.facebook.com/docs/sharing/webmasters/crawler)"
57.141.0.15 - - [13/Mar/2026:02:54:04 +0530] "GET /?e=16259172036604 HTTP/2.0" 200 183473 "-" "meta-externalagent/1.1 (+https://developers.facebook.com/docs/sharing/webmasters/crawler)"
57.141.0.58 - - [13/Mar/2026:02:54:07 +0530] "GET /?e=13991294590505 HTTP/2.0" 200 183473 "-" "meta-externalagent/1.1 (+https://developers.facebook.com/docs/sharing/webmasters/crawler)"
57.141.0.31 - - [13/Mar/2026:02:54:08 +0530] "GET /?e=38091242858807 HTTP/2.0" 200 183473 "-" "meta-externalagent/1.1 (+https://developers.facebook.com/docs/sharing/webmasters/crawler)"
57.141.0.36 - - [13/Mar/2026:02:54:09 +0530] "GET /?e=2980396187204 HTTP/2.0" 200 183473 "-" "meta-externalagent/1.1 (+https://developers.facebook.com/docs/sharing/webmasters/crawler)"
57.141.0.14 - - [13/Mar/2026:02:54:11 +0530] "GET /?e=53570169485502 HTTP/2.0" 200 183473 "-" "meta-externalagent/1.1 (+https://developers.facebook.com/docs/sharing/webmasters/crawler)"
57.141.0.40 - - [13/Mar/2026:02:54:15 +0530] "GET /?e=63728215146000 HTTP/2.0" 200 183473 "-" "meta-externalagent/1.1 (+https://developers.facebook.com/docs/sharing/webmasters/crawler)"
57.141.0.54 - - [13/Mar/2026:02:54:17 +0530] "GET /?e=18621169976000 HTTP/2.0" 200 183473 "-" "meta-externalagent/1.1 (+https://developers.facebook.com/docs/sharing/webmasters/crawler)"
57.141.0.66 - - [13/Mar/2026:02:54:17 +0530] "GET /?e=17030258980800 HTTP/2.0" 200 183473 "-" "meta-externalagent/1.1 (+https://developers.facebook.com/docs/sharing/webmasters/crawler)"
57.141.0.35 - - [13/Mar/2026:02:54:18 +0530] "GET /?e=57778239280203 HTTP/2.0" 200 183473 "-" "meta-externalagent/1.1 (+https://developers.facebook.com/docs/sharing/webmasters/crawler)"
57.141.0.31 - - [13/Mar/2026:02:54:18 +0530] "GET /?e=07192294923203 HTTP/2.0" 200 183473 "-" "meta-externalagent/1.1 (+https://developers.facebook.com/docs/sharing/webmasters/crawler)"
57.141.0.16 - - [13/Mar/2026:02:54:22 +0530] "GET /?e=71227227030800 HTTP/2.0" 200 183473 "-" "meta-externalagent/1.1 (+https://developers.facebook.com/docs/sharing/webmasters/crawler)"
57.141.0.25 - - [13/Mar/2026:02:54:24 +0530] "GET /?e=81927100967601 HTTP/2.0" 200 183473 "-" "meta-externalagent/1.1 (+https://developers.facebook.com/docs/sharing/webmasters/crawler)"
57.141.0.56 - - [13/Mar/2026:02:54:28 +0530] "GET /?e=31823210196004 HTTP/2.0" 200 183473 "-" "meta-externalagent/1.1 (+https://developers.facebook.com/docs/sharing/webmasters/crawler)"
57.141.0.27 - - [13/Mar/2026:02:54:36 +0530] "GET /?e=5122121211707 HTTP/2.0" 200 183473 "-" "meta-externalagent/1.1 (+https://developers.facebook.com/docs/sharing/webmasters/crawler)"
57.141.0.64 - - [13/Mar/2026:02:54:44 +0530] "GET /?e=67929105069400 HTTP/2.0" 200 183473 "-" "meta-externalagent/1.1 (+https://developers.facebook.com/docs/sharing/webmasters/crawler)"
57.141.0.2 - - [13/Mar/2026:02:54:45 +0530] "GET /?e=0873032519001 HTTP/2.0" 200 183473 "-" "meta-externalagent/1.1 (+https://developers.facebook.com/docs/sharing/webmasters/crawler)"
57.141.0.31 - - [13/Mar/2026:02:54:47 +0530] "GET /?e=81968126182001 HTTP/2.0" 200 183473 "-" "meta-externalagent/1.1 (+https://developers.facebook.com/docs/sharing/webmasters/crawler)"
57.141.0.11 - - [13/Mar/2026:02:54:49 +0530] "GET /?e=89819254436602 HTTP/2.0" 200 183473 "-" "meta-externalagent/1.1 (+https://developers.facebook.com/docs/sharing/webmasters/crawler)"
57.141.0.55 - - [13/Mar/2026:02:54:52 +0530] "GET /?e=70006237010607 HTTP/2.0" 200 183473 "-" "meta-externalagent/1.1 (+https://developers.facebook.com/docs/sharing/webmasters/crawler)"
57.141.0.68 - - [13/Mar/2026:02:54:57 +0530] "GET /?e=75614286366301 HTTP/2.0" 200 183473 "-" "meta-externalagent/1.1 (+https://developers.facebook.com/docs/sharing/webmasters/crawler)"
57.141.0.25 - - [13/Mar/2026:02:54:59 +0530] "GET /?e=11899177977502 HTTP/2.0" 200 183473 "-" "meta-externalagent/1.1 (+https://developers.facebook.com/docs/sharing/webmasters/crawler)"
57.141.0.22 - - [13/Mar/2026:02:55:02 +0530] "GET /?e=16918252364503 HTTP/2.0" 200 183473 "-" "meta-externalagent/1.1 (+https://developers.facebook.com/docs/sharing/webmasters/crawler)"
177.87.32.174 - - [13/Mar/2026:02:55:03 +0530] "GET /detail/371649321326 HTTP/1.1" 404 29363 "-" "Mozilla/5.0 (Macintosh; Intel Mac OS X 10_14_3) AppleWebKit/537.36 (KHTML, like Gecko) Brave Chrome/79.0.3945.88 Safari/537.36"
57.141.0.49 - - [13/Mar/2026:02:55:05 +0530] "GET /?e=01571229043303 HTTP/2.0" 200 183473 "-" "meta-externalagent/1.1 (+https://developers.facebook.com/docs/sharing/webmasters/crawler)"
57.141.0.33 - - [13/Mar/2026:02:55:07 +0530] "GET /?e=48863268114302 HTTP/2.0" 200 183473 "-" "meta-externalagent/1.1 (+https://developers.facebook.com/docs/sharing/webmasters/crawler)"
57.141.0.4 - - [13/Mar/2026:02:55:09 +0530] "GET /?e=8375041925300 HTTP/2.0" 200 183473 "-" "meta-externalagent/1.1 (+https://developers.facebook.com/docs/sharing/webmasters/crawler)"
57.141.0.25 - - [13/Mar/2026:02:55:10 +0530] "GET /?e=21959107179501 HTTP/2.0" 200 183473 "-" "meta-externalagent/1.1 (+https://developers.facebook.com/docs/sharing/webmasters/crawler)"
57.141.0.3 - - [13/Mar/2026:02:55:13 +0530] "GET /?e=93118268992406 HTTP/2.0" 200 183473 "-" "meta-externalagent/1.1 (+https://developers.facebook.com/docs/sharing/webmasters/crawler)"
57.141.0.65 - - [13/Mar/2026:02:55:14 +0530] "GET /?e=13507254738700 HTTP/2.0" 200 183473 "-" "meta-externalagent/1.1 (+https://developers.facebook.com/docs/sharing/webmasters/crawler)"
57.141.0.2 - - [13/Mar/2026:02:55:16 +0530] "GET /?e=02107243507900 HTTP/2.0" 200 183473 "-" "meta-externalagent/1.1 (+https://developers.facebook.com/docs/sharing/webmasters/crawler)"
57.141.0.63 - - [13/Mar/2026:02:55:19 +0530] "GET /?e=40491190182106 HTTP/2.0" 200 183473 "-" "meta-externalagent/1.1 (+https://developers.facebook.com/docs/sharing/webmasters/crawler)"
57.141.0.25 - - [13/Mar/2026:02:55:20 +0530] "GET /?e=7680866570000 HTTP/2.0" 200 183473 "-" "meta-externalagent/1.1 (+https://developers.facebook.com/docs/sharing/webmasters/crawler)"
57.141.0.70 - - [13/Mar/2026:02:55:21 +0530] "GET /?e=68401121240900 HTTP/2.0" 200 183473 "-" "meta-externalagent/1.1 (+https://developers.facebook.com/docs/sharing/webmasters/crawler)"
57.141.0.33 - - [13/Mar/2026:02:55:23 +0530] "GET /?e=98084101956900 HTTP/2.0" 200 183473 "-" "meta-externalagent/1.1 (+https://developers.facebook.com/docs/sharing/webmasters/crawler)"
57.141.0.15 - - [13/Mar/2026:02:55:23 +0530] "GET /?e=07776139720600 HTTP/2.0" 200 183473 "-" "meta-externalagent/1.1 (+https://developers.facebook.com/docs/sharing/webmasters/crawler)"
57.141.0.58 - - [13/Mar/2026:02:55:25 +0530] "GET /?e=5982191103301 HTTP/2.0" 200 183473 "-" "meta-externalagent/1.1 (+https://developers.facebook.com/docs/sharing/webmasters/crawler)"
57.141.0.72 - - [13/Mar/2026:02:55:26 +0530] "GET /?e=79190284280004 HTTP/2.0" 200 183473 "-" "meta-externalagent/1.1 (+https://developers.facebook.com/docs/sharing/webmasters/crawler)"
57.141.0.49 - - [13/Mar/2026:02:55:27 +0530] "GET /?e=39102170338302 HTTP/2.0" 200 183473 "-" "meta-externalagent/1.1 (+https://developers.facebook.com/docs/sharing/webmasters/crawler)"
57.141.0.68 - - [13/Mar/2026:02:55:31 +0530] "GET /?e=0252336804101 HTTP/2.0" 200 183473 "-" "meta-externalagent/1.1 (+https://developers.facebook.com/docs/sharing/webmasters/crawler)"
57.141.0.64 - - [13/Mar/2026:02:55:36 +0530] "GET /?e=37798175977104 HTTP/2.0" 200 183473 "-" "meta-externalagent/1.1 (+https://developers.facebook.com/docs/sharing/webmasters/crawler)"
57.141.0.26 - - [13/Mar/2026:02:55:48 +0530] "GET /?e=05298224428603 HTTP/2.0" 200 183473 "-" "meta-externalagent/1.1 (+https://developers.facebook.com/docs/sharing/webmasters/crawler)"
57.141.0.54 - - [13/Mar/2026:02:55:50 +0530] "GET /?e=76229188446001 HTTP/2.0" 200 183473 "-" "meta-externalagent/1.1 (+https://developers.facebook.com/docs/sharing/webmasters/crawler)"
57.141.0.39 - - [13/Mar/2026:02:55:50 +0530] "GET /?e=88190298620403 HTTP/2.0" 200 183473 "-" "meta-externalagent/1.1 (+https://developers.facebook.com/docs/sharing/webmasters/crawler)"
57.141.0.7 - - [13/Mar/2026:02:55:51 +0530] "GET /?e=88269231790404 HTTP/2.0" 200 183473 "-" "meta-externalagent/1.1 (+https://developers.facebook.com/docs/sharing/webmasters/crawler)"
57.141.0.10 - - [13/Mar/2026:02:55:51 +0530] "GET /?e=1765177971701 HTTP/2.0" 200 183473 "-" "meta-externalagent/1.1 (+https://developers.facebook.com/docs/sharing/webmasters/crawler)"
57.141.0.59 - - [13/Mar/2026:02:55:52 +0530] "GET /?e=98239245032401 HTTP/2.0" 200 183473 "-" "meta-externalagent/1.1 (+https://developers.facebook.com/docs/sharing/webmasters/crawler)"
57.141.0.68 - - [13/Mar/2026:02:55:52 +0530] "GET /?e=79067209894807 HTTP/2.0" 200 183473 "-" "meta-externalagent/1.1 (+https://developers.facebook.com/docs/sharing/webmasters/crawler)"
57.141.0.70 - - [13/Mar/2026:02:55:53 +0530] "GET /?e=0990835638900 HTTP/2.0" 200 183473 "-" "meta-externalagent/1.1 (+https://developers.facebook.com/docs/sharing/webmasters/crawler)"
57.141.0.56 - - [13/Mar/2026:02:55:58 +0530] "GET /?e=76577167513803 HTTP/2.0" 200 183473 "-" "meta-externalagent/1.1 (+https://developers.facebook.com/docs/sharing/webmasters/crawler)"
114.119.153.137 - - [13/Mar/2026:02:55:59 +0530] "GET /?_o=237010315 HTTP/1.1" 499 0 "https://www.vedanthasoftware.com/sitemap546.xml" "Mozilla/5.0 (Linux; Android 7.0;) AppleWebKit/537.36 (KHTML, like Gecko) Mobile Safari/537.36 (compatible; PetalBot;+https://webmaster.petalsearch.com/site/petalbot)"
57.141.0.14 - - [13/Mar/2026:02:56:03 +0530] "GET /?e=17249145830201 HTTP/2.0" 200 183473 "-" "meta-externalagent/1.1 (+https://developers.facebook.com/docs/sharing/webmasters/crawler)"
185.249.227.216 - - [13/Mar/2026:02:56:03 +0530] "GET / HTTP/1.1" 200 31911 "-" "Mozilla/5.0 (X11; Linux x86_64) AppleWebKit/537.36 (KHTML, like Gecko) Chrome/44.0.2403.157 Safari/537.36"
57.141.0.15 - - [13/Mar/2026:02:56:06 +0530] "GET /?e=63106183525901 HTTP/2.0" 200 183473 "-" "meta-externalagent/1.1 (+https://developers.facebook.com/docs/sharing/webmasters/crawler)"
57.141.0.64 - - [13/Mar/2026:02:56:08 +0530] "GET /?e=7397867963005 HTTP/2.0" 200 183473 "-" "meta-externalagent/1.1 (+https://developers.facebook.com/docs/sharing/webmasters/crawler)"
57.141.0.10 - - [13/Mar/2026:02:56:12 +0530] "GET /?e=1647995042800 HTTP/2.0" 200 183473 "-" "meta-externalagent/1.1 (+https://developers.facebook.com/docs/sharing/webmasters/crawler)"
57.141.0.10 - - [13/Mar/2026:02:56:15 +0530] "GET /?e=98027202558309 HTTP/2.0" 200 183473 "-" "meta-externalagent/1.1 (+https://developers.facebook.com/docs/sharing/webmasters/crawler)"
57.141.0.66 - - [13/Mar/2026:02:56:16 +0530] "GET /?e=1911188546400 HTTP/2.0" 200 183473 "-" "meta-externalagent/1.1 (+https://developers.facebook.com/docs/sharing/webmasters/crawler)"
57.141.0.59 - - [13/Mar/2026:02:56:16 +0530] "GET /?e=8610041980801 HTTP/2.0" 200 183473 "-" "meta-externalagent/1.1 (+https://developers.facebook.com/docs/sharing/webmasters/crawler)"
57.141.0.1 - - [13/Mar/2026:02:56:18 +0530] "GET /?e=7488072116200 HTTP/2.0" 200 183473 "-" "meta-externalagent/1.1 (+https://developers.facebook.com/docs/sharing/webmasters/crawler)"
57.141.0.62 - - [13/Mar/2026:02:56:20 +0530] "GET /?e=7930118502401 HTTP/2.0" 200 183473 "-" "meta-externalagent/1.1 (+https://developers.facebook.com/docs/sharing/webmasters/crawler)"
57.141.0.36 - - [13/Mar/2026:02:56:25 +0530] "GET /?e=39860148577901 HTTP/2.0" 200 183473 "-" "meta-externalagent/1.1 (+https://developers.facebook.com/docs/sharing/webmasters/crawler)"
57.141.0.31 - - [13/Mar/2026:02:56:28 +0530] "GET /?e=8583315463905 HTTP/2.0" 200 183473 "-" "meta-externalagent/1.1 (+https://developers.facebook.com/docs/sharing/webmasters/crawler)"
57.141.0.10 - - [13/Mar/2026:02:56:31 +0530] "GET /?e=22769283081702 HTTP/2.0" 200 183473 "-" "meta-externalagent/1.1 (+https://developers.facebook.com/docs/sharing/webmasters/crawler)"
57.141.0.35 - - [13/Mar/2026:02:56:32 +0530] "GET /?e=02004267806100 HTTP/2.0" 200 183473 "-" "meta-externalagent/1.1 (+https://developers.facebook.com/docs/sharing/webmasters/crawler)"
57.141.0.68 - - [13/Mar/2026:02:56:35 +0530] "GET /?e=4705859851504 HTTP/2.0" 200 183473 "-" "meta-externalagent/1.1 (+https://developers.facebook.com/docs/sharing/webmasters/crawler)"
57.141.0.67 - - [13/Mar/2026:02:56:35 +0530] "GET /?e=17708223864602 HTTP/2.0" 200 183473 "-" "meta-externalagent/1.1 (+https://developers.facebook.com/docs/sharing/webmasters/crawler)"
57.141.0.36 - - [13/Mar/2026:02:56:39 +0530] "GET /?e=47522222032600 HTTP/2.0" 200 183473 "-" "meta-externalagent/1.1 (+https://developers.facebook.com/docs/sharing/webmasters/crawler)"
57.141.0.19 - - [13/Mar/2026:02:56:40 +0530] "GET /?e=29868141423301 HTTP/2.0" 200 183473 "-" "meta-externalagent/1.1 (+https://developers.facebook.com/docs/sharing/webmasters/crawler)"
57.141.0.15 - - [13/Mar/2026:02:56:41 +0530] "GET /?e=16173247228104 HTTP/2.0" 200 183473 "-" "meta-externalagent/1.1 (+https://developers.facebook.com/docs/sharing/webmasters/crawler)"
57.141.0.42 - - [13/Mar/2026:02:56:41 +0530] "GET /?e=03179141698901 HTTP/2.0" 200 183473 "-" "meta-externalagent/1.1 (+https://developers.facebook.com/docs/sharing/webmasters/crawler)"
57.141.0.7 - - [13/Mar/2026:02:56:42 +0530] "GET /?e=02714227894701 HTTP/2.0" 200 183473 "-" "meta-externalagent/1.1 (+https://developers.facebook.com/docs/sharing/webmasters/crawler)"
57.141.0.72 - - [13/Mar/2026:02:56:43 +0530] "GET /?e=53361108639701 HTTP/2.0" 200 183473 "-" "meta-externalagent/1.1 (+https://developers.facebook.com/docs/sharing/webmasters/crawler)"
57.141.0.70 - - [13/Mar/2026:02:56:43 +0530] "GET /?e=48716238741900 HTTP/2.0" 200 183473 "-" "meta-externalagent/1.1 (+https://developers.facebook.com/docs/sharing/webmasters/crawler)"
57.141.0.22 - - [13/Mar/2026:02:56:44 +0530] "GET /?e=74881214500207 HTTP/2.0" 200 183473 "-" "meta-externalagent/1.1 (+https://developers.facebook.com/docs/sharing/webmasters/crawler)"
57.141.0.54 - - [13/Mar/2026:02:56:49 +0530] "GET /?e=40990184376500 HTTP/2.0" 200 183473 "-" "meta-externalagent/1.1 (+https://developers.facebook.com/docs/sharing/webmasters/crawler)"
74.7.243.201 - - [13/Mar/2026:02:56:49 +0530] "GET /goods.php?detail/181017242270 HTTP/2.0" 200 24691 "https://www.vedanthasoftware.com/goods.php?detail/181005115766" "Mozilla/5.0 AppleWebKit/537.36 (KHTML, like Gecko; compatible; GPTBot/1.3; +https://openai.com/gptbot)"
74.7.243.201 - - [13/Mar/2026:02:56:51 +0530] "GET /goods.php?detail/012030610588 HTTP/2.0" 200 25027 "https://www.vedanthasoftware.com/goods.php?detail/0120108040809" "Mozilla/5.0 AppleWebKit/537.36 (KHTML, like Gecko; compatible; GPTBot/1.3; +https://openai.com/gptbot)"
74.7.243.201 - - [13/Mar/2026:02:56:53 +0530] "GET /goods.php?detail/222039253264 HTTP/2.0" 200 23951 "https://www.vedanthasoftware.com/goods.php?detail/1850316165327" "Mozilla/5.0 AppleWebKit/537.36 (KHTML, like Gecko; compatible; GPTBot/1.3; +https://openai.com/gptbot)"
74.7.242.1 - - [13/Mar/2026:02:56:57 +0530] "GET /goods.php?detail/190006239094 HTTP/2.0" 200 23917 "https://vedanthasoftware.com/goods.php?detail/190047196034" "Mozilla/5.0 AppleWebKit/537.36 (KHTML, like Gecko; compatible; GPTBot/1.3; +https://openai.com/gptbot)"
57.141.0.31 - - [13/Mar/2026:02:56:59 +0530] "GET /?e=17422295925204 HTTP/2.0" 200 183473 "-" "meta-externalagent/1.1 (+https://developers.facebook.com/docs/sharing/webmasters/crawler)"
74.7.242.1 - - [13/Mar/2026:02:57:00 +0530] "GET /goods.php?detail/153009629357 HTTP/2.0" 200 24566 "https://vedanthasoftware.com/goods.php?detail/153049290804" "Mozilla/5.0 AppleWebKit/537.36 (KHTML, like Gecko; compatible; GPTBot/1.3; +https://openai.com/gptbot)"
57.141.0.21 - - [13/Mar/2026:02:57:02 +0530] "GET /?e=0451113327202 HTTP/2.0" 200 183473 "-" "meta-externalagent/1.1 (+https://developers.facebook.com/docs/sharing/webmasters/crawler)"
74.7.242.1 - - [13/Mar/2026:02:57:03 +0530] "GET /goods.php?detail/204023327096 HTTP/2.0" 200 24539 "https://vedanthasoftware.com/goods.php?detail/0040190144281" "Mozilla/5.0 AppleWebKit/537.36 (KHTML, like Gecko; compatible; GPTBot/1.3; +https://openai.com/gptbot)"
57.141.0.14 - - [13/Mar/2026:02:57:04 +0530] "GET /?e=72657191549600 HTTP/2.0" 200 183473 "-" "meta-externalagent/1.1 (+https://developers.facebook.com/docs/sharing/webmasters/crawler)"
57.141.0.40 - - [13/Mar/2026:02:57:05 +0530] "GET /?e=1741940396407 HTTP/2.0" 200 183473 "-" "meta-externalagent/1.1 (+https://developers.facebook.com/docs/sharing/webmasters/crawler)"
57.141.0.38 - - [13/Mar/2026:02:57:06 +0530] "GET /?e=3227177685305 HTTP/2.0" 200 183473 "-" "meta-externalagent/1.1 (+https://developers.facebook.com/docs/sharing/webmasters/crawler)"
74.7.242.1 - - [13/Mar/2026:02:57:06 +0530] "GET /goods.php?detail/010005569146 HTTP/2.0" 200 23881 "https://vedanthasoftware.com/goods.php?detail/178012326532" "Mozilla/5.0 AppleWebKit/537.36 (KHTML, like Gecko; compatible; GPTBot/1.3; +https://openai.com/gptbot)"
74.7.242.1 - - [13/Mar/2026:02:57:09 +0530] "GET /goods.php?detail/110016401547 HTTP/2.0" 200 25003 "https://vedanthasoftware.com/goods.php?detail/1100104625505" "Mozilla/5.0 AppleWebKit/537.36 (KHTML, like Gecko; compatible; GPTBot/1.3; +https://openai.com/gptbot)"
74.7.243.201 - - [13/Mar/2026:02:57:10 +0530] "GET /goods.php?detail/206010588051 HTTP/2.0" 200 23916 "https://www.vedanthasoftware.com/goods.php?jp/206010588.html" "Mozilla/5.0 AppleWebKit/537.36 (KHTML, like Gecko; compatible; GPTBot/1.3; +https://openai.com/gptbot)"
74.7.242.1 - - [13/Mar/2026:02:57:12 +0530] "GET /goods.php?detail/178034517176 HTTP/2.0" 200 24565 "https://vedanthasoftware.com/goods.php?detail/178012326532" "Mozilla/5.0 AppleWebKit/537.36 (KHTML, like Gecko; compatible; GPTBot/1.3; +https://openai.com/gptbot)"
74.7.242.1 - - [13/Mar/2026:02:57:15 +0530] "GET /goods.php?detail/198025533235 HTTP/2.0" 200 24824 "https://vedanthasoftware.com/goods.php?detail/198038039658" "Mozilla/5.0 AppleWebKit/537.36 (KHTML, like Gecko; compatible; GPTBot/1.3; +https://openai.com/gptbot)"
57.141.0.34 - - [13/Mar/2026:02:57:15 +0530] "GET /?e=20316266699902 HTTP/2.0" 200 183473 "-" "meta-externalagent/1.1 (+https://developers.facebook.com/docs/sharing/webmasters/crawler)"
57.141.0.14 - - [13/Mar/2026:02:57:17 +0530] "GET /?e=59624208713401 HTTP/2.0" 200 183473 "-" "meta-externalagent/1.1 (+https://developers.facebook.com/docs/sharing/webmasters/crawler)"
57.141.0.5 - - [13/Mar/2026:02:57:18 +0530] "GET /?e=09347275949900 HTTP/2.0" 200 183473 "-" "meta-externalagent/1.1 (+https://developers.facebook.com/docs/sharing/webmasters/crawler)"
74.7.242.1 - - [13/Mar/2026:02:57:18 +0530] "GET /goods.php?detail/213035686362 HTTP/2.0" 200 24213 "https://vedanthasoftware.com/goods.php?detail/213013226669" "Mozilla/5.0 AppleWebKit/537.36 (KHTML, like Gecko; compatible; GPTBot/1.3; +https://openai.com/gptbot)"
57.141.0.28 - - [13/Mar/2026:02:57:19 +0530] "GET /?e=2198099112904 HTTP/2.0" 200 183473 "-" "meta-externalagent/1.1 (+https://developers.facebook.com/docs/sharing/webmasters/crawler)"
74.7.242.1 - - [13/Mar/2026:02:57:20 +0530] "GET /goods.php?detail/0060051045688 HTTP/2.0" 200 23947 "https://vedanthasoftware.com/goods.php?detail/235014020110" "Mozilla/5.0 AppleWebKit/537.36 (KHTML, like Gecko; compatible; GPTBot/1.3; +https://openai.com/gptbot)"
74.7.242.1 - - [13/Mar/2026:02:57:23 +0530] "GET /goods.php?detail/272039835180 HTTP/2.0" 200 24110 "https://vedanthasoftware.com/goods.php?jp/272030890.html" "Mozilla/5.0 AppleWebKit/537.36 (KHTML, like Gecko; compatible; GPTBot/1.3; +https://openai.com/gptbot)"
57.141.0.42 - - [13/Mar/2026:02:57:23 +0530] "GET /?e=0180111911302 HTTP/2.0" 200 183473 "-" "meta-externalagent/1.1 (+https://developers.facebook.com/docs/sharing/webmasters/crawler)"
57.141.0.5 - - [13/Mar/2026:02:57:25 +0530] "GET /?e=2102138040004 HTTP/2.0" 200 183473 "-" "meta-externalagent/1.1 (+https://developers.facebook.com/docs/sharing/webmasters/crawler)"
57.141.0.27 - - [13/Mar/2026:02:57:25 +0530] "GET /?e=14709123902 HTTP/2.0" 200 183473 "-" "meta-externalagent/1.1 (+https://developers.facebook.com/docs/sharing/webmasters/crawler)"
74.7.242.1 - - [13/Mar/2026:02:57:25 +0530] "GET /goods.php?detail/248029026274 HTTP/2.0" 200 23995 "https://vedanthasoftware.com/goods.php?detail/2900100628810" "Mozilla/5.0 AppleWebKit/537.36 (KHTML, like Gecko; compatible; GPTBot/1.3; +https://openai.com/gptbot)"
57.141.0.60 - - [13/Mar/2026:02:57:26 +0530] "GET /?e=4161223788803 HTTP/2.0" 200 183473 "-" "meta-externalagent/1.1 (+https://developers.facebook.com/docs/sharing/webmasters/crawler)"
57.141.0.16 - - [13/Mar/2026:02:57:26 +0530] "GET /?e=82510120036400 HTTP/2.0" 200 183473 "-" "meta-externalagent/1.1 (+https://developers.facebook.com/docs/sharing/webmasters/crawler)"
74.7.242.1 - - [13/Mar/2026:02:57:28 +0530] "GET /goods.php?detail/249004391407 HTTP/2.0" 200 23647 "https://vedanthasoftware.com/goods.php?detail/063014054423" "Mozilla/5.0 AppleWebKit/537.36 (KHTML, like Gecko; compatible; GPTBot/1.3; +https://openai.com/gptbot)"
57.141.0.24 - - [13/Mar/2026:02:57:29 +0530] "GET /?e=1662026036803 HTTP/2.0" 200 183473 "-" "meta-externalagent/1.1 (+https://developers.facebook.com/docs/sharing/webmasters/crawler)"
74.7.242.1 - - [13/Mar/2026:02:57:30 +0530] "GET /goods.php?detail/001033290744 HTTP/2.0" 200 25144 "https://vedanthasoftware.com/goods.php?detail/001043652432" "Mozilla/5.0 AppleWebKit/537.36 (KHTML, like Gecko; compatible; GPTBot/1.3; +https://openai.com/gptbot)"
74.7.242.1 - - [13/Mar/2026:02:57:34 +0530] "GET /goods.php?detail/268022450548 HTTP/2.0" 200 24186 "https://vedanthasoftware.com/goods.php?jp/268022450.html" "Mozilla/5.0 AppleWebKit/537.36 (KHTML, like Gecko; compatible; GPTBot/1.3; +https://openai.com/gptbot)"
74.7.243.201 - - [13/Mar/2026:02:57:35 +0530] "GET /goods.php?detail/206021634398 HTTP/2.0" 200 24249 "https://www.vedanthasoftware.com/goods.php?jp/206010588.html" "Mozilla/5.0 AppleWebKit/537.36 (KHTML, like Gecko; compatible; GPTBot/1.3; +https://openai.com/gptbot)"
57.141.0.20 - - [13/Mar/2026:02:57:36 +0530] "GET /?e=99688111077501 HTTP/2.0" 200 183473 "-" "meta-externalagent/1.1 (+https://developers.facebook.com/docs/sharing/webmasters/crawler)"
57.141.0.18 - - [13/Mar/2026:02:57:36 +0530] "GET /?e=5608922566900 HTTP/2.0" 200 183473 "-" "meta-externalagent/1.1 (+https://developers.facebook.com/docs/sharing/webmasters/crawler)"
57.141.0.63 - - [13/Mar/2026:02:57:37 +0530] "GET /?e=7949783720405 HTTP/2.0" 200 183473 "-" "meta-externalagent/1.1 (+https://developers.facebook.com/docs/sharing/webmasters/crawler)"
74.7.242.1 - - [13/Mar/2026:02:57:38 +0530] "GET /goods.php?detail/027049180890 HTTP/2.0" 200 24077 "https://vedanthasoftware.com/goods.php?detail/081049254550" "Mozilla/5.0 AppleWebKit/537.36 (KHTML, like Gecko; compatible; GPTBot/1.3; +https://openai.com/gptbot)"
57.141.0.64 - - [13/Mar/2026:02:57:40 +0530] "GET /?e=8180681599800 HTTP/2.0" 200 183473 "-" "meta-externalagent/1.1 (+https://developers.facebook.com/docs/sharing/webmasters/crawler)"
57.141.0.26 - - [13/Mar/2026:02:57:41 +0530] "GET /?e=14834292789600 HTTP/2.0" 200 183473 "-" "meta-externalagent/1.1 (+https://developers.facebook.com/docs/sharing/webmasters/crawler)"
74.7.242.1 - - [13/Mar/2026:02:57:42 +0530] "GET /goods.php?detail/047008754224 HTTP/2.0" 200 24140 "https://vedanthasoftware.com/goods.php?detail/042046970204" "Mozilla/5.0 AppleWebKit/537.36 (KHTML, like Gecko; compatible; GPTBot/1.3; +https://openai.com/gptbot)"
57.141.0.42 - - [13/Mar/2026:02:57:43 +0530] "GET /?e=27425270793003 HTTP/2.0" 200 183473 "-" "meta-externalagent/1.1 (+https://developers.facebook.com/docs/sharing/webmasters/crawler)"
74.7.243.201 - - [13/Mar/2026:02:57:48 +0530] "GET /goods.php?detail/030009570474 HTTP/2.0" 200 24213 "https://www.vedanthasoftware.com/goods.php?detail/030044699440" "Mozilla/5.0 AppleWebKit/537.36 (KHTML, like Gecko; compatible; GPTBot/1.3; +https://openai.com/gptbot)"
74.7.242.1 - - [13/Mar/2026:02:57:48 +0530] "GET /goods.php?detail/144027455625 HTTP/2.0" 200 24144 "https://vedanthasoftware.com/goods.php?detail/086010183633" "Mozilla/5.0 AppleWebKit/537.36 (KHTML, like Gecko; compatible; GPTBot/1.3; +https://openai.com/gptbot)"
57.141.0.26 - - [13/Mar/2026:02:57:49 +0530] "GET /?e=972099929000 HTTP/2.0" 200 183473 "-" "meta-externalagent/1.1 (+https://developers.facebook.com/docs/sharing/webmasters/crawler)"
57.141.0.66 - - [13/Mar/2026:02:57:49 +0530] "GET /?e=41912293396000 HTTP/2.0" 200 183473 "-" "meta-externalagent/1.1 (+https://developers.facebook.com/docs/sharing/webmasters/crawler)"
57.141.0.8 - - [13/Mar/2026:02:57:50 +0530] "GET /?e=06207245283601 HTTP/2.0" 200 183473 "-" "meta-externalagent/1.1 (+https://developers.facebook.com/docs/sharing/webmasters/crawler)"
57.141.0.31 - - [13/Mar/2026:02:57:50 +0530] "GET /?e=42648283281001 HTTP/2.0" 200 183473 "-" "meta-externalagent/1.1 (+https://developers.facebook.com/docs/sharing/webmasters/crawler)"
66.249.74.129 - - [13/Mar/2026:02:57:50 +0530] "GET /?e=17617138770001 HTTP/1.1" 200 56847 "-" "Mozilla/5.0 (Linux; Android 6.0.1; Nexus 5X Build/MMB29P) AppleWebKit/537.36 (KHTML, like Gecko) Chrome/145.0.7632.116 Mobile Safari/537.36 (compatible; Googlebot/2.1; +http://www.google.com/bot.html)"
74.7.242.1 - - [13/Mar/2026:02:57:52 +0530] "GET /goods.php?detail/093004299241 HTTP/2.0" 200 24212 "https://vedanthasoftware.com/goods.php?detail/048049089197" "Mozilla/5.0 AppleWebKit/537.36 (KHTML, like Gecko; compatible; GPTBot/1.3; +https://openai.com/gptbot)"
57.141.0.13 - - [13/Mar/2026:02:57:53 +0530] "GET /?e=82002864900 HTTP/2.0" 200 183473 "-" "meta-externalagent/1.1 (+https://developers.facebook.com/docs/sharing/webmasters/crawler)"
57.141.0.53 - - [13/Mar/2026:02:57:55 +0530] "GET /?e=1916791773500 HTTP/2.0" 200 183473 "-" "meta-externalagent/1.1 (+https://developers.facebook.com/docs/sharing/webmasters/crawler)"
74.7.242.1 - - [13/Mar/2026:02:57:56 +0530] "GET /goods.php?detail/108011696270 HTTP/2.0" 200 24711 "https://vedanthasoftware.com/goods.php?detail/108011689289" "Mozilla/5.0 AppleWebKit/537.36 (KHTML, like Gecko; compatible; GPTBot/1.3; +https://openai.com/gptbot)"
57.141.0.36 - - [13/Mar/2026:02:57:57 +0530] "GET /?e=90996240821400 HTTP/2.0" 200 183473 "-" "meta-externalagent/1.1 (+https://developers.facebook.com/docs/sharing/webmasters/crawler)"
74.7.243.201 - - [13/Mar/2026:02:57:58 +0530] "GET /goods.php?detail/046015677676 HTTP/2.0" 200 23951 "https://www.vedanthasoftware.com/goods.php?detail/0460388300373" "Mozilla/5.0 AppleWebKit/537.36 (KHTML, like Gecko; compatible; GPTBot/1.3; +https://openai.com/gptbot)"
74.7.242.1 - - [13/Mar/2026:02:57:59 +0530] "GET /goods.php?detail/028006037926 HTTP/2.0" 200 23757 "https://vedanthasoftware.com/goods.php?detail/062032832544" "Mozilla/5.0 AppleWebKit/537.36 (KHTML, like Gecko; compatible; GPTBot/1.3; +https://openai.com/gptbot)"
57.141.0.36 - - [13/Mar/2026:02:57:59 +0530] "GET /?e=09170122451502 HTTP/2.0" 200 183473 "-" "meta-externalagent/1.1 (+https://developers.facebook.com/docs/sharing/webmasters/crawler)"
57.141.0.50 - - [13/Mar/2026:02:58:00 +0530] "GET /?e=13013132308405 HTTP/2.0" 200 183473 "-" "meta-externalagent/1.1 (+https://developers.facebook.com/docs/sharing/webmasters/crawler)"
57.141.0.33 - - [13/Mar/2026:02:58:00 +0530] "GET /?e=66345224569303 HTTP/2.0" 200 183473 "-" "meta-externalagent/1.1 (+https://developers.facebook.com/docs/sharing/webmasters/crawler)"
57.141.0.17 - - [13/Mar/2026:02:58:01 +0530] "GET /?e=50496130425201 HTTP/2.0" 200 183473 "-" "meta-externalagent/1.1 (+https://developers.facebook.com/docs/sharing/webmasters/crawler)"
57.141.0.36 - - [13/Mar/2026:02:58:03 +0530] "GET /?e=8349252877202 HTTP/2.0" 200 183473 "-" "meta-externalagent/1.1 (+https://developers.facebook.com/docs/sharing/webmasters/crawler)"
74.7.242.1 - - [13/Mar/2026:02:58:03 +0530] "GET /goods.php?detail/065038464007 HTTP/2.0" 200 24343 "https://vedanthasoftware.com/goods.php?detail/065042483767" "Mozilla/5.0 AppleWebKit/537.36 (KHTML, like Gecko; compatible; GPTBot/1.3; +https://openai.com/gptbot)"
57.141.0.39 - - [13/Mar/2026:02:58:04 +0530] "GET /?e=12010280707002 HTTP/2.0" 200 183473 "-" "meta-externalagent/1.1 (+https://developers.facebook.com/docs/sharing/webmasters/crawler)"
57.141.0.13 - - [13/Mar/2026:02:58:05 +0530] "GET /?e=7718735604000 HTTP/2.0" 200 183473 "-" "meta-externalagent/1.1 (+https://developers.facebook.com/docs/sharing/webmasters/crawler)"
74.7.243.201 - - [13/Mar/2026:02:58:05 +0530] "GET /goods.php?detail/099038283225 HTTP/2.0" 200 24046 "https://www.vedanthasoftware.com/goods.php?detail/0460388300373" "Mozilla/5.0 AppleWebKit/537.36 (KHTML, like Gecko; compatible; GPTBot/1.3; +https://openai.com/gptbot)"
57.141.0.55 - - [13/Mar/2026:02:58:05 +0530] "GET /?e=52882188470304 HTTP/2.0" 200 183473 "-" "meta-externalagent/1.1 (+https://developers.facebook.com/docs/sharing/webmasters/crawler)"
57.141.0.30 - - [13/Mar/2026:02:58:06 +0530] "GET /?e=8486245542702 HTTP/2.0" 200 183473 "-" "meta-externalagent/1.1 (+https://developers.facebook.com/docs/sharing/webmasters/crawler)"
74.7.242.1 - - [13/Mar/2026:02:58:08 +0530] "GET /goods.php?detail/163038081170 HTTP/2.0" 200 24503 "https://vedanthasoftware.com/goods.php?detail/041048686225" "Mozilla/5.0 AppleWebKit/537.36 (KHTML, like Gecko; compatible; GPTBot/1.3; +https://openai.com/gptbot)"
57.141.0.49 - - [13/Mar/2026:02:58:08 +0530] "GET /?e=9197510052400 HTTP/2.0" 200 183473 "-" "meta-externalagent/1.1 (+https://developers.facebook.com/docs/sharing/webmasters/crawler)"
57.141.0.61 - - [13/Mar/2026:02:58:08 +0530] "GET /wp-sitemap-posts-post-1.xml HTTP/2.0" 200 13 "-" "meta-externalagent/1.1 (+https://developers.facebook.com/docs/sharing/webmasters/crawler)"
74.7.243.201 - - [13/Mar/2026:02:58:11 +0530] "GET /goods.php?detail/191011097497 HTTP/2.0" 200 24115 "https://www.vedanthasoftware.com/goods.php?detail/191011096804" "Mozilla/5.0 AppleWebKit/537.36 (KHTML, like Gecko; compatible; GPTBot/1.3; +https://openai.com/gptbot)"
57.141.0.56 - - [13/Mar/2026:02:58:14 +0530] "GET /?e=50778271226400 HTTP/2.0" 200 183473 "-" "meta-externalagent/1.1 (+https://developers.facebook.com/docs/sharing/webmasters/crawler)"
74.7.242.1 - - [13/Mar/2026:02:58:15 +0530] "GET /goods.php?detail/21301322988780 HTTP/2.0" 200 23932 "https://vedanthasoftware.com/goods.php?detail/213035686362" "Mozilla/5.0 AppleWebKit/537.36 (KHTML, like Gecko; compatible; GPTBot/1.3; +https://openai.com/gptbot)"
57.141.0.9 - - [13/Mar/2026:02:58:17 +0530] "GET /?e=12807286639200 HTTP/2.0" 200 183473 "-" "meta-externalagent/1.1 (+https://developers.facebook.com/docs/sharing/webmasters/crawler)"
57.141.0.13 - - [13/Mar/2026:02:58:20 +0530] "GET /?e=12081139172803 HTTP/2.0" 200 183473 "-" "meta-externalagent/1.1 (+https://developers.facebook.com/docs/sharing/webmasters/crawler)"
57.141.0.47 - - [13/Mar/2026:02:58:20 +0530] "GET /?e=92080271663700 HTTP/2.0" 200 183473 "-" "meta-externalagent/1.1 (+https://developers.facebook.com/docs/sharing/webmasters/crawler)"
57.141.0.60 - - [13/Mar/2026:02:58:21 +0530] "GET /?e=8023925623502 HTTP/2.0" 200 183473 "-" "meta-externalagent/1.1 (+https://developers.facebook.com/docs/sharing/webmasters/crawler)"
57.141.0.62 - - [13/Mar/2026:02:58:22 +0530] "GET /?e=1386922844002 HTTP/2.0" 200 183473 "-" "meta-externalagent/1.1 (+https://developers.facebook.com/docs/sharing/webmasters/crawler)"
74.7.243.201 - - [13/Mar/2026:02:58:22 +0530] "GET /goods.php?detail/012030933705 HTTP/2.0" 200 23914 "https://www.vedanthasoftware.com/goods.php?detail/0120108040809" "Mozilla/5.0 AppleWebKit/537.36 (KHTML, like Gecko; compatible; GPTBot/1.3; +https://openai.com/gptbot)"
57.141.0.41 - - [13/Mar/2026:02:58:24 +0530] "GET /?e=82806223361800 HTTP/2.0" 200 183473 "-" "meta-externalagent/1.1 (+https://developers.facebook.com/docs/sharing/webmasters/crawler)"
74.7.243.201 - - [13/Mar/2026:02:58:27 +0530] "GET /goods.php?detail/0540491254187 HTTP/2.0" 200 23944 "https://www.vedanthasoftware.com/goods.php?detail/052017575609" "Mozilla/5.0 AppleWebKit/537.36 (KHTML, like Gecko; compatible; GPTBot/1.3; +https://openai.com/gptbot)"
57.141.0.12 - - [13/Mar/2026:02:58:28 +0530] "GET /?e=80401176358701 HTTP/2.0" 200 183473 "-" "meta-externalagent/1.1 (+https://developers.facebook.com/docs/sharing/webmasters/crawler)"
74.7.242.1 - - [13/Mar/2026:02:58:29 +0530] "GET /goods.php?detail/006007705118 HTTP/2.0" 200 23972 "https://vedanthasoftware.com/goods.php?detail/0060051045688" "Mozilla/5.0 AppleWebKit/537.36 (KHTML, like Gecko; compatible; GPTBot/1.3; +https://openai.com/gptbot)"
57.141.0.64 - - [13/Mar/2026:02:58:33 +0530] "GET /?e=9375160387803 HTTP/2.0" 200 183473 "-" "meta-externalagent/1.1 (+https://developers.facebook.com/docs/sharing/webmasters/crawler)"
74.7.243.201 - - [13/Mar/2026:02:58:33 +0530] "GET /goods.php?detail/046022073618 HTTP/2.0" 200 23951 "https://www.vedanthasoftware.com/goods.php?detail/0460388300373" "Mozilla/5.0 AppleWebKit/537.36 (KHTML, like Gecko; compatible; GPTBot/1.3; +https://openai.com/gptbot)"
57.141.0.2 - - [13/Mar/2026:02:58:39 +0530] "GET /?e=96016181404700 HTTP/2.0" 200 183473 "-" "meta-externalagent/1.1 (+https://developers.facebook.com/docs/sharing/webmasters/crawler)"
57.141.0.38 - - [13/Mar/2026:02:58:40 +0530] "GET /?e=88040133073203 HTTP/2.0" 200 183473 "-" "meta-externalagent/1.1 (+https://developers.facebook.com/docs/sharing/webmasters/crawler)"
74.7.242.1 - - [13/Mar/2026:02:58:40 +0530] "GET /goods.php?detail/236028226436 HTTP/2.0" 200 23793 "https://vedanthasoftware.com/goods.php?detail/0060051045688" "Mozilla/5.0 AppleWebKit/537.36 (KHTML, like Gecko; compatible; GPTBot/1.3; +https://openai.com/gptbot)"
57.141.0.62 - - [13/Mar/2026:02:58:42 +0530] "GET /?e=39233100486400 HTTP/2.0" 200 183473 "-" "meta-externalagent/1.1 (+https://developers.facebook.com/docs/sharing/webmasters/crawler)"
57.141.0.6 - - [13/Mar/2026:02:58:42 +0530] "GET /?e=13397164971604 HTTP/2.0" 200 183473 "-" "meta-externalagent/1.1 (+https://developers.facebook.com/docs/sharing/webmasters/crawler)"
74.7.242.1 - - [13/Mar/2026:02:58:44 +0530] "GET /goods.php?detail/171033119939 HTTP/2.0" 200 24294 "https://vedanthasoftware.com/goods.php?detail/0060051045688" "Mozilla/5.0 AppleWebKit/537.36 (KHTML, like Gecko; compatible; GPTBot/1.3; +https://openai.com/gptbot)"
57.141.0.14 - - [13/Mar/2026:02:58:44 +0530] "GET /?e=7918930266800 HTTP/2.0" 200 183473 "-" "meta-externalagent/1.1 (+https://developers.facebook.com/docs/sharing/webmasters/crawler)"
57.141.0.34 - - [13/Mar/2026:02:58:47 +0530] "GET /?e=87077190960806 HTTP/2.0" 200 183473 "-" "meta-externalagent/1.1 (+https://developers.facebook.com/docs/sharing/webmasters/crawler)"
74.7.242.1 - - [13/Mar/2026:02:58:48 +0530] "GET /goods.php?detail/005010490974 HTTP/2.0" 200 23545 "https://vedanthasoftware.com/goods.php?detail/0060051045688" "Mozilla/5.0 AppleWebKit/537.36 (KHTML, like Gecko; compatible; GPTBot/1.3; +https://openai.com/gptbot)"
74.7.243.201 - - [13/Mar/2026:02:58:48 +0530] "GET /goods.php?detail/086009943448 HTTP/2.0" 200 24058 "https://www.vedanthasoftware.com/goods.php?detail/0460388300373" "Mozilla/5.0 AppleWebKit/537.36 (KHTML, like Gecko; compatible; GPTBot/1.3; +https://openai.com/gptbot)"
57.141.0.12 - - [13/Mar/2026:02:58:50 +0530] "GET /?e=01940236995003 HTTP/2.0" 200 183473 "-" "meta-externalagent/1.1 (+https://developers.facebook.com/docs/sharing/webmasters/crawler)"
57.141.0.39 - - [13/Mar/2026:02:58:54 +0530] "GET /?e=82976279223005 HTTP/2.0" 200 183473 "-" "meta-externalagent/1.1 (+https://developers.facebook.com/docs/sharing/webmasters/crawler)"
57.141.0.14 - - [13/Mar/2026:02:58:55 +0530] "GET /?e=66157158393800 HTTP/2.0" 200 183473 "-" "meta-externalagent/1.1 (+https://developers.facebook.com/docs/sharing/webmasters/crawler)"
74.7.242.1 - - [13/Mar/2026:02:58:56 +0530] "GET /goods.php?detail/0060057091807 HTTP/2.0" 200 24183 "https://vedanthasoftware.com/goods.php?detail/0060051045688" "Mozilla/5.0 AppleWebKit/537.36 (KHTML, like Gecko; compatible; GPTBot/1.3; +https://openai.com/gptbot)"
57.141.0.43 - - [13/Mar/2026:02:58:57 +0530] "GET /?e=2758051266602 HTTP/2.0" 200 183473 "-" "meta-externalagent/1.1 (+https://developers.facebook.com/docs/sharing/webmasters/crawler)"
57.141.0.50 - - [13/Mar/2026:02:58:58 +0530] "GET /?e=8111799804800 HTTP/2.0" 200 183473 "-" "meta-externalagent/1.1 (+https://developers.facebook.com/docs/sharing/webmasters/crawler)"
74.7.243.201 - - [13/Mar/2026:02:58:59 +0530] "GET /goods.php?detail/0350340328403 HTTP/2.0" 200 23942 "https://www.vedanthasoftware.com/goods.php?detail/094016877042" "Mozilla/5.0 AppleWebKit/537.36 (KHTML, like Gecko; compatible; GPTBot/1.3; +https://openai.com/gptbot)"
18.210.58.238 - - [13/Mar/2026:02:59:00 +0530] "GET /wp-json/wp/v2/posts/13233 HTTP/1.1" 200 153803 "-" "Mozilla/5.0 AppleWebKit/537.36 (KHTML, like Gecko; compatible; Amazonbot/0.1; +https://developer.amazon.com/support/amazonbot) Chrome/119.0.6045.214 Safari/537.36"
52.167.144.211 - - [13/Mar/2026:02:59:02 +0530] "GET /?e=20297114076801 HTTP/2.0" 200 33 "-" "Mozilla/5.0 AppleWebKit/537.36 (KHTML, like Gecko; compatible; bingbot/2.0; +http://www.bing.com/bingbot.htm) Chrome/116.0.1938.76 Safari/537.36"
57.141.0.41 - - [13/Mar/2026:02:59:03 +0530] "GET /?e=90229232678406 HTTP/2.0" 200 183473 "-" "meta-externalagent/1.1 (+https://developers.facebook.com/docs/sharing/webmasters/crawler)"
74.7.242.1 - - [13/Mar/2026:02:59:03 +0530] "GET /goods.php?detail/248018497184 HTTP/2.0" 200 23859 "https://vedanthasoftware.com/goods.php?detail/248029026274" "Mozilla/5.0 AppleWebKit/537.36 (KHTML, like Gecko; compatible; GPTBot/1.3; +https://openai.com/gptbot)"
74.7.243.201 - - [13/Mar/2026:02:59:06 +0530] "GET /goods.php?detail/1360070664706 HTTP/2.0" 200 23947 "https://www.vedanthasoftware.com/goods.php?detail/056045865208" "Mozilla/5.0 AppleWebKit/537.36 (KHTML, like Gecko; compatible; GPTBot/1.3; +https://openai.com/gptbot)"
57.141.0.67 - - [13/Mar/2026:02:59:06 +0530] "GET /?e=15421246156405 HTTP/2.0" 200 183473 "-" "meta-externalagent/1.1 (+https://developers.facebook.com/docs/sharing/webmasters/crawler)"
3.223.181.32 - - [13/Mar/2026:02:59:06 +0530] "GET /wp-json/oembed/1.0/embed?format=xml&url=https://vedanthasoftware.com/sweet-bonanza-ile-kazanmanin-yollarini-kesfedin/ HTTP/1.1" 200 2671 "-" "Mozilla/5.0 AppleWebKit/537.36 (KHTML, like Gecko; compatible; Amazonbot/0.1; +https://developer.amazon.com/support/amazonbot) Chrome/119.0.6045.214 Safari/537.36"
57.141.0.10 - - [13/Mar/2026:02:59:08 +0530] "GET /?e=63949234301202 HTTP/2.0" 200 183473 "-" "meta-externalagent/1.1 (+https://developers.facebook.com/docs/sharing/webmasters/crawler)"
74.7.242.1 - - [13/Mar/2026:02:59:08 +0530] "GET /goods.php?detail/272045242935 HTTP/2.0" 200 24648 "https://vedanthasoftware.com/goods.php?detail/272039835180" "Mozilla/5.0 AppleWebKit/537.36 (KHTML, like Gecko; compatible; GPTBot/1.3; +https://openai.com/gptbot)"
57.141.0.9 - - [13/Mar/2026:02:59:08 +0530] "GET /?e=82630140043504 HTTP/2.0" 200 183473 "-" "meta-externalagent/1.1 (+https://developers.facebook.com/docs/sharing/webmasters/crawler)"
57.141.0.64 - - [13/Mar/2026:02:59:11 +0530] "GET /?e=7101464070400 HTTP/2.0" 200 183473 "-" "meta-externalagent/1.1 (+https://developers.facebook.com/docs/sharing/webmasters/crawler)"
74.7.242.1 - - [13/Mar/2026:02:59:12 +0530] "GET /goods.php?detail/180002343119 HTTP/2.0" 200 23985 "https://vedanthasoftware.com/goods.php?detail/268022450548" "Mozilla/5.0 AppleWebKit/537.36 (KHTML, like Gecko; compatible; GPTBot/1.3; +https://openai.com/gptbot)"
114.119.147.45 - - [13/Mar/2026:02:59:13 +0530] "GET /?_o=223021089 HTTP/1.1" 301 5 "https://www.vedanthasoftware.com/sitemap546.xml" "Mozilla/5.0 (Linux; Android 7.0;) AppleWebKit/537.36 (KHTML, like Gecko) Mobile Safari/537.36 (compatible; PetalBot;+https://webmaster.petalsearch.com/site/petalbot)"
74.7.242.1 - - [13/Mar/2026:02:59:14 +0530] "GET /goods.php?detail/027020189440 HTTP/2.0" 200 24118 "https://vedanthasoftware.com/goods.php?detail/027049180890" "Mozilla/5.0 AppleWebKit/537.36 (KHTML, like Gecko; compatible; GPTBot/1.3; +https://openai.com/gptbot)"
74.7.242.1 - - [13/Mar/2026:02:59:16 +0530] "GET /goods.php?detail/019000046331 HTTP/2.0" 200 23965 "https://vedanthasoftware.com/goods.php?detail/027049180890" "Mozilla/5.0 AppleWebKit/537.36 (KHTML, like Gecko; compatible; GPTBot/1.3; +https://openai.com/gptbot)"
74.7.243.201 - - [13/Mar/2026:02:59:16 +0530] "GET /goods.php?detail/0340490492140 HTTP/2.0" 200 24160 "https://www.vedanthasoftware.com/goods.php?detail/032040141412" "Mozilla/5.0 AppleWebKit/537.36 (KHTML, like Gecko; compatible; GPTBot/1.3; +https://openai.com/gptbot)"
114.119.147.45 - - [13/Mar/2026:02:59:17 +0530] "GET /?_o=223021089 HTTP/1.1" 200 38163 "https://www.vedanthasoftware.com/sitemap546.xml" "Mozilla/5.0 (Linux; Android 7.0;) AppleWebKit/537.36 (KHTML, like Gecko) Mobile Safari/537.36 (compatible; PetalBot;+https://webmaster.petalsearch.com/site/petalbot)"
74.7.242.1 - - [13/Mar/2026:02:59:22 +0530] "GET /goods.php?detail/0270201949940 HTTP/2.0" 200 24622 "https://vedanthasoftware.com/goods.php?detail/027049180890" "Mozilla/5.0 AppleWebKit/537.36 (KHTML, like Gecko; compatible; GPTBot/1.3; +https://openai.com/gptbot)"
74.7.243.201 - - [13/Mar/2026:02:59:23 +0530] "GET /goods.php?detail/1660016002163 HTTP/2.0" 200 25080 "https://www.vedanthasoftware.com/goods.php?detail/166034583409" "Mozilla/5.0 AppleWebKit/537.36 (KHTML, like Gecko; compatible; GPTBot/1.3; +https://openai.com/gptbot)"
74.7.242.1 - - [13/Mar/2026:02:59:25 +0530] "GET /goods.php?detail/229033662009 HTTP/2.0" 200 23573 "https://vedanthasoftware.com/goods.php?detail/093004299241" "Mozilla/5.0 AppleWebKit/537.36 (KHTML, like Gecko; compatible; GPTBot/1.3; +https://openai.com/gptbot)"
74.7.242.1 - - [13/Mar/2026:02:59:28 +0530] "GET /goods.php?detail/108035210676 HTTP/2.0" 200 23923 "https://vedanthasoftware.com/goods.php?detail/108011696270" "Mozilla/5.0 AppleWebKit/537.36 (KHTML, like Gecko; compatible; GPTBot/1.3; +https://openai.com/gptbot)"
74.7.243.201 - - [13/Mar/2026:02:59:29 +0530] "GET /goods.php?detail/1220382985837 HTTP/2.0" 200 24286 "https://www.vedanthasoftware.com/goods.php?detail/012030610588" "Mozilla/5.0 AppleWebKit/537.36 (KHTML, like Gecko; compatible; GPTBot/1.3; +https://openai.com/gptbot)"
74.7.242.1 - - [13/Mar/2026:02:59:32 +0530] "GET /goods.php?detail/093002820552 HTTP/2.0" 200 24079 "https://vedanthasoftware.com/goods.php?detail/093004299241" "Mozilla/5.0 AppleWebKit/537.36 (KHTML, like Gecko; compatible; GPTBot/1.3; +https://openai.com/gptbot)"
57.141.0.12 - - [13/Mar/2026:02:59:33 +0530] "GET /?e=77812280240900 HTTP/2.0" 200 183473 "-" "meta-externalagent/1.1 (+https://developers.facebook.com/docs/sharing/webmasters/crawler)"
74.7.243.201 - - [13/Mar/2026:02:59:34 +0530] "GET /goods.php?detail/222042675265 HTTP/2.0" 200 24121 "https://www.vedanthasoftware.com/goods.php?detail/222039253264" "Mozilla/5.0 AppleWebKit/537.36 (KHTML, like Gecko; compatible; GPTBot/1.3; +https://openai.com/gptbot)"
51.195.215.17 - - [13/Mar/2026:02:59:35 +0530] "GET /best-practices/ HTTP/2.0" 200 34744 "-" "Mozilla/5.0 (compatible; AhrefsBot/7.0; +http://ahrefs.com/robot/)"
74.7.242.1 - - [13/Mar/2026:02:59:35 +0530] "GET /goods.php?detail/140003262548 HTTP/2.0" 200 23982 "https://vedanthasoftware.com/goods.php?detail/108011696270" "Mozilla/5.0 AppleWebKit/537.36 (KHTML, like Gecko; compatible; GPTBot/1.3; +https://openai.com/gptbot)"
57.141.0.57 - - [13/Mar/2026:02:59:36 +0530] "GET /?e=78248163278100 HTTP/2.0" 200 183473 "-" "meta-externalagent/1.1 (+https://developers.facebook.com/docs/sharing/webmasters/crawler)"
74.7.242.1 - - [13/Mar/2026:02:59:39 +0530] "GET /goods.php?detail/293013491347 HTTP/2.0" 200 24413 "https://vedanthasoftware.com/goods.php?detail/108011696270" "Mozilla/5.0 AppleWebKit/537.36 (KHTML, like Gecko; compatible; GPTBot/1.3; +https://openai.com/gptbot)"
74.7.243.201 - - [13/Mar/2026:02:59:40 +0530] "GET /goods.php?detail/222042989730 HTTP/2.0" 200 23755 "https://www.vedanthasoftware.com/goods.php?detail/222039253264" "Mozilla/5.0 AppleWebKit/537.36 (KHTML, like Gecko; compatible; GPTBot/1.3; +https://openai.com/gptbot)"
