74.7.243.201 - - [13/Mar/2026:01:57:41 +0530] "GET /goods.php?detail/101048592884 HTTP/2.0" 200 24043 "https://www.vedanthasoftware.com/goods.php?detail/1010485698857" "Mozilla/5.0 AppleWebKit/537.36 (KHTML, like Gecko; compatible; GPTBot/1.3; +https://openai.com/gptbot)"
57.141.0.3 - - [13/Mar/2026:01:57:42 +0530] "GET /?e=17191160284901 HTTP/2.0" 200 183473 "-" "meta-externalagent/1.1 (+https://developers.facebook.com/docs/sharing/webmasters/crawler)"
57.141.0.10 - - [13/Mar/2026:01:57:42 +0530] "GET /?e=9287969026902 HTTP/2.0" 200 183473 "-" "meta-externalagent/1.1 (+https://developers.facebook.com/docs/sharing/webmasters/crawler)"
57.141.0.61 - - [13/Mar/2026:01:57:43 +0530] "GET /?e=044977598303 HTTP/2.0" 200 183473 "-" "meta-externalagent/1.1 (+https://developers.facebook.com/docs/sharing/webmasters/crawler)"
57.141.0.10 - - [13/Mar/2026:01:57:43 +0530] "GET /?e=6432150962901 HTTP/2.0" 200 183473 "-" "meta-externalagent/1.1 (+https://developers.facebook.com/docs/sharing/webmasters/crawler)"
57.141.0.20 - - [13/Mar/2026:01:57:44 +0530] "GET /?e=6422163259801 HTTP/2.0" 200 183473 "-" "meta-externalagent/1.1 (+https://developers.facebook.com/docs/sharing/webmasters/crawler)"
57.141.0.34 - - [13/Mar/2026:01:57:44 +0530] "GET /?e=1973249504905 HTTP/2.0" 200 183473 "-" "meta-externalagent/1.1 (+https://developers.facebook.com/docs/sharing/webmasters/crawler)"
57.141.0.56 - - [13/Mar/2026:01:57:45 +0530] "GET /?e=7845553317804 HTTP/2.0" 200 183473 "-" "meta-externalagent/1.1 (+https://developers.facebook.com/docs/sharing/webmasters/crawler)"
74.7.243.201 - - [13/Mar/2026:01:57:47 +0530] "GET /goods.php?detail/169004045481 HTTP/2.0" 200 24912 "https://www.vedanthasoftware.com/goods.php?detail/127044416903" "Mozilla/5.0 AppleWebKit/537.36 (KHTML, like Gecko; compatible; GPTBot/1.3; +https://openai.com/gptbot)"
74.7.242.1 - - [13/Mar/2026:01:57:48 +0530] "GET /goods.php?detail/170030934018 HTTP/2.0" 200 24322 "https://vedanthasoftware.com/goods.php?detail/113023721005" "Mozilla/5.0 AppleWebKit/537.36 (KHTML, like Gecko; compatible; GPTBot/1.3; +https://openai.com/gptbot)"
57.141.0.35 - - [13/Mar/2026:01:57:48 +0530] "GET /?e=05766138535300 HTTP/2.0" 200 183473 "-" "meta-externalagent/1.1 (+https://developers.facebook.com/docs/sharing/webmasters/crawler)"
57.141.0.20 - - [13/Mar/2026:01:57:49 +0530] "GET /?e=37831133333500 HTTP/2.0" 200 183473 "-" "meta-externalagent/1.1 (+https://developers.facebook.com/docs/sharing/webmasters/crawler)"
74.7.243.201 - - [13/Mar/2026:01:57:52 +0530] "GET /goods.php?detail/213034421933 HTTP/2.0" 200 24059 "https://www.vedanthasoftware.com/goods.php?detail/2130344185630" "Mozilla/5.0 AppleWebKit/537.36 (KHTML, like Gecko; compatible; GPTBot/1.3; +https://openai.com/gptbot)"
74.7.242.1 - - [13/Mar/2026:01:57:52 +0530] "GET /goods.php?detail/108031532304 HTTP/2.0" 200 25003 "https://vedanthasoftware.com/goods.php?detail/108027925720" "Mozilla/5.0 AppleWebKit/537.36 (KHTML, like Gecko; compatible; GPTBot/1.3; +https://openai.com/gptbot)"
57.141.0.26 - - [13/Mar/2026:01:57:53 +0530] "GET /?e=19569123778206 HTTP/2.0" 200 183473 "-" "meta-externalagent/1.1 (+https://developers.facebook.com/docs/sharing/webmasters/crawler)"
57.141.0.68 - - [13/Mar/2026:01:57:53 +0530] "GET /?e=02240141975906 HTTP/2.0" 200 183473 "-" "meta-externalagent/1.1 (+https://developers.facebook.com/docs/sharing/webmasters/crawler)"
57.141.0.6 - - [13/Mar/2026:01:57:54 +0530] "GET /?e=05237112269000 HTTP/2.0" 200 183473 "-" "meta-externalagent/1.1 (+https://developers.facebook.com/docs/sharing/webmasters/crawler)"
57.141.0.46 - - [13/Mar/2026:01:57:54 +0530] "GET /?e=64102268951801 HTTP/2.0" 200 183473 "-" "meta-externalagent/1.1 (+https://developers.facebook.com/docs/sharing/webmasters/crawler)"
57.141.0.72 - - [13/Mar/2026:01:57:54 +0530] "GET /?e=06577255971401 HTTP/2.0" 200 183473 "-" "meta-externalagent/1.1 (+https://developers.facebook.com/docs/sharing/webmasters/crawler)"
74.7.242.1 - - [13/Mar/2026:01:57:57 +0530] "GET /goods.php?detail/021001323494 HTTP/2.0" 200 24521 "https://vedanthasoftware.com/goods.php?goods/046043516" "Mozilla/5.0 AppleWebKit/537.36 (KHTML, like Gecko; compatible; GPTBot/1.3; +https://openai.com/gptbot)"
74.7.243.201 - - [13/Mar/2026:01:57:57 +0530] "GET /goods.php?detail/127011037878 HTTP/2.0" 200 24049 "https://www.vedanthasoftware.com/goods.php?detail/127044416903" "Mozilla/5.0 AppleWebKit/537.36 (KHTML, like Gecko; compatible; GPTBot/1.3; +https://openai.com/gptbot)"
57.141.0.26 - - [13/Mar/2026:01:57:58 +0530] "GET /?e=77179116902400 HTTP/2.0" 200 183473 "-" "meta-externalagent/1.1 (+https://developers.facebook.com/docs/sharing/webmasters/crawler)"
57.141.0.30 - - [13/Mar/2026:01:57:58 +0530] "GET /?e=85218197347003 HTTP/2.0" 200 183473 "-" "meta-externalagent/1.1 (+https://developers.facebook.com/docs/sharing/webmasters/crawler)"
57.141.0.41 - - [13/Mar/2026:01:57:59 +0530] "GET /?e=79705208574503 HTTP/2.0" 200 183473 "-" "meta-externalagent/1.1 (+https://developers.facebook.com/docs/sharing/webmasters/crawler)"
57.141.0.48 - - [13/Mar/2026:01:57:59 +0530] "GET /?e=85511180344004 HTTP/2.0" 200 183473 "-" "meta-externalagent/1.1 (+https://developers.facebook.com/docs/sharing/webmasters/crawler)"
74.7.242.1 - - [13/Mar/2026:01:58:01 +0530] "GET /goods.php?detail/204032647082 HTTP/2.0" 200 24674 "https://vedanthasoftware.com/goods.php?goods/046043516" "Mozilla/5.0 AppleWebKit/537.36 (KHTML, like Gecko; compatible; GPTBot/1.3; +https://openai.com/gptbot)"
74.7.243.201 - - [13/Mar/2026:01:58:02 +0530] "GET /goods.php?detail/253018402398 HTTP/2.0" 200 24131 "https://www.vedanthasoftware.com/goods.php?detail/2530042418257" "Mozilla/5.0 AppleWebKit/537.36 (KHTML, like Gecko; compatible; GPTBot/1.3; +https://openai.com/gptbot)"
57.141.0.71 - - [13/Mar/2026:01:58:03 +0530] "GET /?e=99231200172700 HTTP/2.0" 200 183473 "-" "meta-externalagent/1.1 (+https://developers.facebook.com/docs/sharing/webmasters/crawler)"
57.141.0.48 - - [13/Mar/2026:01:58:03 +0530] "GET /?e=67508171098603 HTTP/2.0" 200 183473 "-" "meta-externalagent/1.1 (+https://developers.facebook.com/docs/sharing/webmasters/crawler)"
74.7.243.201 - - [13/Mar/2026:01:58:05 +0530] "GET /goods.php?detail/216035735411 HTTP/2.0" 200 24200 "https://www.vedanthasoftware.com/goods.php?detail/216025617756" "Mozilla/5.0 AppleWebKit/537.36 (KHTML, like Gecko; compatible; GPTBot/1.3; +https://openai.com/gptbot)"
74.7.242.1 - - [13/Mar/2026:01:58:06 +0530] "GET /goods.php?detail/046044034141 HTTP/2.0" 200 23736 "https://vedanthasoftware.com/goods.php?detail/0460440278284" "Mozilla/5.0 AppleWebKit/537.36 (KHTML, like Gecko; compatible; GPTBot/1.3; +https://openai.com/gptbot)"
57.141.0.23 - - [13/Mar/2026:01:58:06 +0530] "GET /?e=2032134506100 HTTP/2.0" 200 183473 "-" "meta-externalagent/1.1 (+https://developers.facebook.com/docs/sharing/webmasters/crawler)"
57.141.0.55 - - [13/Mar/2026:01:58:07 +0530] "GET /?e=87967257629704 HTTP/2.0" 200 183473 "-" "meta-externalagent/1.1 (+https://developers.facebook.com/docs/sharing/webmasters/crawler)"
74.7.243.201 - - [13/Mar/2026:01:58:09 +0530] "GET /goods.php?detail/129014522127 HTTP/2.0" 200 25052 "https://www.vedanthasoftware.com/goods.php?detail/129025787026" "Mozilla/5.0 AppleWebKit/537.36 (KHTML, like Gecko; compatible; GPTBot/1.3; +https://openai.com/gptbot)"
74.7.242.1 - - [13/Mar/2026:01:58:09 +0530] "GET /goods.php?detail/0460440330232 HTTP/2.0" 200 23855 "https://vedanthasoftware.com/goods.php?detail/0460440278284" "Mozilla/5.0 AppleWebKit/537.36 (KHTML, like Gecko; compatible; GPTBot/1.3; +https://openai.com/gptbot)"
74.7.242.1 - - [13/Mar/2026:01:58:13 +0530] "GET /goods.php?jp/061023138.html HTTP/2.0" 200 24879 "https://vedanthasoftware.com/goods.php?detail/244048432154" "Mozilla/5.0 AppleWebKit/537.36 (KHTML, like Gecko; compatible; GPTBot/1.3; +https://openai.com/gptbot)"
74.7.243.201 - - [13/Mar/2026:01:58:13 +0530] "GET /goods.php?detail/111017585756 HTTP/2.0" 200 24121 "https://www.vedanthasoftware.com/goods.php?detail/2090260309839" "Mozilla/5.0 AppleWebKit/537.36 (KHTML, like Gecko; compatible; GPTBot/1.3; +https://openai.com/gptbot)"
74.7.242.1 - - [13/Mar/2026:01:58:16 +0530] "GET /goods.php?detail/090047782572 HTTP/2.0" 200 23862 "https://vedanthasoftware.com/goods.php?detail/090042767987" "Mozilla/5.0 AppleWebKit/537.36 (KHTML, like Gecko; compatible; GPTBot/1.3; +https://openai.com/gptbot)"
74.7.243.201 - - [13/Mar/2026:01:58:16 +0530] "GET /goods.php?detail/2620240533026 HTTP/2.0" 200 23952 "https://www.vedanthasoftware.com/goods.php?detail/129025787026" "Mozilla/5.0 AppleWebKit/537.36 (KHTML, like Gecko; compatible; GPTBot/1.3; +https://openai.com/gptbot)"
57.141.0.29 - - [13/Mar/2026:01:58:17 +0530] "GET /?e=01700265204404 HTTP/2.0" 200 183473 "-" "meta-externalagent/1.1 (+https://developers.facebook.com/docs/sharing/webmasters/crawler)"
57.141.0.68 - - [13/Mar/2026:01:58:17 +0530] "GET /?e=4709082455402 HTTP/2.0" 200 183473 "-" "meta-externalagent/1.1 (+https://developers.facebook.com/docs/sharing/webmasters/crawler)"
74.7.242.1 - - [13/Mar/2026:01:58:20 +0530] "GET /goods.php?detail/012027734762 HTTP/2.0" 200 24034 "https://vedanthasoftware.com/goods.php?goods/012027734" "Mozilla/5.0 AppleWebKit/537.36 (KHTML, like Gecko; compatible; GPTBot/1.3; +https://openai.com/gptbot)"
74.7.243.201 - - [13/Mar/2026:01:58:20 +0530] "GET /goods.php?detail/289041773929 HTTP/2.0" 200 24582 "https://www.vedanthasoftware.com/goods.php?detail/062034322746" "Mozilla/5.0 AppleWebKit/537.36 (KHTML, like Gecko; compatible; GPTBot/1.3; +https://openai.com/gptbot)"
74.7.242.1 - - [13/Mar/2026:01:58:23 +0530] "GET /goods.php?detail/017042080570 HTTP/2.0" 200 24020 "https://vedanthasoftware.com/goods.php?detail/133038814563" "Mozilla/5.0 AppleWebKit/537.36 (KHTML, like Gecko; compatible; GPTBot/1.3; +https://openai.com/gptbot)"
74.7.243.201 - - [13/Mar/2026:01:58:24 +0530] "GET /goods.php?detail/153017430290 HTTP/2.0" 200 25274 "https://www.vedanthasoftware.com/goods.php?detail/101048589130" "Mozilla/5.0 AppleWebKit/537.36 (KHTML, like Gecko; compatible; GPTBot/1.3; +https://openai.com/gptbot)"
57.141.0.65 - - [13/Mar/2026:01:58:26 +0530] "GET /?e=1179392067800 HTTP/2.0" 200 183473 "-" "meta-externalagent/1.1 (+https://developers.facebook.com/docs/sharing/webmasters/crawler)"
57.141.0.10 - - [13/Mar/2026:01:58:26 +0530] "GET /?e=3920127281504 HTTP/2.0" 200 183473 "-" "meta-externalagent/1.1 (+https://developers.facebook.com/docs/sharing/webmasters/crawler)"
74.7.242.1 - - [13/Mar/2026:01:58:26 +0530] "GET /goods.php?detail/005016094520 HTTP/2.0" 200 24764 "https://vedanthasoftware.com/goods.php?detail/005036151044" "Mozilla/5.0 AppleWebKit/537.36 (KHTML, like Gecko; compatible; GPTBot/1.3; +https://openai.com/gptbot)"
57.141.0.12 - - [13/Mar/2026:01:58:27 +0530] "GET /?e=80970123713900 HTTP/2.0" 200 183473 "-" "meta-externalagent/1.1 (+https://developers.facebook.com/docs/sharing/webmasters/crawler)"
74.7.243.201 - - [13/Mar/2026:01:58:30 +0530] "GET /goods.php?detail/101048557203 HTTP/2.0" 200 23990 "https://www.vedanthasoftware.com/goods.php?detail/101048592884" "Mozilla/5.0 AppleWebKit/537.36 (KHTML, like Gecko; compatible; GPTBot/1.3; +https://openai.com/gptbot)"
74.7.242.1 - - [13/Mar/2026:01:58:31 +0530] "GET /goods.php?detail/288019212960 HTTP/2.0" 200 23928 "https://vedanthasoftware.com/goods.php?detail/288019205908" "Mozilla/5.0 AppleWebKit/537.36 (KHTML, like Gecko; compatible; GPTBot/1.3; +https://openai.com/gptbot)"
57.141.0.36 - - [13/Mar/2026:01:58:31 +0530] "GET /?e=08128147987603 HTTP/2.0" 200 183473 "-" "meta-externalagent/1.1 (+https://developers.facebook.com/docs/sharing/webmasters/crawler)"
57.141.0.30 - - [13/Mar/2026:01:58:32 +0530] "GET /?e=0937042678901 HTTP/2.0" 200 183473 "-" "meta-externalagent/1.1 (+https://developers.facebook.com/docs/sharing/webmasters/crawler)"
57.141.0.67 - - [13/Mar/2026:01:58:32 +0530] "GET /?e=5824538934400 HTTP/2.0" 200 183473 "-" "meta-externalagent/1.1 (+https://developers.facebook.com/docs/sharing/webmasters/crawler)"
57.141.0.65 - - [13/Mar/2026:01:58:32 +0530] "GET /?e=41690256914204 HTTP/2.0" 200 183473 "-" "meta-externalagent/1.1 (+https://developers.facebook.com/docs/sharing/webmasters/crawler)"
57.141.0.59 - - [13/Mar/2026:01:58:33 +0530] "GET /?e=13770174021900 HTTP/2.0" 200 183473 "-" "meta-externalagent/1.1 (+https://developers.facebook.com/docs/sharing/webmasters/crawler)"
74.7.243.201 - - [13/Mar/2026:01:58:34 +0530] "GET /goods.php?detail/259033290435 HTTP/2.0" 200 23920 "https://www.vedanthasoftware.com/goods.php?detail/101048592884" "Mozilla/5.0 AppleWebKit/537.36 (KHTML, like Gecko; compatible; GPTBot/1.3; +https://openai.com/gptbot)"
57.141.0.50 - - [13/Mar/2026:01:58:35 +0530] "GET /?e=27540169776203 HTTP/2.0" 200 183473 "-" "meta-externalagent/1.1 (+https://developers.facebook.com/docs/sharing/webmasters/crawler)"
74.7.242.1 - - [13/Mar/2026:01:58:36 +0530] "GET /goods.php?detail/010049026392 HTTP/2.0" 200 24215 "https://vedanthasoftware.com/goods.php?detail/010037801230" "Mozilla/5.0 AppleWebKit/537.36 (KHTML, like Gecko; compatible; GPTBot/1.3; +https://openai.com/gptbot)"
74.7.243.201 - - [13/Mar/2026:01:58:38 +0530] "GET /goods.php?detail/195038026911 HTTP/2.0" 200 24123 "https://www.vedanthasoftware.com/goods.php?detail/195038048360" "Mozilla/5.0 AppleWebKit/537.36 (KHTML, like Gecko; compatible; GPTBot/1.3; +https://openai.com/gptbot)"
114.119.149.203 - - [13/Mar/2026:01:58:39 +0530] "GET /?_p=245037545 HTTP/1.1" 301 5 "https://www.vedanthasoftware.com/sitemap546.xml" "Mozilla/5.0 (Linux; Android 7.0;) AppleWebKit/537.36 (KHTML, like Gecko) Mobile Safari/537.36 (compatible; PetalBot;+https://webmaster.petalsearch.com/site/petalbot)"
74.7.242.1 - - [13/Mar/2026:01:58:39 +0530] "GET /goods.php?detail/260019417990 HTTP/2.0" 200 23736 "https://vedanthasoftware.com/goods.php?detail/206036328420" "Mozilla/5.0 AppleWebKit/537.36 (KHTML, like Gecko; compatible; GPTBot/1.3; +https://openai.com/gptbot)"
74.7.243.201 - - [13/Mar/2026:01:58:42 +0530] "GET /goods.php?detail/281015442676 HTTP/2.0" 200 23618 "https://www.vedanthasoftware.com/goods.php?detail/127011037878" "Mozilla/5.0 AppleWebKit/537.36 (KHTML, like Gecko; compatible; GPTBot/1.3; +https://openai.com/gptbot)"
57.141.0.51 - - [13/Mar/2026:01:58:43 +0530] "GET /?e=30200210002200 HTTP/2.0" 200 183473 "-" "meta-externalagent/1.1 (+https://developers.facebook.com/docs/sharing/webmasters/crawler)"
74.7.242.1 - - [13/Mar/2026:01:58:43 +0530] "GET /goods.php?detail/211003857150 HTTP/2.0" 200 24418 "https://vedanthasoftware.com/goods.php?detail/096048374913" "Mozilla/5.0 AppleWebKit/537.36 (KHTML, like Gecko; compatible; GPTBot/1.3; +https://openai.com/gptbot)"
114.119.149.203 - - [13/Mar/2026:01:58:44 +0530] "GET /?_p=245037545 HTTP/1.1" 200 38164 "https://www.vedanthasoftware.com/sitemap546.xml" "Mozilla/5.0 (Linux; Android 7.0;) AppleWebKit/537.36 (KHTML, like Gecko) Mobile Safari/537.36 (compatible; PetalBot;+https://webmaster.petalsearch.com/site/petalbot)"
57.141.0.28 - - [13/Mar/2026:01:58:45 +0530] "GET /?e=90622167658203 HTTP/2.0" 200 183473 "-" "meta-externalagent/1.1 (+https://developers.facebook.com/docs/sharing/webmasters/crawler)"
74.7.243.201 - - [13/Mar/2026:01:58:46 +0530] "GET /goods.php?detail/2750046641350 HTTP/2.0" 200 24216 "https://www.vedanthasoftware.com/goods.php?detail/275026759401" "Mozilla/5.0 AppleWebKit/537.36 (KHTML, like Gecko; compatible; GPTBot/1.3; +https://openai.com/gptbot)"
57.141.0.47 - - [13/Mar/2026:01:58:47 +0530] "GET /?e=99494105542700 HTTP/2.0" 200 183473 "-" "meta-externalagent/1.1 (+https://developers.facebook.com/docs/sharing/webmasters/crawler)"
74.7.242.1 - - [13/Mar/2026:01:58:48 +0530] "GET /goods.php?detail/288020065407 HTTP/2.0" 200 24996 "https://vedanthasoftware.com/goods.php?detail/288011148920" "Mozilla/5.0 AppleWebKit/537.36 (KHTML, like Gecko; compatible; GPTBot/1.3; +https://openai.com/gptbot)"
57.141.0.44 - - [13/Mar/2026:01:58:48 +0530] "GET /?e=02412300404400 HTTP/2.0" 200 183473 "-" "meta-externalagent/1.1 (+https://developers.facebook.com/docs/sharing/webmasters/crawler)"
57.141.0.36 - - [13/Mar/2026:01:58:49 +0530] "GET /?e=51409170420704 HTTP/2.0" 200 183473 "-" "meta-externalagent/1.1 (+https://developers.facebook.com/docs/sharing/webmasters/crawler)"
57.141.0.6 - - [13/Mar/2026:01:58:49 +0530] "GET /?e=8062366363200 HTTP/2.0" 200 183473 "-" "meta-externalagent/1.1 (+https://developers.facebook.com/docs/sharing/webmasters/crawler)"
57.141.0.17 - - [13/Mar/2026:01:58:49 +0530] "GET /?e=81839133917102 HTTP/2.0" 200 183473 "-" "meta-externalagent/1.1 (+https://developers.facebook.com/docs/sharing/webmasters/crawler)"
57.141.0.61 - - [13/Mar/2026:01:58:50 +0530] "GET /?e=59916275121400 HTTP/2.0" 200 183473 "-" "meta-externalagent/1.1 (+https://developers.facebook.com/docs/sharing/webmasters/crawler)"
57.141.0.25 - - [13/Mar/2026:01:58:51 +0530] "GET /?e=11811224922200 HTTP/2.0" 200 183473 "-" "meta-externalagent/1.1 (+https://developers.facebook.com/docs/sharing/webmasters/crawler)"
57.141.0.3 - - [13/Mar/2026:01:58:51 +0530] "GET /?e=1919747232202 HTTP/2.0" 200 183473 "-" "meta-externalagent/1.1 (+https://developers.facebook.com/docs/sharing/webmasters/crawler)"
57.141.0.3 - - [13/Mar/2026:01:58:52 +0530] "GET /?e=2028560759100 HTTP/2.0" 200 183473 "-" "meta-externalagent/1.1 (+https://developers.facebook.com/docs/sharing/webmasters/crawler)"
57.141.0.40 - - [13/Mar/2026:01:58:53 +0530] "GET /?e=77689220306800 HTTP/2.0" 200 183473 "-" "meta-externalagent/1.1 (+https://developers.facebook.com/docs/sharing/webmasters/crawler)"
74.7.243.201 - - [13/Mar/2026:01:58:54 +0530] "GET /goods.php?detail/216036745545 HTTP/2.0" 200 24097 "https://www.vedanthasoftware.com/goods.php?detail/216035735411" "Mozilla/5.0 AppleWebKit/537.36 (KHTML, like Gecko; compatible; GPTBot/1.3; +https://openai.com/gptbot)"
57.141.0.25 - - [13/Mar/2026:01:58:55 +0530] "GET /?e=1902859186503 HTTP/2.0" 200 183473 "-" "meta-externalagent/1.1 (+https://developers.facebook.com/docs/sharing/webmasters/crawler)"
57.141.0.41 - - [13/Mar/2026:01:58:55 +0530] "GET /?e=98058289072304 HTTP/2.0" 200 183473 "-" "meta-externalagent/1.1 (+https://developers.facebook.com/docs/sharing/webmasters/crawler)"
74.7.242.1 - - [13/Mar/2026:01:58:56 +0530] "GET /goods.php?detail/242018164722 HTTP/2.0" 200 25007 "https://vedanthasoftware.com/goods.php?detail/24201816290500" "Mozilla/5.0 AppleWebKit/537.36 (KHTML, like Gecko; compatible; GPTBot/1.3; +https://openai.com/gptbot)"
57.141.0.47 - - [13/Mar/2026:01:58:57 +0530] "GET /?e=09804294530702 HTTP/2.0" 200 183473 "-" "meta-externalagent/1.1 (+https://developers.facebook.com/docs/sharing/webmasters/crawler)"
57.141.0.20 - - [13/Mar/2026:01:58:58 +0530] "GET /?e=80593173146802 HTTP/2.0" 200 183473 "-" "meta-externalagent/1.1 (+https://developers.facebook.com/docs/sharing/webmasters/crawler)"
74.7.243.201 - - [13/Mar/2026:01:58:59 +0530] "GET /goods.php?detail/277006618374 HTTP/2.0" 200 24324 "https://www.vedanthasoftware.com/goods.php?detail/129014522127" "Mozilla/5.0 AppleWebKit/537.36 (KHTML, like Gecko; compatible; GPTBot/1.3; +https://openai.com/gptbot)"
57.141.0.65 - - [13/Mar/2026:01:58:59 +0530] "GET /?e=9802212987400 HTTP/2.0" 200 183473 "-" "meta-externalagent/1.1 (+https://developers.facebook.com/docs/sharing/webmasters/crawler)"
57.141.0.17 - - [13/Mar/2026:01:59:01 +0530] "GET /?e=157118437505 HTTP/2.0" 200 183473 "-" "meta-externalagent/1.1 (+https://developers.facebook.com/docs/sharing/webmasters/crawler)"
74.7.242.1 - - [13/Mar/2026:01:59:02 +0530] "GET /goods.php?detail/215024375060 HTTP/2.0" 200 24657 "https://vedanthasoftware.com/goods.php?jp/061023138.html" "Mozilla/5.0 AppleWebKit/537.36 (KHTML, like Gecko; compatible; GPTBot/1.3; +https://openai.com/gptbot)"
52.167.144.183 - - [13/Mar/2026:01:59:02 +0530] "GET /detail/303407013641 HTTP/2.0" 200 33 "-" "Mozilla/5.0 AppleWebKit/537.36 (KHTML, like Gecko; compatible; bingbot/2.0; +http://www.bing.com/bingbot.htm) Chrome/116.0.1938.76 Safari/537.36"
74.7.243.201 - - [13/Mar/2026:01:59:04 +0530] "GET /goods.php?detail/111048301350 HTTP/2.0" 200 23915 "https://www.vedanthasoftware.com/goods.php?detail/111017585756" "Mozilla/5.0 AppleWebKit/537.36 (KHTML, like Gecko; compatible; GPTBot/1.3; +https://openai.com/gptbot)"
57.141.0.20 - - [13/Mar/2026:01:59:05 +0530] "GET /?e=01399144801901 HTTP/2.0" 200 183473 "-" "meta-externalagent/1.1 (+https://developers.facebook.com/docs/sharing/webmasters/crawler)"
74.7.242.1 - - [13/Mar/2026:01:59:05 +0530] "GET /goods.php?detail/296039201949 HTTP/2.0" 200 23674 "https://vedanthasoftware.com/goods.php?detail/055020770150" "Mozilla/5.0 AppleWebKit/537.36 (KHTML, like Gecko; compatible; GPTBot/1.3; +https://openai.com/gptbot)"
57.141.0.46 - - [13/Mar/2026:01:59:06 +0530] "GET /?e=82181162887903 HTTP/2.0" 200 183473 "-" "meta-externalagent/1.1 (+https://developers.facebook.com/docs/sharing/webmasters/crawler)"
74.7.243.201 - - [13/Mar/2026:01:59:07 +0530] "GET /goods.php?detail/055003394404 HTTP/2.0" 200 23814 "https://www.vedanthasoftware.com/goods.php?detail/111017585756" "Mozilla/5.0 AppleWebKit/537.36 (KHTML, like Gecko; compatible; GPTBot/1.3; +https://openai.com/gptbot)"
57.141.0.30 - - [13/Mar/2026:01:59:08 +0530] "GET /?e=19937242348502 HTTP/2.0" 200 183473 "-" "meta-externalagent/1.1 (+https://developers.facebook.com/docs/sharing/webmasters/crawler)"
57.141.0.28 - - [13/Mar/2026:01:59:09 +0530] "GET /?e=0651181338602 HTTP/2.0" 200 183473 "-" "meta-externalagent/1.1 (+https://developers.facebook.com/docs/sharing/webmasters/crawler)"
74.7.242.1 - - [13/Mar/2026:01:59:09 +0530] "GET /goods.php?detail/112008014114 HTTP/2.0" 200 24192 "https://vedanthasoftware.com/goods.php?detail/012027734762" "Mozilla/5.0 AppleWebKit/537.36 (KHTML, like Gecko; compatible; GPTBot/1.3; +https://openai.com/gptbot)"
57.141.0.37 - - [13/Mar/2026:01:59:09 +0530] "GET /?e=6842745544404 HTTP/2.0" 200 183473 "-" "meta-externalagent/1.1 (+https://developers.facebook.com/docs/sharing/webmasters/crawler)"
57.141.0.30 - - [13/Mar/2026:01:59:10 +0530] "GET /?e=0219780254300 HTTP/2.0" 200 183473 "-" "meta-externalagent/1.1 (+https://developers.facebook.com/docs/sharing/webmasters/crawler)"
57.141.0.70 - - [13/Mar/2026:01:59:11 +0530] "GET /?e=69000251673004 HTTP/2.0" 200 183473 "-" "meta-externalagent/1.1 (+https://developers.facebook.com/docs/sharing/webmasters/crawler)"
74.7.243.201 - - [13/Mar/2026:01:59:13 +0530] "GET /goods.php?detail/2500100500433 HTTP/2.0" 200 24854 "https://www.vedanthasoftware.com/goods.php?detail/143026388185" "Mozilla/5.0 AppleWebKit/537.36 (KHTML, like Gecko; compatible; GPTBot/1.3; +https://openai.com/gptbot)"
57.141.0.5 - - [13/Mar/2026:01:59:14 +0530] "GET /?e=6789017539004 HTTP/2.0" 200 183473 "-" "meta-externalagent/1.1 (+https://developers.facebook.com/docs/sharing/webmasters/crawler)"
74.7.242.1 - - [13/Mar/2026:01:59:14 +0530] "GET /goods.php?detail/296027993205 HTTP/2.0" 200 23501 "https://vedanthasoftware.com/goods.php?detail/158028958762" "Mozilla/5.0 AppleWebKit/537.36 (KHTML, like Gecko; compatible; GPTBot/1.3; +https://openai.com/gptbot)"
57.141.0.26 - - [13/Mar/2026:01:59:15 +0530] "GET /?e=7402157136103 HTTP/2.0" 200 183473 "-" "meta-externalagent/1.1 (+https://developers.facebook.com/docs/sharing/webmasters/crawler)"
57.141.0.9 - - [13/Mar/2026:01:59:15 +0530] "GET /?e=2851866331400 HTTP/2.0" 200 183473 "-" "meta-externalagent/1.1 (+https://developers.facebook.com/docs/sharing/webmasters/crawler)"
57.141.0.28 - - [13/Mar/2026:01:59:16 +0530] "GET /?e=78714240489000 HTTP/2.0" 200 183473 "-" "meta-externalagent/1.1 (+https://developers.facebook.com/docs/sharing/webmasters/crawler)"
74.7.243.201 - - [13/Mar/2026:01:59:18 +0530] "GET /goods.php?detail/153003304265 HTTP/2.0" 200 24224 "https://www.vedanthasoftware.com/goods.php?detail/153017430290" "Mozilla/5.0 AppleWebKit/537.36 (KHTML, like Gecko; compatible; GPTBot/1.3; +https://openai.com/gptbot)"
74.7.242.1 - - [13/Mar/2026:01:59:18 +0530] "GET /goods.php?detail/050022311406 HTTP/2.0" 200 23850 "https://vedanthasoftware.com/goods.php?detail/050022313315" "Mozilla/5.0 AppleWebKit/537.36 (KHTML, like Gecko; compatible; GPTBot/1.3; +https://openai.com/gptbot)"
74.7.243.201 - - [13/Mar/2026:01:59:22 +0530] "GET /goods.php?detail/055013079182 HTTP/2.0" 200 24314 "https://www.vedanthasoftware.com/goods.php?detail/101048557203" "Mozilla/5.0 AppleWebKit/537.36 (KHTML, like Gecko; compatible; GPTBot/1.3; +https://openai.com/gptbot)"
74.7.242.1 - - [13/Mar/2026:01:59:22 +0530] "GET /goods.php?detail/060049902195 HTTP/2.0" 200 24204 "https://vedanthasoftware.com/goods.php?detail/060049901660" "Mozilla/5.0 AppleWebKit/537.36 (KHTML, like Gecko; compatible; GPTBot/1.3; +https://openai.com/gptbot)"
57.141.0.36 - - [13/Mar/2026:01:59:23 +0530] "GET /?e=48967102020600 HTTP/2.0" 200 183473 "-" "meta-externalagent/1.1 (+https://developers.facebook.com/docs/sharing/webmasters/crawler)"
57.141.0.5 - - [13/Mar/2026:01:59:23 +0530] "GET /?e=02177187797504 HTTP/2.0" 200 183473 "-" "meta-externalagent/1.1 (+https://developers.facebook.com/docs/sharing/webmasters/crawler)"
74.7.243.201 - - [13/Mar/2026:01:59:25 +0530] "GET /goods.php?detail/2810231322023 HTTP/2.0" 200 23832 "https://www.vedanthasoftware.com/goods.php?detail/281009065686" "Mozilla/5.0 AppleWebKit/537.36 (KHTML, like Gecko; compatible; GPTBot/1.3; +https://openai.com/gptbot)"
74.7.242.1 - - [13/Mar/2026:01:59:26 +0530] "GET /goods.php?detail/204026107522 HTTP/2.0" 200 24259 "https://vedanthasoftware.com/goods.php?detail/066032343257" "Mozilla/5.0 AppleWebKit/537.36 (KHTML, like Gecko; compatible; GPTBot/1.3; +https://openai.com/gptbot)"
57.141.0.71 - - [13/Mar/2026:01:59:26 +0530] "GET /?e=1172618598201 HTTP/2.0" 200 183473 "-" "meta-externalagent/1.1 (+https://developers.facebook.com/docs/sharing/webmasters/crawler)"
57.141.0.61 - - [13/Mar/2026:01:59:27 +0530] "GET /?e=32398274903601 HTTP/2.0" 200 183473 "-" "meta-externalagent/1.1 (+https://developers.facebook.com/docs/sharing/webmasters/crawler)"
57.141.0.14 - - [13/Mar/2026:01:59:28 +0530] "GET /?e=96128280756508 HTTP/2.0" 200 183473 "-" "meta-externalagent/1.1 (+https://developers.facebook.com/docs/sharing/webmasters/crawler)"
52.167.144.16 - - [13/Mar/2026:01:59:28 +0530] "GET /?e=0470916937701 HTTP/2.0" 200 33 "-" "Mozilla/5.0 AppleWebKit/537.36 (KHTML, like Gecko; compatible; bingbot/2.0; +http://www.bing.com/bingbot.htm) Chrome/116.0.1938.76 Safari/537.36"
74.7.243.201 - - [13/Mar/2026:01:59:29 +0530] "GET /goods.php?detail/195013121188 HTTP/2.0" 200 24545 "https://www.vedanthasoftware.com/goods.php?detail/195038026911" "Mozilla/5.0 AppleWebKit/537.36 (KHTML, like Gecko; compatible; GPTBot/1.3; +https://openai.com/gptbot)"
57.141.0.55 - - [13/Mar/2026:01:59:30 +0530] "GET /?e=87600157530101 HTTP/2.0" 200 183473 "-" "meta-externalagent/1.1 (+https://developers.facebook.com/docs/sharing/webmasters/crawler)"
74.7.242.1 - - [13/Mar/2026:01:59:31 +0530] "GET /goods.php?detail/076004994703 HTTP/2.0" 200 23702 "https://vedanthasoftware.com/goods.php?detail/260019417990" "Mozilla/5.0 AppleWebKit/537.36 (KHTML, like Gecko; compatible; GPTBot/1.3; +https://openai.com/gptbot)"
57.141.0.61 - - [13/Mar/2026:01:59:31 +0530] "GET /?e=51978229544503 HTTP/2.0" 200 183473 "-" "meta-externalagent/1.1 (+https://developers.facebook.com/docs/sharing/webmasters/crawler)"
57.141.0.62 - - [13/Mar/2026:01:59:32 +0530] "GET /?e=2904038412900 HTTP/2.0" 200 183473 "-" "meta-externalagent/1.1 (+https://developers.facebook.com/docs/sharing/webmasters/crawler)"
57.141.0.72 - - [13/Mar/2026:01:59:32 +0530] "GET /?e=74084293213000 HTTP/2.0" 200 183473 "-" "meta-externalagent/1.1 (+https://developers.facebook.com/docs/sharing/webmasters/crawler)"
57.141.0.59 - - [13/Mar/2026:01:59:32 +0530] "GET /?e=079096065206 HTTP/2.0" 200 183473 "-" "meta-externalagent/1.1 (+https://developers.facebook.com/docs/sharing/webmasters/crawler)"
74.7.242.1 - - [13/Mar/2026:01:59:35 +0530] "GET /goods.php?detail/260004467152 HTTP/2.0" 200 23870 "https://vedanthasoftware.com/goods.php?detail/260019417990" "Mozilla/5.0 AppleWebKit/537.36 (KHTML, like Gecko; compatible; GPTBot/1.3; +https://openai.com/gptbot)"
74.7.243.201 - - [13/Mar/2026:01:59:35 +0530] "GET /goods.php?detail/1930014220220 HTTP/2.0" 200 23995 "https://www.vedanthasoftware.com/goods.php?jp/212015153.html" "Mozilla/5.0 AppleWebKit/537.36 (KHTML, like Gecko; compatible; GPTBot/1.3; +https://openai.com/gptbot)"
57.141.0.72 - - [13/Mar/2026:01:59:36 +0530] "GET /?e=4221752814504 HTTP/2.0" 200 183473 "-" "meta-externalagent/1.1 (+https://developers.facebook.com/docs/sharing/webmasters/crawler)"
57.141.0.55 - - [13/Mar/2026:01:59:36 +0530] "GET /?e=88742153077901 HTTP/2.0" 200 183473 "-" "meta-externalagent/1.1 (+https://developers.facebook.com/docs/sharing/webmasters/crawler)"
74.7.243.201 - - [13/Mar/2026:01:59:39 +0530] "GET /goods.php?detail/201002445022 HTTP/2.0" 200 23897 "https://www.vedanthasoftware.com/goods.php?detail/2750046641350" "Mozilla/5.0 AppleWebKit/537.36 (KHTML, like Gecko; compatible; GPTBot/1.3; +https://openai.com/gptbot)"
74.7.242.1 - - [13/Mar/2026:01:59:39 +0530] "GET /goods.php?detail/260028348805 HTTP/2.0" 200 23752 "https://vedanthasoftware.com/goods.php?detail/260019417990" "Mozilla/5.0 AppleWebKit/537.36 (KHTML, like Gecko; compatible; GPTBot/1.3; +https://openai.com/gptbot)"
57.141.0.57 - - [13/Mar/2026:01:59:40 +0530] "GET /?e=89770119964902 HTTP/2.0" 200 183473 "-" "meta-externalagent/1.1 (+https://developers.facebook.com/docs/sharing/webmasters/crawler)"
57.141.0.32 - - [13/Mar/2026:01:59:40 +0530] "GET /?e=57060266008201 HTTP/2.0" 200 183473 "-" "meta-externalagent/1.1 (+https://developers.facebook.com/docs/sharing/webmasters/crawler)"
57.141.0.13 - - [13/Mar/2026:01:59:41 +0530] "GET /?e=92690194722919 HTTP/2.0" 200 183473 "-" "meta-externalagent/1.1 (+https://developers.facebook.com/docs/sharing/webmasters/crawler)"
74.7.243.201 - - [13/Mar/2026:01:59:43 +0530] "GET /goods.php?detail/218020705143 HTTP/2.0" 200 25194 "https://www.vedanthasoftware.com/goods.php?detail/2750046641350" "Mozilla/5.0 AppleWebKit/537.36 (KHTML, like Gecko; compatible; GPTBot/1.3; +https://openai.com/gptbot)"
57.141.0.66 - - [13/Mar/2026:01:59:44 +0530] "GET /?e=2977880609800 HTTP/2.0" 200 183473 "-" "meta-externalagent/1.1 (+https://developers.facebook.com/docs/sharing/webmasters/crawler)"
74.7.242.1 - - [13/Mar/2026:01:59:44 +0530] "GET /goods.php?detail/083026616736 HTTP/2.0" 200 23937 "https://vedanthasoftware.com/goods.php?detail/297029602008" "Mozilla/5.0 AppleWebKit/537.36 (KHTML, like Gecko; compatible; GPTBot/1.3; +https://openai.com/gptbot)"
57.141.0.55 - - [13/Mar/2026:01:59:45 +0530] "GET /?e=05467116933716 HTTP/2.0" 200 183473 "-" "meta-externalagent/1.1 (+https://developers.facebook.com/docs/sharing/webmasters/crawler)"
74.7.243.201 - - [13/Mar/2026:01:59:47 +0530] "GET /goods.php?detail/277037757252 HTTP/2.0" 200 23871 "https://www.vedanthasoftware.com/goods.php?detail/277006618374" "Mozilla/5.0 AppleWebKit/537.36 (KHTML, like Gecko; compatible; GPTBot/1.3; +https://openai.com/gptbot)"
74.7.242.1 - - [13/Mar/2026:01:59:48 +0530] "GET /goods.php?detail/122048681410 HTTP/2.0" 200 23958 "https://vedanthasoftware.com/goods.php?jp/100028906.html" "Mozilla/5.0 AppleWebKit/537.36 (KHTML, like Gecko; compatible; GPTBot/1.3; +https://openai.com/gptbot)"
57.141.0.1 - - [13/Mar/2026:01:59:48 +0530] "GET /?e=27640193537802 HTTP/2.0" 200 183473 "-" "meta-externalagent/1.1 (+https://developers.facebook.com/docs/sharing/webmasters/crawler)"
57.141.0.3 - - [13/Mar/2026:01:59:49 +0530] "GET /?e=04043164756107 HTTP/2.0" 200 183473 "-" "meta-externalagent/1.1 (+https://developers.facebook.com/docs/sharing/webmasters/crawler)"
57.141.0.60 - - [13/Mar/2026:01:59:50 +0530] "GET /?e=34720110178704 HTTP/2.0" 200 183473 "-" "meta-externalagent/1.1 (+https://developers.facebook.com/docs/sharing/webmasters/crawler)"
74.7.243.201 - - [13/Mar/2026:01:59:52 +0530] "GET /goods.php?detail/037018147502 HTTP/2.0" 200 24329 "https://www.vedanthasoftware.com/goods.php?detail/111048301350" "Mozilla/5.0 AppleWebKit/537.36 (KHTML, like Gecko; compatible; GPTBot/1.3; +https://openai.com/gptbot)"
74.7.242.1 - - [13/Mar/2026:01:59:53 +0530] "GET /goods.php?detail/254022303712 HTTP/2.0" 200 24408 "https://vedanthasoftware.com/goods.php?jp/118030559.html" "Mozilla/5.0 AppleWebKit/537.36 (KHTML, like Gecko; compatible; GPTBot/1.3; +https://openai.com/gptbot)"
57.141.0.37 - - [13/Mar/2026:01:59:53 +0530] "GET /?e=46653259139600 HTTP/2.0" 200 183473 "-" "meta-externalagent/1.1 (+https://developers.facebook.com/docs/sharing/webmasters/crawler)"
57.141.0.49 - - [13/Mar/2026:01:59:54 +0530] "GET /?e=84367246855902 HTTP/2.0" 200 183473 "-" "meta-externalagent/1.1 (+https://developers.facebook.com/docs/sharing/webmasters/crawler)"
74.7.243.201 - - [13/Mar/2026:01:59:57 +0530] "GET /goods.php?jp/055003398.html HTTP/2.0" 200 24861 "https://www.vedanthasoftware.com/goods.php?detail/055003394404" "Mozilla/5.0 AppleWebKit/537.36 (KHTML, like Gecko; compatible; GPTBot/1.3; +https://openai.com/gptbot)"
74.7.242.1 - - [13/Mar/2026:01:59:57 +0530] "GET /goods.php?detail/109040597116 HTTP/2.0" 200 24581 "https://vedanthasoftware.com/goods.php?goods/232035529" "Mozilla/5.0 AppleWebKit/537.36 (KHTML, like Gecko; compatible; GPTBot/1.3; +https://openai.com/gptbot)"
57.141.0.6 - - [13/Mar/2026:01:59:58 +0530] "GET /?e=98023135485901 HTTP/2.0" 200 183473 "-" "meta-externalagent/1.1 (+https://developers.facebook.com/docs/sharing/webmasters/crawler)"
74.7.243.201 - - [13/Mar/2026:02:00:00 +0530] "GET /goods.php?goods/250045416 HTTP/2.0" 200 24505 "https://www.vedanthasoftware.com/goods.php?detail/2500100500433" "Mozilla/5.0 AppleWebKit/537.36 (KHTML, like Gecko; compatible; GPTBot/1.3; +https://openai.com/gptbot)"
74.7.242.1 - - [13/Mar/2026:02:00:01 +0530] "GET /goods.php?detail/044039124880 HTTP/2.0" 200 23951 "https://vedanthasoftware.com/goods.php?jp/093029771.html" "Mozilla/5.0 AppleWebKit/537.36 (KHTML, like Gecko; compatible; GPTBot/1.3; +https://openai.com/gptbot)"
57.141.0.50 - - [13/Mar/2026:02:00:02 +0530] "GET /?e=0114512336306 HTTP/2.0" 200 183473 "-" "meta-externalagent/1.1 (+https://developers.facebook.com/docs/sharing/webmasters/crawler)"
74.7.243.201 - - [13/Mar/2026:02:00:03 +0530] "GET /goods.php?detail/274026324246 HTTP/2.0" 200 24289 "https://www.vedanthasoftware.com/goods.php?detail/055003394404" "Mozilla/5.0 AppleWebKit/537.36 (KHTML, like Gecko; compatible; GPTBot/1.3; +https://openai.com/gptbot)"
74.7.242.1 - - [13/Mar/2026:02:00:05 +0530] "GET /goods.php?detail/166002223494 HTTP/2.0" 200 24028 "https://vedanthasoftware.com/goods.php?detail/050022311406" "Mozilla/5.0 AppleWebKit/537.36 (KHTML, like Gecko; compatible; GPTBot/1.3; +https://openai.com/gptbot)"
57.141.0.56 - - [13/Mar/2026:02:00:05 +0530] "GET /?e=3296628267007 HTTP/2.0" 200 183473 "-" "meta-externalagent/1.1 (+https://developers.facebook.com/docs/sharing/webmasters/crawler)"
185.249.227.216 - - [13/Mar/2026:02:00:06 +0530] "GET / HTTP/1.1" 200 38167 "-" "Mozilla/5.0 (X11; Linux x86_64) AppleWebKit/537.36 (KHTML, like Gecko) Chrome/44.0.2403.157 Safari/537.36"
57.141.0.37 - - [13/Mar/2026:02:00:07 +0530] "GET /?e=07802200096905 HTTP/2.0" 200 183473 "-" "meta-externalagent/1.1 (+https://developers.facebook.com/docs/sharing/webmasters/crawler)"
74.7.243.201 - - [13/Mar/2026:02:00:08 +0530] "GET /goods.php?detail/055013007704 HTTP/2.0" 200 23780 "https://www.vedanthasoftware.com/goods.php?detail/055013079182" "Mozilla/5.0 AppleWebKit/537.36 (KHTML, like Gecko; compatible; GPTBot/1.3; +https://openai.com/gptbot)"
57.141.0.22 - - [13/Mar/2026:02:00:09 +0530] "GET /?e=08024163881601 HTTP/2.0" 200 183473 "-" "meta-externalagent/1.1 (+https://developers.facebook.com/docs/sharing/webmasters/crawler)"
57.141.0.15 - - [13/Mar/2026:02:00:10 +0530] "GET /?e=96129154854000 HTTP/2.0" 200 183473 "-" "meta-externalagent/1.1 (+https://developers.facebook.com/docs/sharing/webmasters/crawler)"
74.7.242.1 - - [13/Mar/2026:02:00:12 +0530] "GET /goods.php?detail/048021099015 HTTP/2.0" 200 24384 "https://vedanthasoftware.com/goods.php?goods/048038166" "Mozilla/5.0 AppleWebKit/537.36 (KHTML, like Gecko; compatible; GPTBot/1.3; +https://openai.com/gptbot)"
57.141.0.57 - - [13/Mar/2026:02:00:12 +0530] "GET /?e=8000280094400 HTTP/2.0" 200 183473 "-" "meta-externalagent/1.1 (+https://developers.facebook.com/docs/sharing/webmasters/crawler)"
57.141.0.38 - - [13/Mar/2026:02:00:14 +0530] "GET /?e=27218107429304 HTTP/2.0" 200 183473 "-" "meta-externalagent/1.1 (+https://developers.facebook.com/docs/sharing/webmasters/crawler)"
57.141.0.62 - - [13/Mar/2026:02:00:15 +0530] "GET /?e=40795160529810 HTTP/2.0" 200 183473 "-" "meta-externalagent/1.1 (+https://developers.facebook.com/docs/sharing/webmasters/crawler)"
74.7.243.201 - - [13/Mar/2026:02:00:16 +0530] "GET /goods.php?jp/274026324.html HTTP/2.0" 200 24359 "https://www.vedanthasoftware.com/goods.php?detail/274026324246" "Mozilla/5.0 AppleWebKit/537.36 (KHTML, like Gecko; compatible; GPTBot/1.3; +https://openai.com/gptbot)"
57.141.0.57 - - [13/Mar/2026:02:00:17 +0530] "GET /?e=28871112932605 HTTP/2.0" 200 183473 "-" "meta-externalagent/1.1 (+https://developers.facebook.com/docs/sharing/webmasters/crawler)"
57.141.0.7 - - [13/Mar/2026:02:00:17 +0530] "GET /?e=81059127162007 HTTP/2.0" 200 183473 "-" "meta-externalagent/1.1 (+https://developers.facebook.com/docs/sharing/webmasters/crawler)"
57.141.0.25 - - [13/Mar/2026:02:00:18 +0530] "GET /?e=40798195131002 HTTP/2.0" 200 183473 "-" "meta-externalagent/1.1 (+https://developers.facebook.com/docs/sharing/webmasters/crawler)"
57.141.0.63 - - [13/Mar/2026:02:00:19 +0530] "GET /?e=38810214777900 HTTP/2.0" 200 183473 "-" "meta-externalagent/1.1 (+https://developers.facebook.com/docs/sharing/webmasters/crawler)"
209.141.54.37 - - [13/Mar/2026:02:00:19 +0530] "GET /wp-login.php HTTP/1.1" 200 7805 "-" "Mozilla/5.0 (Windows NT 6.2; WOW64; rv:30.0) Gecko/20100101 Firefox/30.0"
74.7.242.1 - - [13/Mar/2026:02:00:21 +0530] "GET /goods.php?detail/056038638741 HTTP/2.0" 200 24439 "https://vedanthasoftware.com/goods.php?detail/204026107522" "Mozilla/5.0 AppleWebKit/537.36 (KHTML, like Gecko; compatible; GPTBot/1.3; +https://openai.com/gptbot)"
57.141.0.21 - - [13/Mar/2026:02:00:22 +0530] "GET /?e=28106223598800 HTTP/2.0" 200 183473 "-" "meta-externalagent/1.1 (+https://developers.facebook.com/docs/sharing/webmasters/crawler)"
209.141.54.37 - - [13/Mar/2026:02:00:23 +0530] "POST /wp-login.php HTTP/1.1" 200 8287 "-" "Mozilla/5.0 (Windows NT 6.2; WOW64; rv:30.0) Gecko/20100101 Firefox/30.0"
74.7.243.201 - - [13/Mar/2026:02:00:23 +0530] "GET /goods.php?detail/2500454203342 HTTP/2.0" 200 24061 "https://www.vedanthasoftware.com/goods.php?detail/2500100500433" "Mozilla/5.0 AppleWebKit/537.36 (KHTML, like Gecko; compatible; GPTBot/1.3; +https://openai.com/gptbot)"
57.141.0.2 - - [13/Mar/2026:02:00:25 +0530] "GET /?e=76929161259406 HTTP/2.0" 200 183473 "-" "meta-externalagent/1.1 (+https://developers.facebook.com/docs/sharing/webmasters/crawler)"
57.141.0.55 - - [13/Mar/2026:02:00:25 +0530] "GET /?e=0500250148705 HTTP/2.0" 200 183473 "-" "meta-externalagent/1.1 (+https://developers.facebook.com/docs/sharing/webmasters/crawler)"
74.7.242.1 - - [13/Mar/2026:02:00:27 +0530] "GET /goods.php?detail/047019663016 HTTP/2.0" 200 23964 "https://vedanthasoftware.com/goods.php?detail/076004994703" "Mozilla/5.0 AppleWebKit/537.36 (KHTML, like Gecko; compatible; GPTBot/1.3; +https://openai.com/gptbot)"
74.7.243.201 - - [13/Mar/2026:02:00:28 +0530] "GET /goods.php?detail/042043977623 HTTP/2.0" 200 23805 "https://www.vedanthasoftware.com/goods.php?detail/2500100500433" "Mozilla/5.0 AppleWebKit/537.36 (KHTML, like Gecko; compatible; GPTBot/1.3; +https://openai.com/gptbot)"
57.141.0.41 - - [13/Mar/2026:02:00:29 +0530] "GET /?e=0888127450302 HTTP/2.0" 200 183473 "-" "meta-externalagent/1.1 (+https://developers.facebook.com/docs/sharing/webmasters/crawler)"
57.141.0.25 - - [13/Mar/2026:02:00:29 +0530] "GET /?e=64578143379500 HTTP/2.0" 200 183473 "-" "meta-externalagent/1.1 (+https://developers.facebook.com/docs/sharing/webmasters/crawler)"
57.141.0.35 - - [13/Mar/2026:02:00:30 +0530] "GET /?e=9048222973200 HTTP/2.0" 200 183473 "-" "meta-externalagent/1.1 (+https://developers.facebook.com/docs/sharing/webmasters/crawler)"
74.7.242.1 - - [13/Mar/2026:02:00:31 +0530] "GET /goods.php?detail/015020878215 HTTP/2.0" 200 24079 "https://vedanthasoftware.com/goods.php?detail/204026107522" "Mozilla/5.0 AppleWebKit/537.36 (KHTML, like Gecko; compatible; GPTBot/1.3; +https://openai.com/gptbot)"
57.141.0.55 - - [13/Mar/2026:02:00:32 +0530] "GET /?e=08381184261006 HTTP/2.0" 200 183473 "-" "meta-externalagent/1.1 (+https://developers.facebook.com/docs/sharing/webmasters/crawler)"
74.7.243.201 - - [13/Mar/2026:02:00:32 +0530] "GET /goods.php?detail/214044006070 HTTP/2.0" 200 23455 "https://www.vedanthasoftware.com/goods.php?detail/1930014220220" "Mozilla/5.0 AppleWebKit/537.36 (KHTML, like Gecko; compatible; GPTBot/1.3; +https://openai.com/gptbot)"
57.141.0.21 - - [13/Mar/2026:02:00:33 +0530] "GET /?e=09770212478405 HTTP/2.0" 200 183473 "-" "meta-externalagent/1.1 (+https://developers.facebook.com/docs/sharing/webmasters/crawler)"
57.141.0.37 - - [13/Mar/2026:02:00:33 +0530] "GET /?e=90694121842101 HTTP/2.0" 200 183473 "-" "meta-externalagent/1.1 (+https://developers.facebook.com/docs/sharing/webmasters/crawler)"
57.141.0.28 - - [13/Mar/2026:02:00:34 +0530] "GET /?e=12743138771205 HTTP/2.0" 200 183473 "-" "meta-externalagent/1.1 (+https://developers.facebook.com/docs/sharing/webmasters/crawler)"
74.7.242.1 - - [13/Mar/2026:02:00:36 +0530] "GET /goods.php?detail/175014735502 HTTP/2.0" 200 23716 "https://vedanthasoftware.com/goods.php?detail/204026107522" "Mozilla/5.0 AppleWebKit/537.36 (KHTML, like Gecko; compatible; GPTBot/1.3; +https://openai.com/gptbot)"
74.7.243.201 - - [13/Mar/2026:02:00:37 +0530] "GET /goods.php?detail/109039391355 HTTP/2.0" 200 24684 "https://www.vedanthasoftware.com/goods.php?detail/201002445022" "Mozilla/5.0 AppleWebKit/537.36 (KHTML, like Gecko; compatible; GPTBot/1.3; +https://openai.com/gptbot)"
57.141.0.13 - - [13/Mar/2026:02:00:38 +0530] "GET /?e=1190016078702 HTTP/2.0" 200 183473 "-" "meta-externalagent/1.1 (+https://developers.facebook.com/docs/sharing/webmasters/crawler)"
57.141.0.34 - - [13/Mar/2026:02:00:38 +0530] "GET /?e=0077551591600 HTTP/2.0" 200 183473 "-" "meta-externalagent/1.1 (+https://developers.facebook.com/docs/sharing/webmasters/crawler)"
57.141.0.20 - - [13/Mar/2026:02:00:38 +0530] "GET /?e=22172211445102 HTTP/2.0" 200 183473 "-" "meta-externalagent/1.1 (+https://developers.facebook.com/docs/sharing/webmasters/crawler)"
57.141.0.21 - - [13/Mar/2026:02:00:39 +0530] "GET /?e=4599569156503 HTTP/2.0" 200 183473 "-" "meta-externalagent/1.1 (+https://developers.facebook.com/docs/sharing/webmasters/crawler)"
74.7.242.1 - - [13/Mar/2026:02:00:42 +0530] "GET /goods.php?detail/0760098718007 HTTP/2.0" 200 23683 "https://vedanthasoftware.com/goods.php?detail/076004994703" "Mozilla/5.0 AppleWebKit/537.36 (KHTML, like Gecko; compatible; GPTBot/1.3; +https://openai.com/gptbot)"
74.7.243.201 - - [13/Mar/2026:02:00:42 +0530] "GET /goods.php?detail/193015830713 HTTP/2.0" 200 24184 "https://www.vedanthasoftware.com/goods.php?detail/1930014220220" "Mozilla/5.0 AppleWebKit/537.36 (KHTML, like Gecko; compatible; GPTBot/1.3; +https://openai.com/gptbot)"
57.141.0.49 - - [13/Mar/2026:02:00:43 +0530] "GET /?e=9228985698506 HTTP/2.0" 200 183473 "-" "meta-externalagent/1.1 (+https://developers.facebook.com/docs/sharing/webmasters/crawler)"
57.141.0.48 - - [13/Mar/2026:02:00:44 +0530] "GET /?e=83636164126500 HTTP/2.0" 200 183473 "-" "meta-externalagent/1.1 (+https://developers.facebook.com/docs/sharing/webmasters/crawler)"
57.141.0.29 - - [13/Mar/2026:02:00:44 +0530] "GET /?e=47724239347302 HTTP/2.0" 200 183473 "-" "meta-externalagent/1.1 (+https://developers.facebook.com/docs/sharing/webmasters/crawler)"
74.7.242.1 - - [13/Mar/2026:02:00:46 +0530] "GET /goods.php?detail/122013541383 HTTP/2.0" 200 24499 "https://vedanthasoftware.com/goods.php?detail/122048681410" "Mozilla/5.0 AppleWebKit/537.36 (KHTML, like Gecko; compatible; GPTBot/1.3; +https://openai.com/gptbot)"
57.141.0.13 - - [13/Mar/2026:02:00:47 +0530] "GET /?e=7036638350801 HTTP/2.0" 200 183473 "-" "meta-externalagent/1.1 (+https://developers.facebook.com/docs/sharing/webmasters/crawler)"
74.7.243.201 - - [13/Mar/2026:02:00:47 +0530] "GET /goods.php?detail/2010119330402 HTTP/2.0" 200 24059 "https://www.vedanthasoftware.com/goods.php?detail/201002445022" "Mozilla/5.0 AppleWebKit/537.36 (KHTML, like Gecko; compatible; GPTBot/1.3; +https://openai.com/gptbot)"
57.141.0.40 - - [13/Mar/2026:02:00:48 +0530] "GET /?e=89090230333908 HTTP/2.0" 200 183473 "-" "meta-externalagent/1.1 (+https://developers.facebook.com/docs/sharing/webmasters/crawler)"
57.141.0.20 - - [13/Mar/2026:02:00:48 +0530] "GET /?e=62013205184004 HTTP/2.0" 200 183473 "-" "meta-externalagent/1.1 (+https://developers.facebook.com/docs/sharing/webmasters/crawler)"
74.7.243.201 - - [13/Mar/2026:02:00:51 +0530] "GET /goods.php?detail/117049722201 HTTP/2.0" 200 24119 "https://www.vedanthasoftware.com/goods.php?detail/055013079182" "Mozilla/5.0 AppleWebKit/537.36 (KHTML, like Gecko; compatible; GPTBot/1.3; +https://openai.com/gptbot)"
74.7.242.1 - - [13/Mar/2026:02:00:51 +0530] "GET /goods.php?detail/106005975300 HTTP/2.0" 200 23995 "https://vedanthasoftware.com/goods.php?detail/254022303712" "Mozilla/5.0 AppleWebKit/537.36 (KHTML, like Gecko; compatible; GPTBot/1.3; +https://openai.com/gptbot)"
57.141.0.53 - - [13/Mar/2026:02:00:52 +0530] "GET /?e=2612160605301 HTTP/2.0" 200 183473 "-" "meta-externalagent/1.1 (+https://developers.facebook.com/docs/sharing/webmasters/crawler)"
57.141.0.36 - - [13/Mar/2026:02:00:52 +0530] "GET /?e=07692254019501 HTTP/2.0" 200 183473 "-" "meta-externalagent/1.1 (+https://developers.facebook.com/docs/sharing/webmasters/crawler)"
57.141.0.35 - - [13/Mar/2026:02:00:52 +0530] "GET /?e=81997182590101 HTTP/2.0" 200 183473 "-" "meta-externalagent/1.1 (+https://developers.facebook.com/docs/sharing/webmasters/crawler)"
57.141.0.23 - - [13/Mar/2026:02:00:53 +0530] "GET /?e=31282245367706 HTTP/2.0" 200 183473 "-" "meta-externalagent/1.1 (+https://developers.facebook.com/docs/sharing/webmasters/crawler)"
74.7.243.201 - - [13/Mar/2026:02:00:55 +0530] "GET /goods.php?detail/089028744736 HTTP/2.0" 200 24079 "https://www.vedanthasoftware.com/goods.php?detail/195013121188" "Mozilla/5.0 AppleWebKit/537.36 (KHTML, like Gecko; compatible; GPTBot/1.3; +https://openai.com/gptbot)"
57.141.0.70 - - [13/Mar/2026:02:00:56 +0530] "GET /?e=21310286704701 HTTP/2.0" 200 183473 "-" "meta-externalagent/1.1 (+https://developers.facebook.com/docs/sharing/webmasters/crawler)"
74.7.242.1 - - [13/Mar/2026:02:00:58 +0530] "GET /goods.php?detail/2600424493043 HTTP/2.0" 200 23526 "https://vedanthasoftware.com/goods.php?detail/260028348805" "Mozilla/5.0 AppleWebKit/537.36 (KHTML, like Gecko; compatible; GPTBot/1.3; +https://openai.com/gptbot)"
74.7.243.201 - - [13/Mar/2026:02:00:59 +0530] "GET /goods.php?detail/277039340907 HTTP/2.0" 200 24244 "https://www.vedanthasoftware.com/goods.php?detail/277037757252" "Mozilla/5.0 AppleWebKit/537.36 (KHTML, like Gecko; compatible; GPTBot/1.3; +https://openai.com/gptbot)"
57.141.0.72 - - [13/Mar/2026:02:01:00 +0530] "GET /?e=71271290925801 HTTP/2.0" 200 183473 "-" "meta-externalagent/1.1 (+https://developers.facebook.com/docs/sharing/webmasters/crawler)"
74.7.242.1 - - [13/Mar/2026:02:01:01 +0530] "GET /goods.php?detail/010033244215 HTTP/2.0" 200 23530 "https://vedanthasoftware.com/goods.php?detail/044039124880" "Mozilla/5.0 AppleWebKit/537.36 (KHTML, like Gecko; compatible; GPTBot/1.3; +https://openai.com/gptbot)"
57.141.0.30 - - [13/Mar/2026:02:01:01 +0530] "GET /?e=77182151090200 HTTP/2.0" 200 183473 "-" "meta-externalagent/1.1 (+https://developers.facebook.com/docs/sharing/webmasters/crawler)"
74.7.243.201 - - [13/Mar/2026:02:01:04 +0530] "GET /goods.php?detail/274041678382 HTTP/2.0" 200 24659 "https://www.vedanthasoftware.com/goods.php?detail/274026324246" "Mozilla/5.0 AppleWebKit/537.36 (KHTML, like Gecko; compatible; GPTBot/1.3; +https://openai.com/gptbot)"
74.7.242.1 - - [13/Mar/2026:02:01:04 +0530] "GET /goods.php?detail/016006374079 HTTP/2.0" 200 24514 "https://vedanthasoftware.com/goods.php?detail/016026653522" "Mozilla/5.0 AppleWebKit/537.36 (KHTML, like Gecko; compatible; GPTBot/1.3; +https://openai.com/gptbot)"
57.141.0.22 - - [13/Mar/2026:02:01:05 +0530] "GET /?e=48821192725302 HTTP/2.0" 200 183473 "-" "meta-externalagent/1.1 (+https://developers.facebook.com/docs/sharing/webmasters/crawler)"
57.141.0.64 - - [13/Mar/2026:02:01:05 +0530] "GET /?e=67379130527601 HTTP/2.0" 200 183473 "-" "meta-externalagent/1.1 (+https://developers.facebook.com/docs/sharing/webmasters/crawler)"
74.7.242.1 - - [13/Mar/2026:02:01:07 +0530] "GET /goods.php?detail/242022344168 HTTP/2.0" 200 25030 "https://vedanthasoftware.com/goods.php?detail/242022334741" "Mozilla/5.0 AppleWebKit/537.36 (KHTML, like Gecko; compatible; GPTBot/1.3; +https://openai.com/gptbot)"
74.7.243.201 - - [13/Mar/2026:02:01:08 +0530] "GET /goods.php?detail/245041783012 HTTP/2.0" 200 24227 "https://www.vedanthasoftware.com/goods.php?jp/274026324.html" "Mozilla/5.0 AppleWebKit/537.36 (KHTML, like Gecko; compatible; GPTBot/1.3; +https://openai.com/gptbot)"
57.141.0.26 - - [13/Mar/2026:02:01:08 +0530] "GET /?e=1302127141700 HTTP/2.0" 200 183473 "-" "meta-externalagent/1.1 (+https://developers.facebook.com/docs/sharing/webmasters/crawler)"
74.7.243.201 - - [13/Mar/2026:02:01:12 +0530] "GET /goods.php?detail/055003395464 HTTP/2.0" 200 24653 "https://www.vedanthasoftware.com/goods.php?jp/055003398.html" "Mozilla/5.0 AppleWebKit/537.36 (KHTML, like Gecko; compatible; GPTBot/1.3; +https://openai.com/gptbot)"
