74.7.243.201 - - [13/Mar/2026:02:26:36 +0530] "GET /goods.php?detail/157013652345 HTTP/2.0" 200 24051 "https://www.vedanthasoftware.com/goods.php?detail/081030378864" "Mozilla/5.0 AppleWebKit/537.36 (KHTML, like Gecko; compatible; GPTBot/1.3; +https://openai.com/gptbot)"
114.119.144.200 - - [13/Mar/2026:02:26:37 +0530] "GET /?_p=124034724 HTTP/1.1" 301 5 "https://www.vedanthasoftware.com/sitemap546.xml" "Mozilla/5.0 (Linux; Android 7.0;) AppleWebKit/537.36 (KHTML, like Gecko) Mobile Safari/537.36 (compatible; PetalBot;+https://webmaster.petalsearch.com/site/petalbot)"
74.7.242.1 - - [13/Mar/2026:02:26:37 +0530] "GET /goods.php?jp/175030226.html HTTP/2.0" 200 24439 "https://vedanthasoftware.com/goods.php?detail/175030226645" "Mozilla/5.0 AppleWebKit/537.36 (KHTML, like Gecko; compatible; GPTBot/1.3; +https://openai.com/gptbot)"
57.141.0.49 - - [13/Mar/2026:02:26:38 +0530] "GET /?e=71021172896400 HTTP/2.0" 200 183473 "-" "meta-externalagent/1.1 (+https://developers.facebook.com/docs/sharing/webmasters/crawler)"
74.7.243.201 - - [13/Mar/2026:02:26:40 +0530] "GET /goods.php?detail/165005747005 HTTP/2.0" 200 24120 "https://www.vedanthasoftware.com/goods.php?detail/165016938235" "Mozilla/5.0 AppleWebKit/537.36 (KHTML, like Gecko; compatible; GPTBot/1.3; +https://openai.com/gptbot)"
114.119.144.200 - - [13/Mar/2026:02:26:41 +0530] "GET /?_p=124034724 HTTP/1.1" 200 38167 "https://www.vedanthasoftware.com/sitemap546.xml" "Mozilla/5.0 (Linux; Android 7.0;) AppleWebKit/537.36 (KHTML, like Gecko) Mobile Safari/537.36 (compatible; PetalBot;+https://webmaster.petalsearch.com/site/petalbot)"
74.7.242.1 - - [13/Mar/2026:02:26:41 +0530] "GET /goods.php?detail/175016678350 HTTP/2.0" 200 23844 "https://vedanthasoftware.com/goods.php?detail/175030226645" "Mozilla/5.0 AppleWebKit/537.36 (KHTML, like Gecko; compatible; GPTBot/1.3; +https://openai.com/gptbot)"
57.141.0.70 - - [13/Mar/2026:02:26:42 +0530] "GET /?e=9993348055202 HTTP/2.0" 200 183473 "-" "meta-externalagent/1.1 (+https://developers.facebook.com/docs/sharing/webmasters/crawler)"
74.7.243.201 - - [13/Mar/2026:02:26:43 +0530] "GET /goods.php?detail/175044678080 HTTP/2.0" 200 24832 "https://www.vedanthasoftware.com/goods.php?detail/093037823367" "Mozilla/5.0 AppleWebKit/537.36 (KHTML, like Gecko; compatible; GPTBot/1.3; +https://openai.com/gptbot)"
74.7.242.1 - - [13/Mar/2026:02:26:45 +0530] "GET /goods.php?detail/085017576298 HTTP/2.0" 200 23898 "https://vedanthasoftware.com/goods.php?detail/001031602886" "Mozilla/5.0 AppleWebKit/537.36 (KHTML, like Gecko; compatible; GPTBot/1.3; +https://openai.com/gptbot)"
74.7.243.201 - - [13/Mar/2026:02:26:46 +0530] "GET /goods.php?detail/291046737940 HTTP/2.0" 200 24220 "https://www.vedanthasoftware.com/goods.php?detail/165016938235" "Mozilla/5.0 AppleWebKit/537.36 (KHTML, like Gecko; compatible; GPTBot/1.3; +https://openai.com/gptbot)"
74.7.242.1 - - [13/Mar/2026:02:26:48 +0530] "GET /goods.php?detail/209039435223 HTTP/2.0" 200 24217 "https://vedanthasoftware.com/goods.php?detail/058005915440" "Mozilla/5.0 AppleWebKit/537.36 (KHTML, like Gecko; compatible; GPTBot/1.3; +https://openai.com/gptbot)"
74.7.243.201 - - [13/Mar/2026:02:26:50 +0530] "GET /goods.php?detail/244046687728 HTTP/2.0" 200 23519 "https://www.vedanthasoftware.com/goods.php?detail/127041445014" "Mozilla/5.0 AppleWebKit/537.36 (KHTML, like Gecko; compatible; GPTBot/1.3; +https://openai.com/gptbot)"
74.7.242.1 - - [13/Mar/2026:02:26:51 +0530] "GET /goods.php?detail/030036217069 HTTP/2.0" 200 24064 "https://vedanthasoftware.com/goods.php?detail/023023735302" "Mozilla/5.0 AppleWebKit/537.36 (KHTML, like Gecko; compatible; GPTBot/1.3; +https://openai.com/gptbot)"
74.7.243.201 - - [13/Mar/2026:02:26:53 +0530] "GET /goods.php?detail/270046280314 HTTP/2.0" 200 24149 "https://www.vedanthasoftware.com/goods.php?detail/021005593581" "Mozilla/5.0 AppleWebKit/537.36 (KHTML, like Gecko; compatible; GPTBot/1.3; +https://openai.com/gptbot)"
57.141.0.46 - - [13/Mar/2026:02:26:54 +0530] "GET /?e=29072230419403 HTTP/2.0" 200 183473 "-" "meta-externalagent/1.1 (+https://developers.facebook.com/docs/sharing/webmasters/crawler)"
74.7.242.1 - - [13/Mar/2026:02:26:54 +0530] "GET /goods.php?jp/123036047.html HTTP/2.0" 200 24146 "https://vedanthasoftware.com/goods.php?detail/080033761446" "Mozilla/5.0 AppleWebKit/537.36 (KHTML, like Gecko; compatible; GPTBot/1.3; +https://openai.com/gptbot)"
74.7.242.1 - - [13/Mar/2026:02:26:57 +0530] "GET /goods.php?detail/120025820077 HTTP/2.0" 200 23622 "https://vedanthasoftware.com/goods.php?detail/120001472287" "Mozilla/5.0 AppleWebKit/537.36 (KHTML, like Gecko; compatible; GPTBot/1.3; +https://openai.com/gptbot)"
74.7.243.201 - - [13/Mar/2026:02:26:57 +0530] "GET /goods.php?detail/122039511964 HTTP/2.0" 200 24798 "https://www.vedanthasoftware.com/goods.php?detail/164047782709" "Mozilla/5.0 AppleWebKit/537.36 (KHTML, like Gecko; compatible; GPTBot/1.3; +https://openai.com/gptbot)"
74.7.242.1 - - [13/Mar/2026:02:27:00 +0530] "GET /goods.php?detail/080018704449 HTTP/2.0" 200 24115 "https://vedanthasoftware.com/goods.php?detail/080033761446" "Mozilla/5.0 AppleWebKit/537.36 (KHTML, like Gecko; compatible; GPTBot/1.3; +https://openai.com/gptbot)"
74.7.243.201 - - [13/Mar/2026:02:27:00 +0530] "GET /goods.php?detail/186020089744 HTTP/2.0" 200 23706 "https://www.vedanthasoftware.com/goods.php?detail/081029423211" "Mozilla/5.0 AppleWebKit/537.36 (KHTML, like Gecko; compatible; GPTBot/1.3; +https://openai.com/gptbot)"
74.7.242.1 - - [13/Mar/2026:02:27:03 +0530] "GET /goods.php?detail/001043381074 HTTP/2.0" 200 25403 "https://vedanthasoftware.com/goods.php?detail/001031583481" "Mozilla/5.0 AppleWebKit/537.36 (KHTML, like Gecko; compatible; GPTBot/1.3; +https://openai.com/gptbot)"
74.7.243.201 - - [13/Mar/2026:02:27:04 +0530] "GET /goods.php?detail/095014861766 HTTP/2.0" 200 24337 "https://www.vedanthasoftware.com/goods.php?detail/0950053474305" "Mozilla/5.0 AppleWebKit/537.36 (KHTML, like Gecko; compatible; GPTBot/1.3; +https://openai.com/gptbot)"
57.141.0.50 - - [13/Mar/2026:02:27:04 +0530] "GET /?e=88161248267901 HTTP/2.0" 200 183473 "-" "meta-externalagent/1.1 (+https://developers.facebook.com/docs/sharing/webmasters/crawler)"
57.141.0.68 - - [13/Mar/2026:02:27:05 +0530] "GET /?e=65598288732101 HTTP/2.0" 200 183473 "-" "meta-externalagent/1.1 (+https://developers.facebook.com/docs/sharing/webmasters/crawler)"
57.141.0.18 - - [13/Mar/2026:02:27:05 +0530] "GET /?e=89779245151000 HTTP/2.0" 200 183473 "-" "meta-externalagent/1.1 (+https://developers.facebook.com/docs/sharing/webmasters/crawler)"
74.7.242.1 - - [13/Mar/2026:02:27:08 +0530] "GET /goods.php?detail/123027716102 HTTP/2.0" 200 24999 "https://vedanthasoftware.com/goods.php?detail/123009843854" "Mozilla/5.0 AppleWebKit/537.36 (KHTML, like Gecko; compatible; GPTBot/1.3; +https://openai.com/gptbot)"
74.7.243.201 - - [13/Mar/2026:02:27:08 +0530] "GET /goods.php?detail/270036417448 HTTP/2.0" 200 23897 "https://www.vedanthasoftware.com/goods.php?detail/065002073520" "Mozilla/5.0 AppleWebKit/537.36 (KHTML, like Gecko; compatible; GPTBot/1.3; +https://openai.com/gptbot)"
40.77.167.230 - - [13/Mar/2026:02:27:08 +0530] "GET /kakuho2_free/ HTTP/2.0" 200 33 "-" "Mozilla/5.0 AppleWebKit/537.36 (KHTML, like Gecko; compatible; bingbot/2.0; +http://www.bing.com/bingbot.htm) Chrome/116.0.1938.76 Safari/537.36"
57.141.0.53 - - [13/Mar/2026:02:27:09 +0530] "GET /?e=57661132224906 HTTP/2.0" 200 183473 "-" "meta-externalagent/1.1 (+https://developers.facebook.com/docs/sharing/webmasters/crawler)"
74.7.243.201 - - [13/Mar/2026:02:27:11 +0530] "GET /goods.php?detail/201030916465 HTTP/2.0" 200 24489 "https://www.vedanthasoftware.com/goods.php?detail/047040436110" "Mozilla/5.0 AppleWebKit/537.36 (KHTML, like Gecko; compatible; GPTBot/1.3; +https://openai.com/gptbot)"
74.7.242.1 - - [13/Mar/2026:02:27:12 +0530] "GET /goods.php?detail/080018703399 HTTP/2.0" 200 23715 "https://vedanthasoftware.com/goods.php?detail/080033761446" "Mozilla/5.0 AppleWebKit/537.36 (KHTML, like Gecko; compatible; GPTBot/1.3; +https://openai.com/gptbot)"
57.141.0.44 - - [13/Mar/2026:02:27:12 +0530] "GET /?e=3321455329000 HTTP/2.0" 200 183473 "-" "meta-externalagent/1.1 (+https://developers.facebook.com/docs/sharing/webmasters/crawler)"
74.7.243.201 - - [13/Mar/2026:02:27:15 +0530] "GET /goods.php?detail/144033375571 HTTP/2.0" 200 24867 "https://www.vedanthasoftware.com/goods.php?detail/157013652345" "Mozilla/5.0 AppleWebKit/537.36 (KHTML, like Gecko; compatible; GPTBot/1.3; +https://openai.com/gptbot)"
74.7.242.1 - - [13/Mar/2026:02:27:16 +0530] "GET /goods.php?detail/080018702275 HTTP/2.0" 200 25040 "https://vedanthasoftware.com/goods.php?detail/080033761446" "Mozilla/5.0 AppleWebKit/537.36 (KHTML, like Gecko; compatible; GPTBot/1.3; +https://openai.com/gptbot)"
74.7.243.201 - - [13/Mar/2026:02:27:19 +0530] "GET /goods.php?detail/157033162074 HTTP/2.0" 200 25173 "https://www.vedanthasoftware.com/goods.php?detail/157013652345" "Mozilla/5.0 AppleWebKit/537.36 (KHTML, like Gecko; compatible; GPTBot/1.3; +https://openai.com/gptbot)"
74.7.242.1 - - [13/Mar/2026:02:27:19 +0530] "GET /goods.php?detail/114012626794 HTTP/2.0" 200 23965 "https://vedanthasoftware.com/goods.php?detail/120001472287" "Mozilla/5.0 AppleWebKit/537.36 (KHTML, like Gecko; compatible; GPTBot/1.3; +https://openai.com/gptbot)"
57.141.0.40 - - [13/Mar/2026:02:27:20 +0530] "GET /?e=96720291584104 HTTP/2.0" 200 183473 "-" "meta-externalagent/1.1 (+https://developers.facebook.com/docs/sharing/webmasters/crawler)"
57.141.0.58 - - [13/Mar/2026:02:27:20 +0530] "GET /?e=69898121510805 HTTP/2.0" 200 183473 "-" "meta-externalagent/1.1 (+https://developers.facebook.com/docs/sharing/webmasters/crawler)"
74.7.243.201 - - [13/Mar/2026:02:27:23 +0530] "GET /goods.php?detail/159035704160 HTTP/2.0" 200 24345 "https://www.vedanthasoftware.com/goods.php?detail/0470077019474" "Mozilla/5.0 AppleWebKit/537.36 (KHTML, like Gecko; compatible; GPTBot/1.3; +https://openai.com/gptbot)"
74.7.242.1 - - [13/Mar/2026:02:27:23 +0530] "GET /goods.php?detail/0910020018608 HTTP/2.0" 200 23930 "https://vedanthasoftware.com/goods.php?detail/165038038670" "Mozilla/5.0 AppleWebKit/537.36 (KHTML, like Gecko; compatible; GPTBot/1.3; +https://openai.com/gptbot)"
57.141.0.62 - - [13/Mar/2026:02:27:24 +0530] "GET /?e=00203132884003 HTTP/2.0" 200 183473 "-" "meta-externalagent/1.1 (+https://developers.facebook.com/docs/sharing/webmasters/crawler)"
57.141.0.29 - - [13/Mar/2026:02:27:24 +0530] "GET /?e=71777145970303 HTTP/2.0" 200 183473 "-" "meta-externalagent/1.1 (+https://developers.facebook.com/docs/sharing/webmasters/crawler)"
57.141.0.72 - - [13/Mar/2026:02:27:25 +0530] "GET /?e=79786122171505 HTTP/2.0" 200 183473 "-" "meta-externalagent/1.1 (+https://developers.facebook.com/docs/sharing/webmasters/crawler)"
74.7.243.201 - - [13/Mar/2026:02:27:26 +0530] "GET /goods.php?detail/249021729247 HTTP/2.0" 200 24079 "https://www.vedanthasoftware.com/goods.php?detail/291046737940" "Mozilla/5.0 AppleWebKit/537.36 (KHTML, like Gecko; compatible; GPTBot/1.3; +https://openai.com/gptbot)"
74.7.242.1 - - [13/Mar/2026:02:27:27 +0530] "GET /goods.php?detail/171047301444 HTTP/2.0" 200 24775 "https://vedanthasoftware.com/goods.php?detail/209039435223" "Mozilla/5.0 AppleWebKit/537.36 (KHTML, like Gecko; compatible; GPTBot/1.3; +https://openai.com/gptbot)"
57.141.0.58 - - [13/Mar/2026:02:27:27 +0530] "GET /?e=17707181777502 HTTP/2.0" 200 183473 "-" "meta-externalagent/1.1 (+https://developers.facebook.com/docs/sharing/webmasters/crawler)"
74.7.243.201 - - [13/Mar/2026:02:27:30 +0530] "GET /goods.php?detail/045012769012 HTTP/2.0" 200 23959 "https://www.vedanthasoftware.com/goods.php?detail/244046687728" "Mozilla/5.0 AppleWebKit/537.36 (KHTML, like Gecko; compatible; GPTBot/1.3; +https://openai.com/gptbot)"
74.7.242.1 - - [13/Mar/2026:02:27:30 +0530] "GET /goods.php?detail/065013605911 HTTP/2.0" 200 24506 "https://vedanthasoftware.com/goods.php?detail/209039435223" "Mozilla/5.0 AppleWebKit/537.36 (KHTML, like Gecko; compatible; GPTBot/1.3; +https://openai.com/gptbot)"
74.7.243.201 - - [13/Mar/2026:02:27:32 +0530] "GET /goods.php?detail/291015617274 HTTP/2.0" 200 24397 "https://www.vedanthasoftware.com/goods.php?detail/291046737940" "Mozilla/5.0 AppleWebKit/537.36 (KHTML, like Gecko; compatible; GPTBot/1.3; +https://openai.com/gptbot)"
74.7.242.1 - - [13/Mar/2026:02:27:33 +0530] "GET /goods.php?detail/0720440295969 HTTP/2.0" 200 24033 "https://vedanthasoftware.com/goods.php?jp/123036047.html" "Mozilla/5.0 AppleWebKit/537.36 (KHTML, like Gecko; compatible; GPTBot/1.3; +https://openai.com/gptbot)"
74.7.243.201 - - [13/Mar/2026:02:27:36 +0530] "GET /goods.php?detail/122013799516 HTTP/2.0" 200 24202 "https://www.vedanthasoftware.com/goods.php?detail/122039511964" "Mozilla/5.0 AppleWebKit/537.36 (KHTML, like Gecko; compatible; GPTBot/1.3; +https://openai.com/gptbot)"
74.7.242.1 - - [13/Mar/2026:02:27:37 +0530] "GET /goods.php?detail/112044319455 HTTP/2.0" 200 25434 "https://vedanthasoftware.com/goods.php?detail/112025169641" "Mozilla/5.0 AppleWebKit/537.36 (KHTML, like Gecko; compatible; GPTBot/1.3; +https://openai.com/gptbot)"
74.7.243.201 - - [13/Mar/2026:02:27:39 +0530] "GET /goods.php?detail/2650040430904 HTTP/2.0" 200 24206 "https://www.vedanthasoftware.com/goods.php?detail/186020089744" "Mozilla/5.0 AppleWebKit/537.36 (KHTML, like Gecko; compatible; GPTBot/1.3; +https://openai.com/gptbot)"
57.141.0.41 - - [13/Mar/2026:02:27:40 +0530] "GET /?e=817579667304 HTTP/2.0" 200 183473 "-" "meta-externalagent/1.1 (+https://developers.facebook.com/docs/sharing/webmasters/crawler)"
74.7.242.1 - - [13/Mar/2026:02:27:41 +0530] "GET /goods.php?detail/102010452490 HTTP/2.0" 200 24837 "https://vedanthasoftware.com/goods.php?detail/080018704449" "Mozilla/5.0 AppleWebKit/537.36 (KHTML, like Gecko; compatible; GPTBot/1.3; +https://openai.com/gptbot)"
74.7.243.201 - - [13/Mar/2026:02:27:44 +0530] "GET /goods.php?detail/1180218353966 HTTP/2.0" 200 24332 "https://www.vedanthasoftware.com/goods.php?detail/118021841244" "Mozilla/5.0 AppleWebKit/537.36 (KHTML, like Gecko; compatible; GPTBot/1.3; +https://openai.com/gptbot)"
74.7.242.1 - - [13/Mar/2026:02:27:44 +0530] "GET /goods.php?detail/106016253130 HTTP/2.0" 200 24010 "https://vedanthasoftware.com/goods.php?detail/106031450814" "Mozilla/5.0 AppleWebKit/537.36 (KHTML, like Gecko; compatible; GPTBot/1.3; +https://openai.com/gptbot)"
57.141.0.9 - - [13/Mar/2026:02:27:45 +0530] "GET /?e=92843232300500 HTTP/2.0" 200 183473 "-" "meta-externalagent/1.1 (+https://developers.facebook.com/docs/sharing/webmasters/crawler)"
57.141.0.26 - - [13/Mar/2026:02:27:45 +0530] "GET /?e=00942230624203 HTTP/2.0" 200 183473 "-" "meta-externalagent/1.1 (+https://developers.facebook.com/docs/sharing/webmasters/crawler)"
74.7.243.201 - - [13/Mar/2026:02:27:47 +0530] "GET /goods.php?detail/270036429901 HTTP/2.0" 200 24315 "https://www.vedanthasoftware.com/goods.php?detail/270036417448" "Mozilla/5.0 AppleWebKit/537.36 (KHTML, like Gecko; compatible; GPTBot/1.3; +https://openai.com/gptbot)"
74.7.242.1 - - [13/Mar/2026:02:27:48 +0530] "GET /goods.php?detail/150016188682 HTTP/2.0" 200 24401 "https://vedanthasoftware.com/goods.php?detail/150019799096" "Mozilla/5.0 AppleWebKit/537.36 (KHTML, like Gecko; compatible; GPTBot/1.3; +https://openai.com/gptbot)"
57.141.0.16 - - [13/Mar/2026:02:27:48 +0530] "GET /?e=8991711438300 HTTP/2.0" 200 183473 "-" "meta-externalagent/1.1 (+https://developers.facebook.com/docs/sharing/webmasters/crawler)"
57.141.0.66 - - [13/Mar/2026:02:27:49 +0530] "GET /?e=6807317854000 HTTP/2.0" 200 183473 "-" "meta-externalagent/1.1 (+https://developers.facebook.com/docs/sharing/webmasters/crawler)"
74.7.243.201 - - [13/Mar/2026:02:27:50 +0530] "GET /goods.php?detail/2980165178087 HTTP/2.0" 200 23941 "https://www.vedanthasoftware.com/goods.php?detail/0650020765925" "Mozilla/5.0 AppleWebKit/537.36 (KHTML, like Gecko; compatible; GPTBot/1.3; +https://openai.com/gptbot)"
57.141.0.23 - - [13/Mar/2026:02:27:51 +0530] "GET /?e=43550151990507 HTTP/2.0" 200 183473 "-" "meta-externalagent/1.1 (+https://developers.facebook.com/docs/sharing/webmasters/crawler)"
57.141.0.49 - - [13/Mar/2026:02:27:52 +0530] "GET /?e=88790182185603 HTTP/2.0" 200 183473 "-" "meta-externalagent/1.1 (+https://developers.facebook.com/docs/sharing/webmasters/crawler)"
74.7.242.1 - - [13/Mar/2026:02:27:52 +0530] "GET /goods.php?detail/084009914967 HTTP/2.0" 200 23704 "https://vedanthasoftware.com/goods.php?detail/0840110570187" "Mozilla/5.0 AppleWebKit/537.36 (KHTML, like Gecko; compatible; GPTBot/1.3; +https://openai.com/gptbot)"
74.7.243.201 - - [13/Mar/2026:02:27:55 +0530] "GET /goods.php?detail/1640275616824 HTTP/2.0" 200 24220 "https://www.vedanthasoftware.com/goods.php?detail/0850058794085" "Mozilla/5.0 AppleWebKit/537.36 (KHTML, like Gecko; compatible; GPTBot/1.3; +https://openai.com/gptbot)"
74.7.242.1 - - [13/Mar/2026:02:27:55 +0530] "GET /goods.php?detail/217010619409 HTTP/2.0" 200 25572 "https://vedanthasoftware.com/goods.php?detail/217020425304" "Mozilla/5.0 AppleWebKit/537.36 (KHTML, like Gecko; compatible; GPTBot/1.3; +https://openai.com/gptbot)"
57.141.0.19 - - [13/Mar/2026:02:27:56 +0530] "GET /?e=10710164420803 HTTP/2.0" 200 183473 "-" "meta-externalagent/1.1 (+https://developers.facebook.com/docs/sharing/webmasters/crawler)"
74.7.242.1 - - [13/Mar/2026:02:27:59 +0530] "GET /goods.php?detail/114032608130 HTTP/2.0" 200 23716 "https://vedanthasoftware.com/goods.php?detail/114012626794" "Mozilla/5.0 AppleWebKit/537.36 (KHTML, like Gecko; compatible; GPTBot/1.3; +https://openai.com/gptbot)"
74.7.243.201 - - [13/Mar/2026:02:27:59 +0530] "GET /goods.php?detail/017012094055 HTTP/2.0" 200 23173 "https://www.vedanthasoftware.com/goods.php?detail/157033162074" "Mozilla/5.0 AppleWebKit/537.36 (KHTML, like Gecko; compatible; GPTBot/1.3; +https://openai.com/gptbot)"
74.7.243.201 - - [13/Mar/2026:02:28:03 +0530] "GET /goods.php?detail/159000150724 HTTP/2.0" 200 24164 "https://www.vedanthasoftware.com/goods.php?detail/159035704160" "Mozilla/5.0 AppleWebKit/537.36 (KHTML, like Gecko; compatible; GPTBot/1.3; +https://openai.com/gptbot)"
74.7.242.1 - - [13/Mar/2026:02:28:03 +0530] "GET /goods.php?detail/178030066186 HTTP/2.0" 200 23879 "https://vedanthasoftware.com/goods.php?detail/200011733492" "Mozilla/5.0 AppleWebKit/537.36 (KHTML, like Gecko; compatible; GPTBot/1.3; +https://openai.com/gptbot)"
185.249.227.216 - - [13/Mar/2026:02:28:06 +0530] "GET / HTTP/1.1" 200 38168 "-" "Mozilla/5.0 (X11; Linux x86_64) AppleWebKit/537.36 (KHTML, like Gecko) Chrome/44.0.2403.157 Safari/537.36"
57.141.0.36 - - [13/Mar/2026:02:28:06 +0530] "GET /?e=71206296752004 HTTP/2.0" 200 183473 "-" "meta-externalagent/1.1 (+https://developers.facebook.com/docs/sharing/webmasters/crawler)"
74.7.243.201 - - [13/Mar/2026:02:28:08 +0530] "GET /goods.php?detail/102037322677 HTTP/2.0" 200 25102 "https://www.vedanthasoftware.com/goods.php?detail/249021729247" "Mozilla/5.0 AppleWebKit/537.36 (KHTML, like Gecko; compatible; GPTBot/1.3; +https://openai.com/gptbot)"
74.7.242.1 - - [13/Mar/2026:02:28:10 +0530] "GET /goods.php?detail/055027820956 HTTP/2.0" 200 25270 "https://vedanthasoftware.com/goods.php?jp/055047244.html" "Mozilla/5.0 AppleWebKit/537.36 (KHTML, like Gecko; compatible; GPTBot/1.3; +https://openai.com/gptbot)"
57.141.0.43 - - [13/Mar/2026:02:28:10 +0530] "GET /?e=79907254524105 HTTP/2.0" 200 183473 "-" "meta-externalagent/1.1 (+https://developers.facebook.com/docs/sharing/webmasters/crawler)"
57.141.0.7 - - [13/Mar/2026:02:28:11 +0530] "GET /?e=67080181153403 HTTP/2.0" 200 183473 "-" "meta-externalagent/1.1 (+https://developers.facebook.com/docs/sharing/webmasters/crawler)"
57.141.0.70 - - [13/Mar/2026:02:28:12 +0530] "GET /?e=11481286326700 HTTP/2.0" 200 183473 "-" "meta-externalagent/1.1 (+https://developers.facebook.com/docs/sharing/webmasters/crawler)"
74.7.243.201 - - [13/Mar/2026:02:28:14 +0530] "GET /goods.php?detail/134015481526 HTTP/2.0" 200 23400 "https://www.vedanthasoftware.com/goods.php?detail/045012769012" "Mozilla/5.0 AppleWebKit/537.36 (KHTML, like Gecko; compatible; GPTBot/1.3; +https://openai.com/gptbot)"
74.7.242.1 - - [13/Mar/2026:02:28:15 +0530] "GET /goods.php?detail/047027209741 HTTP/2.0" 200 24488 "https://vedanthasoftware.com/goods.php?detail/047014651606" "Mozilla/5.0 AppleWebKit/537.36 (KHTML, like Gecko; compatible; GPTBot/1.3; +https://openai.com/gptbot)"
74.7.243.201 - - [13/Mar/2026:02:28:18 +0530] "GET /goods.php?detail/1200120362512 HTTP/2.0" 200 24061 "https://www.vedanthasoftware.com/goods.php?detail/120003406562" "Mozilla/5.0 AppleWebKit/537.36 (KHTML, like Gecko; compatible; GPTBot/1.3; +https://openai.com/gptbot)"
114.119.153.137 - - [13/Mar/2026:02:28:18 +0530] "GET /?_p=121033407 HTTP/1.1" 301 5 "https://www.vedanthasoftware.com/sitemap546.xml" "Mozilla/5.0 (Linux; Android 7.0;) AppleWebKit/537.36 (KHTML, like Gecko) Mobile Safari/537.36 (compatible; PetalBot;+https://webmaster.petalsearch.com/site/petalbot)"
74.7.242.1 - - [13/Mar/2026:02:28:19 +0530] "GET /goods.php?detail/071044214305 HTTP/2.0" 200 24051 "https://vedanthasoftware.com/goods.php?detail/2010178213104" "Mozilla/5.0 AppleWebKit/537.36 (KHTML, like Gecko; compatible; GPTBot/1.3; +https://openai.com/gptbot)"
40.77.167.6 - - [13/Mar/2026:02:28:19 +0530] "GET /?e=7289710842600 HTTP/2.0" 200 33 "-" "Mozilla/5.0 AppleWebKit/537.36 (KHTML, like Gecko; compatible; bingbot/2.0; +http://www.bing.com/bingbot.htm) Chrome/116.0.1938.76 Safari/537.36"
74.7.243.201 - - [13/Mar/2026:02:28:22 +0530] "GET /goods.php?detail/119001009319 HTTP/2.0" 200 24427 "https://www.vedanthasoftware.com/goods.php?detail/122013799516" "Mozilla/5.0 AppleWebKit/537.36 (KHTML, like Gecko; compatible; GPTBot/1.3; +https://openai.com/gptbot)"
114.119.153.137 - - [13/Mar/2026:02:28:23 +0530] "GET /?_p=121033407 HTTP/1.1" 200 38164 "https://www.vedanthasoftware.com/sitemap546.xml" "Mozilla/5.0 (Linux; Android 7.0;) AppleWebKit/537.36 (KHTML, like Gecko) Mobile Safari/537.36 (compatible; PetalBot;+https://webmaster.petalsearch.com/site/petalbot)"
74.7.242.1 - - [13/Mar/2026:02:28:23 +0530] "GET /goods.php?detail/0690264865331 HTTP/2.0" 200 24590 "https://vedanthasoftware.com/goods.php?detail/112044319455" "Mozilla/5.0 AppleWebKit/537.36 (KHTML, like Gecko; compatible; GPTBot/1.3; +https://openai.com/gptbot)"
57.141.0.9 - - [13/Mar/2026:02:28:24 +0530] "GET /?e=58710199214501 HTTP/2.0" 200 183473 "-" "meta-externalagent/1.1 (+https://developers.facebook.com/docs/sharing/webmasters/crawler)"
74.7.243.201 - - [13/Mar/2026:02:28:25 +0530] "GET /goods.php?detail/140027989866 HTTP/2.0" 200 24558 "https://www.vedanthasoftware.com/goods.php?detail/2650040430904" "Mozilla/5.0 AppleWebKit/537.36 (KHTML, like Gecko; compatible; GPTBot/1.3; +https://openai.com/gptbot)"
57.141.0.33 - - [13/Mar/2026:02:28:26 +0530] "GET /?e=85421240989403 HTTP/2.0" 200 183473 "-" "meta-externalagent/1.1 (+https://developers.facebook.com/docs/sharing/webmasters/crawler)"
74.7.242.1 - - [13/Mar/2026:02:28:27 +0530] "GET /goods.php?detail/008022479730 HTTP/2.0" 200 24204 "https://vedanthasoftware.com/goods.php?detail/133033684328" "Mozilla/5.0 AppleWebKit/537.36 (KHTML, like Gecko; compatible; GPTBot/1.3; +https://openai.com/gptbot)"
74.7.243.201 - - [13/Mar/2026:02:28:29 +0530] "GET /goods.php?detail/033021970437 HTTP/2.0" 200 24314 "https://www.vedanthasoftware.com/goods.php?detail/122013799516" "Mozilla/5.0 AppleWebKit/537.36 (KHTML, like Gecko; compatible; GPTBot/1.3; +https://openai.com/gptbot)"
74.7.242.1 - - [13/Mar/2026:02:28:30 +0530] "GET /goods.php?detail/110015817984 HTTP/2.0" 200 24941 "https://vedanthasoftware.com/goods.php?goods/161032316" "Mozilla/5.0 AppleWebKit/537.36 (KHTML, like Gecko; compatible; GPTBot/1.3; +https://openai.com/gptbot)"
57.141.0.58 - - [13/Mar/2026:02:28:30 +0530] "GET /?e=199016450804 HTTP/2.0" 200 183473 "-" "meta-externalagent/1.1 (+https://developers.facebook.com/docs/sharing/webmasters/crawler)"
74.7.243.201 - - [13/Mar/2026:02:28:32 +0530] "GET /goods.php?detail/270023027218 HTTP/2.0" 200 24174 "https://www.vedanthasoftware.com/goods.php?detail/270036429901" "Mozilla/5.0 AppleWebKit/537.36 (KHTML, like Gecko; compatible; GPTBot/1.3; +https://openai.com/gptbot)"
74.7.242.1 - - [13/Mar/2026:02:28:33 +0530] "GET /goods.php?detail/284020818429 HTTP/2.0" 200 23964 "https://vedanthasoftware.com/goods.php?detail/150016188682" "Mozilla/5.0 AppleWebKit/537.36 (KHTML, like Gecko; compatible; GPTBot/1.3; +https://openai.com/gptbot)"
74.7.243.201 - - [13/Mar/2026:02:28:35 +0530] "GET /goods.php?detail/298033342528 HTTP/2.0" 200 23896 "https://www.vedanthasoftware.com/goods.php?detail/2980165178087" "Mozilla/5.0 AppleWebKit/537.36 (KHTML, like Gecko; compatible; GPTBot/1.3; +https://openai.com/gptbot)"
74.7.242.1 - - [13/Mar/2026:02:28:35 +0530] "GET /goods.php?detail/137011736657 HTTP/2.0" 200 24408 "https://vedanthasoftware.com/goods.php?detail/059029334083" "Mozilla/5.0 AppleWebKit/537.36 (KHTML, like Gecko; compatible; GPTBot/1.3; +https://openai.com/gptbot)"
35.174.141.243 - - [13/Mar/2026:02:28:36 +0530] "GET /wp-json/oembed/1.0/embed?format=xml&url=https://vedanthasoftware.com/yuksek-kazanc-potansiyeli-youwin-guncel-giris-platformunda/ HTTP/1.1" 200 2735 "-" "Mozilla/5.0 AppleWebKit/537.36 (KHTML, like Gecko; compatible; Amazonbot/0.1; +https://developer.amazon.com/support/amazonbot) Chrome/119.0.6045.214 Safari/537.36"
57.141.0.48 - - [13/Mar/2026:02:28:36 +0530] "GET /?e=03963250503300 HTTP/2.0" 200 183473 "-" "meta-externalagent/1.1 (+https://developers.facebook.com/docs/sharing/webmasters/crawler)"
74.7.242.1 - - [13/Mar/2026:02:28:38 +0530] "GET /goods.php?detail/144028044286 HTTP/2.0" 200 24389 "https://vedanthasoftware.com/goods.php?detail/217010619409" "Mozilla/5.0 AppleWebKit/537.36 (KHTML, like Gecko; compatible; GPTBot/1.3; +https://openai.com/gptbot)"
74.7.243.201 - - [13/Mar/2026:02:28:39 +0530] "GET /goods.php?detail/239031982246 HTTP/2.0" 200 24205 "https://www.vedanthasoftware.com/goods.php?detail/1180218353966" "Mozilla/5.0 AppleWebKit/537.36 (KHTML, like Gecko; compatible; GPTBot/1.3; +https://openai.com/gptbot)"
74.7.242.1 - - [13/Mar/2026:02:28:41 +0530] "GET /goods.php?detail/164042171460 HTTP/2.0" 200 24778 "https://vedanthasoftware.com/goods.php?detail/164046228622" "Mozilla/5.0 AppleWebKit/537.36 (KHTML, like Gecko; compatible; GPTBot/1.3; +https://openai.com/gptbot)"
74.7.243.201 - - [13/Mar/2026:02:28:42 +0530] "GET /goods.php?detail/0230231204327 HTTP/2.0" 200 23855 "https://www.vedanthasoftware.com/goods.php?detail/023028231684" "Mozilla/5.0 AppleWebKit/537.36 (KHTML, like Gecko; compatible; GPTBot/1.3; +https://openai.com/gptbot)"
74.7.242.1 - - [13/Mar/2026:02:28:44 +0530] "GET /goods.php?detail/114033154930 HTTP/2.0" 200 23746 "https://vedanthasoftware.com/goods.php?detail/114033155214" "Mozilla/5.0 AppleWebKit/537.36 (KHTML, like Gecko; compatible; GPTBot/1.3; +https://openai.com/gptbot)"
74.7.243.201 - - [13/Mar/2026:02:28:44 +0530] "GET /goods.php?jp/239031982.html HTTP/2.0" 200 24195 "https://www.vedanthasoftware.com/goods.php?detail/239031982246" "Mozilla/5.0 AppleWebKit/537.36 (KHTML, like Gecko; compatible; GPTBot/1.3; +https://openai.com/gptbot)"
74.7.242.1 - - [13/Mar/2026:02:28:47 +0530] "GET /goods.php?detail/297039278912 HTTP/2.0" 200 24427 "https://vedanthasoftware.com/goods.php?detail/055027820956" "Mozilla/5.0 AppleWebKit/537.36 (KHTML, like Gecko; compatible; GPTBot/1.3; +https://openai.com/gptbot)"
74.7.243.201 - - [13/Mar/2026:02:28:48 +0530] "GET /goods.php?detail/117002787320 HTTP/2.0" 200 24443 "https://www.vedanthasoftware.com/goods.php?detail/159000150724" "Mozilla/5.0 AppleWebKit/537.36 (KHTML, like Gecko; compatible; GPTBot/1.3; +https://openai.com/gptbot)"
74.7.242.1 - - [13/Mar/2026:02:28:50 +0530] "GET /goods.php?detail/066008892672 HTTP/2.0" 200 25332 "https://vedanthasoftware.com/goods.php?detail/067013742345" "Mozilla/5.0 AppleWebKit/537.36 (KHTML, like Gecko; compatible; GPTBot/1.3; +https://openai.com/gptbot)"
74.7.243.201 - - [13/Mar/2026:02:28:52 +0530] "GET /goods.php?detail/186042286875 HTTP/2.0" 200 24099 "https://www.vedanthasoftware.com/goods.php?detail/102037322677" "Mozilla/5.0 AppleWebKit/537.36 (KHTML, like Gecko; compatible; GPTBot/1.3; +https://openai.com/gptbot)"
74.7.242.1 - - [13/Mar/2026:02:28:52 +0530] "GET /goods.php?detail/07104079426941 HTTP/2.0" 200 23988 "https://vedanthasoftware.com/goods.php?detail/071044214305" "Mozilla/5.0 AppleWebKit/537.36 (KHTML, like Gecko; compatible; GPTBot/1.3; +https://openai.com/gptbot)"
74.7.242.1 - - [13/Mar/2026:02:28:55 +0530] "GET /goods.php?detail/071040791107 HTTP/2.0" 200 25028 "https://vedanthasoftware.com/goods.php?detail/071044214305" "Mozilla/5.0 AppleWebKit/537.36 (KHTML, like Gecko; compatible; GPTBot/1.3; +https://openai.com/gptbot)"
74.7.243.201 - - [13/Mar/2026:02:28:56 +0530] "GET /goods.php?detail/0600494600595 HTTP/2.0" 200 24827 "https://www.vedanthasoftware.com/goods.php?detail/060042101178" "Mozilla/5.0 AppleWebKit/537.36 (KHTML, like Gecko; compatible; GPTBot/1.3; +https://openai.com/gptbot)"
57.141.0.35 - - [13/Mar/2026:02:28:58 +0530] "GET /?e=6077047561415 HTTP/2.0" 200 183473 "-" "meta-externalagent/1.1 (+https://developers.facebook.com/docs/sharing/webmasters/crawler)"
74.7.242.1 - - [13/Mar/2026:02:28:58 +0530] "GET /goods.php?detail/008006282908 HTTP/2.0" 200 23907 "https://vedanthasoftware.com/goods.php?detail/008022479730" "Mozilla/5.0 AppleWebKit/537.36 (KHTML, like Gecko; compatible; GPTBot/1.3; +https://openai.com/gptbot)"
74.7.242.1 - - [13/Mar/2026:02:29:01 +0530] "GET /goods.php?detail/078013106161 HTTP/2.0" 200 23888 "https://vedanthasoftware.com/goods.php?detail/008022479730" "Mozilla/5.0 AppleWebKit/537.36 (KHTML, like Gecko; compatible; GPTBot/1.3; +https://openai.com/gptbot)"
74.7.243.201 - - [13/Mar/2026:02:29:02 +0530] "GET /goods.php?detail/120012016083 HTTP/2.0" 200 24166 "https://www.vedanthasoftware.com/goods.php?detail/1200120362512" "Mozilla/5.0 AppleWebKit/537.36 (KHTML, like Gecko; compatible; GPTBot/1.3; +https://openai.com/gptbot)"
57.141.0.64 - - [13/Mar/2026:02:29:03 +0530] "GET /?e=60087218342906 HTTP/2.0" 200 183473 "-" "meta-externalagent/1.1 (+https://developers.facebook.com/docs/sharing/webmasters/crawler)"
57.141.0.64 - - [13/Mar/2026:02:29:03 +0530] "GET /?e=09793182272900 HTTP/2.0" 200 183473 "-" "meta-externalagent/1.1 (+https://developers.facebook.com/docs/sharing/webmasters/crawler)"
57.141.0.62 - - [13/Mar/2026:02:29:04 +0530] "GET /?e=877225505902 HTTP/2.0" 200 183473 "-" "meta-externalagent/1.1 (+https://developers.facebook.com/docs/sharing/webmasters/crawler)"
74.7.242.1 - - [13/Mar/2026:02:29:06 +0530] "GET /goods.php?detail/146034682291 HTTP/2.0" 200 23677 "https://vedanthasoftware.com/goods.php?detail/008022479730" "Mozilla/5.0 AppleWebKit/537.36 (KHTML, like Gecko; compatible; GPTBot/1.3; +https://openai.com/gptbot)"
74.7.243.201 - - [13/Mar/2026:02:29:06 +0530] "GET /goods.php?detail/056023983557 HTTP/2.0" 200 24896 "https://www.vedanthasoftware.com/goods.php?detail/1200120362512" "Mozilla/5.0 AppleWebKit/537.36 (KHTML, like Gecko; compatible; GPTBot/1.3; +https://openai.com/gptbot)"
74.7.242.1 - - [13/Mar/2026:02:29:09 +0530] "GET /goods.php?detail/071040786342 HTTP/2.0" 200 25227 "https://vedanthasoftware.com/goods.php?detail/071044214305" "Mozilla/5.0 AppleWebKit/537.36 (KHTML, like Gecko; compatible; GPTBot/1.3; +https://openai.com/gptbot)"
74.7.243.201 - - [13/Mar/2026:02:29:10 +0530] "GET /goods.php?detail/1200120192328 HTTP/2.0" 200 24138 "https://www.vedanthasoftware.com/goods.php?detail/1200120362512" "Mozilla/5.0 AppleWebKit/537.36 (KHTML, like Gecko; compatible; GPTBot/1.3; +https://openai.com/gptbot)"
57.141.0.55 - - [13/Mar/2026:02:29:10 +0530] "GET /?e=8625949909301 HTTP/2.0" 200 183473 "-" "meta-externalagent/1.1 (+https://developers.facebook.com/docs/sharing/webmasters/crawler)"
114.119.158.211 - - [13/Mar/2026:02:29:11 +0530] "GET /?_p=102039034 HTTP/1.1" 301 5 "https://www.vedanthasoftware.com/sitemap546.xml" "Mozilla/5.0 (Linux; Android 7.0;) AppleWebKit/537.36 (KHTML, like Gecko) Mobile Safari/537.36 (compatible; PetalBot;+https://webmaster.petalsearch.com/site/petalbot)"
74.7.243.201 - - [13/Mar/2026:02:29:14 +0530] "GET /goods.php?detail/033021977764 HTTP/2.0" 200 24186 "https://www.vedanthasoftware.com/goods.php?detail/033021970437" "Mozilla/5.0 AppleWebKit/537.36 (KHTML, like Gecko; compatible; GPTBot/1.3; +https://openai.com/gptbot)"
74.7.242.1 - - [13/Mar/2026:02:29:14 +0530] "GET /goods.php?detail/218030108412 HTTP/2.0" 200 23885 "https://vedanthasoftware.com/goods.php?detail/144028044286" "Mozilla/5.0 AppleWebKit/537.36 (KHTML, like Gecko; compatible; GPTBot/1.3; +https://openai.com/gptbot)"
74.7.242.1 - - [13/Mar/2026:02:29:18 +0530] "GET /goods.php?detail/164044616451 HTTP/2.0" 200 24070 "https://vedanthasoftware.com/goods.php?detail/164042171460" "Mozilla/5.0 AppleWebKit/537.36 (KHTML, like Gecko; compatible; GPTBot/1.3; +https://openai.com/gptbot)"
74.7.243.201 - - [13/Mar/2026:02:29:18 +0530] "GET /goods.php?detail/270016669626 HTTP/2.0" 200 24205 "https://www.vedanthasoftware.com/goods.php?detail/270023027218" "Mozilla/5.0 AppleWebKit/537.36 (KHTML, like Gecko; compatible; GPTBot/1.3; +https://openai.com/gptbot)"
114.119.158.211 - - [13/Mar/2026:02:29:18 +0530] "GET /?_p=102039034 HTTP/1.1" 200 38166 "https://www.vedanthasoftware.com/sitemap546.xml" "Mozilla/5.0 (Linux; Android 7.0;) AppleWebKit/537.36 (KHTML, like Gecko) Mobile Safari/537.36 (compatible; PetalBot;+https://webmaster.petalsearch.com/site/petalbot)"
74.7.242.1 - - [13/Mar/2026:02:29:22 +0530] "GET /goods.php?detail/296003286001 HTTP/2.0" 200 23683 "https://vedanthasoftware.com/goods.php?detail/164042171460" "Mozilla/5.0 AppleWebKit/537.36 (KHTML, like Gecko; compatible; GPTBot/1.3; +https://openai.com/gptbot)"
74.7.243.201 - - [13/Mar/2026:02:29:22 +0530] "GET /goods.php?detail/270016666002 HTTP/2.0" 200 23893 "https://www.vedanthasoftware.com/goods.php?detail/270023027218" "Mozilla/5.0 AppleWebKit/537.36 (KHTML, like Gecko; compatible; GPTBot/1.3; +https://openai.com/gptbot)"
74.7.243.201 - - [13/Mar/2026:02:29:25 +0530] "GET /goods.php?detail/0520202655084 HTTP/2.0" 200 24442 "https://www.vedanthasoftware.com/goods.php?detail/143017163099" "Mozilla/5.0 AppleWebKit/537.36 (KHTML, like Gecko; compatible; GPTBot/1.3; +https://openai.com/gptbot)"
74.7.242.1 - - [13/Mar/2026:02:29:26 +0530] "GET /goods.php?detail/297009819981 HTTP/2.0" 200 23853 "https://vedanthasoftware.com/goods.php?detail/297039278912" "Mozilla/5.0 AppleWebKit/537.36 (KHTML, like Gecko; compatible; GPTBot/1.3; +https://openai.com/gptbot)"
74.7.243.201 - - [13/Mar/2026:02:29:27 +0530] "GET /goods.php?detail/010005898030 HTTP/2.0" 200 24446 "https://www.vedanthasoftware.com/goods.php?jp/239031982.html" "Mozilla/5.0 AppleWebKit/537.36 (KHTML, like Gecko; compatible; GPTBot/1.3; +https://openai.com/gptbot)"
74.7.242.1 - - [13/Mar/2026:02:29:29 +0530] "GET /goods.php?detail/0660464118069 HTTP/2.0" 200 23899 "https://vedanthasoftware.com/goods.php?detail/066008892672" "Mozilla/5.0 AppleWebKit/537.36 (KHTML, like Gecko; compatible; GPTBot/1.3; +https://openai.com/gptbot)"
74.7.243.201 - - [13/Mar/2026:02:29:30 +0530] "GET /goods.php?detail/093018421897 HTTP/2.0" 200 24753 "https://www.vedanthasoftware.com/goods.php?jp/239031982.html" "Mozilla/5.0 AppleWebKit/537.36 (KHTML, like Gecko; compatible; GPTBot/1.3; +https://openai.com/gptbot)"
74.7.242.1 - - [13/Mar/2026:02:29:32 +0530] "GET /goods.php?detail/071028376526 HTTP/2.0" 200 25639 "https://vedanthasoftware.com/goods.php?detail/07104079426941" "Mozilla/5.0 AppleWebKit/537.36 (KHTML, like Gecko; compatible; GPTBot/1.3; +https://openai.com/gptbot)"
74.7.243.201 - - [13/Mar/2026:02:29:33 +0530] "GET /goods.php?goods/010005898 HTTP/2.0" 200 24207 "https://www.vedanthasoftware.com/goods.php?detail/010005898030" "Mozilla/5.0 AppleWebKit/537.36 (KHTML, like Gecko; compatible; GPTBot/1.3; +https://openai.com/gptbot)"
74.7.242.1 - - [13/Mar/2026:02:29:35 +0530] "GET /goods.php?detail/1620160976117 HTTP/2.0" 200 24313 "https://vedanthasoftware.com/goods.php?detail/071040791107" "Mozilla/5.0 AppleWebKit/537.36 (KHTML, like Gecko; compatible; GPTBot/1.3; +https://openai.com/gptbot)"
74.7.243.201 - - [13/Mar/2026:02:29:36 +0530] "GET /goods.php?detail/239031992910 HTTP/2.0" 200 24867 "https://www.vedanthasoftware.com/goods.php?jp/239031982.html" "Mozilla/5.0 AppleWebKit/537.36 (KHTML, like Gecko; compatible; GPTBot/1.3; +https://openai.com/gptbot)"
74.7.242.1 - - [13/Mar/2026:02:29:38 +0530] "GET /goods.php?detail/008038493420 HTTP/2.0" 200 24325 "https://vedanthasoftware.com/goods.php?detail/008006282908" "Mozilla/5.0 AppleWebKit/537.36 (KHTML, like Gecko; compatible; GPTBot/1.3; +https://openai.com/gptbot)"
57.141.0.8 - - [13/Mar/2026:02:29:39 +0530] "GET /?e=28084263325203 HTTP/2.0" 200 183473 "-" "meta-externalagent/1.1 (+https://developers.facebook.com/docs/sharing/webmasters/crawler)"
74.7.243.201 - - [13/Mar/2026:02:29:40 +0530] "GET /goods.php?detail/186007966413 HTTP/2.0" 200 25046 "https://www.vedanthasoftware.com/goods.php?detail/186042286875" "Mozilla/5.0 AppleWebKit/537.36 (KHTML, like Gecko; compatible; GPTBot/1.3; +https://openai.com/gptbot)"
57.141.0.54 - - [13/Mar/2026:02:29:41 +0530] "GET /?e=82017290839901 HTTP/2.0" 200 183473 "-" "meta-externalagent/1.1 (+https://developers.facebook.com/docs/sharing/webmasters/crawler)"
74.7.242.1 - - [13/Mar/2026:02:29:41 +0530] "GET /goods.php?detail/254019935937 HTTP/2.0" 200 23754 "https://vedanthasoftware.com/goods.php?detail/078013106161" "Mozilla/5.0 AppleWebKit/537.36 (KHTML, like Gecko; compatible; GPTBot/1.3; +https://openai.com/gptbot)"
74.7.243.201 - - [13/Mar/2026:02:29:45 +0530] "GET /goods.php?m81934343522 HTTP/2.0" 200 24314 "https://www.vedanthasoftware.com/goods.php?detail/120012016083" "Mozilla/5.0 AppleWebKit/537.36 (KHTML, like Gecko; compatible; GPTBot/1.3; +https://openai.com/gptbot)"
74.7.242.1 - - [13/Mar/2026:02:29:46 +0530] "GET /goods.php?detail/146010001673 HTTP/2.0" 200 23728 "https://vedanthasoftware.com/goods.php?detail/146034682291" "Mozilla/5.0 AppleWebKit/537.36 (KHTML, like Gecko; compatible; GPTBot/1.3; +https://openai.com/gptbot)"
74.7.243.201 - - [13/Mar/2026:02:29:49 +0530] "GET /goods.php?detail/056042812204 HTTP/2.0" 200 24978 "https://www.vedanthasoftware.com/goods.php?detail/056023983557" "Mozilla/5.0 AppleWebKit/537.36 (KHTML, like Gecko; compatible; GPTBot/1.3; +https://openai.com/gptbot)"
74.7.242.1 - - [13/Mar/2026:02:29:50 +0530] "GET /goods.php?jp/071036835.html HTTP/2.0" 200 24145 "https://vedanthasoftware.com/goods.php?detail/071040786342" "Mozilla/5.0 AppleWebKit/537.36 (KHTML, like Gecko; compatible; GPTBot/1.3; +https://openai.com/gptbot)"
74.7.243.201 - - [13/Mar/2026:02:29:52 +0530] "GET /goods.php?detail/033036477589 HTTP/2.0" 200 23786 "https://www.vedanthasoftware.com/goods.php?detail/056023983557" "Mozilla/5.0 AppleWebKit/537.36 (KHTML, like Gecko; compatible; GPTBot/1.3; +https://openai.com/gptbot)"
74.7.242.1 - - [13/Mar/2026:02:29:53 +0530] "GET /goods.php?detail/158039663571 HTTP/2.0" 200 23966 "https://vedanthasoftware.com/goods.php?detail/218030108412" "Mozilla/5.0 AppleWebKit/537.36 (KHTML, like Gecko; compatible; GPTBot/1.3; +https://openai.com/gptbot)"
74.7.243.201 - - [13/Mar/2026:02:29:55 +0530] "GET /goods.php?detail/120012043078 HTTP/2.0" 200 24193 "https://www.vedanthasoftware.com/goods.php?detail/120012016083" "Mozilla/5.0 AppleWebKit/537.36 (KHTML, like Gecko; compatible; GPTBot/1.3; +https://openai.com/gptbot)"
57.141.0.28 - - [13/Mar/2026:02:29:56 +0530] "GET /?e=9467283917406 HTTP/2.0" 200 183473 "-" "meta-externalagent/1.1 (+https://developers.facebook.com/docs/sharing/webmasters/crawler)"
74.7.242.1 - - [13/Mar/2026:02:29:56 +0530] "GET /goods.php?detail/291018057418 HTTP/2.0" 200 23945 "https://vedanthasoftware.com/goods.php?detail/164044616451" "Mozilla/5.0 AppleWebKit/537.36 (KHTML, like Gecko; compatible; GPTBot/1.3; +https://openai.com/gptbot)"
57.141.0.68 - - [13/Mar/2026:02:29:56 +0530] "GET /?e=8014399033702 HTTP/2.0" 200 183473 "-" "meta-externalagent/1.1 (+https://developers.facebook.com/docs/sharing/webmasters/crawler)"
57.141.0.30 - - [13/Mar/2026:02:29:57 +0530] "GET /?e=1391776260201 HTTP/2.0" 200 183473 "-" "meta-externalagent/1.1 (+https://developers.facebook.com/docs/sharing/webmasters/crawler)"
74.7.243.201 - - [13/Mar/2026:02:29:59 +0530] "GET /goods.php?detail/270023028688 HTTP/2.0" 200 23914 "https://www.vedanthasoftware.com/goods.php?detail/270016669626" "Mozilla/5.0 AppleWebKit/537.36 (KHTML, like Gecko; compatible; GPTBot/1.3; +https://openai.com/gptbot)"
74.7.242.1 - - [13/Mar/2026:02:30:01 +0530] "GET /goods.php?detail/150003434162 HTTP/2.0" 200 23467 "https://vedanthasoftware.com/goods.php?detail/146034682291" "Mozilla/5.0 AppleWebKit/537.36 (KHTML, like Gecko; compatible; GPTBot/1.3; +https://openai.com/gptbot)"
74.7.243.201 - - [13/Mar/2026:02:30:02 +0530] "GET /goods.php?detail/065021370069 HTTP/2.0" 200 24002 "https://www.vedanthasoftware.com/goods.php?detail/033021977764" "Mozilla/5.0 AppleWebKit/537.36 (KHTML, like Gecko; compatible; GPTBot/1.3; +https://openai.com/gptbot)"
74.7.242.1 - - [13/Mar/2026:02:30:04 +0530] "GET /goods.php?detail/297041767609 HTTP/2.0" 200 23872 "https://vedanthasoftware.com/goods.php?detail/297009819981" "Mozilla/5.0 AppleWebKit/537.36 (KHTML, like Gecko; compatible; GPTBot/1.3; +https://openai.com/gptbot)"
74.7.243.201 - - [13/Mar/2026:02:30:07 +0530] "GET /goods.php?detail/270017436174 HTTP/2.0" 200 24318 "https://www.vedanthasoftware.com/goods.php?detail/270016669626" "Mozilla/5.0 AppleWebKit/537.36 (KHTML, like Gecko; compatible; GPTBot/1.3; +https://openai.com/gptbot)"
74.7.242.1 - - [13/Mar/2026:02:30:07 +0530] "GET /goods.php?detail/078009497437 HTTP/2.0" 200 24040 "https://vedanthasoftware.com/goods.php?detail/078013106161" "Mozilla/5.0 AppleWebKit/537.36 (KHTML, like Gecko; compatible; GPTBot/1.3; +https://openai.com/gptbot)"
74.7.243.201 - - [13/Mar/2026:02:30:10 +0530] "GET /goods.php?detail/010028807892 HTTP/2.0" 200 23901 "https://www.vedanthasoftware.com/goods.php?detail/010005898030" "Mozilla/5.0 AppleWebKit/537.36 (KHTML, like Gecko; compatible; GPTBot/1.3; +https://openai.com/gptbot)"
57.141.0.24 - - [13/Mar/2026:02:30:11 +0530] "GET /?e=94780222070301 HTTP/2.0" 200 183473 "-" "meta-externalagent/1.1 (+https://developers.facebook.com/docs/sharing/webmasters/crawler)"
74.7.242.1 - - [13/Mar/2026:02:30:12 +0530] "GET /goods.php?detail/063022595570 HTTP/2.0" 200 24015 "https://vedanthasoftware.com/goods.php?detail/063046185610" "Mozilla/5.0 AppleWebKit/537.36 (KHTML, like Gecko; compatible; GPTBot/1.3; +https://openai.com/gptbot)"
57.141.0.65 - - [13/Mar/2026:02:30:13 +0530] "GET /?e=63820126865300 HTTP/2.0" 200 183473 "-" "meta-externalagent/1.1 (+https://developers.facebook.com/docs/sharing/webmasters/crawler)"
57.141.0.4 - - [13/Mar/2026:02:30:14 +0530] "GET /?e=99772161995800 HTTP/2.0" 200 183473 "-" "meta-externalagent/1.1 (+https://developers.facebook.com/docs/sharing/webmasters/crawler)"
57.141.0.27 - - [13/Mar/2026:02:30:15 +0530] "GET /?e=3780840306102 HTTP/2.0" 200 183473 "-" "meta-externalagent/1.1 (+https://developers.facebook.com/docs/sharing/webmasters/crawler)"
74.7.243.201 - - [13/Mar/2026:02:30:16 +0530] "GET /goods.php?detail/117006839092 HTTP/2.0" 200 23981 "https://www.vedanthasoftware.com/goods.php?detail/117002787320" "Mozilla/5.0 AppleWebKit/537.36 (KHTML, like Gecko; compatible; GPTBot/1.3; +https://openai.com/gptbot)"
57.141.0.66 - - [13/Mar/2026:02:30:16 +0530] "GET /?e=32973206968900 HTTP/2.0" 200 183473 "-" "meta-externalagent/1.1 (+https://developers.facebook.com/docs/sharing/webmasters/crawler)"
74.7.243.201 - - [13/Mar/2026:02:30:21 +0530] "GET /goods.php?detail/1910340019898 HTTP/2.0" 200 25144 "https://www.vedanthasoftware.com/goods.php?detail/239031992910" "Mozilla/5.0 AppleWebKit/537.36 (KHTML, like Gecko; compatible; GPTBot/1.3; +https://openai.com/gptbot)"
74.7.242.1 - - [13/Mar/2026:02:30:21 +0530] "GET /goods.php?detail/002010732035 HTTP/2.0" 200 23525 "https://vedanthasoftware.com/goods.php?detail/1620160976117" "Mozilla/5.0 AppleWebKit/537.36 (KHTML, like Gecko; compatible; GPTBot/1.3; +https://openai.com/gptbot)"
57.141.0.46 - - [13/Mar/2026:02:30:22 +0530] "GET /?e=2813073822711 HTTP/2.0" 200 183473 "-" "meta-externalagent/1.1 (+https://developers.facebook.com/docs/sharing/webmasters/crawler)"
57.141.0.60 - - [13/Mar/2026:02:30:22 +0530] "GET /?e=38908258393201 HTTP/2.0" 200 183473 "-" "meta-externalagent/1.1 (+https://developers.facebook.com/docs/sharing/webmasters/crawler)"
57.141.0.3 - - [13/Mar/2026:02:30:23 +0530] "GET /?e=95227231640703 HTTP/2.0" 200 183473 "-" "meta-externalagent/1.1 (+https://developers.facebook.com/docs/sharing/webmasters/crawler)"
74.7.242.1 - - [13/Mar/2026:02:30:25 +0530] "GET /goods.php?detail/020033977343 HTTP/2.0" 200 24328 "https://vedanthasoftware.com/goods.php?detail/008038493420" "Mozilla/5.0 AppleWebKit/537.36 (KHTML, like Gecko; compatible; GPTBot/1.3; +https://openai.com/gptbot)"
74.7.243.201 - - [13/Mar/2026:02:30:26 +0530] "GET /goods.php?detail/1860334430403 HTTP/2.0" 200 24156 "https://www.vedanthasoftware.com/goods.php?detail/186007966413" "Mozilla/5.0 AppleWebKit/537.36 (KHTML, like Gecko; compatible; GPTBot/1.3; +https://openai.com/gptbot)"
57.141.0.23 - - [13/Mar/2026:02:30:27 +0530] "GET /?e=51287166238904 HTTP/2.0" 200 183473 "-" "meta-externalagent/1.1 (+https://developers.facebook.com/docs/sharing/webmasters/crawler)"
74.7.242.1 - - [13/Mar/2026:02:30:30 +0530] "GET /goods.php?detail/266033239943 HTTP/2.0" 200 23874 "https://vedanthasoftware.com/goods.php?detail/254019935937" "Mozilla/5.0 AppleWebKit/537.36 (KHTML, like Gecko; compatible; GPTBot/1.3; +https://openai.com/gptbot)"
74.7.243.201 - - [13/Mar/2026:02:30:30 +0530] "GET /goods.php?detail/2560261412121 HTTP/2.0" 200 24997 "https://www.vedanthasoftware.com/goods.php?detail/256017870482" "Mozilla/5.0 AppleWebKit/537.36 (KHTML, like Gecko; compatible; GPTBot/1.3; +https://openai.com/gptbot)"
57.141.0.57 - - [13/Mar/2026:02:30:31 +0530] "GET /?e=078162922902 HTTP/2.0" 200 183473 "-" "meta-externalagent/1.1 (+https://developers.facebook.com/docs/sharing/webmasters/crawler)"
74.7.242.1 - - [13/Mar/2026:02:30:33 +0530] "GET /goods.php?detail/113049880604 HTTP/2.0" 200 23673 "https://vedanthasoftware.com/goods.php?detail/254019935937" "Mozilla/5.0 AppleWebKit/537.36 (KHTML, like Gecko; compatible; GPTBot/1.3; +https://openai.com/gptbot)"
74.7.243.201 - - [13/Mar/2026:02:30:34 +0530] "GET /goods.php?detail/056036056535 HTTP/2.0" 200 24018 "https://www.vedanthasoftware.com/goods.php?detail/056042812204" "Mozilla/5.0 AppleWebKit/537.36 (KHTML, like Gecko; compatible; GPTBot/1.3; +https://openai.com/gptbot)"
74.7.242.1 - - [13/Mar/2026:02:30:36 +0530] "GET /goods.php?detail/225006042308 HTTP/2.0" 200 23892 "https://vedanthasoftware.com/goods.php?detail/254019935937" "Mozilla/5.0 AppleWebKit/537.36 (KHTML, like Gecko; compatible; GPTBot/1.3; +https://openai.com/gptbot)"
74.7.243.201 - - [13/Mar/2026:02:30:37 +0530] "GET /goods.php?detail/049018057558 HTTP/2.0" 200 24608 "https://www.vedanthasoftware.com/goods.php?detail/033036477589" "Mozilla/5.0 AppleWebKit/537.36 (KHTML, like Gecko; compatible; GPTBot/1.3; +https://openai.com/gptbot)"
74.7.242.1 - - [13/Mar/2026:02:30:39 +0530] "GET /goods.php?detail/158020346102 HTTP/2.0" 200 24995 "https://vedanthasoftware.com/goods.php?detail/158039663571" "Mozilla/5.0 AppleWebKit/537.36 (KHTML, like Gecko; compatible; GPTBot/1.3; +https://openai.com/gptbot)"
74.7.243.201 - - [13/Mar/2026:02:30:39 +0530] "GET /goods.php?detail/120017347751 HTTP/2.0" 200 23957 "https://www.vedanthasoftware.com/goods.php?detail/120012043078" "Mozilla/5.0 AppleWebKit/537.36 (KHTML, like Gecko; compatible; GPTBot/1.3; +https://openai.com/gptbot)"
57.141.0.38 - - [13/Mar/2026:02:30:40 +0530] "GET /?e=9304239564002 HTTP/2.0" 200 183473 "-" "meta-externalagent/1.1 (+https://developers.facebook.com/docs/sharing/webmasters/crawler)"
74.7.242.1 - - [13/Mar/2026:02:30:42 +0530] "GET /goods.php?detail/29104191690111 HTTP/2.0" 200 23737 "https://vedanthasoftware.com/goods.php?detail/291018057418" "Mozilla/5.0 AppleWebKit/537.36 (KHTML, like Gecko; compatible; GPTBot/1.3; +https://openai.com/gptbot)"
74.7.243.201 - - [13/Mar/2026:02:30:42 +0530] "GET /goods.php?detail/215021753598 HTTP/2.0" 200 24666 "https://www.vedanthasoftware.com/goods.php?detail/270023028688" "Mozilla/5.0 AppleWebKit/537.36 (KHTML, like Gecko; compatible; GPTBot/1.3; +https://openai.com/gptbot)"
74.7.242.1 - - [13/Mar/2026:02:30:45 +0530] "GET /goods.php?detail/288011550831 HTTP/2.0" 200 23869 "https://vedanthasoftware.com/goods.php?detail/2880177617188" "Mozilla/5.0 AppleWebKit/537.36 (KHTML, like Gecko; compatible; GPTBot/1.3; +https://openai.com/gptbot)"
114.119.147.45 - - [13/Mar/2026:02:30:46 +0530] "GET /?_p=076039492 HTTP/1.1" 301 5 "https://www.vedanthasoftware.com/sitemap546.xml" "Mozilla/5.0 (Linux; Android 7.0;) AppleWebKit/537.36 (KHTML, like Gecko) Mobile Safari/537.36 (compatible; PetalBot;+https://webmaster.petalsearch.com/site/petalbot)"
74.7.243.201 - - [13/Mar/2026:02:30:46 +0530] "GET /goods.php?jp/065021370.html HTTP/2.0" 200 24026 "https://www.vedanthasoftware.com/goods.php?detail/065021370069" "Mozilla/5.0 AppleWebKit/537.36 (KHTML, like Gecko; compatible; GPTBot/1.3; +https://openai.com/gptbot)"
74.7.242.1 - - [13/Mar/2026:02:30:49 +0530] "GET /goods.php?detail/297014833799 HTTP/2.0" 200 24656 "https://vedanthasoftware.com/goods.php?detail/297041767609" "Mozilla/5.0 AppleWebKit/537.36 (KHTML, like Gecko; compatible; GPTBot/1.3; +https://openai.com/gptbot)"
