74.7.243.201 - - [13/Mar/2026:01:10:09 +0530] "GET /goods.php?detail/285007580098 HTTP/2.0" 200 24057 "https://www.vedanthasoftware.com/goods.php?detail/285043009710" "Mozilla/5.0 AppleWebKit/537.36 (KHTML, like Gecko; compatible; GPTBot/1.3; +https://openai.com/gptbot)"
74.7.242.1 - - [13/Mar/2026:01:10:10 +0530] "GET /goods.php?detail/250040727502 HTTP/2.0" 200 24720 "https://vedanthasoftware.com/goods.php?jp/264044632.html" "Mozilla/5.0 AppleWebKit/537.36 (KHTML, like Gecko; compatible; GPTBot/1.3; +https://openai.com/gptbot)"
44.218.170.184 - - [13/Mar/2026:01:10:11 +0530] "GET /kazanmanin-en-eglenceli-yolu-sweet-bonanza-oyna-ve-odulleri-topla/ HTTP/1.1" 200 104222 "-" "Mozilla/5.0 AppleWebKit/537.36 (KHTML, like Gecko; compatible; Amazonbot/0.1; +https://developer.amazon.com/support/amazonbot) Chrome/119.0.6045.214 Safari/537.36"
74.7.243.201 - - [13/Mar/2026:01:10:13 +0530] "GET /goods.php?detail/166011302897 HTTP/2.0" 200 23867 "https://www.vedanthasoftware.com/goods.php?detail/1660399600460" "Mozilla/5.0 AppleWebKit/537.36 (KHTML, like Gecko; compatible; GPTBot/1.3; +https://openai.com/gptbot)"
74.7.242.1 - - [13/Mar/2026:01:10:15 +0530] "GET /goods.php?detail/264021803185 HTTP/2.0" 200 24140 "https://vedanthasoftware.com/goods.php?jp/264044632.html" "Mozilla/5.0 AppleWebKit/537.36 (KHTML, like Gecko; compatible; GPTBot/1.3; +https://openai.com/gptbot)"
54.156.124.2 - - [13/Mar/2026:01:10:16 +0530] "GET /wp-json/oembed/1.0/embed?url=https://vedanthasoftware.com/betandyou-guncel-sonrasi-bonus-cevrim-suresini-kisaltma/ HTTP/1.1" 200 2583 "-" "Mozilla/5.0 AppleWebKit/537.36 (KHTML, like Gecko; compatible; Amazonbot/0.1; +https://developer.amazon.com/support/amazonbot) Chrome/119.0.6045.214 Safari/537.36"
74.7.243.201 - - [13/Mar/2026:01:10:18 +0530] "GET /goods.php?detail/0700401631740 HTTP/2.0" 200 23694 "https://www.vedanthasoftware.com/goods.php?detail/108028823560" "Mozilla/5.0 AppleWebKit/537.36 (KHTML, like Gecko; compatible; GPTBot/1.3; +https://openai.com/gptbot)"
74.7.242.1 - - [13/Mar/2026:01:10:20 +0530] "GET /goods.php?detail/228022401216 HTTP/2.0" 200 24247 "https://vedanthasoftware.com/goods.php?detail/228006882985" "Mozilla/5.0 AppleWebKit/537.36 (KHTML, like Gecko; compatible; GPTBot/1.3; +https://openai.com/gptbot)"
74.7.243.201 - - [13/Mar/2026:01:10:21 +0530] "GET /goods.php?detail/243036500799 HTTP/2.0" 200 23993 "https://www.vedanthasoftware.com/goods.php?detail/243030702705" "Mozilla/5.0 AppleWebKit/537.36 (KHTML, like Gecko; compatible; GPTBot/1.3; +https://openai.com/gptbot)"
74.7.242.1 - - [13/Mar/2026:01:10:24 +0530] "GET /goods.php?detail/265001015818 HTTP/2.0" 200 24001 "https://vedanthasoftware.com/goods.php?detail/228006882985" "Mozilla/5.0 AppleWebKit/537.36 (KHTML, like Gecko; compatible; GPTBot/1.3; +https://openai.com/gptbot)"
74.7.243.201 - - [13/Mar/2026:01:10:25 +0530] "GET /goods.php?detail/003012602930 HTTP/2.0" 200 24354 "https://www.vedanthasoftware.com/goods.php?detail/115020060587" "Mozilla/5.0 AppleWebKit/537.36 (KHTML, like Gecko; compatible; GPTBot/1.3; +https://openai.com/gptbot)"
57.141.0.49 - - [13/Mar/2026:01:10:25 +0530] "GET /?e=4387028072202 HTTP/2.0" 200 183473 "-" "meta-externalagent/1.1 (+https://developers.facebook.com/docs/sharing/webmasters/crawler)"
74.7.243.201 - - [13/Mar/2026:01:10:28 +0530] "GET /goods.php?detail/143029193119 HTTP/2.0" 200 24129 "https://www.vedanthasoftware.com/goods.php?detail/115020060587" "Mozilla/5.0 AppleWebKit/537.36 (KHTML, like Gecko; compatible; GPTBot/1.3; +https://openai.com/gptbot)"
74.7.242.1 - - [13/Mar/2026:01:10:28 +0530] "GET /goods.php?detail/022042606852 HTTP/2.0" 200 23699 "https://vedanthasoftware.com/goods.php?detail/022006590860" "Mozilla/5.0 AppleWebKit/537.36 (KHTML, like Gecko; compatible; GPTBot/1.3; +https://openai.com/gptbot)"
57.141.0.54 - - [13/Mar/2026:01:10:29 +0530] "GET /?e=0700886814303 HTTP/2.0" 200 183473 "-" "meta-externalagent/1.1 (+https://developers.facebook.com/docs/sharing/webmasters/crawler)"
74.7.243.201 - - [13/Mar/2026:01:10:31 +0530] "GET /goods.php?detail/271045816580 HTTP/2.0" 200 24110 "https://www.vedanthasoftware.com/goods.php?detail/221040334316" "Mozilla/5.0 AppleWebKit/537.36 (KHTML, like Gecko; compatible; GPTBot/1.3; +https://openai.com/gptbot)"
74.7.242.1 - - [13/Mar/2026:01:10:32 +0530] "GET /goods.php?detail/101024970377 HTTP/2.0" 200 24784 "https://vedanthasoftware.com/goods.php?detail/101039965066" "Mozilla/5.0 AppleWebKit/537.36 (KHTML, like Gecko; compatible; GPTBot/1.3; +https://openai.com/gptbot)"
74.7.242.1 - - [13/Mar/2026:01:10:35 +0530] "GET /goods.php?detail/103031130253 HTTP/2.0" 200 24174 "https://vedanthasoftware.com/goods.php?detail/267017846025" "Mozilla/5.0 AppleWebKit/537.36 (KHTML, like Gecko; compatible; GPTBot/1.3; +https://openai.com/gptbot)"
74.7.243.201 - - [13/Mar/2026:01:10:38 +0530] "GET /goods.php?detail/047023027159 HTTP/2.0" 200 23772 "https://www.vedanthasoftware.com/goods.php?detail/074009413861" "Mozilla/5.0 AppleWebKit/537.36 (KHTML, like Gecko; compatible; GPTBot/1.3; +https://openai.com/gptbot)"
74.7.242.1 - - [13/Mar/2026:01:10:39 +0530] "GET /goods.php?jp/101024970.html HTTP/2.0" 200 24897 "https://vedanthasoftware.com/goods.php?detail/101024970377" "Mozilla/5.0 AppleWebKit/537.36 (KHTML, like Gecko; compatible; GPTBot/1.3; +https://openai.com/gptbot)"
74.7.243.201 - - [13/Mar/2026:01:10:42 +0530] "GET /goods.php?detail/039034846131 HTTP/2.0" 200 24659 "https://www.vedanthasoftware.com/goods.php?detail/039021180500" "Mozilla/5.0 AppleWebKit/537.36 (KHTML, like Gecko; compatible; GPTBot/1.3; +https://openai.com/gptbot)"
74.7.242.1 - - [13/Mar/2026:01:10:42 +0530] "GET /goods.php?detail/0020170077360 HTTP/2.0" 200 23612 "https://vedanthasoftware.com/goods.php?detail/002023671781" "Mozilla/5.0 AppleWebKit/537.36 (KHTML, like Gecko; compatible; GPTBot/1.3; +https://openai.com/gptbot)"
74.7.243.201 - - [13/Mar/2026:01:10:45 +0530] "GET /goods.php?detail/068026827750 HTTP/2.0" 200 24036 "https://www.vedanthasoftware.com/goods.php?detail/126007320750" "Mozilla/5.0 AppleWebKit/537.36 (KHTML, like Gecko; compatible; GPTBot/1.3; +https://openai.com/gptbot)"
74.7.242.1 - - [13/Mar/2026:01:10:46 +0530] "GET /goods.php?detail/263023024486 HTTP/2.0" 200 24008 "https://vedanthasoftware.com/goods.php?detail/160036752103" "Mozilla/5.0 AppleWebKit/537.36 (KHTML, like Gecko; compatible; GPTBot/1.3; +https://openai.com/gptbot)"
74.7.243.201 - - [13/Mar/2026:01:10:50 +0530] "GET /goods.php?detail/080041934261 HTTP/2.0" 200 23839 "https://www.vedanthasoftware.com/goods.php?detail/0800107360809" "Mozilla/5.0 AppleWebKit/537.36 (KHTML, like Gecko; compatible; GPTBot/1.3; +https://openai.com/gptbot)"
74.7.242.1 - - [13/Mar/2026:01:10:51 +0530] "GET /goods.php?detail/224021067262 HTTP/2.0" 200 24543 "https://vedanthasoftware.com/goods.php?detail/0220082858602" "Mozilla/5.0 AppleWebKit/537.36 (KHTML, like Gecko; compatible; GPTBot/1.3; +https://openai.com/gptbot)"
74.7.243.201 - - [13/Mar/2026:01:10:54 +0530] "GET /goods.php?detail/134002306439 HTTP/2.0" 200 24299 "https://www.vedanthasoftware.com/goods.php?detail/285007580098" "Mozilla/5.0 AppleWebKit/537.36 (KHTML, like Gecko; compatible; GPTBot/1.3; +https://openai.com/gptbot)"
74.7.242.1 - - [13/Mar/2026:01:10:54 +0530] "GET /goods.php?detail/160004480407 HTTP/2.0" 200 23843 "https://vedanthasoftware.com/goods.php?detail/160004469446" "Mozilla/5.0 AppleWebKit/537.36 (KHTML, like Gecko; compatible; GPTBot/1.3; +https://openai.com/gptbot)"
74.7.243.201 - - [13/Mar/2026:01:10:57 +0530] "GET /goods.php?detail/042040156910 HTTP/2.0" 200 25591 "https://www.vedanthasoftware.com/goods.php?detail/166011302897" "Mozilla/5.0 AppleWebKit/537.36 (KHTML, like Gecko; compatible; GPTBot/1.3; +https://openai.com/gptbot)"
74.7.242.1 - - [13/Mar/2026:01:10:58 +0530] "GET /goods.php?detail/189019359066 HTTP/2.0" 200 23544 "https://vedanthasoftware.com/goods.php?detail/0220082858602" "Mozilla/5.0 AppleWebKit/537.36 (KHTML, like Gecko; compatible; GPTBot/1.3; +https://openai.com/gptbot)"
74.7.242.1 - - [13/Mar/2026:01:11:01 +0530] "GET /goods.php?detail/098010072292 HTTP/2.0" 200 23703 "https://vedanthasoftware.com/goods.php?detail/264021803185" "Mozilla/5.0 AppleWebKit/537.36 (KHTML, like Gecko; compatible; GPTBot/1.3; +https://openai.com/gptbot)"
74.7.243.201 - - [13/Mar/2026:01:11:01 +0530] "GET /goods.php?detail/182003037604 HTTP/2.0" 200 25794 "https://www.vedanthasoftware.com/goods.php?detail/166011302897" "Mozilla/5.0 AppleWebKit/537.36 (KHTML, like Gecko; compatible; GPTBot/1.3; +https://openai.com/gptbot)"
114.119.134.226 - - [13/Mar/2026:01:11:02 +0530] "GET /?_o=258024424 HTTP/1.1" 301 5 "https://www.vedanthasoftware.com/sitemap546.xml" "Mozilla/5.0 (Linux; Android 7.0;) AppleWebKit/537.36 (KHTML, like Gecko) Mobile Safari/537.36 (compatible; PetalBot;+https://webmaster.petalsearch.com/site/petalbot)"
74.7.242.1 - - [13/Mar/2026:01:11:04 +0530] "GET /goods.php?detail/197038750563 HTTP/2.0" 200 23861 "https://vedanthasoftware.com/goods.php?detail/160036752103" "Mozilla/5.0 AppleWebKit/537.36 (KHTML, like Gecko; compatible; GPTBot/1.3; +https://openai.com/gptbot)"
74.7.243.201 - - [13/Mar/2026:01:11:05 +0530] "GET /goods.php?detail/243030704468 HTTP/2.0" 200 24868 "https://www.vedanthasoftware.com/goods.php?detail/243036500799" "Mozilla/5.0 AppleWebKit/537.36 (KHTML, like Gecko; compatible; GPTBot/1.3; +https://openai.com/gptbot)"
114.119.134.226 - - [13/Mar/2026:01:11:06 +0530] "GET /?_o=258024424 HTTP/1.1" 200 38166 "https://www.vedanthasoftware.com/sitemap546.xml" "Mozilla/5.0 (Linux; Android 7.0;) AppleWebKit/537.36 (KHTML, like Gecko) Mobile Safari/537.36 (compatible; PetalBot;+https://webmaster.petalsearch.com/site/petalbot)"
74.7.242.1 - - [13/Mar/2026:01:11:09 +0530] "GET /goods.php?detail/1650290227832 HTTP/2.0" 200 24587 "https://vedanthasoftware.com/goods.php?detail/160004469446" "Mozilla/5.0 AppleWebKit/537.36 (KHTML, like Gecko; compatible; GPTBot/1.3; +https://openai.com/gptbot)"
74.7.243.201 - - [13/Mar/2026:01:11:11 +0530] "GET /goods.php?detail/165018312846 HTTP/2.0" 200 24064 "https://www.vedanthasoftware.com/goods.php?detail/243036500799" "Mozilla/5.0 AppleWebKit/537.36 (KHTML, like Gecko; compatible; GPTBot/1.3; +https://openai.com/gptbot)"
74.7.242.1 - - [13/Mar/2026:01:11:12 +0530] "GET /goods.php?detail/0220341003005 HTTP/2.0" 200 23786 "https://vedanthasoftware.com/goods.php?detail/022042606852" "Mozilla/5.0 AppleWebKit/537.36 (KHTML, like Gecko; compatible; GPTBot/1.3; +https://openai.com/gptbot)"
74.7.243.201 - - [13/Mar/2026:01:11:15 +0530] "GET /goods.php?detail/143017652215 HTTP/2.0" 200 23995 "https://www.vedanthasoftware.com/goods.php?detail/143029193119" "Mozilla/5.0 AppleWebKit/537.36 (KHTML, like Gecko; compatible; GPTBot/1.3; +https://openai.com/gptbot)"
74.7.242.1 - - [13/Mar/2026:01:11:16 +0530] "GET /goods.php?detail/024004266423 HTTP/2.0" 200 24143 "https://vedanthasoftware.com/goods.php?detail/101024970377" "Mozilla/5.0 AppleWebKit/537.36 (KHTML, like Gecko; compatible; GPTBot/1.3; +https://openai.com/gptbot)"
74.7.243.201 - - [13/Mar/2026:01:11:18 +0530] "GET /goods.php?detail/037035177211 HTTP/2.0" 200 24198 "https://www.vedanthasoftware.com/goods.php?detail/271045816580" "Mozilla/5.0 AppleWebKit/537.36 (KHTML, like Gecko; compatible; GPTBot/1.3; +https://openai.com/gptbot)"
74.7.242.1 - - [13/Mar/2026:01:11:20 +0530] "GET /goods.php?detail/127046716345 HTTP/2.0" 200 24760 "https://vedanthasoftware.com/goods.php?detail/022042606852" "Mozilla/5.0 AppleWebKit/537.36 (KHTML, like Gecko; compatible; GPTBot/1.3; +https://openai.com/gptbot)"
74.7.243.201 - - [13/Mar/2026:01:11:21 +0530] "GET /goods.php?detail/115014389075 HTTP/2.0" 200 23769 "https://www.vedanthasoftware.com/goods.php?detail/115021358573" "Mozilla/5.0 AppleWebKit/537.36 (KHTML, like Gecko; compatible; GPTBot/1.3; +https://openai.com/gptbot)"
74.7.242.1 - - [13/Mar/2026:01:11:23 +0530] "GET /goods.php?detail/257010412475 HTTP/2.0" 200 24148 "https://vedanthasoftware.com/goods.php?detail/122034414315" "Mozilla/5.0 AppleWebKit/537.36 (KHTML, like Gecko; compatible; GPTBot/1.3; +https://openai.com/gptbot)"
74.7.243.201 - - [13/Mar/2026:01:11:25 +0530] "GET /goods.php?jp/039026501.html HTTP/2.0" 200 24459 "https://www.vedanthasoftware.com/goods.php?detail/039034846131" "Mozilla/5.0 AppleWebKit/537.36 (KHTML, like Gecko; compatible; GPTBot/1.3; +https://openai.com/gptbot)"
74.7.242.1 - - [13/Mar/2026:01:11:26 +0530] "GET /goods.php?detail/206027900029 HTTP/2.0" 200 24182 "https://vedanthasoftware.com/goods.php?detail/263023024486" "Mozilla/5.0 AppleWebKit/537.36 (KHTML, like Gecko; compatible; GPTBot/1.3; +https://openai.com/gptbot)"
74.7.243.201 - - [13/Mar/2026:01:11:28 +0530] "GET /goods.php?detail/167027672102 HTTP/2.0" 200 23406 "https://www.vedanthasoftware.com/goods.php?detail/039034846131" "Mozilla/5.0 AppleWebKit/537.36 (KHTML, like Gecko; compatible; GPTBot/1.3; +https://openai.com/gptbot)"
74.7.242.1 - - [13/Mar/2026:01:11:30 +0530] "GET /goods.php?detail/284027478011 HTTP/2.0" 200 24255 "https://vedanthasoftware.com/goods.php?detail/284038088391" "Mozilla/5.0 AppleWebKit/537.36 (KHTML, like Gecko; compatible; GPTBot/1.3; +https://openai.com/gptbot)"
74.7.243.201 - - [13/Mar/2026:01:11:32 +0530] "GET /goods.php?detail/004008389878 HTTP/2.0" 200 25267 "https://www.vedanthasoftware.com/goods.php?detail/080041934261" "Mozilla/5.0 AppleWebKit/537.36 (KHTML, like Gecko; compatible; GPTBot/1.3; +https://openai.com/gptbot)"
74.7.242.1 - - [13/Mar/2026:01:11:34 +0530] "GET /goods.php?jp/052020331.html HTTP/2.0" 200 23566 "https://vedanthasoftware.com/goods.php?detail/160004480407" "Mozilla/5.0 AppleWebKit/537.36 (KHTML, like Gecko; compatible; GPTBot/1.3; +https://openai.com/gptbot)"
74.7.243.201 - - [13/Mar/2026:01:11:36 +0530] "GET /goods.php?detail/134038135145 HTTP/2.0" 200 23908 "https://www.vedanthasoftware.com/goods.php?detail/134002306439" "Mozilla/5.0 AppleWebKit/537.36 (KHTML, like Gecko; compatible; GPTBot/1.3; +https://openai.com/gptbot)"
74.7.242.1 - - [13/Mar/2026:01:11:39 +0530] "GET /goods.php?jp/298038706.html HTTP/2.0" 200 23792 "https://vedanthasoftware.com/goods.php?detail/189019359066" "Mozilla/5.0 AppleWebKit/537.36 (KHTML, like Gecko; compatible; GPTBot/1.3; +https://openai.com/gptbot)"
74.7.243.201 - - [13/Mar/2026:01:11:39 +0530] "GET /goods.php?detail/075001095518 HTTP/2.0" 200 23988 "https://www.vedanthasoftware.com/goods.php?detail/068026827750" "Mozilla/5.0 AppleWebKit/537.36 (KHTML, like Gecko; compatible; GPTBot/1.3; +https://openai.com/gptbot)"
74.7.242.1 - - [13/Mar/2026:01:11:42 +0530] "GET /goods.php?detail/169016291040 HTTP/2.0" 200 23767 "https://vedanthasoftware.com/goods.php?detail/160004480407" "Mozilla/5.0 AppleWebKit/537.36 (KHTML, like Gecko; compatible; GPTBot/1.3; +https://openai.com/gptbot)"
74.7.243.201 - - [13/Mar/2026:01:11:42 +0530] "GET /goods.php?detail/080025118814 HTTP/2.0" 200 23758 "https://www.vedanthasoftware.com/goods.php?detail/080041934261" "Mozilla/5.0 AppleWebKit/537.36 (KHTML, like Gecko; compatible; GPTBot/1.3; +https://openai.com/gptbot)"
74.7.242.1 - - [13/Mar/2026:01:11:46 +0530] "GET /goods.php?detail/010008816450 HTTP/2.0" 200 24006 "https://vedanthasoftware.com/goods.php?detail/098010072292" "Mozilla/5.0 AppleWebKit/537.36 (KHTML, like Gecko; compatible; GPTBot/1.3; +https://openai.com/gptbot)"
74.7.243.201 - - [13/Mar/2026:01:11:47 +0530] "GET /goods.php?detail/0420026402241 HTTP/2.0" 200 24656 "https://www.vedanthasoftware.com/goods.php?detail/042040156910" "Mozilla/5.0 AppleWebKit/537.36 (KHTML, like Gecko; compatible; GPTBot/1.3; +https://openai.com/gptbot)"
74.7.242.1 - - [13/Mar/2026:01:11:50 +0530] "GET /goods.php?detail/210023974966 HTTP/2.0" 200 24273 "https://vedanthasoftware.com/goods.php?detail/1650290227832" "Mozilla/5.0 AppleWebKit/537.36 (KHTML, like Gecko; compatible; GPTBot/1.3; +https://openai.com/gptbot)"
74.7.243.201 - - [13/Mar/2026:01:11:51 +0530] "GET /goods.php?detail/113042705713 HTTP/2.0" 200 23746 "https://www.vedanthasoftware.com/goods.php?detail/165018312846" "Mozilla/5.0 AppleWebKit/537.36 (KHTML, like Gecko; compatible; GPTBot/1.3; +https://openai.com/gptbot)"
57.141.0.50 - - [13/Mar/2026:01:11:51 +0530] "GET /?e=2085218412201 HTTP/2.0" 200 183473 "-" "meta-externalagent/1.1 (+https://developers.facebook.com/docs/sharing/webmasters/crawler)"
74.7.242.1 - - [13/Mar/2026:01:11:54 +0530] "GET /goods.php?detail/165017439956 HTTP/2.0" 200 23738 "https://vedanthasoftware.com/goods.php?detail/1650290227832" "Mozilla/5.0 AppleWebKit/537.36 (KHTML, like Gecko; compatible; GPTBot/1.3; +https://openai.com/gptbot)"
74.7.243.201 - - [13/Mar/2026:01:11:54 +0530] "GET /goods.php?detail/134038134846 HTTP/2.0" 200 23914 "https://www.vedanthasoftware.com/goods.php?detail/134002306439" "Mozilla/5.0 AppleWebKit/537.36 (KHTML, like Gecko; compatible; GPTBot/1.3; +https://openai.com/gptbot)"
74.7.243.201 - - [13/Mar/2026:01:11:57 +0530] "GET /goods.php?detail/037004236363 HTTP/2.0" 200 24329 "https://www.vedanthasoftware.com/goods.php?detail/037035177211" "Mozilla/5.0 AppleWebKit/537.36 (KHTML, like Gecko; compatible; GPTBot/1.3; +https://openai.com/gptbot)"
57.141.0.22 - - [13/Mar/2026:01:11:58 +0530] "GET /?e=24190247964805 HTTP/2.0" 200 183473 "-" "meta-externalagent/1.1 (+https://developers.facebook.com/docs/sharing/webmasters/crawler)"
74.7.242.1 - - [13/Mar/2026:01:11:58 +0530] "GET /goods.php?detail/024025079688 HTTP/2.0" 200 23953 "https://vedanthasoftware.com/goods.php?detail/024004266423" "Mozilla/5.0 AppleWebKit/537.36 (KHTML, like Gecko; compatible; GPTBot/1.3; +https://openai.com/gptbot)"
114.119.147.45 - - [13/Mar/2026:01:11:59 +0530] "GET /?_o=255017943 HTTP/1.1" 301 5 "https://www.vedanthasoftware.com/sitemap546.xml" "Mozilla/5.0 (Linux; Android 7.0;) AppleWebKit/537.36 (KHTML, like Gecko) Mobile Safari/537.36 (compatible; PetalBot;+https://webmaster.petalsearch.com/site/petalbot)"
74.7.243.201 - - [13/Mar/2026:01:12:02 +0530] "GET /goods.php?detail/068041634359 HTTP/2.0" 200 24330 "https://www.vedanthasoftware.com/goods.php?detail/068026827750" "Mozilla/5.0 AppleWebKit/537.36 (KHTML, like Gecko; compatible; GPTBot/1.3; +https://openai.com/gptbot)"
74.7.242.1 - - [13/Mar/2026:01:12:02 +0530] "GET /goods.php?detail/2310351077586 HTTP/2.0" 200 24010 "https://vedanthasoftware.com/goods.php?detail/1650290227832" "Mozilla/5.0 AppleWebKit/537.36 (KHTML, like Gecko; compatible; GPTBot/1.3; +https://openai.com/gptbot)"
57.141.0.37 - - [13/Mar/2026:01:12:03 +0530] "GET /?e=82482218033502 HTTP/2.0" 200 183473 "-" "meta-externalagent/1.1 (+https://developers.facebook.com/docs/sharing/webmasters/crawler)"
66.249.74.129 - - [13/Mar/2026:01:12:03 +0530] "GET /?e=7270062929701 HTTP/1.1" 200 58916 "-" "Mozilla/5.0 (Linux; Android 6.0.1; Nexus 5X Build/MMB29P) AppleWebKit/537.36 (KHTML, like Gecko) Chrome/145.0.7632.116 Mobile Safari/537.36 (compatible; Googlebot/2.1; +http://www.google.com/bot.html)"
74.7.243.201 - - [13/Mar/2026:01:12:06 +0530] "GET /goods.php?detail/058004674334 HTTP/2.0" 200 23935 "https://www.vedanthasoftware.com/goods.php?detail/243030704468" "Mozilla/5.0 AppleWebKit/537.36 (KHTML, like Gecko; compatible; GPTBot/1.3; +https://openai.com/gptbot)"
74.7.242.1 - - [13/Mar/2026:01:12:07 +0530] "GET /goods.php?detail/228016250300 HTTP/2.0" 200 24156 "https://vedanthasoftware.com/goods.php?goods/228004810" "Mozilla/5.0 AppleWebKit/537.36 (KHTML, like Gecko; compatible; GPTBot/1.3; +https://openai.com/gptbot)"
114.119.147.45 - - [13/Mar/2026:01:12:07 +0530] "GET /?_o=255017943 HTTP/1.1" 200 38163 "https://www.vedanthasoftware.com/sitemap546.xml" "Mozilla/5.0 (Linux; Android 7.0;) AppleWebKit/537.36 (KHTML, like Gecko) Mobile Safari/537.36 (compatible; PetalBot;+https://webmaster.petalsearch.com/site/petalbot)"
74.7.243.201 - - [13/Mar/2026:01:12:10 +0530] "GET /goods.php?detail/068041635623 HTTP/2.0" 200 24810 "https://www.vedanthasoftware.com/goods.php?detail/068026827750" "Mozilla/5.0 AppleWebKit/537.36 (KHTML, like Gecko; compatible; GPTBot/1.3; +https://openai.com/gptbot)"
74.7.242.1 - - [13/Mar/2026:01:12:10 +0530] "GET /goods.php?detail/094047822302 HTTP/2.0" 200 24070 "https://vedanthasoftware.com/goods.php?goods/195009090" "Mozilla/5.0 AppleWebKit/537.36 (KHTML, like Gecko; compatible; GPTBot/1.3; +https://openai.com/gptbot)"
74.7.242.1 - - [13/Mar/2026:01:12:13 +0530] "GET /goods.php?detail/083043906342 HTTP/2.0" 200 24436 "https://vedanthasoftware.com/goods.php?detail/144029227414" "Mozilla/5.0 AppleWebKit/537.36 (KHTML, like Gecko; compatible; GPTBot/1.3; +https://openai.com/gptbot)"
74.7.243.201 - - [13/Mar/2026:01:12:15 +0530] "GET /goods.php?detail/079044516314 HTTP/2.0" 200 23919 "https://www.vedanthasoftware.com/goods.php?detail/134002306439" "Mozilla/5.0 AppleWebKit/537.36 (KHTML, like Gecko; compatible; GPTBot/1.3; +https://openai.com/gptbot)"
57.141.0.32 - - [13/Mar/2026:01:12:15 +0530] "GET /?e=14370230448901 HTTP/2.0" 200 183473 "-" "meta-externalagent/1.1 (+https://developers.facebook.com/docs/sharing/webmasters/crawler)"
74.7.242.1 - - [13/Mar/2026:01:12:19 +0530] "GET /goods.php?detail/052013404534 HTTP/2.0" 200 24089 "https://vedanthasoftware.com/goods.php?jp/052020331.html" "Mozilla/5.0 AppleWebKit/537.36 (KHTML, like Gecko; compatible; GPTBot/1.3; +https://openai.com/gptbot)"
74.7.243.201 - - [13/Mar/2026:01:12:19 +0530] "GET /goods.php?detail/045013398474 HTTP/2.0" 200 23777 "https://www.vedanthasoftware.com/goods.php?detail/045013395409" "Mozilla/5.0 AppleWebKit/537.36 (KHTML, like Gecko; compatible; GPTBot/1.3; +https://openai.com/gptbot)"
74.7.242.1 - - [13/Mar/2026:01:12:23 +0530] "GET /goods.php?detail/087005557474 HTTP/2.0" 200 24078 "https://vedanthasoftware.com/goods.php?jp/298038706.html" "Mozilla/5.0 AppleWebKit/537.36 (KHTML, like Gecko; compatible; GPTBot/1.3; +https://openai.com/gptbot)"
74.7.243.201 - - [13/Mar/2026:01:12:23 +0530] "GET /goods.php?detail/072047592173 HTTP/2.0" 200 23917 "https://www.vedanthasoftware.com/goods.php?detail/116043664648" "Mozilla/5.0 AppleWebKit/537.36 (KHTML, like Gecko; compatible; GPTBot/1.3; +https://openai.com/gptbot)"
74.7.243.201 - - [13/Mar/2026:01:12:26 +0530] "GET /goods.php?detail/080047093014 HTTP/2.0" 200 23817 "https://www.vedanthasoftware.com/goods.php?detail/080025118814" "Mozilla/5.0 AppleWebKit/537.36 (KHTML, like Gecko; compatible; GPTBot/1.3; +https://openai.com/gptbot)"
74.7.242.1 - - [13/Mar/2026:01:12:26 +0530] "GET /goods.php?detail/086013253324 HTTP/2.0" 200 23856 "https://vedanthasoftware.com/goods.php?jp/052020331.html" "Mozilla/5.0 AppleWebKit/537.36 (KHTML, like Gecko; compatible; GPTBot/1.3; +https://openai.com/gptbot)"
57.141.0.7 - - [13/Mar/2026:01:12:27 +0530] "GET /?e=01280102850010 HTTP/2.0" 200 183473 "-" "meta-externalagent/1.1 (+https://developers.facebook.com/docs/sharing/webmasters/crawler)"
74.7.243.201 - - [13/Mar/2026:01:12:29 +0530] "GET /goods.php?detail/007048496913 HTTP/2.0" 200 24049 "https://www.vedanthasoftware.com/goods.php?detail/043030077940" "Mozilla/5.0 AppleWebKit/537.36 (KHTML, like Gecko; compatible; GPTBot/1.3; +https://openai.com/gptbot)"
74.7.242.1 - - [13/Mar/2026:01:12:29 +0530] "GET /goods.php?detail/010001643154 HTTP/2.0" 200 24056 "https://vedanthasoftware.com/goods.php?detail/010008816450" "Mozilla/5.0 AppleWebKit/537.36 (KHTML, like Gecko; compatible; GPTBot/1.3; +https://openai.com/gptbot)"
74.7.243.201 - - [13/Mar/2026:01:12:33 +0530] "GET /goods.php?detail/1370253769792 HTTP/2.0" 200 23658 "https://www.vedanthasoftware.com/goods.php?detail/029006856818" "Mozilla/5.0 AppleWebKit/537.36 (KHTML, like Gecko; compatible; GPTBot/1.3; +https://openai.com/gptbot)"
74.7.242.1 - - [13/Mar/2026:01:12:34 +0530] "GET /goods.php?detail/291029524855 HTTP/2.0" 200 24048 "https://vedanthasoftware.com/goods.php?detail/210023974966" "Mozilla/5.0 AppleWebKit/537.36 (KHTML, like Gecko; compatible; GPTBot/1.3; +https://openai.com/gptbot)"
74.7.243.201 - - [13/Mar/2026:01:12:37 +0530] "GET /goods.php?detail/0580425715768 HTTP/2.0" 200 24615 "https://www.vedanthasoftware.com/goods.php?detail/058011421466" "Mozilla/5.0 AppleWebKit/537.36 (KHTML, like Gecko; compatible; GPTBot/1.3; +https://openai.com/gptbot)"
74.7.242.1 - - [13/Mar/2026:01:12:38 +0530] "GET /goods.php?detail/185033068268 HTTP/2.0" 200 25377 "https://vedanthasoftware.com/goods.php?detail/165017439956" "Mozilla/5.0 AppleWebKit/537.36 (KHTML, like Gecko; compatible; GPTBot/1.3; +https://openai.com/gptbot)"
74.7.243.201 - - [13/Mar/2026:01:12:40 +0530] "GET /goods.php?detail/0340288502519 HTTP/2.0" 200 24130 "https://www.vedanthasoftware.com/goods.php?detail/290006924439" "Mozilla/5.0 AppleWebKit/537.36 (KHTML, like Gecko; compatible; GPTBot/1.3; +https://openai.com/gptbot)"
57.141.0.54 - - [13/Mar/2026:01:12:41 +0530] "GET /?e=03297212850204 HTTP/2.0" 200 183473 "-" "meta-externalagent/1.1 (+https://developers.facebook.com/docs/sharing/webmasters/crawler)"
74.7.242.1 - - [13/Mar/2026:01:12:42 +0530] "GET /goods.php?detail/165035202976 HTTP/2.0" 200 24025 "https://vedanthasoftware.com/goods.php?detail/165017439956" "Mozilla/5.0 AppleWebKit/537.36 (KHTML, like Gecko; compatible; GPTBot/1.3; +https://openai.com/gptbot)"
74.7.243.201 - - [13/Mar/2026:01:12:44 +0530] "GET /goods.php?detail/003006746864 HTTP/2.0" 200 23910 "https://www.vedanthasoftware.com/goods.php?detail/068041634359" "Mozilla/5.0 AppleWebKit/537.36 (KHTML, like Gecko; compatible; GPTBot/1.3; +https://openai.com/gptbot)"
74.7.242.1 - - [13/Mar/2026:01:12:46 +0530] "GET /goods.php?detail/231044941995 HTTP/2.0" 200 23944 "https://vedanthasoftware.com/goods.php?detail/2310351077586" "Mozilla/5.0 AppleWebKit/537.36 (KHTML, like Gecko; compatible; GPTBot/1.3; +https://openai.com/gptbot)"
74.7.243.201 - - [13/Mar/2026:01:12:48 +0530] "GET /goods.php?detail/026031331450 HTTP/2.0" 200 23977 "https://www.vedanthasoftware.com/goods.php?detail/068041634359" "Mozilla/5.0 AppleWebKit/537.36 (KHTML, like Gecko; compatible; GPTBot/1.3; +https://openai.com/gptbot)"
74.7.242.1 - - [13/Mar/2026:01:12:49 +0530] "GET /goods.php?detail/024004259692 HTTP/2.0" 200 24080 "https://vedanthasoftware.com/goods.php?detail/024025079688" "Mozilla/5.0 AppleWebKit/537.36 (KHTML, like Gecko; compatible; GPTBot/1.3; +https://openai.com/gptbot)"
74.7.243.201 - - [13/Mar/2026:01:12:51 +0530] "GET /goods.php?detail/068029077577 HTTP/2.0" 200 24542 "https://www.vedanthasoftware.com/goods.php?detail/068041635623" "Mozilla/5.0 AppleWebKit/537.36 (KHTML, like Gecko; compatible; GPTBot/1.3; +https://openai.com/gptbot)"
74.7.242.1 - - [13/Mar/2026:01:12:53 +0530] "GET /goods.php?detail/094039518875 HTTP/2.0" 200 24613 "https://vedanthasoftware.com/goods.php?detail/094047822302" "Mozilla/5.0 AppleWebKit/537.36 (KHTML, like Gecko; compatible; GPTBot/1.3; +https://openai.com/gptbot)"
74.7.243.201 - - [13/Mar/2026:01:12:54 +0530] "GET /goods.php?detail/247027220108 HTTP/2.0" 200 24657 "https://www.vedanthasoftware.com/goods.php?detail/068041635623" "Mozilla/5.0 AppleWebKit/537.36 (KHTML, like Gecko; compatible; GPTBot/1.3; +https://openai.com/gptbot)"
74.7.242.1 - - [13/Mar/2026:01:12:58 +0530] "GET /goods.php?detail/296048711131 HTTP/2.0" 200 24580 "https://vedanthasoftware.com/goods.php?detail/083043906342" "Mozilla/5.0 AppleWebKit/537.36 (KHTML, like Gecko; compatible; GPTBot/1.3; +https://openai.com/gptbot)"
74.7.243.201 - - [13/Mar/2026:01:12:58 +0530] "GET /goods.php?detail/068030271065 HTTP/2.0" 200 24042 "https://www.vedanthasoftware.com/goods.php?detail/068041634359" "Mozilla/5.0 AppleWebKit/537.36 (KHTML, like Gecko; compatible; GPTBot/1.3; +https://openai.com/gptbot)"
57.141.0.60 - - [13/Mar/2026:01:12:59 +0530] "GET /?e=72929244325804 HTTP/2.0" 200 183473 "-" "meta-externalagent/1.1 (+https://developers.facebook.com/docs/sharing/webmasters/crawler)"
74.7.242.1 - - [13/Mar/2026:01:13:01 +0530] "GET /goods.php?detail/094039700841 HTTP/2.0" 200 24339 "https://vedanthasoftware.com/goods.php?detail/094047822302" "Mozilla/5.0 AppleWebKit/537.36 (KHTML, like Gecko; compatible; GPTBot/1.3; +https://openai.com/gptbot)"
74.7.243.201 - - [13/Mar/2026:01:13:01 +0530] "GET /goods.php?detail/210041869974 HTTP/2.0" 200 24094 "https://www.vedanthasoftware.com/goods.php?detail/045013398474" "Mozilla/5.0 AppleWebKit/537.36 (KHTML, like Gecko; compatible; GPTBot/1.3; +https://openai.com/gptbot)"
74.7.243.201 - - [13/Mar/2026:01:13:05 +0530] "GET /goods.php?detail/253020811996 HTTP/2.0" 200 24828 "https://www.vedanthasoftware.com/goods.php?detail/072047592173" "Mozilla/5.0 AppleWebKit/537.36 (KHTML, like Gecko; compatible; GPTBot/1.3; +https://openai.com/gptbot)"
74.7.242.1 - - [13/Mar/2026:01:13:05 +0530] "GET /goods.php?detail/004007033888 HTTP/2.0" 200 23890 "https://vedanthasoftware.com/goods.php?detail/087005557474" "Mozilla/5.0 AppleWebKit/537.36 (KHTML, like Gecko; compatible; GPTBot/1.3; +https://openai.com/gptbot)"
74.7.243.201 - - [13/Mar/2026:01:13:08 +0530] "GET /goods.php?detail/007010021988 HTTP/2.0" 200 25535 "https://www.vedanthasoftware.com/goods.php?detail/007048496913" "Mozilla/5.0 AppleWebKit/537.36 (KHTML, like Gecko; compatible; GPTBot/1.3; +https://openai.com/gptbot)"
74.7.242.1 - - [13/Mar/2026:01:13:09 +0530] "GET /goods.php?detail/0860055598903 HTTP/2.0" 200 24066 "https://vedanthasoftware.com/goods.php?detail/086013253324" "Mozilla/5.0 AppleWebKit/537.36 (KHTML, like Gecko; compatible; GPTBot/1.3; +https://openai.com/gptbot)"
74.7.243.201 - - [13/Mar/2026:01:13:11 +0530] "GET /goods.php?detail/2660232295293 HTTP/2.0" 200 24081 "https://www.vedanthasoftware.com/goods.php?detail/1370253769792" "Mozilla/5.0 AppleWebKit/537.36 (KHTML, like Gecko; compatible; GPTBot/1.3; +https://openai.com/gptbot)"
74.7.242.1 - - [13/Mar/2026:01:13:12 +0530] "GET /goods.php?detail/145015094817 HTTP/2.0" 200 24049 "https://vedanthasoftware.com/goods.php?detail/086013253324" "Mozilla/5.0 AppleWebKit/537.36 (KHTML, like Gecko; compatible; GPTBot/1.3; +https://openai.com/gptbot)"
74.7.243.201 - - [13/Mar/2026:01:13:16 +0530] "GET /goods.php?detail/058048424013 HTTP/2.0" 200 24311 "https://www.vedanthasoftware.com/goods.php?detail/0580425715768" "Mozilla/5.0 AppleWebKit/537.36 (KHTML, like Gecko; compatible; GPTBot/1.3; +https://openai.com/gptbot)"
74.7.242.1 - - [13/Mar/2026:01:13:16 +0530] "GET /goods.php?detail/291021819181 HTTP/2.0" 200 24085 "https://vedanthasoftware.com/goods.php?detail/291029524855" "Mozilla/5.0 AppleWebKit/537.36 (KHTML, like Gecko; compatible; GPTBot/1.3; +https://openai.com/gptbot)"
74.7.243.201 - - [13/Mar/2026:01:13:19 +0530] "GET /goods.php?detail/006047481929 HTTP/2.0" 200 24047 "https://www.vedanthasoftware.com/goods.php?detail/0580425715768" "Mozilla/5.0 AppleWebKit/537.36 (KHTML, like Gecko; compatible; GPTBot/1.3; +https://openai.com/gptbot)"
74.7.242.1 - - [13/Mar/2026:01:13:19 +0530] "GET /goods.php?detail/291039390403 HTTP/2.0" 200 24321 "https://vedanthasoftware.com/goods.php?detail/185033068268" "Mozilla/5.0 AppleWebKit/537.36 (KHTML, like Gecko; compatible; GPTBot/1.3; +https://openai.com/gptbot)"
74.7.243.201 - - [13/Mar/2026:01:13:22 +0530] "GET /goods.php?detail/0030066296530 HTTP/2.0" 200 24489 "https://www.vedanthasoftware.com/goods.php?detail/003006746864" "Mozilla/5.0 AppleWebKit/537.36 (KHTML, like Gecko; compatible; GPTBot/1.3; +https://openai.com/gptbot)"
74.7.242.1 - - [13/Mar/2026:01:13:23 +0530] "GET /goods.php?detail/165023387780 HTTP/2.0" 200 23929 "https://vedanthasoftware.com/goods.php?detail/165035202976" "Mozilla/5.0 AppleWebKit/537.36 (KHTML, like Gecko; compatible; GPTBot/1.3; +https://openai.com/gptbot)"
74.7.243.201 - - [13/Mar/2026:01:13:25 +0530] "GET /goods.php?detail/282004425794 HTTP/2.0" 200 24220 "https://www.vedanthasoftware.com/goods.php?detail/003006746864" "Mozilla/5.0 AppleWebKit/537.36 (KHTML, like Gecko; compatible; GPTBot/1.3; +https://openai.com/gptbot)"
74.7.242.1 - - [13/Mar/2026:01:13:26 +0530] "GET /goods.php?detail/291021750577 HTTP/2.0" 200 24288 "https://vedanthasoftware.com/goods.php?detail/291029524855" "Mozilla/5.0 AppleWebKit/537.36 (KHTML, like Gecko; compatible; GPTBot/1.3; +https://openai.com/gptbot)"
74.7.243.201 - - [13/Mar/2026:01:13:29 +0530] "GET /goods.php?detail/068026830158 HTTP/2.0" 200 24042 "https://www.vedanthasoftware.com/goods.php?detail/068029077577" "Mozilla/5.0 AppleWebKit/537.36 (KHTML, like Gecko; compatible; GPTBot/1.3; +https://openai.com/gptbot)"
74.7.242.1 - - [13/Mar/2026:01:13:29 +0530] "GET /goods.php?detail/0670240250082 HTTP/2.0" 200 23889 "https://vedanthasoftware.com/goods.php?detail/024004259692" "Mozilla/5.0 AppleWebKit/537.36 (KHTML, like Gecko; compatible; GPTBot/1.3; +https://openai.com/gptbot)"
74.7.243.201 - - [13/Mar/2026:01:13:32 +0530] "GET /goods.php?detail/145025956932 HTTP/2.0" 200 24692 "https://www.vedanthasoftware.com/goods.php?detail/068029077577" "Mozilla/5.0 AppleWebKit/537.36 (KHTML, like Gecko; compatible; GPTBot/1.3; +https://openai.com/gptbot)"
74.7.242.1 - - [13/Mar/2026:01:13:33 +0530] "GET /goods.php?detail/034021430980 HTTP/2.0" 200 23722 "https://vedanthasoftware.com/goods.php?detail/060044908793" "Mozilla/5.0 AppleWebKit/537.36 (KHTML, like Gecko; compatible; GPTBot/1.3; +https://openai.com/gptbot)"
74.7.242.1 - - [13/Mar/2026:01:13:36 +0530] "GET /goods.php?detail/296036019601 HTTP/2.0" 200 24188 "https://vedanthasoftware.com/goods.php?detail/296048711131" "Mozilla/5.0 AppleWebKit/537.36 (KHTML, like Gecko; compatible; GPTBot/1.3; +https://openai.com/gptbot)"
74.7.243.201 - - [13/Mar/2026:01:13:36 +0530] "GET /goods.php?detail/262022100430 HTTP/2.0" 200 23795 "https://www.vedanthasoftware.com/goods.php?detail/068030271065" "Mozilla/5.0 AppleWebKit/537.36 (KHTML, like Gecko; compatible; GPTBot/1.3; +https://openai.com/gptbot)"
57.141.0.68 - - [13/Mar/2026:01:13:37 +0530] "GET /?e=26818255944304 HTTP/2.0" 200 183473 "-" "meta-externalagent/1.1 (+https://developers.facebook.com/docs/sharing/webmasters/crawler)"
74.7.242.1 - - [13/Mar/2026:01:13:39 +0530] "GET /goods.php?detail/114047817584 HTTP/2.0" 200 23945 "https://vedanthasoftware.com/goods.php?goods/114043144" "Mozilla/5.0 AppleWebKit/537.36 (KHTML, like Gecko; compatible; GPTBot/1.3; +https://openai.com/gptbot)"
74.7.243.201 - - [13/Mar/2026:01:13:41 +0530] "GET /goods.php?detail/008048605375 HTTP/2.0" 200 24220 "https://www.vedanthasoftware.com/goods.php?detail/210041869974" "Mozilla/5.0 AppleWebKit/537.36 (KHTML, like Gecko; compatible; GPTBot/1.3; +https://openai.com/gptbot)"
74.7.242.1 - - [13/Mar/2026:01:13:43 +0530] "GET /goods.php?detail/004041890854 HTTP/2.0" 200 24318 "https://vedanthasoftware.com/goods.php?detail/004007033888" "Mozilla/5.0 AppleWebKit/537.36 (KHTML, like Gecko; compatible; GPTBot/1.3; +https://openai.com/gptbot)"
74.7.243.201 - - [13/Mar/2026:01:13:44 +0530] "GET /goods.php?detail/0870185969873 HTTP/2.0" 200 23197 "https://www.vedanthasoftware.com/goods.php?detail/045013398474" "Mozilla/5.0 AppleWebKit/537.36 (KHTML, like Gecko; compatible; GPTBot/1.3; +https://openai.com/gptbot)"
74.7.242.1 - - [13/Mar/2026:01:13:46 +0530] "GET /goods.php?detail/197012374121 HTTP/2.0" 200 23952 "https://vedanthasoftware.com/goods.php?detail/004007033888" "Mozilla/5.0 AppleWebKit/537.36 (KHTML, like Gecko; compatible; GPTBot/1.3; +https://openai.com/gptbot)"
74.7.243.201 - - [13/Mar/2026:01:13:47 +0530] "GET /goods.php?detail/007010140673 HTTP/2.0" 200 25068 "https://www.vedanthasoftware.com/goods.php?detail/007010021988" "Mozilla/5.0 AppleWebKit/537.36 (KHTML, like Gecko; compatible; GPTBot/1.3; +https://openai.com/gptbot)"
74.7.242.1 - - [13/Mar/2026:01:13:49 +0530] "GET /goods.php?detail/035040348437 HTTP/2.0" 200 23857 "https://vedanthasoftware.com/goods.php?detail/145015094817" "Mozilla/5.0 AppleWebKit/537.36 (KHTML, like Gecko; compatible; GPTBot/1.3; +https://openai.com/gptbot)"
74.7.243.201 - - [13/Mar/2026:01:13:50 +0530] "GET /goods.php?detail/213010201127 HTTP/2.0" 200 23762 "https://www.vedanthasoftware.com/goods.php?detail/2660232295293" "Mozilla/5.0 AppleWebKit/537.36 (KHTML, like Gecko; compatible; GPTBot/1.3; +https://openai.com/gptbot)"
74.7.242.1 - - [13/Mar/2026:01:13:52 +0530] "GET /goods.php?detail/004041886798 HTTP/2.0" 200 24385 "https://vedanthasoftware.com/goods.php?detail/004007033888" "Mozilla/5.0 AppleWebKit/537.36 (KHTML, like Gecko; compatible; GPTBot/1.3; +https://openai.com/gptbot)"
74.7.243.201 - - [13/Mar/2026:01:13:52 +0530] "GET /goods.php?detail/284007246385 HTTP/2.0" 200 23728 "https://www.vedanthasoftware.com/goods.php?detail/2660232295293" "Mozilla/5.0 AppleWebKit/537.36 (KHTML, like Gecko; compatible; GPTBot/1.3; +https://openai.com/gptbot)"
114.119.149.203 - - [13/Mar/2026:01:13:53 +0530] "GET /?_o=248045294 HTTP/1.1" 301 5 "https://www.vedanthasoftware.com/sitemap546.xml" "Mozilla/5.0 (Linux; Android 7.0;) AppleWebKit/537.36 (KHTML, like Gecko) Mobile Safari/537.36 (compatible; PetalBot;+https://webmaster.petalsearch.com/site/petalbot)"
74.7.243.201 - - [13/Mar/2026:01:13:56 +0530] "GET /goods.php?detail/135020703747 HTTP/2.0" 200 24173 "https://www.vedanthasoftware.com/goods.php?detail/006047481929" "Mozilla/5.0 AppleWebKit/537.36 (KHTML, like Gecko; compatible; GPTBot/1.3; +https://openai.com/gptbot)"
74.7.242.1 - - [13/Mar/2026:01:13:56 +0530] "GET /goods.php?detail/028006986046 HTTP/2.0" 200 24976 "https://vedanthasoftware.com/goods.php?detail/0860055598903" "Mozilla/5.0 AppleWebKit/537.36 (KHTML, like Gecko; compatible; GPTBot/1.3; +https://openai.com/gptbot)"
57.141.0.33 - - [13/Mar/2026:01:13:57 +0530] "GET /?e=93587160420700 HTTP/2.0" 200 183473 "-" "meta-externalagent/1.1 (+https://developers.facebook.com/docs/sharing/webmasters/crawler)"
114.119.149.203 - - [13/Mar/2026:01:13:57 +0530] "GET /?_o=248045294 HTTP/1.1" 200 38152 "https://www.vedanthasoftware.com/sitemap546.xml" "Mozilla/5.0 (Linux; Android 7.0;) AppleWebKit/537.36 (KHTML, like Gecko) Mobile Safari/537.36 (compatible; PetalBot;+https://webmaster.petalsearch.com/site/petalbot)"
74.7.243.201 - - [13/Mar/2026:01:13:59 +0530] "GET /goods.php?detail/032013847471 HTTP/2.0" 200 24430 "https://www.vedanthasoftware.com/goods.php?detail/0030066296530" "Mozilla/5.0 AppleWebKit/537.36 (KHTML, like Gecko; compatible; GPTBot/1.3; +https://openai.com/gptbot)"
74.7.242.1 - - [13/Mar/2026:01:14:01 +0530] "GET /goods.php?detail/165018802505 HTTP/2.0" 200 23797 "https://vedanthasoftware.com/goods.php?detail/165023387780" "Mozilla/5.0 AppleWebKit/537.36 (KHTML, like Gecko; compatible; GPTBot/1.3; +https://openai.com/gptbot)"
74.7.243.201 - - [13/Mar/2026:01:14:03 +0530] "GET /goods.php?detail/282025608989 HTTP/2.0" 200 23912 "https://www.vedanthasoftware.com/goods.php?detail/282004425794" "Mozilla/5.0 AppleWebKit/537.36 (KHTML, like Gecko; compatible; GPTBot/1.3; +https://openai.com/gptbot)"
185.249.227.216 - - [13/Mar/2026:01:14:04 +0530] "GET / HTTP/1.1" 200 38164 "-" "Mozilla/5.0 (X11; Linux x86_64) AppleWebKit/537.36 (KHTML, like Gecko) Chrome/44.0.2403.157 Safari/537.36"
74.7.242.1 - - [13/Mar/2026:01:14:04 +0530] "GET /goods.php?detail/071028950276 HTTP/2.0" 200 25428 "https://vedanthasoftware.com/goods.php?detail/291021750577" "Mozilla/5.0 AppleWebKit/537.36 (KHTML, like Gecko; compatible; GPTBot/1.3; +https://openai.com/gptbot)"
74.7.243.201 - - [13/Mar/2026:01:14:08 +0530] "GET /goods.php?detail/2820256100125 HTTP/2.0" 200 24114 "https://www.vedanthasoftware.com/goods.php?detail/282004425794" "Mozilla/5.0 AppleWebKit/537.36 (KHTML, like Gecko; compatible; GPTBot/1.3; +https://openai.com/gptbot)"
74.7.242.1 - - [13/Mar/2026:01:14:09 +0530] "GET /goods.php?detail/286024465542 HTTP/2.0" 200 23846 "https://vedanthasoftware.com/goods.php?detail/291021819181" "Mozilla/5.0 AppleWebKit/537.36 (KHTML, like Gecko; compatible; GPTBot/1.3; +https://openai.com/gptbot)"
74.7.243.201 - - [13/Mar/2026:01:14:12 +0530] "GET /goods.php?detail/145009984375 HTTP/2.0" 200 24839 "https://www.vedanthasoftware.com/goods.php?detail/145025956932" "Mozilla/5.0 AppleWebKit/537.36 (KHTML, like Gecko; compatible; GPTBot/1.3; +https://openai.com/gptbot)"
74.7.242.1 - - [13/Mar/2026:01:14:12 +0530] "GET /goods.php?detail/034040716090 HTTP/2.0" 200 24401 "https://vedanthasoftware.com/goods.php?detail/034021430980" "Mozilla/5.0 AppleWebKit/537.36 (KHTML, like Gecko; compatible; GPTBot/1.3; +https://openai.com/gptbot)"
74.7.242.1 - - [13/Mar/2026:01:14:15 +0530] "GET /goods.php?detail/296012504712 HTTP/2.0" 200 24450 "https://vedanthasoftware.com/goods.php?detail/296036019601" "Mozilla/5.0 AppleWebKit/537.36 (KHTML, like Gecko; compatible; GPTBot/1.3; +https://openai.com/gptbot)"
74.7.243.201 - - [13/Mar/2026:01:14:16 +0530] "GET /goods.php?m33665177796 HTTP/2.0" 200 23994 "https://www.vedanthasoftware.com/goods.php?detail/262022100430" "Mozilla/5.0 AppleWebKit/537.36 (KHTML, like Gecko; compatible; GPTBot/1.3; +https://openai.com/gptbot)"
74.7.243.201 - - [13/Mar/2026:01:14:19 +0530] "GET /goods.php?detail/262018395118 HTTP/2.0" 200 24764 "https://www.vedanthasoftware.com/goods.php?detail/262022100430" "Mozilla/5.0 AppleWebKit/537.36 (KHTML, like Gecko; compatible; GPTBot/1.3; +https://openai.com/gptbot)"
74.7.242.1 - - [13/Mar/2026:01:14:19 +0530] "GET /goods.php?detail/187007588656 HTTP/2.0" 200 23246 "https://vedanthasoftware.com/goods.php?detail/2020177372887" "Mozilla/5.0 AppleWebKit/537.36 (KHTML, like Gecko; compatible; GPTBot/1.3; +https://openai.com/gptbot)"
74.7.242.1 - - [13/Mar/2026:01:14:22 +0530] "GET /goods.php?jp/011024650.html HTTP/2.0" 200 24246 "https://vedanthasoftware.com/goods.php?detail/004041890854" "Mozilla/5.0 AppleWebKit/537.36 (KHTML, like Gecko; compatible; GPTBot/1.3; +https://openai.com/gptbot)"
74.7.243.201 - - [13/Mar/2026:01:14:23 +0530] "GET /goods.php?detail/116018588371 HTTP/2.0" 200 24245 "https://www.vedanthasoftware.com/goods.php?detail/008048605375" "Mozilla/5.0 AppleWebKit/537.36 (KHTML, like Gecko; compatible; GPTBot/1.3; +https://openai.com/gptbot)"
57.141.0.30 - - [13/Mar/2026:01:14:23 +0530] "GET /?e=8902829040202 HTTP/2.0" 200 183473 "-" "meta-externalagent/1.1 (+https://developers.facebook.com/docs/sharing/webmasters/crawler)"
74.7.243.201 - - [13/Mar/2026:01:14:26 +0530] "GET /goods.php?detail/268020128605 HTTP/2.0" 200 24110 "https://www.vedanthasoftware.com/goods.php?detail/282004425794" "Mozilla/5.0 AppleWebKit/537.36 (KHTML, like Gecko; compatible; GPTBot/1.3; +https://openai.com/gptbot)"
74.7.242.1 - - [13/Mar/2026:01:14:27 +0530] "GET /goods.php?detail/262046171181 HTTP/2.0" 200 24084 "https://vedanthasoftware.com/goods.php?detail/107008830618" "Mozilla/5.0 AppleWebKit/537.36 (KHTML, like Gecko; compatible; GPTBot/1.3; +https://openai.com/gptbot)"
74.7.243.201 - - [13/Mar/2026:01:14:29 +0530] "GET /goods.php?goods/194029198 HTTP/2.0" 200 25172 "https://www.vedanthasoftware.com/goods.php?detail/213010201127" "Mozilla/5.0 AppleWebKit/537.36 (KHTML, like Gecko; compatible; GPTBot/1.3; +https://openai.com/gptbot)"
74.7.242.1 - - [13/Mar/2026:01:14:31 +0530] "GET /goods.php?detail/157009161207 HTTP/2.0" 200 24767 "https://vedanthasoftware.com/goods.php?jp/157042274.html" "Mozilla/5.0 AppleWebKit/537.36 (KHTML, like Gecko; compatible; GPTBot/1.3; +https://openai.com/gptbot)"
74.7.243.201 - - [13/Mar/2026:01:14:32 +0530] "GET /goods.php?detail/251025938065 HTTP/2.0" 200 23988 "https://www.vedanthasoftware.com/goods.php?detail/284007246385" "Mozilla/5.0 AppleWebKit/537.36 (KHTML, like Gecko; compatible; GPTBot/1.3; +https://openai.com/gptbot)"
74.7.242.1 - - [13/Mar/2026:01:14:35 +0530] "GET /goods.php?detail/080004171598 HTTP/2.0" 200 23773 "https://vedanthasoftware.com/goods.php?detail/004041886798" "Mozilla/5.0 AppleWebKit/537.36 (KHTML, like Gecko; compatible; GPTBot/1.3; +https://openai.com/gptbot)"
74.7.243.201 - - [13/Mar/2026:01:14:36 +0530] "GET /goods.php?detail/177032384646 HTTP/2.0" 200 24004 "https://www.vedanthasoftware.com/goods.php?detail/135020703747" "Mozilla/5.0 AppleWebKit/537.36 (KHTML, like Gecko; compatible; GPTBot/1.3; +https://openai.com/gptbot)"
74.7.242.1 - - [13/Mar/2026:01:14:38 +0530] "GET /goods.php?detail/192042310014 HTTP/2.0" 200 23896 "https://vedanthasoftware.com/goods.php?detail/226011606601" "Mozilla/5.0 AppleWebKit/537.36 (KHTML, like Gecko; compatible; GPTBot/1.3; +https://openai.com/gptbot)"
57.141.0.70 - - [13/Mar/2026:01:14:39 +0530] "GET /?e=9822496668704 HTTP/2.0" 200 183473 "-" "meta-externalagent/1.1 (+https://developers.facebook.com/docs/sharing/webmasters/crawler)"
74.7.243.201 - - [13/Mar/2026:01:14:41 +0530] "GET /goods.php?detail/148013318419 HTTP/2.0" 200 25051 "https://www.vedanthasoftware.com/goods.php?detail/032013847471" "Mozilla/5.0 AppleWebKit/537.36 (KHTML, like Gecko; compatible; GPTBot/1.3; +https://openai.com/gptbot)"
74.7.242.1 - - [13/Mar/2026:01:14:42 +0530] "GET /goods.php?detail/1730068982140 HTTP/2.0" 200 23207 "https://vedanthasoftware.com/goods.php?detail/165018802505" "Mozilla/5.0 AppleWebKit/537.36 (KHTML, like Gecko; compatible; GPTBot/1.3; +https://openai.com/gptbot)"
57.141.0.47 - - [13/Mar/2026:01:14:42 +0530] "GET /?e=59308266319903 HTTP/2.0" 200 183473 "-" "meta-externalagent/1.1 (+https://developers.facebook.com/docs/sharing/webmasters/crawler)"
74.7.242.1 - - [13/Mar/2026:01:14:45 +0530] "GET /goods.php?detail/0260101640641 HTTP/2.0" 200 24460 "https://vedanthasoftware.com/goods.php?detail/165018802505" "Mozilla/5.0 AppleWebKit/537.36 (KHTML, like Gecko; compatible; GPTBot/1.3; +https://openai.com/gptbot)"
74.7.243.201 - - [13/Mar/2026:01:14:45 +0530] "GET /goods.php?detail/282025613024 HTTP/2.0" 200 25559 "https://www.vedanthasoftware.com/goods.php?detail/282025608989" "Mozilla/5.0 AppleWebKit/537.36 (KHTML, like Gecko; compatible; GPTBot/1.3; +https://openai.com/gptbot)"
74.7.242.1 - - [13/Mar/2026:01:14:47 +0530] "GET /goods.php?detail/270010475545 HTTP/2.0" 200 23928 "https://vedanthasoftware.com/goods.php?detail/0510100791875" "Mozilla/5.0 AppleWebKit/537.36 (KHTML, like Gecko; compatible; GPTBot/1.3; +https://openai.com/gptbot)"
74.7.243.201 - - [13/Mar/2026:01:14:49 +0530] "GET /goods.php?detail/267038949876 HTTP/2.0" 200 25304 "https://www.vedanthasoftware.com/goods.php?detail/282025608989" "Mozilla/5.0 AppleWebKit/537.36 (KHTML, like Gecko; compatible; GPTBot/1.3; +https://openai.com/gptbot)"
74.7.242.1 - - [13/Mar/2026:01:14:50 +0530] "GET /goods.php?detail/005024392326 HTTP/2.0" 200 25002 "https://vedanthasoftware.com/goods.php?detail/005005571155" "Mozilla/5.0 AppleWebKit/537.36 (KHTML, like Gecko; compatible; GPTBot/1.3; +https://openai.com/gptbot)"
74.7.243.201 - - [13/Mar/2026:01:14:52 +0530] "GET /goods.php?detail/282025606192 HTTP/2.0" 200 24596 "https://www.vedanthasoftware.com/goods.php?detail/2820256100125" "Mozilla/5.0 AppleWebKit/537.36 (KHTML, like Gecko; compatible; GPTBot/1.3; +https://openai.com/gptbot)"
74.7.242.1 - - [13/Mar/2026:01:14:53 +0530] "GET /goods.php?detail/266034202843 HTTP/2.0" 200 23705 "https://vedanthasoftware.com/goods.php?detail/200016709089" "Mozilla/5.0 AppleWebKit/537.36 (KHTML, like Gecko; compatible; GPTBot/1.3; +https://openai.com/gptbot)"
74.7.243.201 - - [13/Mar/2026:01:14:55 +0530] "GET /goods.php?detail/0710367524224 HTTP/2.0" 200 23962 "https://www.vedanthasoftware.com/goods.php?detail/071013299368" "Mozilla/5.0 AppleWebKit/537.36 (KHTML, like Gecko; compatible; GPTBot/1.3; +https://openai.com/gptbot)"
74.7.242.1 - - [13/Mar/2026:01:14:57 +0530] "GET /goods.php?detail/066031442102 HTTP/2.0" 200 23953 "https://vedanthasoftware.com/goods.php?detail/066004925501" "Mozilla/5.0 AppleWebKit/537.36 (KHTML, like Gecko; compatible; GPTBot/1.3; +https://openai.com/gptbot)"
74.7.243.201 - - [13/Mar/2026:01:14:59 +0530] "GET /goods.php?detail/2620302309097 HTTP/2.0" 200 24607 "https://www.vedanthasoftware.com/goods.php?detail/262018395118" "Mozilla/5.0 AppleWebKit/537.36 (KHTML, like Gecko; compatible; GPTBot/1.3; +https://openai.com/gptbot)"
74.7.242.1 - - [13/Mar/2026:01:15:01 +0530] "GET /goods.php?detail/297042453472 HTTP/2.0" 200 23805 "https://vedanthasoftware.com/goods.php?jp/297028107.html" "Mozilla/5.0 AppleWebKit/537.36 (KHTML, like Gecko; compatible; GPTBot/1.3; +https://openai.com/gptbot)"
74.7.243.201 - - [13/Mar/2026:01:15:03 +0530] "GET /goods.php?detail/275040494534 HTTP/2.0" 200 24991 "https://www.vedanthasoftware.com/goods.php?detail/116018588371" "Mozilla/5.0 AppleWebKit/537.36 (KHTML, like Gecko; compatible; GPTBot/1.3; +https://openai.com/gptbot)"
57.141.0.32 - - [13/Mar/2026:01:15:04 +0530] "GET /?e=40168226269306 HTTP/2.0" 200 183473 "-" "meta-externalagent/1.1 (+https://developers.facebook.com/docs/sharing/webmasters/crawler)"
50.6.224.234 - - [13/Mar/2026:01:15:04 +0530] "POST /xmlrpc.php HTTP/2.0" 200 401 "-" "Mozilla/5.0 (Windows NT 10.0; WOW64; Trident/7.0; yie9; rv:11.0) like Gecko"
74.7.242.1 - - [13/Mar/2026:01:15:06 +0530] "GET /goods.php?detail/262000701303 HTTP/2.0" 200 24036 "https://vedanthasoftware.com/goods.php?detail/262046171181" "Mozilla/5.0 AppleWebKit/537.36 (KHTML, like Gecko; compatible; GPTBot/1.3; +https://openai.com/gptbot)"
57.141.0.26 - - [13/Mar/2026:01:15:07 +0530] "GET /?e=91294120062105 HTTP/2.0" 200 183473 "-" "meta-externalagent/1.1 (+https://developers.facebook.com/docs/sharing/webmasters/crawler)"
74.7.243.201 - - [13/Mar/2026:01:15:08 +0530] "GET /goods.php?goods/214015381 HTTP/2.0" 200 24264 "https://www.vedanthasoftware.com/goods.php?detail/268020128605" "Mozilla/5.0 AppleWebKit/537.36 (KHTML, like Gecko; compatible; GPTBot/1.3; +https://openai.com/gptbot)"
74.7.242.1 - - [13/Mar/2026:01:15:10 +0530] "GET /goods.php?detail/265015599220 HTTP/2.0" 200 24687 "https://vedanthasoftware.com/goods.php?goods/265048247" "Mozilla/5.0 AppleWebKit/537.36 (KHTML, like Gecko; compatible; GPTBot/1.3; +https://openai.com/gptbot)"
74.7.243.201 - - [13/Mar/2026:01:15:12 +0530] "GET /goods.php?detail/191015975980 HTTP/2.0" 200 25380 "https://www.vedanthasoftware.com/goods.php?goods/194029198" "Mozilla/5.0 AppleWebKit/537.36 (KHTML, like Gecko; compatible; GPTBot/1.3; +https://openai.com/gptbot)"
