57.141.0.11 - - [13/Mar/2026:02:40:16 +0530] "GET /?e=8280173683904 HTTP/2.0" 200 183473 "-" "meta-externalagent/1.1 (+https://developers.facebook.com/docs/sharing/webmasters/crawler)"
74.7.242.1 - - [13/Mar/2026:02:40:18 +0530] "GET /goods.php?detail/001044338948 HTTP/2.0" 200 23615 "https://vedanthasoftware.com/goods.php?detail/001022649443" "Mozilla/5.0 AppleWebKit/537.36 (KHTML, like Gecko; compatible; GPTBot/1.3; +https://openai.com/gptbot)"
57.141.0.15 - - [13/Mar/2026:02:40:19 +0530] "GET /?e=20799206178202 HTTP/2.0" 200 183473 "-" "meta-externalagent/1.1 (+https://developers.facebook.com/docs/sharing/webmasters/crawler)"
74.7.243.201 - - [13/Mar/2026:02:40:20 +0530] "GET /goods.php?detail/132030776030 HTTP/2.0" 200 24503 "https://www.vedanthasoftware.com/goods.php?detail/249027367374" "Mozilla/5.0 AppleWebKit/537.36 (KHTML, like Gecko; compatible; GPTBot/1.3; +https://openai.com/gptbot)"
57.141.0.53 - - [13/Mar/2026:02:40:20 +0530] "GET /?e=05939186754501 HTTP/2.0" 200 183473 "-" "meta-externalagent/1.1 (+https://developers.facebook.com/docs/sharing/webmasters/crawler)"
74.7.242.1 - - [13/Mar/2026:02:40:23 +0530] "GET /goods.php?detail/206023696816 HTTP/2.0" 200 24896 "https://vedanthasoftware.com/goods.php?detail/290048859356" "Mozilla/5.0 AppleWebKit/537.36 (KHTML, like Gecko; compatible; GPTBot/1.3; +https://openai.com/gptbot)"
74.7.243.201 - - [13/Mar/2026:02:40:24 +0530] "GET /goods.php?detail/249000199360 HTTP/2.0" 200 24023 "https://www.vedanthasoftware.com/goods.php?detail/249027367374" "Mozilla/5.0 AppleWebKit/537.36 (KHTML, like Gecko; compatible; GPTBot/1.3; +https://openai.com/gptbot)"
74.7.242.1 - - [13/Mar/2026:02:40:26 +0530] "GET /goods.php?detail/0130211705730 HTTP/2.0" 200 23660 "https://vedanthasoftware.com/goods.php?detail/210013779312" "Mozilla/5.0 AppleWebKit/537.36 (KHTML, like Gecko; compatible; GPTBot/1.3; +https://openai.com/gptbot)"
57.141.0.20 - - [13/Mar/2026:02:40:27 +0530] "GET /?e=22189238631700 HTTP/2.0" 200 183473 "-" "meta-externalagent/1.1 (+https://developers.facebook.com/docs/sharing/webmasters/crawler)"
57.141.0.40 - - [13/Mar/2026:02:40:27 +0530] "GET /?e=0570269504802 HTTP/2.0" 200 183473 "-" "meta-externalagent/1.1 (+https://developers.facebook.com/docs/sharing/webmasters/crawler)"
74.7.243.201 - - [13/Mar/2026:02:40:28 +0530] "GET /goods.php?detail/104001907390 HTTP/2.0" 200 24166 "https://www.vedanthasoftware.com/goods.php?detail/1040319834101" "Mozilla/5.0 AppleWebKit/537.36 (KHTML, like Gecko; compatible; GPTBot/1.3; +https://openai.com/gptbot)"
57.141.0.47 - - [13/Mar/2026:02:40:29 +0530] "GET /?e=8189234423703 HTTP/2.0" 200 183473 "-" "meta-externalagent/1.1 (+https://developers.facebook.com/docs/sharing/webmasters/crawler)"
74.7.242.1 - - [13/Mar/2026:02:40:30 +0530] "GET /goods.php?detail/251044555620 HTTP/2.0" 200 23963 "https://vedanthasoftware.com/goods.php?detail/2510271936369" "Mozilla/5.0 AppleWebKit/537.36 (KHTML, like Gecko; compatible; GPTBot/1.3; +https://openai.com/gptbot)"
57.141.0.7 - - [13/Mar/2026:02:40:31 +0530] "GET /?e=4991190917705 HTTP/2.0" 200 183473 "-" "meta-externalagent/1.1 (+https://developers.facebook.com/docs/sharing/webmasters/crawler)"
74.7.243.201 - - [13/Mar/2026:02:40:32 +0530] "GET /goods.php?detail/186006163286 HTTP/2.0" 200 24458 "https://www.vedanthasoftware.com/goods.php?jp/217025019.html" "Mozilla/5.0 AppleWebKit/537.36 (KHTML, like Gecko; compatible; GPTBot/1.3; +https://openai.com/gptbot)"
74.7.242.1 - - [13/Mar/2026:02:40:35 +0530] "GET /goods.php?detail/032007310378 HTTP/2.0" 200 24060 "https://vedanthasoftware.com/goods.php?detail/032047014431" "Mozilla/5.0 AppleWebKit/537.36 (KHTML, like Gecko; compatible; GPTBot/1.3; +https://openai.com/gptbot)"
74.7.243.201 - - [13/Mar/2026:02:40:36 +0530] "GET /goods.php?detail/149039719142 HTTP/2.0" 200 24442 "https://www.vedanthasoftware.com/goods.php?detail/1040319834101" "Mozilla/5.0 AppleWebKit/537.36 (KHTML, like Gecko; compatible; GPTBot/1.3; +https://openai.com/gptbot)"
74.7.242.1 - - [13/Mar/2026:02:40:38 +0530] "GET /goods.php?detail/032007313251 HTTP/2.0" 200 24603 "https://vedanthasoftware.com/goods.php?detail/032047014431" "Mozilla/5.0 AppleWebKit/537.36 (KHTML, like Gecko; compatible; GPTBot/1.3; +https://openai.com/gptbot)"
74.7.243.201 - - [13/Mar/2026:02:40:39 +0530] "GET /goods.php?detail/070019003736 HTTP/2.0" 200 24151 "https://www.vedanthasoftware.com/goods.php?detail/002006663184" "Mozilla/5.0 AppleWebKit/537.36 (KHTML, like Gecko; compatible; GPTBot/1.3; +https://openai.com/gptbot)"
57.141.0.59 - - [13/Mar/2026:02:40:40 +0530] "GET /?e=02988149061506 HTTP/2.0" 200 183473 "-" "meta-externalagent/1.1 (+https://developers.facebook.com/docs/sharing/webmasters/crawler)"
74.7.242.1 - - [13/Mar/2026:02:40:42 +0530] "GET /goods.php?detail/153046804948 HTTP/2.0" 200 24316 "https://vedanthasoftware.com/goods.php?detail/2510271936369" "Mozilla/5.0 AppleWebKit/537.36 (KHTML, like Gecko; compatible; GPTBot/1.3; +https://openai.com/gptbot)"
74.7.243.201 - - [13/Mar/2026:02:40:43 +0530] "GET /goods.php?detail/274017219574 HTTP/2.0" 200 23887 "https://www.vedanthasoftware.com/goods.php?detail/291000146974" "Mozilla/5.0 AppleWebKit/537.36 (KHTML, like Gecko; compatible; GPTBot/1.3; +https://openai.com/gptbot)"
57.141.0.35 - - [13/Mar/2026:02:40:43 +0530] "GET /?e=2985972829903 HTTP/2.0" 200 183473 "-" "meta-externalagent/1.1 (+https://developers.facebook.com/docs/sharing/webmasters/crawler)"
74.7.242.1 - - [13/Mar/2026:02:40:45 +0530] "GET /goods.php?detail/213030642452 HTTP/2.0" 200 24040 "https://vedanthasoftware.com/goods.php?detail/273010331357" "Mozilla/5.0 AppleWebKit/537.36 (KHTML, like Gecko; compatible; GPTBot/1.3; +https://openai.com/gptbot)"
57.141.0.55 - - [13/Mar/2026:02:40:46 +0530] "GET /?e=88084256190501 HTTP/2.0" 200 183473 "-" "meta-externalagent/1.1 (+https://developers.facebook.com/docs/sharing/webmasters/crawler)"
74.7.243.201 - - [13/Mar/2026:02:40:46 +0530] "GET /goods.php?detail/1040019050062 HTTP/2.0" 200 23733 "https://www.vedanthasoftware.com/goods.php?detail/1040319834101" "Mozilla/5.0 AppleWebKit/537.36 (KHTML, like Gecko; compatible; GPTBot/1.3; +https://openai.com/gptbot)"
74.7.242.1 - - [13/Mar/2026:02:40:49 +0530] "GET /goods.php?detail/147011130186 HTTP/2.0" 200 24691 "https://vedanthasoftware.com/goods.php?detail/0400324330061" "Mozilla/5.0 AppleWebKit/537.36 (KHTML, like Gecko; compatible; GPTBot/1.3; +https://openai.com/gptbot)"
74.7.243.201 - - [13/Mar/2026:02:40:50 +0530] "GET /goods.php?detail/260042747146 HTTP/2.0" 200 24305 "https://www.vedanthasoftware.com/goods.php?detail/260047104021" "Mozilla/5.0 AppleWebKit/537.36 (KHTML, like Gecko; compatible; GPTBot/1.3; +https://openai.com/gptbot)"
57.141.0.48 - - [13/Mar/2026:02:40:50 +0530] "GET /?e=9219814762702 HTTP/2.0" 200 183473 "-" "meta-externalagent/1.1 (+https://developers.facebook.com/docs/sharing/webmasters/crawler)"
57.141.0.39 - - [13/Mar/2026:02:40:51 +0530] "GET /?e=94985262616203 HTTP/2.0" 200 183473 "-" "meta-externalagent/1.1 (+https://developers.facebook.com/docs/sharing/webmasters/crawler)"
74.7.242.1 - - [13/Mar/2026:02:40:54 +0530] "GET /goods.php?detail/083013634369 HTTP/2.0" 200 23659 "https://vedanthasoftware.com/goods.php?detail/191042530263" "Mozilla/5.0 AppleWebKit/537.36 (KHTML, like Gecko; compatible; GPTBot/1.3; +https://openai.com/gptbot)"
209.141.44.114 - - [13/Mar/2026:02:40:54 +0530] "GET /wp-login.php HTTP/1.1" 200 7805 "-" "Mozilla/5.0 (Windows NT 6.1; WOW64; rv:24.0) Gecko/20100101 Firefox/24.0"
74.7.243.201 - - [13/Mar/2026:02:40:54 +0530] "GET /goods.php?detail/003009384044 HTTP/2.0" 200 24086 "https://www.vedanthasoftware.com/goods.php?detail/0030320447143" "Mozilla/5.0 AppleWebKit/537.36 (KHTML, like Gecko; compatible; GPTBot/1.3; +https://openai.com/gptbot)"
209.141.44.114 - - [13/Mar/2026:02:40:55 +0530] "POST /wp-login.php HTTP/1.1" 200 8280 "-" "Mozilla/5.0 (Windows NT 6.1; WOW64; rv:24.0) Gecko/20100101 Firefox/24.0"
74.7.242.1 - - [13/Mar/2026:02:40:57 +0530] "GET /goods.php?detail/090035139934 HTTP/2.0" 200 23866 "https://vedanthasoftware.com/goods.php?detail/090025667636" "Mozilla/5.0 AppleWebKit/537.36 (KHTML, like Gecko; compatible; GPTBot/1.3; +https://openai.com/gptbot)"
74.7.243.201 - - [13/Mar/2026:02:40:58 +0530] "GET /goods.php?detail/057026218029 HTTP/2.0" 200 24084 "https://www.vedanthasoftware.com/goods.php?detail/279008294816" "Mozilla/5.0 AppleWebKit/537.36 (KHTML, like Gecko; compatible; GPTBot/1.3; +https://openai.com/gptbot)"
74.7.242.1 - - [13/Mar/2026:02:41:01 +0530] "GET /goods.php?detail/142028677721 HTTP/2.0" 200 23819 "https://vedanthasoftware.com/goods.php?detail/142048800487" "Mozilla/5.0 AppleWebKit/537.36 (KHTML, like Gecko; compatible; GPTBot/1.3; +https://openai.com/gptbot)"
74.7.243.201 - - [13/Mar/2026:02:41:02 +0530] "GET /goods.php?detail/156028905884 HTTP/2.0" 200 24090 "https://www.vedanthasoftware.com/goods.php?detail/002046033942" "Mozilla/5.0 AppleWebKit/537.36 (KHTML, like Gecko; compatible; GPTBot/1.3; +https://openai.com/gptbot)"
57.141.0.60 - - [13/Mar/2026:02:41:02 +0530] "GET /?e=19067101593700 HTTP/2.0" 200 183473 "-" "meta-externalagent/1.1 (+https://developers.facebook.com/docs/sharing/webmasters/crawler)"
85.208.96.209 - - [13/Mar/2026:02:41:04 +0530] "GET /robots.txt HTTP/1.1" 200 412 "-" "Mozilla/5.0 (compatible; SemrushBot/7~bl; +http://www.semrush.com/bot.html)"
74.7.242.1 - - [13/Mar/2026:02:41:05 +0530] "GET /goods.php?detail/095011139938 HTTP/2.0" 200 25207 "https://vedanthasoftware.com/goods.php?detail/206023696816" "Mozilla/5.0 AppleWebKit/537.36 (KHTML, like Gecko; compatible; GPTBot/1.3; +https://openai.com/gptbot)"
74.7.243.201 - - [13/Mar/2026:02:41:05 +0530] "GET /goods.php?detail/2170034529129 HTTP/2.0" 200 24386 "https://www.vedanthasoftware.com/goods.php?detail/217049299197" "Mozilla/5.0 AppleWebKit/537.36 (KHTML, like Gecko; compatible; GPTBot/1.3; +https://openai.com/gptbot)"
57.141.0.36 - - [13/Mar/2026:02:41:06 +0530] "GET /?e=37454215559300 HTTP/2.0" 200 183473 "-" "meta-externalagent/1.1 (+https://developers.facebook.com/docs/sharing/webmasters/crawler)"
185.191.171.16 - - [13/Mar/2026:02:41:06 +0530] "GET /her-cihazdan-erisim-kolayligi-saglayan-luks-casino-guncel-giris-cozumleri/ HTTP/1.1" 200 158549 "-" "Mozilla/5.0 (compatible; SemrushBot/7~bl; +http://www.semrush.com/bot.html)"
74.7.242.1 - - [13/Mar/2026:02:41:09 +0530] "GET /goods.php?detail/165024527734 HTTP/2.0" 200 24402 "https://vedanthasoftware.com/goods.php?detail/206023696816" "Mozilla/5.0 AppleWebKit/537.36 (KHTML, like Gecko; compatible; GPTBot/1.3; +https://openai.com/gptbot)"
74.7.243.201 - - [13/Mar/2026:02:41:09 +0530] "GET /goods.php?detail/104032007194 HTTP/2.0" 200 23793 "https://www.vedanthasoftware.com/goods.php?detail/104001907390" "Mozilla/5.0 AppleWebKit/537.36 (KHTML, like Gecko; compatible; GPTBot/1.3; +https://openai.com/gptbot)"
74.7.242.1 - - [13/Mar/2026:02:41:12 +0530] "GET /goods.php?detail/133013422442 HTTP/2.0" 200 24503 "https://vedanthasoftware.com/goods.php?detail/251044555620" "Mozilla/5.0 AppleWebKit/537.36 (KHTML, like Gecko; compatible; GPTBot/1.3; +https://openai.com/gptbot)"
74.7.243.201 - - [13/Mar/2026:02:41:13 +0530] "GET /goods.php?detail/1860069909936 HTTP/2.0" 200 23780 "https://www.vedanthasoftware.com/goods.php?detail/186006163286" "Mozilla/5.0 AppleWebKit/537.36 (KHTML, like Gecko; compatible; GPTBot/1.3; +https://openai.com/gptbot)"
74.7.242.1 - - [13/Mar/2026:02:41:16 +0530] "GET /goods.php?detail/109008160310 HTTP/2.0" 200 23600 "https://vedanthasoftware.com/goods.php?detail/032007310378" "Mozilla/5.0 AppleWebKit/537.36 (KHTML, like Gecko; compatible; GPTBot/1.3; +https://openai.com/gptbot)"
57.141.0.31 - - [13/Mar/2026:02:41:17 +0530] "GET /?e=63681120888102 HTTP/2.0" 200 183473 "-" "meta-externalagent/1.1 (+https://developers.facebook.com/docs/sharing/webmasters/crawler)"
74.7.243.201 - - [13/Mar/2026:02:41:18 +0530] "GET /goods.php?goods/277030021 HTTP/2.0" 200 24550 "https://www.vedanthasoftware.com/goods.php?detail/149039719142" "Mozilla/5.0 AppleWebKit/537.36 (KHTML, like Gecko; compatible; GPTBot/1.3; +https://openai.com/gptbot)"
74.7.242.1 - - [13/Mar/2026:02:41:20 +0530] "GET /goods.php?detail/251016314545 HTTP/2.0" 200 23649 "https://vedanthasoftware.com/goods.php?detail/251044555620" "Mozilla/5.0 AppleWebKit/537.36 (KHTML, like Gecko; compatible; GPTBot/1.3; +https://openai.com/gptbot)"
74.7.243.201 - - [13/Mar/2026:02:41:21 +0530] "GET /goods.php?detail/070002946669 HTTP/2.0" 200 24348 "https://www.vedanthasoftware.com/goods.php?detail/070019003736" "Mozilla/5.0 AppleWebKit/537.36 (KHTML, like Gecko; compatible; GPTBot/1.3; +https://openai.com/gptbot)"
114.119.144.200 - - [13/Mar/2026:02:41:22 +0530] "GET /?_p=020027410 HTTP/1.1" 301 5 "https://www.vedanthasoftware.com/sitemap546.xml" "Mozilla/5.0 (Linux; Android 7.0;) AppleWebKit/537.36 (KHTML, like Gecko) Mobile Safari/537.36 (compatible; PetalBot;+https://webmaster.petalsearch.com/site/petalbot)"
74.7.242.1 - - [13/Mar/2026:02:41:24 +0530] "GET /goods.php?detail/077035989072 HTTP/2.0" 200 23978 "https://vedanthasoftware.com/goods.php?detail/032007313251" "Mozilla/5.0 AppleWebKit/537.36 (KHTML, like Gecko; compatible; GPTBot/1.3; +https://openai.com/gptbot)"
74.7.243.201 - - [13/Mar/2026:02:41:24 +0530] "GET /goods.php?detail/250015783791 HTTP/2.0" 200 24719 "https://www.vedanthasoftware.com/goods.php?detail/149039719142" "Mozilla/5.0 AppleWebKit/537.36 (KHTML, like Gecko; compatible; GPTBot/1.3; +https://openai.com/gptbot)"
114.119.144.200 - - [13/Mar/2026:02:41:25 +0530] "GET /?_p=020027410 HTTP/1.1" 200 38168 "https://www.vedanthasoftware.com/sitemap546.xml" "Mozilla/5.0 (Linux; Android 7.0;) AppleWebKit/537.36 (KHTML, like Gecko) Mobile Safari/537.36 (compatible; PetalBot;+https://webmaster.petalsearch.com/site/petalbot)"
74.7.242.1 - - [13/Mar/2026:02:41:27 +0530] "GET /goods.php?detail/016019401249 HTTP/2.0" 200 23956 "https://vedanthasoftware.com/goods.php?detail/153046804948" "Mozilla/5.0 AppleWebKit/537.36 (KHTML, like Gecko; compatible; GPTBot/1.3; +https://openai.com/gptbot)"
74.7.243.201 - - [13/Mar/2026:02:41:28 +0530] "GET /goods.php?detail/104045920491 HTTP/2.0" 200 23716 "https://www.vedanthasoftware.com/goods.php?detail/1040019050062" "Mozilla/5.0 AppleWebKit/537.36 (KHTML, like Gecko; compatible; GPTBot/1.3; +https://openai.com/gptbot)"
74.7.242.1 - - [13/Mar/2026:02:41:30 +0530] "GET /goods.php?detail/1470075451100 HTTP/2.0" 200 24363 "https://vedanthasoftware.com/goods.php?detail/147011130186" "Mozilla/5.0 AppleWebKit/537.36 (KHTML, like Gecko; compatible; GPTBot/1.3; +https://openai.com/gptbot)"
74.7.243.201 - - [13/Mar/2026:02:41:32 +0530] "GET /goods.php?detail/026018210074 HTTP/2.0" 200 24233 "https://www.vedanthasoftware.com/goods.php?detail/274017219574" "Mozilla/5.0 AppleWebKit/537.36 (KHTML, like Gecko; compatible; GPTBot/1.3; +https://openai.com/gptbot)"
74.7.242.1 - - [13/Mar/2026:02:41:33 +0530] "GET /goods.php?detail/147007543259 HTTP/2.0" 200 24108 "https://vedanthasoftware.com/goods.php?detail/147011130186" "Mozilla/5.0 AppleWebKit/537.36 (KHTML, like Gecko; compatible; GPTBot/1.3; +https://openai.com/gptbot)"
74.7.243.201 - - [13/Mar/2026:02:41:35 +0530] "GET /goods.php?detail/003002540027 HTTP/2.0" 200 24381 "https://www.vedanthasoftware.com/goods.php?detail/003009384044" "Mozilla/5.0 AppleWebKit/537.36 (KHTML, like Gecko; compatible; GPTBot/1.3; +https://openai.com/gptbot)"
57.141.0.5 - - [13/Mar/2026:02:41:36 +0530] "GET /?e=24430270867603 HTTP/2.0" 200 183473 "-" "meta-externalagent/1.1 (+https://developers.facebook.com/docs/sharing/webmasters/crawler)"
74.7.242.1 - - [13/Mar/2026:02:41:37 +0530] "GET /goods.php?detail/155036893353 HTTP/2.0" 200 23958 "https://vedanthasoftware.com/goods.php?detail/099001588739" "Mozilla/5.0 AppleWebKit/537.36 (KHTML, like Gecko; compatible; GPTBot/1.3; +https://openai.com/gptbot)"
74.7.243.201 - - [13/Mar/2026:02:41:40 +0530] "GET /goods.php?detail/040010100452 HTTP/2.0" 200 25000 "https://www.vedanthasoftware.com/goods.php?detail/003009384044" "Mozilla/5.0 AppleWebKit/537.36 (KHTML, like Gecko; compatible; GPTBot/1.3; +https://openai.com/gptbot)"
74.7.242.1 - - [13/Mar/2026:02:41:40 +0530] "GET /goods.php?detail/101025601024 HTTP/2.0" 200 24537 "https://vedanthasoftware.com/goods.php?detail/142028677721" "Mozilla/5.0 AppleWebKit/537.36 (KHTML, like Gecko; compatible; GPTBot/1.3; +https://openai.com/gptbot)"
74.7.243.201 - - [13/Mar/2026:02:41:43 +0530] "GET /goods.php?detail/273023311986 HTTP/2.0" 200 23860 "https://www.vedanthasoftware.com/goods.php?detail/260042747146" "Mozilla/5.0 AppleWebKit/537.36 (KHTML, like Gecko; compatible; GPTBot/1.3; +https://openai.com/gptbot)"
74.7.242.1 - - [13/Mar/2026:02:41:44 +0530] "GET /goods.php?detail/095028738736 HTTP/2.0" 200 23605 "https://vedanthasoftware.com/goods.php?detail/095011139938" "Mozilla/5.0 AppleWebKit/537.36 (KHTML, like Gecko; compatible; GPTBot/1.3; +https://openai.com/gptbot)"
74.7.243.201 - - [13/Mar/2026:02:41:47 +0530] "GET /goods.php?detail/205027905870 HTTP/2.0" 200 25031 "https://www.vedanthasoftware.com/goods.php?detail/2170034529129" "Mozilla/5.0 AppleWebKit/537.36 (KHTML, like Gecko; compatible; GPTBot/1.3; +https://openai.com/gptbot)"
74.7.242.1 - - [13/Mar/2026:02:41:48 +0530] "GET /goods.php?detail/165018607374 HTTP/2.0" 200 24314 "https://vedanthasoftware.com/goods.php?detail/165024527734" "Mozilla/5.0 AppleWebKit/537.36 (KHTML, like Gecko; compatible; GPTBot/1.3; +https://openai.com/gptbot)"
57.141.0.53 - - [13/Mar/2026:02:41:48 +0530] "GET /?e=8584986325303 HTTP/2.0" 200 183473 "-" "meta-externalagent/1.1 (+https://developers.facebook.com/docs/sharing/webmasters/crawler)"
74.7.243.201 - - [13/Mar/2026:02:41:50 +0530] "GET /goods.php?detail/2940316203371 HTTP/2.0" 200 24732 "https://www.vedanthasoftware.com/goods.php?detail/149039719142" "Mozilla/5.0 AppleWebKit/537.36 (KHTML, like Gecko; compatible; GPTBot/1.3; +https://openai.com/gptbot)"
74.7.242.1 - - [13/Mar/2026:02:41:51 +0530] "GET /goods.php?detail/142046606994 HTTP/2.0" 200 23919 "https://vedanthasoftware.com/goods.php?detail/142028677721" "Mozilla/5.0 AppleWebKit/537.36 (KHTML, like Gecko; compatible; GPTBot/1.3; +https://openai.com/gptbot)"
57.141.0.49 - - [13/Mar/2026:02:41:52 +0530] "GET /?e=2389210395802 HTTP/2.0" 200 183473 "-" "meta-externalagent/1.1 (+https://developers.facebook.com/docs/sharing/webmasters/crawler)"
57.141.0.28 - - [13/Mar/2026:02:41:52 +0530] "GET /?e=96401233044600 HTTP/2.0" 200 183473 "-" "meta-externalagent/1.1 (+https://developers.facebook.com/docs/sharing/webmasters/crawler)"
74.7.243.201 - - [13/Mar/2026:02:41:55 +0530] "GET /goods.php?detail/1720269640648 HTTP/2.0" 200 24205 "https://www.vedanthasoftware.com/goods.php?detail/1720158903722" "Mozilla/5.0 AppleWebKit/537.36 (KHTML, like Gecko; compatible; GPTBot/1.3; +https://openai.com/gptbot)"
74.7.242.1 - - [13/Mar/2026:02:41:55 +0530] "GET /goods.php?detail/042017225132 HTTP/2.0" 200 24664 "https://vedanthasoftware.com/goods.php?detail/24503828510414" "Mozilla/5.0 AppleWebKit/537.36 (KHTML, like Gecko; compatible; GPTBot/1.3; +https://openai.com/gptbot)"
57.141.0.41 - - [13/Mar/2026:02:41:56 +0530] "GET /?e=74199201043202 HTTP/2.0" 200 183473 "-" "meta-externalagent/1.1 (+https://developers.facebook.com/docs/sharing/webmasters/crawler)"
57.141.0.54 - - [13/Mar/2026:02:41:56 +0530] "GET /?e=90008262024000 HTTP/2.0" 200 183473 "-" "meta-externalagent/1.1 (+https://developers.facebook.com/docs/sharing/webmasters/crawler)"
57.141.0.13 - - [13/Mar/2026:02:41:57 +0530] "GET /?e=15216164761802 HTTP/2.0" 200 183473 "-" "meta-externalagent/1.1 (+https://developers.facebook.com/docs/sharing/webmasters/crawler)"
74.7.243.201 - - [13/Mar/2026:02:41:59 +0530] "GET /goods.php?detail/277044240094 HTTP/2.0" 200 24031 "https://www.vedanthasoftware.com/goods.php?goods/277030021" "Mozilla/5.0 AppleWebKit/537.36 (KHTML, like Gecko; compatible; GPTBot/1.3; +https://openai.com/gptbot)"
74.7.242.1 - - [13/Mar/2026:02:41:59 +0530] "GET /goods.php?detail/256030943843 HTTP/2.0" 200 23892 "https://vedanthasoftware.com/goods.php?detail/251016314545" "Mozilla/5.0 AppleWebKit/537.36 (KHTML, like Gecko; compatible; GPTBot/1.3; +https://openai.com/gptbot)"
74.7.242.1 - - [13/Mar/2026:02:42:02 +0530] "GET /goods.php?detail/104011555215 HTTP/2.0" 200 23814 "https://vedanthasoftware.com/goods.php?detail/077035989072" "Mozilla/5.0 AppleWebKit/537.36 (KHTML, like Gecko; compatible; GPTBot/1.3; +https://openai.com/gptbot)"
74.7.243.201 - - [13/Mar/2026:02:42:03 +0530] "GET /goods.php?detail/070000326473 HTTP/2.0" 200 24490 "https://www.vedanthasoftware.com/goods.php?detail/070002946669" "Mozilla/5.0 AppleWebKit/537.36 (KHTML, like Gecko; compatible; GPTBot/1.3; +https://openai.com/gptbot)"
74.7.242.1 - - [13/Mar/2026:02:42:06 +0530] "GET /goods.php?detail/016009650525 HTTP/2.0" 200 23751 "https://vedanthasoftware.com/goods.php?detail/016019401249" "Mozilla/5.0 AppleWebKit/537.36 (KHTML, like Gecko; compatible; GPTBot/1.3; +https://openai.com/gptbot)"
74.7.243.201 - - [13/Mar/2026:02:42:07 +0530] "GET /goods.php?detail/2020449483187 HTTP/2.0" 200 24831 "https://www.vedanthasoftware.com/goods.php?detail/202027856689" "Mozilla/5.0 AppleWebKit/537.36 (KHTML, like Gecko; compatible; GPTBot/1.3; +https://openai.com/gptbot)"
57.141.0.15 - - [13/Mar/2026:02:42:07 +0530] "GET /?e=11708192792701 HTTP/2.0" 200 183473 "-" "meta-externalagent/1.1 (+https://developers.facebook.com/docs/sharing/webmasters/crawler)"
185.249.227.216 - - [13/Mar/2026:02:42:08 +0530] "GET / HTTP/1.1" 200 38164 "-" "Mozilla/5.0 (X11; Linux x86_64) AppleWebKit/537.36 (KHTML, like Gecko) Chrome/44.0.2403.157 Safari/537.36"
57.141.0.12 - - [13/Mar/2026:02:42:08 +0530] "GET /?e=75063191981102 HTTP/2.0" 200 183473 "-" "meta-externalagent/1.1 (+https://developers.facebook.com/docs/sharing/webmasters/crawler)"
74.7.243.201 - - [13/Mar/2026:02:42:10 +0530] "GET /goods.php?detail/279018128225 HTTP/2.0" 200 24065 "https://www.vedanthasoftware.com/goods.php?detail/104045920491" "Mozilla/5.0 AppleWebKit/537.36 (KHTML, like Gecko; compatible; GPTBot/1.3; +https://openai.com/gptbot)"
74.7.242.1 - - [13/Mar/2026:02:42:11 +0530] "GET /goods.php?detail/077006023679 HTTP/2.0" 200 23960 "https://vedanthasoftware.com/goods.php?detail/077035989072" "Mozilla/5.0 AppleWebKit/537.36 (KHTML, like Gecko; compatible; GPTBot/1.3; +https://openai.com/gptbot)"
74.7.243.201 - - [13/Mar/2026:02:42:15 +0530] "GET /goods.php?detail/262019980811 HTTP/2.0" 200 24063 "https://www.vedanthasoftware.com/goods.php?detail/104045920491" "Mozilla/5.0 AppleWebKit/537.36 (KHTML, like Gecko; compatible; GPTBot/1.3; +https://openai.com/gptbot)"
74.7.242.1 - - [13/Mar/2026:02:42:15 +0530] "GET /goods.php?detail/147004761014 HTTP/2.0" 200 23900 "https://vedanthasoftware.com/goods.php?detail/147007543259" "Mozilla/5.0 AppleWebKit/537.36 (KHTML, like Gecko; compatible; GPTBot/1.3; +https://openai.com/gptbot)"
74.7.243.201 - - [13/Mar/2026:02:42:19 +0530] "GET /goods.php?detail/0550161101625 HTTP/2.0" 200 24343 "https://www.vedanthasoftware.com/goods.php?detail/055025039676" "Mozilla/5.0 AppleWebKit/537.36 (KHTML, like Gecko; compatible; GPTBot/1.3; +https://openai.com/gptbot)"
74.7.242.1 - - [13/Mar/2026:02:42:20 +0530] "GET /goods.php?detail/217021563224 HTTP/2.0" 200 24081 "https://vedanthasoftware.com/goods.php?detail/147007543259" "Mozilla/5.0 AppleWebKit/537.36 (KHTML, like Gecko; compatible; GPTBot/1.3; +https://openai.com/gptbot)"
57.141.0.7 - - [13/Mar/2026:02:42:20 +0530] "GET /?e=85409202113900 HTTP/2.0" 200 183473 "-" "meta-externalagent/1.1 (+https://developers.facebook.com/docs/sharing/webmasters/crawler)"
57.141.0.24 - - [13/Mar/2026:02:42:20 +0530] "GET /?e=11404133093401 HTTP/2.0" 200 183473 "-" "meta-externalagent/1.1 (+https://developers.facebook.com/docs/sharing/webmasters/crawler)"
74.7.243.201 - - [13/Mar/2026:02:42:24 +0530] "GET /goods.php?detail/040001736507 HTTP/2.0" 200 24161 "https://www.vedanthasoftware.com/goods.php?detail/040010100452" "Mozilla/5.0 AppleWebKit/537.36 (KHTML, like Gecko; compatible; GPTBot/1.3; +https://openai.com/gptbot)"
74.7.242.1 - - [13/Mar/2026:02:42:24 +0530] "GET /goods.php?detail/022033386543 HTTP/2.0" 200 24962 "https://vedanthasoftware.com/goods.php?detail/101025601024" "Mozilla/5.0 AppleWebKit/537.36 (KHTML, like Gecko; compatible; GPTBot/1.3; +https://openai.com/gptbot)"
74.7.242.1 - - [13/Mar/2026:02:42:27 +0530] "GET /goods.php?detail/099035441464 HTTP/2.0" 200 24176 "https://vedanthasoftware.com/goods.php?detail/099000958653" "Mozilla/5.0 AppleWebKit/537.36 (KHTML, like Gecko; compatible; GPTBot/1.3; +https://openai.com/gptbot)"
74.7.243.201 - - [13/Mar/2026:02:42:28 +0530] "GET /goods.php?detail/105005224750 HTTP/2.0" 200 23842 "https://www.vedanthasoftware.com/goods.php?detail/273023311986" "Mozilla/5.0 AppleWebKit/537.36 (KHTML, like Gecko; compatible; GPTBot/1.3; +https://openai.com/gptbot)"
74.7.243.201 - - [13/Mar/2026:02:42:31 +0530] "GET /goods.php?detail/109023111942 HTTP/2.0" 200 24108 "https://www.vedanthasoftware.com/goods.php?detail/205027905870" "Mozilla/5.0 AppleWebKit/537.36 (KHTML, like Gecko; compatible; GPTBot/1.3; +https://openai.com/gptbot)"
74.7.242.1 - - [13/Mar/2026:02:42:31 +0530] "GET /goods.php?detail/109048373013 HTTP/2.0" 200 24130 "https://vedanthasoftware.com/goods.php?detail/202014043781" "Mozilla/5.0 AppleWebKit/537.36 (KHTML, like Gecko; compatible; GPTBot/1.3; +https://openai.com/gptbot)"
57.141.0.48 - - [13/Mar/2026:02:42:32 +0530] "GET /?e=18381200153500 HTTP/2.0" 200 183473 "-" "meta-externalagent/1.1 (+https://developers.facebook.com/docs/sharing/webmasters/crawler)"
74.7.243.201 - - [13/Mar/2026:02:42:34 +0530] "GET /goods.php?detail/294042847647 HTTP/2.0" 200 24084 "https://www.vedanthasoftware.com/goods.php?detail/2940316203371" "Mozilla/5.0 AppleWebKit/537.36 (KHTML, like Gecko; compatible; GPTBot/1.3; +https://openai.com/gptbot)"
74.7.242.1 - - [13/Mar/2026:02:42:34 +0530] "GET /goods.php?detail/122034063301 HTTP/2.0" 200 24025 "https://vedanthasoftware.com/goods.php?detail/122049802240" "Mozilla/5.0 AppleWebKit/537.36 (KHTML, like Gecko; compatible; GPTBot/1.3; +https://openai.com/gptbot)"
74.7.243.201 - - [13/Mar/2026:02:42:37 +0530] "GET /goods.php?detail/044028553109 HTTP/2.0" 200 24695 "https://www.vedanthasoftware.com/goods.php?detail/2940316203371" "Mozilla/5.0 AppleWebKit/537.36 (KHTML, like Gecko; compatible; GPTBot/1.3; +https://openai.com/gptbot)"
74.7.242.1 - - [13/Mar/2026:02:42:37 +0530] "GET /goods.php?detail/249004479929 HTTP/2.0" 200 24712 "https://vedanthasoftware.com/goods.php?detail/042017225132" "Mozilla/5.0 AppleWebKit/537.36 (KHTML, like Gecko; compatible; GPTBot/1.3; +https://openai.com/gptbot)"
74.7.243.201 - - [13/Mar/2026:02:42:40 +0530] "GET /goods.php?jp/277030017.html HTTP/2.0" 200 24076 "https://www.vedanthasoftware.com/goods.php?detail/277044240094" "Mozilla/5.0 AppleWebKit/537.36 (KHTML, like Gecko; compatible; GPTBot/1.3; +https://openai.com/gptbot)"
74.7.242.1 - - [13/Mar/2026:02:42:40 +0530] "GET /goods.php?detail/230048385243 HTTP/2.0" 200 24039 "https://vedanthasoftware.com/goods.php?jp/230039198.html" "Mozilla/5.0 AppleWebKit/537.36 (KHTML, like Gecko; compatible; GPTBot/1.3; +https://openai.com/gptbot)"
57.141.0.54 - - [13/Mar/2026:02:42:41 +0530] "GET /?e=19740144687504 HTTP/2.0" 200 183473 "-" "meta-externalagent/1.1 (+https://developers.facebook.com/docs/sharing/webmasters/crawler)"
74.7.242.1 - - [13/Mar/2026:02:42:44 +0530] "GET /goods.php?detail/044022398938 HTTP/2.0" 200 23886 "https://vedanthasoftware.com/goods.php?detail/04402240265322" "Mozilla/5.0 AppleWebKit/537.36 (KHTML, like Gecko; compatible; GPTBot/1.3; +https://openai.com/gptbot)"
74.7.243.201 - - [13/Mar/2026:02:42:44 +0530] "GET /goods.php?detail/0090159598594 HTTP/2.0" 200 24167 "https://www.vedanthasoftware.com/goods.php?detail/277044240094" "Mozilla/5.0 AppleWebKit/537.36 (KHTML, like Gecko; compatible; GPTBot/1.3; +https://openai.com/gptbot)"
57.141.0.29 - - [13/Mar/2026:02:42:45 +0530] "GET /?e=2732224616300 HTTP/2.0" 200 183473 "-" "meta-externalagent/1.1 (+https://developers.facebook.com/docs/sharing/webmasters/crawler)"
74.7.243.201 - - [13/Mar/2026:02:42:48 +0530] "GET /goods.php?detail/2770300200944 HTTP/2.0" 200 24265 "https://www.vedanthasoftware.com/goods.php?detail/277044240094" "Mozilla/5.0 AppleWebKit/537.36 (KHTML, like Gecko; compatible; GPTBot/1.3; +https://openai.com/gptbot)"
74.7.242.1 - - [13/Mar/2026:02:42:48 +0530] "GET /goods.php?detail/016040906146 HTTP/2.0" 200 24356 "https://vedanthasoftware.com/goods.php?detail/016009650525" "Mozilla/5.0 AppleWebKit/537.36 (KHTML, like Gecko; compatible; GPTBot/1.3; +https://openai.com/gptbot)"
57.141.0.49 - - [13/Mar/2026:02:42:49 +0530] "GET /?e=25541268008618 HTTP/2.0" 200 183473 "-" "meta-externalagent/1.1 (+https://developers.facebook.com/docs/sharing/webmasters/crawler)"
74.7.243.201 - - [13/Mar/2026:02:42:52 +0530] "GET /goods.php?goods/129010669 HTTP/2.0" 200 24286 "https://www.vedanthasoftware.com/goods.php?detail/279018128225" "Mozilla/5.0 AppleWebKit/537.36 (KHTML, like Gecko; compatible; GPTBot/1.3; +https://openai.com/gptbot)"
74.7.242.1 - - [13/Mar/2026:02:42:52 +0530] "GET /goods.php?detail/0770032754779 HTTP/2.0" 200 23815 "https://vedanthasoftware.com/goods.php?detail/077006023679" "Mozilla/5.0 AppleWebKit/537.36 (KHTML, like Gecko; compatible; GPTBot/1.3; +https://openai.com/gptbot)"
57.141.0.63 - - [13/Mar/2026:02:42:53 +0530] "GET /?e=76144171041006 HTTP/2.0" 200 183473 "-" "meta-externalagent/1.1 (+https://developers.facebook.com/docs/sharing/webmasters/crawler)"
74.7.243.201 - - [13/Mar/2026:02:42:55 +0530] "GET /goods.php?detail/262007265632 HTTP/2.0" 200 24147 "https://www.vedanthasoftware.com/goods.php?detail/262019980811" "Mozilla/5.0 AppleWebKit/537.36 (KHTML, like Gecko; compatible; GPTBot/1.3; +https://openai.com/gptbot)"
74.7.242.1 - - [13/Mar/2026:02:42:56 +0530] "GET /goods.php?detail/010009885269 HTTP/2.0" 200 24105 "https://vedanthasoftware.com/goods.php?detail/077006023679" "Mozilla/5.0 AppleWebKit/537.36 (KHTML, like Gecko; compatible; GPTBot/1.3; +https://openai.com/gptbot)"
57.141.0.33 - - [13/Mar/2026:02:42:56 +0530] "GET /?e=102875005302 HTTP/2.0" 200 183473 "-" "meta-externalagent/1.1 (+https://developers.facebook.com/docs/sharing/webmasters/crawler)"
57.141.0.4 - - [13/Mar/2026:02:42:57 +0530] "GET /?e=9901982153602 HTTP/2.0" 200 183473 "-" "meta-externalagent/1.1 (+https://developers.facebook.com/docs/sharing/webmasters/crawler)"
74.7.243.201 - - [13/Mar/2026:02:43:00 +0530] "GET /goods.php?detail/086009468616 HTTP/2.0" 200 25328 "https://www.vedanthasoftware.com/goods.php?detail/279018128225" "Mozilla/5.0 AppleWebKit/537.36 (KHTML, like Gecko; compatible; GPTBot/1.3; +https://openai.com/gptbot)"
74.7.242.1 - - [13/Mar/2026:02:43:00 +0530] "GET /goods.php?detail/049007482423 HTTP/2.0" 200 23927 "https://vedanthasoftware.com/goods.php?detail/049007487200" "Mozilla/5.0 AppleWebKit/537.36 (KHTML, like Gecko; compatible; GPTBot/1.3; +https://openai.com/gptbot)"
57.141.0.40 - - [13/Mar/2026:02:43:01 +0530] "GET /?e=82504238860003 HTTP/2.0" 200 183473 "-" "meta-externalagent/1.1 (+https://developers.facebook.com/docs/sharing/webmasters/crawler)"
74.7.243.201 - - [13/Mar/2026:02:43:03 +0530] "GET /goods.php?detail/040038873043 HTTP/2.0" 200 24991 "https://www.vedanthasoftware.com/goods.php?detail/040001736507" "Mozilla/5.0 AppleWebKit/537.36 (KHTML, like Gecko; compatible; GPTBot/1.3; +https://openai.com/gptbot)"
74.7.242.1 - - [13/Mar/2026:02:43:04 +0530] "GET /goods.php?detail/233005188525 HTTP/2.0" 200 23729 "https://vedanthasoftware.com/goods.php?goods/167000568" "Mozilla/5.0 AppleWebKit/537.36 (KHTML, like Gecko; compatible; GPTBot/1.3; +https://openai.com/gptbot)"
74.7.243.201 - - [13/Mar/2026:02:43:06 +0530] "GET /goods.php?detail/105006301021 HTTP/2.0" 200 23822 "https://www.vedanthasoftware.com/goods.php?detail/105005224750" "Mozilla/5.0 AppleWebKit/537.36 (KHTML, like Gecko; compatible; GPTBot/1.3; +https://openai.com/gptbot)"
74.7.242.1 - - [13/Mar/2026:02:43:06 +0530] "GET /goods.php?detail/054033733769 HTTP/2.0" 200 23997 "https://vedanthasoftware.com/goods.php?detail/099035441464" "Mozilla/5.0 AppleWebKit/537.36 (KHTML, like Gecko; compatible; GPTBot/1.3; +https://openai.com/gptbot)"
74.7.242.1 - - [13/Mar/2026:02:43:10 +0530] "GET /goods.php?detail/117034683188 HTTP/2.0" 200 24045 "https://vedanthasoftware.com/goods.php?detail/067044844644" "Mozilla/5.0 AppleWebKit/537.36 (KHTML, like Gecko; compatible; GPTBot/1.3; +https://openai.com/gptbot)"
74.7.243.201 - - [13/Mar/2026:02:43:11 +0530] "GET /goods.php?detail/262007269423 HTTP/2.0" 200 24573 "https://www.vedanthasoftware.com/goods.php?detail/262019980811" "Mozilla/5.0 AppleWebKit/537.36 (KHTML, like Gecko; compatible; GPTBot/1.3; +https://openai.com/gptbot)"
74.7.242.1 - - [13/Mar/2026:02:43:13 +0530] "GET /goods.php?detail/156001851730 HTTP/2.0" 200 23973 "https://vedanthasoftware.com/goods.php?goods/156001851" "Mozilla/5.0 AppleWebKit/537.36 (KHTML, like Gecko; compatible; GPTBot/1.3; +https://openai.com/gptbot)"
57.141.0.50 - - [13/Mar/2026:02:43:14 +0530] "GET /?e=1299324458200 HTTP/2.0" 200 183473 "-" "meta-externalagent/1.1 (+https://developers.facebook.com/docs/sharing/webmasters/crawler)"
74.7.243.201 - - [13/Mar/2026:02:43:14 +0530] "GET /goods.php?detail/262007266187 HTTP/2.0" 200 25222 "https://www.vedanthasoftware.com/goods.php?detail/262019980811" "Mozilla/5.0 AppleWebKit/537.36 (KHTML, like Gecko; compatible; GPTBot/1.3; +https://openai.com/gptbot)"
74.7.242.1 - - [13/Mar/2026:02:43:17 +0530] "GET /goods.php?detail/284014927747 HTTP/2.0" 200 24072 "https://vedanthasoftware.com/goods.php?jp/107027668.html" "Mozilla/5.0 AppleWebKit/537.36 (KHTML, like Gecko; compatible; GPTBot/1.3; +https://openai.com/gptbot)"
74.7.243.201 - - [13/Mar/2026:02:43:19 +0530] "GET /goods.php?detail/2940302439424 HTTP/2.0" 200 23861 "https://www.vedanthasoftware.com/goods.php?detail/294042847647" "Mozilla/5.0 AppleWebKit/537.36 (KHTML, like Gecko; compatible; GPTBot/1.3; +https://openai.com/gptbot)"
74.7.242.1 - - [13/Mar/2026:02:43:21 +0530] "GET /goods.php?detail/230043009545 HTTP/2.0" 200 23766 "https://vedanthasoftware.com/goods.php?detail/230048385243" "Mozilla/5.0 AppleWebKit/537.36 (KHTML, like Gecko; compatible; GPTBot/1.3; +https://openai.com/gptbot)"
74.7.243.201 - - [13/Mar/2026:02:43:23 +0530] "GET /goods.php?detail/284009539236 HTTP/2.0" 200 23819 "https://www.vedanthasoftware.com/goods.php?detail/294042847647" "Mozilla/5.0 AppleWebKit/537.36 (KHTML, like Gecko; compatible; GPTBot/1.3; +https://openai.com/gptbot)"
74.7.242.1 - - [13/Mar/2026:02:43:25 +0530] "GET /goods.php?detail/295024952261 HTTP/2.0" 200 24010 "https://vedanthasoftware.com/goods.php?detail/230048385243" "Mozilla/5.0 AppleWebKit/537.36 (KHTML, like Gecko; compatible; GPTBot/1.3; +https://openai.com/gptbot)"
74.7.243.201 - - [13/Mar/2026:02:43:26 +0530] "GET /goods.php?detail/009011480830 HTTP/2.0" 200 23957 "https://www.vedanthasoftware.com/goods.php?detail/0090159598594" "Mozilla/5.0 AppleWebKit/537.36 (KHTML, like Gecko; compatible; GPTBot/1.3; +https://openai.com/gptbot)"
74.7.242.1 - - [13/Mar/2026:02:43:29 +0530] "GET /goods.php?detail/270044112660 HTTP/2.0" 200 24034 "https://vedanthasoftware.com/goods.php?detail/044022398938" "Mozilla/5.0 AppleWebKit/537.36 (KHTML, like Gecko; compatible; GPTBot/1.3; +https://openai.com/gptbot)"
74.7.243.201 - - [13/Mar/2026:02:43:29 +0530] "GET /goods.php?detail/094013008436 HTTP/2.0" 200 25085 "https://www.vedanthasoftware.com/goods.php?detail/279018128225" "Mozilla/5.0 AppleWebKit/537.36 (KHTML, like Gecko; compatible; GPTBot/1.3; +https://openai.com/gptbot)"
57.141.0.35 - - [13/Mar/2026:02:43:30 +0530] "GET /?e=1649635157205 HTTP/2.0" 200 183473 "-" "meta-externalagent/1.1 (+https://developers.facebook.com/docs/sharing/webmasters/crawler)"
57.141.0.14 - - [13/Mar/2026:02:43:30 +0530] "GET /?e=26423221581201 HTTP/2.0" 200 183473 "-" "meta-externalagent/1.1 (+https://developers.facebook.com/docs/sharing/webmasters/crawler)"
74.7.242.1 - - [13/Mar/2026:02:43:33 +0530] "GET /goods.php?detail/016039446933 HTTP/2.0" 200 23861 "https://vedanthasoftware.com/goods.php?detail/016040906146" "Mozilla/5.0 AppleWebKit/537.36 (KHTML, like Gecko; compatible; GPTBot/1.3; +https://openai.com/gptbot)"
74.7.243.201 - - [13/Mar/2026:02:43:33 +0530] "GET /goods.php?detail/044039155949 HTTP/2.0" 200 23994 "https://www.vedanthasoftware.com/goods.php?detail/044028553109" "Mozilla/5.0 AppleWebKit/537.36 (KHTML, like Gecko; compatible; GPTBot/1.3; +https://openai.com/gptbot)"
40.77.167.61 - - [13/Mar/2026:02:43:33 +0530] "GET /?e=93814195874804 HTTP/2.0" 200 33 "-" "Mozilla/5.0 AppleWebKit/537.36 (KHTML, like Gecko; compatible; bingbot/2.0; +http://www.bing.com/bingbot.htm) Chrome/116.0.1938.76 Safari/537.36"
57.141.0.54 - - [13/Mar/2026:02:43:34 +0530] "GET /?e=85612228930701 HTTP/2.0" 200 183473 "-" "meta-externalagent/1.1 (+https://developers.facebook.com/docs/sharing/webmasters/crawler)"
74.7.242.1 - - [13/Mar/2026:02:43:36 +0530] "GET /goods.php?detail/282044568210 HTTP/2.0" 200 23443 "https://vedanthasoftware.com/goods.php?detail/010009885269" "Mozilla/5.0 AppleWebKit/537.36 (KHTML, like Gecko; compatible; GPTBot/1.3; +https://openai.com/gptbot)"
74.7.243.201 - - [13/Mar/2026:02:43:36 +0530] "GET /goods.php?detail/109014416224 HTTP/2.0" 200 24685 "https://www.vedanthasoftware.com/goods.php?detail/109023111942" "Mozilla/5.0 AppleWebKit/537.36 (KHTML, like Gecko; compatible; GPTBot/1.3; +https://openai.com/gptbot)"
74.7.242.1 - - [13/Mar/2026:02:43:39 +0530] "GET /goods.php?detail/049004835434 HTTP/2.0" 200 23621 "https://vedanthasoftware.com/goods.php?detail/049007482423" "Mozilla/5.0 AppleWebKit/537.36 (KHTML, like Gecko; compatible; GPTBot/1.3; +https://openai.com/gptbot)"
57.141.0.65 - - [13/Mar/2026:02:43:40 +0530] "GET /?e=35007229167000 HTTP/2.0" 200 183473 "-" "meta-externalagent/1.1 (+https://developers.facebook.com/docs/sharing/webmasters/crawler)"
74.7.243.201 - - [13/Mar/2026:02:43:40 +0530] "GET /goods.php?detail/166040061544 HTTP/2.0" 200 24121 "https://www.vedanthasoftware.com/goods.php?detail/086009468616" "Mozilla/5.0 AppleWebKit/537.36 (KHTML, like Gecko; compatible; GPTBot/1.3; +https://openai.com/gptbot)"
57.141.0.10 - - [13/Mar/2026:02:43:41 +0530] "GET /?e=19844257588405 HTTP/2.0" 200 183473 "-" "meta-externalagent/1.1 (+https://developers.facebook.com/docs/sharing/webmasters/crawler)"
74.7.242.1 - - [13/Mar/2026:02:43:42 +0530] "GET /goods.php?detail/109039606709 HTTP/2.0" 200 24117 "https://vedanthasoftware.com/goods.php?detail/049007482423" "Mozilla/5.0 AppleWebKit/537.36 (KHTML, like Gecko; compatible; GPTBot/1.3; +https://openai.com/gptbot)"
57.141.0.10 - - [13/Mar/2026:02:43:43 +0530] "GET /?e=10754186330200 HTTP/2.0" 200 183473 "-" "meta-externalagent/1.1 (+https://developers.facebook.com/docs/sharing/webmasters/crawler)"
74.7.243.201 - - [13/Mar/2026:02:43:44 +0530] "GET /goods.php?detail/057035019306 HTTP/2.0" 200 24363 "https://www.vedanthasoftware.com/goods.php?detail/044028553109" "Mozilla/5.0 AppleWebKit/537.36 (KHTML, like Gecko; compatible; GPTBot/1.3; +https://openai.com/gptbot)"
57.141.0.14 - - [13/Mar/2026:02:43:45 +0530] "GET /?e=18372127060201 HTTP/2.0" 200 183473 "-" "meta-externalagent/1.1 (+https://developers.facebook.com/docs/sharing/webmasters/crawler)"
74.7.242.1 - - [13/Mar/2026:02:43:46 +0530] "GET /goods.php?goods/054033724 HTTP/2.0" 200 24582 "https://vedanthasoftware.com/goods.php?detail/054033733769" "Mozilla/5.0 AppleWebKit/537.36 (KHTML, like Gecko; compatible; GPTBot/1.3; +https://openai.com/gptbot)"
74.7.243.201 - - [13/Mar/2026:02:43:47 +0530] "GET /goods.php?detail/294030244595 HTTP/2.0" 200 24204 "https://www.vedanthasoftware.com/goods.php?detail/294042847647" "Mozilla/5.0 AppleWebKit/537.36 (KHTML, like Gecko; compatible; GPTBot/1.3; +https://openai.com/gptbot)"
57.141.0.17 - - [13/Mar/2026:02:43:48 +0530] "GET /?e=0202763444206 HTTP/2.0" 200 183473 "-" "meta-externalagent/1.1 (+https://developers.facebook.com/docs/sharing/webmasters/crawler)"
74.7.242.1 - - [13/Mar/2026:02:43:49 +0530] "GET /goods.php?detail/012013566518 HTTP/2.0" 200 24749 "https://vedanthasoftware.com/goods.php?detail/049007482423" "Mozilla/5.0 AppleWebKit/537.36 (KHTML, like Gecko; compatible; GPTBot/1.3; +https://openai.com/gptbot)"
57.141.0.66 - - [13/Mar/2026:02:43:49 +0530] "GET /?e=0124835837300 HTTP/2.0" 200 183473 "-" "meta-externalagent/1.1 (+https://developers.facebook.com/docs/sharing/webmasters/crawler)"
57.141.0.27 - - [13/Mar/2026:02:43:50 +0530] "GET /?e=7082112078904 HTTP/2.0" 200 183473 "-" "meta-externalagent/1.1 (+https://developers.facebook.com/docs/sharing/webmasters/crawler)"
74.7.242.1 - - [13/Mar/2026:02:43:52 +0530] "GET /goods.php?detail/027040802985 HTTP/2.0" 200 24356 "https://vedanthasoftware.com/goods.php?detail/156001851730" "Mozilla/5.0 AppleWebKit/537.36 (KHTML, like Gecko; compatible; GPTBot/1.3; +https://openai.com/gptbot)"
74.7.243.201 - - [13/Mar/2026:02:43:52 +0530] "GET /goods.php?detail/086037363216 HTTP/2.0" 200 24132 "https://www.vedanthasoftware.com/goods.php?detail/086009468616" "Mozilla/5.0 AppleWebKit/537.36 (KHTML, like Gecko; compatible; GPTBot/1.3; +https://openai.com/gptbot)"
57.141.0.66 - - [13/Mar/2026:02:43:53 +0530] "GET /?e=4216913819801 HTTP/2.0" 200 183473 "-" "meta-externalagent/1.1 (+https://developers.facebook.com/docs/sharing/webmasters/crawler)"
74.7.242.1 - - [13/Mar/2026:02:43:56 +0530] "GET /goods.php?detail/233027804828 HTTP/2.0" 200 23813 "https://vedanthasoftware.com/goods.php?detail/233005188525" "Mozilla/5.0 AppleWebKit/537.36 (KHTML, like Gecko; compatible; GPTBot/1.3; +https://openai.com/gptbot)"
57.141.0.6 - - [13/Mar/2026:02:43:57 +0530] "GET /?e=0163052525702 HTTP/2.0" 200 183473 "-" "meta-externalagent/1.1 (+https://developers.facebook.com/docs/sharing/webmasters/crawler)"
74.7.243.201 - - [13/Mar/2026:02:43:57 +0530] "GET /goods.php?detail/0660406876615 HTTP/2.0" 200 24072 "https://www.vedanthasoftware.com/goods.php?detail/262007266187" "Mozilla/5.0 AppleWebKit/537.36 (KHTML, like Gecko; compatible; GPTBot/1.3; +https://openai.com/gptbot)"
74.7.242.1 - - [13/Mar/2026:02:44:00 +0530] "GET /goods.php?detail/286006242217 HTTP/2.0" 200 24699 "https://vedanthasoftware.com/goods.php?detail/016040906146" "Mozilla/5.0 AppleWebKit/537.36 (KHTML, like Gecko; compatible; GPTBot/1.3; +https://openai.com/gptbot)"
74.7.243.201 - - [13/Mar/2026:02:44:01 +0530] "GET /goods.php?detail/294007673129 HTTP/2.0" 200 24044 "https://www.vedanthasoftware.com/goods.php?detail/2940302439424" "Mozilla/5.0 AppleWebKit/537.36 (KHTML, like Gecko; compatible; GPTBot/1.3; +https://openai.com/gptbot)"
57.141.0.37 - - [13/Mar/2026:02:44:02 +0530] "GET /?e=89828208703204 HTTP/2.0" 200 183473 "-" "meta-externalagent/1.1 (+https://developers.facebook.com/docs/sharing/webmasters/crawler)"
74.7.242.1 - - [13/Mar/2026:02:44:04 +0530] "GET /goods.php?detail/020011942469 HTTP/2.0" 200 23999 "https://vedanthasoftware.com/goods.php?detail/070046485985" "Mozilla/5.0 AppleWebKit/537.36 (KHTML, like Gecko; compatible; GPTBot/1.3; +https://openai.com/gptbot)"
74.7.243.201 - - [13/Mar/2026:02:44:07 +0530] "GET /goods.php?detail/284038237402 HTTP/2.0" 200 23753 "https://www.vedanthasoftware.com/goods.php?detail/284009539236" "Mozilla/5.0 AppleWebKit/537.36 (KHTML, like Gecko; compatible; GPTBot/1.3; +https://openai.com/gptbot)"
74.7.242.1 - - [13/Mar/2026:02:44:07 +0530] "GET /goods.php?detail/183005292111 HTTP/2.0" 200 23236 "https://vedanthasoftware.com/goods.php?detail/270044112660" "Mozilla/5.0 AppleWebKit/537.36 (KHTML, like Gecko; compatible; GPTBot/1.3; +https://openai.com/gptbot)"
74.7.242.1 - - [13/Mar/2026:02:44:11 +0530] "GET /goods.php?detail/106035641860 HTTP/2.0" 200 23853 "https://vedanthasoftware.com/goods.php?detail/016039446933" "Mozilla/5.0 AppleWebKit/537.36 (KHTML, like Gecko; compatible; GPTBot/1.3; +https://openai.com/gptbot)"
74.7.243.201 - - [13/Mar/2026:02:44:11 +0530] "GET /goods.php?detail/009011399094 HTTP/2.0" 200 24321 "https://www.vedanthasoftware.com/goods.php?detail/009011480830" "Mozilla/5.0 AppleWebKit/537.36 (KHTML, like Gecko; compatible; GPTBot/1.3; +https://openai.com/gptbot)"
74.7.242.1 - - [13/Mar/2026:02:44:14 +0530] "GET /goods.php?detail/121017300553 HTTP/2.0" 200 24003 "https://vedanthasoftware.com/goods.php?detail/090035139934" "Mozilla/5.0 AppleWebKit/537.36 (KHTML, like Gecko; compatible; GPTBot/1.3; +https://openai.com/gptbot)"
74.7.243.201 - - [13/Mar/2026:02:44:15 +0530] "GET /goods.php?detail/094013011033 HTTP/2.0" 200 24022 "https://www.vedanthasoftware.com/goods.php?detail/094013008436" "Mozilla/5.0 AppleWebKit/537.36 (KHTML, like Gecko; compatible; GPTBot/1.3; +https://openai.com/gptbot)"
74.7.242.1 - - [13/Mar/2026:02:44:18 +0530] "GET /goods.php?jp/229002050.html HTTP/2.0" 200 24244 "https://vedanthasoftware.com/goods.php?detail/049004835434" "Mozilla/5.0 AppleWebKit/537.36 (KHTML, like Gecko; compatible; GPTBot/1.3; +https://openai.com/gptbot)"
74.7.243.201 - - [13/Mar/2026:02:44:20 +0530] "GET /goods.php?detail/036030818496 HTTP/2.0" 200 24314 "https://www.vedanthasoftware.com/goods.php?detail/009011480830" "Mozilla/5.0 AppleWebKit/537.36 (KHTML, like Gecko; compatible; GPTBot/1.3; +https://openai.com/gptbot)"
57.141.0.9 - - [13/Mar/2026:02:44:21 +0530] "GET /?e=9821940445101 HTTP/2.0" 200 183473 "-" "meta-externalagent/1.1 (+https://developers.facebook.com/docs/sharing/webmasters/crawler)"
74.7.242.1 - - [13/Mar/2026:02:44:21 +0530] "GET /goods.php?detail/109009785908 HTTP/2.0" 200 23987 "https://vedanthasoftware.com/goods.php?detail/109039606709" "Mozilla/5.0 AppleWebKit/537.36 (KHTML, like Gecko; compatible; GPTBot/1.3; +https://openai.com/gptbot)"
74.7.243.201 - - [13/Mar/2026:02:44:25 +0530] "GET /goods.php?detail/150045833689 HTTP/2.0" 200 23989 "https://www.vedanthasoftware.com/goods.php?detail/262007266187" "Mozilla/5.0 AppleWebKit/537.36 (KHTML, like Gecko; compatible; GPTBot/1.3; +https://openai.com/gptbot)"
74.7.242.1 - - [13/Mar/2026:02:44:26 +0530] "GET /goods.php?goods/028035906 HTTP/2.0" 200 23998 "https://vedanthasoftware.com/goods.php?goods/054033724" "Mozilla/5.0 AppleWebKit/537.36 (KHTML, like Gecko; compatible; GPTBot/1.3; +https://openai.com/gptbot)"
74.7.243.201 - - [13/Mar/2026:02:44:28 +0530] "GET /goods.php?detail/262010453247 HTTP/2.0" 200 23848 "https://www.vedanthasoftware.com/goods.php?detail/262007265632" "Mozilla/5.0 AppleWebKit/537.36 (KHTML, like Gecko; compatible; GPTBot/1.3; +https://openai.com/gptbot)"
74.7.242.1 - - [13/Mar/2026:02:44:30 +0530] "GET /goods.php?detail/033036755038 HTTP/2.0" 200 23846 "https://vedanthasoftware.com/goods.php?detail/012013566518" "Mozilla/5.0 AppleWebKit/537.36 (KHTML, like Gecko; compatible; GPTBot/1.3; +https://openai.com/gptbot)"
74.7.243.201 - - [13/Mar/2026:02:44:32 +0530] "GET /goods.php?detail/057002149572 HTTP/2.0" 200 24581 "https://www.vedanthasoftware.com/goods.php?detail/057035019306" "Mozilla/5.0 AppleWebKit/537.36 (KHTML, like Gecko; compatible; GPTBot/1.3; +https://openai.com/gptbot)"
57.141.0.71 - - [13/Mar/2026:02:44:32 +0530] "GET /?e=14819284106706 HTTP/2.0" 200 183473 "-" "meta-externalagent/1.1 (+https://developers.facebook.com/docs/sharing/webmasters/crawler)"
74.7.242.1 - - [13/Mar/2026:02:44:33 +0530] "GET /goods.php?detail/046008958206 HTTP/2.0" 200 23780 "https://vedanthasoftware.com/goods.php?detail/04600292257106" "Mozilla/5.0 AppleWebKit/537.36 (KHTML, like Gecko; compatible; GPTBot/1.3; +https://openai.com/gptbot)"
74.7.243.201 - - [13/Mar/2026:02:44:35 +0530] "GET /goods.php?detail/294040434806 HTTP/2.0" 200 24221 "https://www.vedanthasoftware.com/goods.php?detail/294030244595" "Mozilla/5.0 AppleWebKit/537.36 (KHTML, like Gecko; compatible; GPTBot/1.3; +https://openai.com/gptbot)"
74.7.242.1 - - [13/Mar/2026:02:44:36 +0530] "GET /goods.php?detail/233026336569 HTTP/2.0" 200 23648 "https://vedanthasoftware.com/goods.php?detail/233027804828" "Mozilla/5.0 AppleWebKit/537.36 (KHTML, like Gecko; compatible; GPTBot/1.3; +https://openai.com/gptbot)"
57.141.0.10 - - [13/Mar/2026:02:44:37 +0530] "GET /?e=7948225491300 HTTP/2.0" 200 183473 "-" "meta-externalagent/1.1 (+https://developers.facebook.com/docs/sharing/webmasters/crawler)"
74.7.243.201 - - [13/Mar/2026:02:44:38 +0530] "GET /goods.php?detail/229025979112 HTTP/2.0" 200 24536 "https://www.vedanthasoftware.com/goods.php?detail/086037363216" "Mozilla/5.0 AppleWebKit/537.36 (KHTML, like Gecko; compatible; GPTBot/1.3; +https://openai.com/gptbot)"
74.7.242.1 - - [13/Mar/2026:02:44:40 +0530] "GET /goods.php?detail/180035700529 HTTP/2.0" 200 24724 "https://vedanthasoftware.com/goods.php?detail/233027804828" "Mozilla/5.0 AppleWebKit/537.36 (KHTML, like Gecko; compatible; GPTBot/1.3; +https://openai.com/gptbot)"
74.7.243.201 - - [13/Mar/2026:02:44:41 +0530] "GET /goods.php?detail/2810021404029 HTTP/2.0" 200 23804 "https://www.vedanthasoftware.com/goods.php?detail/086037363216" "Mozilla/5.0 AppleWebKit/537.36 (KHTML, like Gecko; compatible; GPTBot/1.3; +https://openai.com/gptbot)"
74.7.242.1 - - [13/Mar/2026:02:44:43 +0530] "GET /goods.php?detail/1140151305505 HTTP/2.0" 200 24256 "https://vedanthasoftware.com/goods.php?detail/286006242217" "Mozilla/5.0 AppleWebKit/537.36 (KHTML, like Gecko; compatible; GPTBot/1.3; +https://openai.com/gptbot)"
74.7.243.201 - - [13/Mar/2026:02:44:45 +0530] "GET /goods.php?detail/266021085562 HTTP/2.0" 200 25039 "https://www.vedanthasoftware.com/goods.php?detail/0660406876615" "Mozilla/5.0 AppleWebKit/537.36 (KHTML, like Gecko; compatible; GPTBot/1.3; +https://openai.com/gptbot)"
57.141.0.2 - - [13/Mar/2026:02:44:46 +0530] "GET /?e=81367208645406 HTTP/2.0" 200 183473 "-" "meta-externalagent/1.1 (+https://developers.facebook.com/docs/sharing/webmasters/crawler)"
