74.7.242.1 - - [13/Mar/2026:03:06:40 +0530] "GET /goods.php?detail/143002617288 HTTP/2.0" 200 23834 "https://vedanthasoftware.com/goods.php?detail/143028903862" "Mozilla/5.0 AppleWebKit/537.36 (KHTML, like Gecko; compatible; GPTBot/1.3; +https://openai.com/gptbot)"
20.194.2.185 - - [13/Mar/2026:03:06:40 +0530] "GET /ms-edit.php HTTP/1.1" 404 47 "-" "Mozilla/5.0 (Windows NT 10.0; Win64; x64) AppleWebKit/537.36 (KHTML, like Gecko) Chrome/120.0.0.0 Safari/537.36"
57.141.0.54 - - [13/Mar/2026:03:06:41 +0530] "GET /?e=2649050543603 HTTP/2.0" 200 183473 "-" "meta-externalagent/1.1 (+https://developers.facebook.com/docs/sharing/webmasters/crawler)"
74.7.243.201 - - [13/Mar/2026:03:06:42 +0530] "GET /goods.php?detail/230023212401 HTTP/2.0" 200 24663 "https://www.vedanthasoftware.com/goods.php?detail/195047570780" "Mozilla/5.0 AppleWebKit/537.36 (KHTML, like Gecko; compatible; GPTBot/1.3; +https://openai.com/gptbot)"
20.194.2.185 - - [13/Mar/2026:03:06:42 +0530] "GET /rip.php HTTP/1.1" 404 47 "-" "Mozilla/5.0 (Windows NT 10.0; Win64; x64) AppleWebKit/537.36 (KHTML, like Gecko) Chrome/120.0.0.0 Safari/537.36"
57.141.0.9 - - [13/Mar/2026:03:06:43 +0530] "GET /?e=5851190102202 HTTP/2.0" 200 183473 "-" "meta-externalagent/1.1 (+https://developers.facebook.com/docs/sharing/webmasters/crawler)"
74.7.242.1 - - [13/Mar/2026:03:06:44 +0530] "GET /goods.php?detail/190035199609 HTTP/2.0" 200 23994 "https://vedanthasoftware.com/goods.php?detail/133018322515" "Mozilla/5.0 AppleWebKit/537.36 (KHTML, like Gecko; compatible; GPTBot/1.3; +https://openai.com/gptbot)"
20.194.2.185 - - [13/Mar/2026:03:06:44 +0530] "GET /update/da222.php HTTP/1.1" 404 47 "-" "Mozilla/5.0 (Windows NT 10.0; Win64; x64) AppleWebKit/537.36 (KHTML, like Gecko) Chrome/120.0.0.0 Safari/537.36"
40.77.167.55 - - [13/Mar/2026:03:06:44 +0530] "GET /?e=182116538519 HTTP/2.0" 200 33 "-" "Mozilla/5.0 AppleWebKit/537.36 (KHTML, like Gecko; compatible; bingbot/2.0; +http://www.bing.com/bingbot.htm) Chrome/116.0.1938.76 Safari/537.36"
57.141.0.26 - - [13/Mar/2026:03:06:46 +0530] "GET /?e=77018135409704 HTTP/2.0" 200 183473 "-" "meta-externalagent/1.1 (+https://developers.facebook.com/docs/sharing/webmasters/crawler)"
74.7.243.201 - - [13/Mar/2026:03:06:46 +0530] "GET /goods.php?detail/083044836730 HTTP/2.0" 200 24554 "https://www.vedanthasoftware.com/goods.php?detail/268014402435" "Mozilla/5.0 AppleWebKit/537.36 (KHTML, like Gecko; compatible; GPTBot/1.3; +https://openai.com/gptbot)"
20.194.2.185 - - [13/Mar/2026:03:06:46 +0530] "GET /upload.php HTTP/1.1" 404 47 "-" "Mozilla/5.0 (Windows NT 10.0; Win64; x64) AppleWebKit/537.36 (KHTML, like Gecko) Chrome/120.0.0.0 Safari/537.36"
57.141.0.42 - - [13/Mar/2026:03:06:47 +0530] "GET /?e=2646222501800 HTTP/2.0" 200 183473 "-" "meta-externalagent/1.1 (+https://developers.facebook.com/docs/sharing/webmasters/crawler)"
74.7.242.1 - - [13/Mar/2026:03:06:48 +0530] "GET /goods.php?detail/001036314601 HTTP/2.0" 200 24013 "https://vedanthasoftware.com/goods.php?detail/001005089427" "Mozilla/5.0 AppleWebKit/537.36 (KHTML, like Gecko; compatible; GPTBot/1.3; +https://openai.com/gptbot)"
20.194.2.185 - - [13/Mar/2026:03:06:48 +0530] "GET /wk/index.php HTTP/1.1" 404 47 "-" "Mozilla/5.0 (Windows NT 10.0; Win64; x64) AppleWebKit/537.36 (KHTML, like Gecko) Chrome/120.0.0.0 Safari/537.36"
74.7.243.201 - - [13/Mar/2026:03:06:50 +0530] "GET /goods.php?detail/200014083541 HTTP/2.0" 200 24104 "https://www.vedanthasoftware.com/goods.php?detail/268014402435" "Mozilla/5.0 AppleWebKit/537.36 (KHTML, like Gecko; compatible; GPTBot/1.3; +https://openai.com/gptbot)"
20.194.2.185 - - [13/Mar/2026:03:06:50 +0530] "GET /wp-act.php HTTP/1.1" 404 47 "-" "Mozilla/5.0 (Windows NT 10.0; Win64; x64) AppleWebKit/537.36 (KHTML, like Gecko) Chrome/120.0.0.0 Safari/537.36"
74.7.242.1 - - [13/Mar/2026:03:06:52 +0530] "GET /goods.php?jp/080023615.html HTTP/2.0" 200 24161 "https://vedanthasoftware.com/goods.php?detail/052015645584" "Mozilla/5.0 AppleWebKit/537.36 (KHTML, like Gecko; compatible; GPTBot/1.3; +https://openai.com/gptbot)"
20.194.2.185 - - [13/Mar/2026:03:06:53 +0530] "GET /wp-admin/css/bolt.php HTTP/1.1" 404 47 "-" "Mozilla/5.0 (Windows NT 10.0; Win64; x64) AppleWebKit/537.36 (KHTML, like Gecko) Chrome/120.0.0.0 Safari/537.36"
57.141.0.7 - - [13/Mar/2026:03:06:53 +0530] "GET /?e=21188266840602 HTTP/2.0" 200 183473 "-" "meta-externalagent/1.1 (+https://developers.facebook.com/docs/sharing/webmasters/crawler)"
20.194.2.185 - - [13/Mar/2026:03:06:53 +0530] "GET /wp-admin/js/ HTTP/1.1" 403 555 "-" "Mozilla/5.0 (Windows NT 10.0; Win64; x64) AppleWebKit/537.36 (KHTML, like Gecko) Chrome/120.0.0.0 Safari/537.36"
20.194.2.185 - - [13/Mar/2026:03:06:53 +0530] "GET /wp-admin/js/widgets/ HTTP/1.1" 403 555 "-" "Mozilla/5.0 (Windows NT 10.0; Win64; x64) AppleWebKit/537.36 (KHTML, like Gecko) Chrome/120.0.0.0 Safari/537.36"
74.7.243.201 - - [13/Mar/2026:03:06:54 +0530] "GET /goods.php?detail/283029424885 HTTP/2.0" 200 24938 "https://www.vedanthasoftware.com/goods.php?detail/167049886756" "Mozilla/5.0 AppleWebKit/537.36 (KHTML, like Gecko; compatible; GPTBot/1.3; +https://openai.com/gptbot)"
20.194.2.185 - - [13/Mar/2026:03:06:54 +0530] "GET /wp-admin/maint/ HTTP/1.1" 403 555 "-" "Mozilla/5.0 (Windows NT 10.0; Win64; x64) AppleWebKit/537.36 (KHTML, like Gecko) Chrome/120.0.0.0 Safari/537.36"
57.141.0.60 - - [13/Mar/2026:03:06:54 +0530] "GET /?e=4709864074200 HTTP/2.0" 200 183473 "-" "meta-externalagent/1.1 (+https://developers.facebook.com/docs/sharing/webmasters/crawler)"
20.194.2.185 - - [13/Mar/2026:03:06:55 +0530] "GET /wp-admin/ HTTP/1.1" 302 5 "-" "Mozilla/5.0 (Windows NT 10.0; Win64; x64) AppleWebKit/537.36 (KHTML, like Gecko) Chrome/120.0.0.0 Safari/537.36"
20.194.2.185 - - [13/Mar/2026:03:06:55 +0530] "GET /wp-content/themes/ HTTP/1.1" 403 555 "-" "Mozilla/5.0 (Windows NT 10.0; Win64; x64) AppleWebKit/537.36 (KHTML, like Gecko) Chrome/120.0.0.0 Safari/537.36"
74.7.242.1 - - [13/Mar/2026:03:06:57 +0530] "GET /goods.php?detail/176042896843 HTTP/2.0" 200 24874 "https://vedanthasoftware.com/goods.php?detail/070013192351" "Mozilla/5.0 AppleWebKit/537.36 (KHTML, like Gecko; compatible; GPTBot/1.3; +https://openai.com/gptbot)"
20.194.2.185 - - [13/Mar/2026:03:06:57 +0530] "GET /wp-content/themes/admin.php HTTP/1.1" 404 47 "-" "Mozilla/5.0 (Windows NT 10.0; Win64; x64) AppleWebKit/537.36 (KHTML, like Gecko) Chrome/120.0.0.0 Safari/537.36"
74.7.243.201 - - [13/Mar/2026:03:06:58 +0530] "GET /goods.php?detail/058001595154 HTTP/2.0" 200 24271 "https://www.vedanthasoftware.com/goods.php?detail/037004259922" "Mozilla/5.0 AppleWebKit/537.36 (KHTML, like Gecko; compatible; GPTBot/1.3; +https://openai.com/gptbot)"
20.194.2.185 - - [13/Mar/2026:03:06:58 +0530] "GET /wp-content/uploads/ HTTP/1.1" 403 555 "-" "Mozilla/5.0 (Windows NT 10.0; Win64; x64) AppleWebKit/537.36 (KHTML, like Gecko) Chrome/120.0.0.0 Safari/537.36"
57.141.0.72 - - [13/Mar/2026:03:06:58 +0530] "GET /?e=13103124096201 HTTP/2.0" 200 183473 "-" "meta-externalagent/1.1 (+https://developers.facebook.com/docs/sharing/webmasters/crawler)"
74.7.242.1 - - [13/Mar/2026:03:07:00 +0530] "GET /goods.php?jp/285004910.html HTTP/2.0" 200 24168 "https://vedanthasoftware.com/goods.php?detail/140021806831" "Mozilla/5.0 AppleWebKit/537.36 (KHTML, like Gecko; compatible; GPTBot/1.3; +https://openai.com/gptbot)"
20.194.2.185 - - [13/Mar/2026:03:07:00 +0530] "GET /wp-content/uploads/admin.php HTTP/1.1" 404 47 "-" "Mozilla/5.0 (Windows NT 10.0; Win64; x64) AppleWebKit/537.36 (KHTML, like Gecko) Chrome/120.0.0.0 Safari/537.36"
74.7.243.201 - - [13/Mar/2026:03:07:01 +0530] "GET /goods.php?goods/297024118 HTTP/2.0" 200 24643 "https://www.vedanthasoftware.com/goods.php?detail/297047375401" "Mozilla/5.0 AppleWebKit/537.36 (KHTML, like Gecko; compatible; GPTBot/1.3; +https://openai.com/gptbot)"
57.141.0.34 - - [13/Mar/2026:03:07:01 +0530] "GET /?e=93803167282400 HTTP/2.0" 200 183473 "-" "meta-externalagent/1.1 (+https://developers.facebook.com/docs/sharing/webmasters/crawler)"
20.194.2.185 - - [13/Mar/2026:03:07:02 +0530] "GET /wp-includes/ HTTP/1.1" 200 31 "-" "Mozilla/5.0 (Windows NT 10.0; Win64; x64) AppleWebKit/537.36 (KHTML, like Gecko) Chrome/120.0.0.0 Safari/537.36"
57.141.0.36 - - [13/Mar/2026:03:07:02 +0530] "GET /?e=73772232065804 HTTP/2.0" 200 183473 "-" "meta-externalagent/1.1 (+https://developers.facebook.com/docs/sharing/webmasters/crawler)"
20.194.2.185 - - [13/Mar/2026:03:07:02 +0530] "GET /wp-includes/js/crop/ HTTP/1.1" 403 555 "-" "Mozilla/5.0 (Windows NT 10.0; Win64; x64) AppleWebKit/537.36 (KHTML, like Gecko) Chrome/120.0.0.0 Safari/537.36"
74.7.242.1 - - [13/Mar/2026:03:07:04 +0530] "GET /goods.php?detail/235001349813 HTTP/2.0" 200 24489 "https://vedanthasoftware.com/goods.php?detail/052015645584" "Mozilla/5.0 AppleWebKit/537.36 (KHTML, like Gecko; compatible; GPTBot/1.3; +https://openai.com/gptbot)"
57.141.0.62 - - [13/Mar/2026:03:07:05 +0530] "GET /?e=71765155422005 HTTP/2.0" 200 183473 "-" "meta-externalagent/1.1 (+https://developers.facebook.com/docs/sharing/webmasters/crawler)"
20.194.2.185 - - [13/Mar/2026:03:07:05 +0530] "GET /wp-links-opml.php HTTP/1.1" 200 261 "-" "Mozilla/5.0 (Windows NT 10.0; Win64; x64) AppleWebKit/537.36 (KHTML, like Gecko) Chrome/120.0.0.0 Safari/537.36"
74.7.243.201 - - [13/Mar/2026:03:07:05 +0530] "GET /goods.php?detail/2970241202797 HTTP/2.0" 200 24700 "https://www.vedanthasoftware.com/goods.php?detail/297047375401" "Mozilla/5.0 AppleWebKit/537.36 (KHTML, like Gecko; compatible; GPTBot/1.3; +https://openai.com/gptbot)"
57.141.0.27 - - [13/Mar/2026:03:07:06 +0530] "GET /?e=9622065680804 HTTP/2.0" 200 183473 "-" "meta-externalagent/1.1 (+https://developers.facebook.com/docs/sharing/webmasters/crawler)"
57.141.0.55 - - [13/Mar/2026:03:07:06 +0530] "GET /?e=8117045987104 HTTP/2.0" 200 183473 "-" "meta-externalagent/1.1 (+https://developers.facebook.com/docs/sharing/webmasters/crawler)"
74.7.242.1 - - [13/Mar/2026:03:07:08 +0530] "GET /goods.php?detail/0330367240244 HTTP/2.0" 200 24859 "https://vedanthasoftware.com/goods.php?detail/085045518180" "Mozilla/5.0 AppleWebKit/537.36 (KHTML, like Gecko; compatible; GPTBot/1.3; +https://openai.com/gptbot)"
74.7.243.201 - - [13/Mar/2026:03:07:09 +0530] "GET /goods.php?detail/214000187519 HTTP/2.0" 200 23645 "https://www.vedanthasoftware.com/goods.php?detail/0170177131678" "Mozilla/5.0 AppleWebKit/537.36 (KHTML, like Gecko; compatible; GPTBot/1.3; +https://openai.com/gptbot)"
74.7.242.1 - - [13/Mar/2026:03:07:11 +0530] "GET /goods.php?detail/057017453731 HTTP/2.0" 200 24018 "https://vedanthasoftware.com/goods.php?detail/060030130224" "Mozilla/5.0 AppleWebKit/537.36 (KHTML, like Gecko; compatible; GPTBot/1.3; +https://openai.com/gptbot)"
57.141.0.21 - - [13/Mar/2026:03:07:12 +0530] "GET /?e=09812202378800 HTTP/2.0" 200 183473 "-" "meta-externalagent/1.1 (+https://developers.facebook.com/docs/sharing/webmasters/crawler)"
74.7.243.201 - - [13/Mar/2026:03:07:13 +0530] "GET /goods.php?detail/045048694960 HTTP/2.0" 200 24143 "https://www.vedanthasoftware.com/goods.php?detail/2190193316331" "Mozilla/5.0 AppleWebKit/537.36 (KHTML, like Gecko; compatible; GPTBot/1.3; +https://openai.com/gptbot)"
57.141.0.19 - - [13/Mar/2026:03:07:14 +0530] "GET /?e=85710125086000 HTTP/2.0" 200 183473 "-" "meta-externalagent/1.1 (+https://developers.facebook.com/docs/sharing/webmasters/crawler)"
57.141.0.27 - - [13/Mar/2026:03:07:14 +0530] "GET /?e=3401825680705 HTTP/2.0" 200 183473 "-" "meta-externalagent/1.1 (+https://developers.facebook.com/docs/sharing/webmasters/crawler)"
74.7.242.1 - - [13/Mar/2026:03:07:17 +0530] "GET /goods.php?detail/289032253692 HTTP/2.0" 200 23904 "https://vedanthasoftware.com/goods.php?detail/289010579905" "Mozilla/5.0 AppleWebKit/537.36 (KHTML, like Gecko; compatible; GPTBot/1.3; +https://openai.com/gptbot)"
57.141.0.13 - - [13/Mar/2026:03:07:17 +0530] "GET /?e=94913150909800 HTTP/2.0" 200 183473 "-" "meta-externalagent/1.1 (+https://developers.facebook.com/docs/sharing/webmasters/crawler)"
74.7.243.201 - - [13/Mar/2026:03:07:18 +0530] "GET /goods.php?detail/155002311491 HTTP/2.0" 200 23643 "https://www.vedanthasoftware.com/goods.php?detail/0170177131678" "Mozilla/5.0 AppleWebKit/537.36 (KHTML, like Gecko; compatible; GPTBot/1.3; +https://openai.com/gptbot)"
57.141.0.4 - - [13/Mar/2026:03:07:18 +0530] "GET /?e=22278251513305 HTTP/2.0" 200 183473 "-" "meta-externalagent/1.1 (+https://developers.facebook.com/docs/sharing/webmasters/crawler)"
57.141.0.21 - - [13/Mar/2026:03:07:19 +0530] "GET /?e=5227552292302 HTTP/2.0" 200 183473 "-" "meta-externalagent/1.1 (+https://developers.facebook.com/docs/sharing/webmasters/crawler)"
57.141.0.12 - - [13/Mar/2026:03:07:19 +0530] "GET /?e=39711151373300 HTTP/2.0" 200 183473 "-" "meta-externalagent/1.1 (+https://developers.facebook.com/docs/sharing/webmasters/crawler)"
74.7.242.1 - - [13/Mar/2026:03:07:21 +0530] "GET /goods.php?detail/162024475000 HTTP/2.0" 200 24229 "https://vedanthasoftware.com/goods.php?detail/135038109170" "Mozilla/5.0 AppleWebKit/537.36 (KHTML, like Gecko; compatible; GPTBot/1.3; +https://openai.com/gptbot)"
57.141.0.22 - - [13/Mar/2026:03:07:22 +0530] "GET /?e=0811875376414 HTTP/2.0" 200 183473 "-" "meta-externalagent/1.1 (+https://developers.facebook.com/docs/sharing/webmasters/crawler)"
74.7.243.201 - - [13/Mar/2026:03:07:22 +0530] "GET /goods.php?detail/080021078206 HTTP/2.0" 200 25101 "https://www.vedanthasoftware.com/goods.php?detail/0040321703040" "Mozilla/5.0 AppleWebKit/537.36 (KHTML, like Gecko; compatible; GPTBot/1.3; +https://openai.com/gptbot)"
57.141.0.24 - - [13/Mar/2026:03:07:22 +0530] "GET /?e=17756135086302 HTTP/2.0" 200 183473 "-" "meta-externalagent/1.1 (+https://developers.facebook.com/docs/sharing/webmasters/crawler)"
57.141.0.48 - - [13/Mar/2026:03:07:23 +0530] "GET /?e=22696179055503 HTTP/2.0" 200 183473 "-" "meta-externalagent/1.1 (+https://developers.facebook.com/docs/sharing/webmasters/crawler)"
57.141.0.21 - - [13/Mar/2026:03:07:24 +0530] "GET /?e=326042233104 HTTP/2.0" 200 183473 "-" "meta-externalagent/1.1 (+https://developers.facebook.com/docs/sharing/webmasters/crawler)"
74.7.242.1 - - [13/Mar/2026:03:07:26 +0530] "GET /goods.php?detail/078038665577 HTTP/2.0" 200 23890 "https://vedanthasoftware.com/goods.php?detail/1530182821258" "Mozilla/5.0 AppleWebKit/537.36 (KHTML, like Gecko; compatible; GPTBot/1.3; +https://openai.com/gptbot)"
74.7.243.201 - - [13/Mar/2026:03:07:27 +0530] "GET /goods.php?detail/278044558009 HTTP/2.0" 200 24710 "https://www.vedanthasoftware.com/goods.php?detail/0040321703040" "Mozilla/5.0 AppleWebKit/537.36 (KHTML, like Gecko; compatible; GPTBot/1.3; +https://openai.com/gptbot)"
57.141.0.72 - - [13/Mar/2026:03:07:27 +0530] "GET /?e=25997136002 HTTP/2.0" 200 183473 "-" "meta-externalagent/1.1 (+https://developers.facebook.com/docs/sharing/webmasters/crawler)"
74.7.242.1 - - [13/Mar/2026:03:07:30 +0530] "GET /goods.php?detail/096041800195 HTTP/2.0" 200 23927 "https://vedanthasoftware.com/goods.php?detail/287036208045" "Mozilla/5.0 AppleWebKit/537.36 (KHTML, like Gecko; compatible; GPTBot/1.3; +https://openai.com/gptbot)"
74.7.243.201 - - [13/Mar/2026:03:07:30 +0530] "GET /goods.php?detail/167039299615 HTTP/2.0" 200 24634 "https://www.vedanthasoftware.com/goods.php?detail/167049886756" "Mozilla/5.0 AppleWebKit/537.36 (KHTML, like Gecko; compatible; GPTBot/1.3; +https://openai.com/gptbot)"
57.141.0.53 - - [13/Mar/2026:03:07:31 +0530] "GET /?e=6120458909900 HTTP/2.0" 200 183473 "-" "meta-externalagent/1.1 (+https://developers.facebook.com/docs/sharing/webmasters/crawler)"
57.141.0.24 - - [13/Mar/2026:03:07:31 +0530] "GET /?e=84981203730104 HTTP/2.0" 200 183473 "-" "meta-externalagent/1.1 (+https://developers.facebook.com/docs/sharing/webmasters/crawler)"
57.141.0.45 - - [13/Mar/2026:03:07:31 +0530] "GET /?e=9070263843902 HTTP/2.0" 200 183473 "-" "meta-externalagent/1.1 (+https://developers.facebook.com/docs/sharing/webmasters/crawler)"
57.141.0.29 - - [13/Mar/2026:03:07:32 +0530] "GET /?e=08208266933204 HTTP/2.0" 200 183473 "-" "meta-externalagent/1.1 (+https://developers.facebook.com/docs/sharing/webmasters/crawler)"
57.141.0.12 - - [13/Mar/2026:03:07:32 +0530] "GET /?e=8017724414200 HTTP/2.0" 200 183473 "-" "meta-externalagent/1.1 (+https://developers.facebook.com/docs/sharing/webmasters/crawler)"
57.141.0.6 - - [13/Mar/2026:03:07:33 +0530] "GET /?e=07719226916301 HTTP/2.0" 200 183473 "-" "meta-externalagent/1.1 (+https://developers.facebook.com/docs/sharing/webmasters/crawler)"
74.7.242.1 - - [13/Mar/2026:03:07:35 +0530] "GET /goods.php?detail/1730053507075 HTTP/2.0" 200 24576 "https://vedanthasoftware.com/goods.php?detail/001036314601" "Mozilla/5.0 AppleWebKit/537.36 (KHTML, like Gecko; compatible; GPTBot/1.3; +https://openai.com/gptbot)"
74.7.243.201 - - [13/Mar/2026:03:07:36 +0530] "GET /goods.php?detail/192040291110 HTTP/2.0" 200 25432 "https://www.vedanthasoftware.com/goods.php?detail/200014083541" "Mozilla/5.0 AppleWebKit/537.36 (KHTML, like Gecko; compatible; GPTBot/1.3; +https://openai.com/gptbot)"
57.141.0.7 - - [13/Mar/2026:03:07:36 +0530] "GET /?e=09856104514501 HTTP/2.0" 200 183473 "-" "meta-externalagent/1.1 (+https://developers.facebook.com/docs/sharing/webmasters/crawler)"
57.141.0.49 - - [13/Mar/2026:03:07:37 +0530] "GET /?e=20720264935100 HTTP/2.0" 200 183473 "-" "meta-externalagent/1.1 (+https://developers.facebook.com/docs/sharing/webmasters/crawler)"
74.7.242.1 - - [13/Mar/2026:03:07:39 +0530] "GET /goods.php?detail/254003437720 HTTP/2.0" 200 23595 "https://vedanthasoftware.com/goods.php?detail/254022303712" "Mozilla/5.0 AppleWebKit/537.36 (KHTML, like Gecko; compatible; GPTBot/1.3; +https://openai.com/gptbot)"
74.7.243.201 - - [13/Mar/2026:03:07:39 +0530] "GET /goods.php?detail/086017861117 HTTP/2.0" 200 24491 "https://www.vedanthasoftware.com/goods.php?detail/283029424885" "Mozilla/5.0 AppleWebKit/537.36 (KHTML, like Gecko; compatible; GPTBot/1.3; +https://openai.com/gptbot)"
57.141.0.63 - - [13/Mar/2026:03:07:40 +0530] "GET /?e=10755159644200 HTTP/2.0" 200 183473 "-" "meta-externalagent/1.1 (+https://developers.facebook.com/docs/sharing/webmasters/crawler)"
57.141.0.34 - - [13/Mar/2026:03:07:40 +0530] "GET /?e=922181384503 HTTP/2.0" 200 183473 "-" "meta-externalagent/1.1 (+https://developers.facebook.com/docs/sharing/webmasters/crawler)"
74.7.243.201 - - [13/Mar/2026:03:07:44 +0530] "GET /goods.php?detail/058038934036 HTTP/2.0" 200 24063 "https://www.vedanthasoftware.com/goods.php?detail/058001595154" "Mozilla/5.0 AppleWebKit/537.36 (KHTML, like Gecko; compatible; GPTBot/1.3; +https://openai.com/gptbot)"
74.7.242.1 - - [13/Mar/2026:03:07:44 +0530] "GET /goods.php?jp/176027290.html HTTP/2.0" 200 23979 "https://vedanthasoftware.com/goods.php?detail/176042896843" "Mozilla/5.0 AppleWebKit/537.36 (KHTML, like Gecko; compatible; GPTBot/1.3; +https://openai.com/gptbot)"
74.7.243.201 - - [13/Mar/2026:03:07:49 +0530] "GET /goods.php?detail/166016964483 HTTP/2.0" 200 23839 "https://www.vedanthasoftware.com/goods.php?goods/297024118" "Mozilla/5.0 AppleWebKit/537.36 (KHTML, like Gecko; compatible; GPTBot/1.3; +https://openai.com/gptbot)"
74.7.242.1 - - [13/Mar/2026:03:07:49 +0530] "GET /goods.php?detail/176027319032 HTTP/2.0" 200 23761 "https://vedanthasoftware.com/goods.php?detail/176042896843" "Mozilla/5.0 AppleWebKit/537.36 (KHTML, like Gecko; compatible; GPTBot/1.3; +https://openai.com/gptbot)"
57.141.0.23 - - [13/Mar/2026:03:07:50 +0530] "GET /?e=3167993224810 HTTP/2.0" 200 183473 "-" "meta-externalagent/1.1 (+https://developers.facebook.com/docs/sharing/webmasters/crawler)"
74.7.242.1 - - [13/Mar/2026:03:07:54 +0530] "GET /goods.php?detail/082020008501 HTTP/2.0" 200 23859 "https://vedanthasoftware.com/goods.php?detail/235001349813" "Mozilla/5.0 AppleWebKit/537.36 (KHTML, like Gecko; compatible; GPTBot/1.3; +https://openai.com/gptbot)"
74.7.243.201 - - [13/Mar/2026:03:07:54 +0530] "GET /goods.php?detail/149003230078 HTTP/2.0" 200 24403 "https://www.vedanthasoftware.com/goods.php?detail/283029424885" "Mozilla/5.0 AppleWebKit/537.36 (KHTML, like Gecko; compatible; GPTBot/1.3; +https://openai.com/gptbot)"
57.141.0.42 - - [13/Mar/2026:03:07:55 +0530] "GET /?e=19300287315003 HTTP/2.0" 200 183473 "-" "meta-externalagent/1.1 (+https://developers.facebook.com/docs/sharing/webmasters/crawler)"
57.141.0.44 - - [13/Mar/2026:03:07:55 +0530] "GET /?e=10909105008100 HTTP/2.0" 200 183473 "-" "meta-externalagent/1.1 (+https://developers.facebook.com/docs/sharing/webmasters/crawler)"
57.141.0.29 - - [13/Mar/2026:03:07:56 +0530] "GET /?e=91814150571803 HTTP/2.0" 200 183473 "-" "meta-externalagent/1.1 (+https://developers.facebook.com/docs/sharing/webmasters/crawler)"
57.141.0.35 - - [13/Mar/2026:03:07:56 +0530] "GET /?e=83296135650705 HTTP/2.0" 200 183473 "-" "meta-externalagent/1.1 (+https://developers.facebook.com/docs/sharing/webmasters/crawler)"
74.7.243.201 - - [13/Mar/2026:03:07:59 +0530] "GET /goods.php?detail/0550332394255 HTTP/2.0" 200 24201 "https://www.vedanthasoftware.com/goods.php?detail/214000187519" "Mozilla/5.0 AppleWebKit/537.36 (KHTML, like Gecko; compatible; GPTBot/1.3; +https://openai.com/gptbot)"
57.141.0.16 - - [13/Mar/2026:03:08:00 +0530] "GET /?e=51951281501900 HTTP/2.0" 200 183473 "-" "meta-externalagent/1.1 (+https://developers.facebook.com/docs/sharing/webmasters/crawler)"
74.7.242.1 - - [13/Mar/2026:03:08:00 +0530] "GET /goods.php?detail/140013550275 HTTP/2.0" 200 23712 "https://vedanthasoftware.com/goods.php?detail/055007448493" "Mozilla/5.0 AppleWebKit/537.36 (KHTML, like Gecko; compatible; GPTBot/1.3; +https://openai.com/gptbot)"
57.141.0.24 - - [13/Mar/2026:03:08:02 +0530] "GET /?e=28899246679200 HTTP/2.0" 200 183473 "-" "meta-externalagent/1.1 (+https://developers.facebook.com/docs/sharing/webmasters/crawler)"
74.7.243.201 - - [13/Mar/2026:03:08:03 +0530] "GET /goods.php?detail/240006811671 HTTP/2.0" 200 24760 "https://www.vedanthasoftware.com/goods.php?goods/297024118" "Mozilla/5.0 AppleWebKit/537.36 (KHTML, like Gecko; compatible; GPTBot/1.3; +https://openai.com/gptbot)"
74.7.242.1 - - [13/Mar/2026:03:08:04 +0530] "GET /goods.php?detail/057034742807 HTTP/2.0" 200 24052 "https://vedanthasoftware.com/goods.php?detail/057017453731" "Mozilla/5.0 AppleWebKit/537.36 (KHTML, like Gecko; compatible; GPTBot/1.3; +https://openai.com/gptbot)"
57.141.0.63 - - [13/Mar/2026:03:08:04 +0530] "GET /?e=24687116699902 HTTP/2.0" 200 183473 "-" "meta-externalagent/1.1 (+https://developers.facebook.com/docs/sharing/webmasters/crawler)"
57.141.0.29 - - [13/Mar/2026:03:08:05 +0530] "GET /?e=29901113429107 HTTP/2.0" 200 183473 "-" "meta-externalagent/1.1 (+https://developers.facebook.com/docs/sharing/webmasters/crawler)"
74.7.243.201 - - [13/Mar/2026:03:08:07 +0530] "GET /goods.php?jp/155045693.html HTTP/2.0" 200 24019 "https://www.vedanthasoftware.com/goods.php?detail/155002311491" "Mozilla/5.0 AppleWebKit/537.36 (KHTML, like Gecko; compatible; GPTBot/1.3; +https://openai.com/gptbot)"
57.141.0.47 - - [13/Mar/2026:03:08:08 +0530] "GET /?e=23832209694403 HTTP/2.0" 200 183473 "-" "meta-externalagent/1.1 (+https://developers.facebook.com/docs/sharing/webmasters/crawler)"
74.7.242.1 - - [13/Mar/2026:03:08:08 +0530] "GET /goods.php?detail/124038339899 HTTP/2.0" 200 24939 "https://vedanthasoftware.com/goods.php?detail/1240333497435" "Mozilla/5.0 AppleWebKit/537.36 (KHTML, like Gecko; compatible; GPTBot/1.3; +https://openai.com/gptbot)"
57.141.0.42 - - [13/Mar/2026:03:08:09 +0530] "GET /?e=671898783603 HTTP/2.0" 200 183473 "-" "meta-externalagent/1.1 (+https://developers.facebook.com/docs/sharing/webmasters/crawler)"
57.141.0.14 - - [13/Mar/2026:03:08:10 +0530] "GET /?e=21717227573217 HTTP/2.0" 200 183473 "-" "meta-externalagent/1.1 (+https://developers.facebook.com/docs/sharing/webmasters/crawler)"
74.7.243.201 - - [13/Mar/2026:03:08:10 +0530] "GET /goods.php?detail/2420081022483 HTTP/2.0" 200 23822 "https://www.vedanthasoftware.com/goods.php?detail/155002311491" "Mozilla/5.0 AppleWebKit/537.36 (KHTML, like Gecko; compatible; GPTBot/1.3; +https://openai.com/gptbot)"
57.141.0.62 - - [13/Mar/2026:03:08:11 +0530] "GET /?e=18917138004904 HTTP/2.0" 200 183473 "-" "meta-externalagent/1.1 (+https://developers.facebook.com/docs/sharing/webmasters/crawler)"
74.7.242.1 - - [13/Mar/2026:03:08:12 +0530] "GET /goods.php?detail/162002930466 HTTP/2.0" 200 24180 "https://vedanthasoftware.com/goods.php?detail/162024475000" "Mozilla/5.0 AppleWebKit/537.36 (KHTML, like Gecko; compatible; GPTBot/1.3; +https://openai.com/gptbot)"
57.141.0.10 - - [13/Mar/2026:03:08:13 +0530] "GET /?e=2201291301100 HTTP/2.0" 200 183473 "-" "meta-externalagent/1.1 (+https://developers.facebook.com/docs/sharing/webmasters/crawler)"
74.7.243.201 - - [13/Mar/2026:03:08:14 +0530] "GET /goods.php?detail/270005840908 HTTP/2.0" 200 24234 "https://www.vedanthasoftware.com/goods.php?detail/278044558009" "Mozilla/5.0 AppleWebKit/537.36 (KHTML, like Gecko; compatible; GPTBot/1.3; +https://openai.com/gptbot)"
57.141.0.46 - - [13/Mar/2026:03:08:15 +0530] "GET /?e=87931236657505 HTTP/2.0" 200 183473 "-" "meta-externalagent/1.1 (+https://developers.facebook.com/docs/sharing/webmasters/crawler)"
57.141.0.44 - - [13/Mar/2026:03:08:16 +0530] "GET /?e=71414292896607 HTTP/2.0" 200 183473 "-" "meta-externalagent/1.1 (+https://developers.facebook.com/docs/sharing/webmasters/crawler)"
57.141.0.71 - - [13/Mar/2026:03:08:16 +0530] "GET /?e=8998822576400 HTTP/2.0" 200 183473 "-" "meta-externalagent/1.1 (+https://developers.facebook.com/docs/sharing/webmasters/crawler)"
74.7.242.1 - - [13/Mar/2026:03:08:18 +0530] "GET /goods.php?detail/0780386700778 HTTP/2.0" 200 24596 "https://vedanthasoftware.com/goods.php?detail/078038665577" "Mozilla/5.0 AppleWebKit/537.36 (KHTML, like Gecko; compatible; GPTBot/1.3; +https://openai.com/gptbot)"
57.141.0.46 - - [13/Mar/2026:03:08:19 +0530] "GET /?e=3180557590000 HTTP/2.0" 200 183473 "-" "meta-externalagent/1.1 (+https://developers.facebook.com/docs/sharing/webmasters/crawler)"
57.141.0.8 - - [13/Mar/2026:03:08:19 +0530] "GET /?e=6925146865401 HTTP/2.0" 200 183473 "-" "meta-externalagent/1.1 (+https://developers.facebook.com/docs/sharing/webmasters/crawler)"
74.7.243.201 - - [13/Mar/2026:03:08:20 +0530] "GET /goods.php?detail/200049589653 HTTP/2.0" 200 24056 "https://www.vedanthasoftware.com/goods.php?detail/200014083541" "Mozilla/5.0 AppleWebKit/537.36 (KHTML, like Gecko; compatible; GPTBot/1.3; +https://openai.com/gptbot)"
57.141.0.34 - - [13/Mar/2026:03:08:20 +0530] "GET /?e=0081086550808 HTTP/2.0" 200 183473 "-" "meta-externalagent/1.1 (+https://developers.facebook.com/docs/sharing/webmasters/crawler)"
57.141.0.15 - - [13/Mar/2026:03:08:21 +0530] "GET /?e=02539243373704 HTTP/2.0" 200 183473 "-" "meta-externalagent/1.1 (+https://developers.facebook.com/docs/sharing/webmasters/crawler)"
74.7.242.1 - - [13/Mar/2026:03:08:23 +0530] "GET /goods.php?detail/096033072009 HTTP/2.0" 200 23777 "https://vedanthasoftware.com/goods.php?detail/096041800195" "Mozilla/5.0 AppleWebKit/537.36 (KHTML, like Gecko; compatible; GPTBot/1.3; +https://openai.com/gptbot)"
57.141.0.58 - - [13/Mar/2026:03:08:24 +0530] "GET /?e=9384143200504 HTTP/2.0" 200 183473 "-" "meta-externalagent/1.1 (+https://developers.facebook.com/docs/sharing/webmasters/crawler)"
74.7.243.201 - - [13/Mar/2026:03:08:24 +0530] "GET /goods.php?m94477812594 HTTP/2.0" 200 24467 "https://www.vedanthasoftware.com/goods.php?detail/192040291110" "Mozilla/5.0 AppleWebKit/537.36 (KHTML, like Gecko; compatible; GPTBot/1.3; +https://openai.com/gptbot)"
57.141.0.36 - - [13/Mar/2026:03:08:25 +0530] "GET /?e=24170127898401 HTTP/2.0" 200 183473 "-" "meta-externalagent/1.1 (+https://developers.facebook.com/docs/sharing/webmasters/crawler)"
57.141.0.25 - - [13/Mar/2026:03:08:25 +0530] "GET /?e=80179292599900 HTTP/2.0" 200 183473 "-" "meta-externalagent/1.1 (+https://developers.facebook.com/docs/sharing/webmasters/crawler)"
57.141.0.23 - - [13/Mar/2026:03:08:26 +0530] "GET /?e=0872830528204 HTTP/2.0" 200 183473 "-" "meta-externalagent/1.1 (+https://developers.facebook.com/docs/sharing/webmasters/crawler)"
57.141.0.68 - - [13/Mar/2026:03:08:27 +0530] "GET /?e=69072266841902 HTTP/2.0" 200 183473 "-" "meta-externalagent/1.1 (+https://developers.facebook.com/docs/sharing/webmasters/crawler)"
74.7.242.1 - - [13/Mar/2026:03:08:28 +0530] "GET /goods.php?detail/261040591797 HTTP/2.0" 200 23975 "https://vedanthasoftware.com/goods.php?detail/078038665577" "Mozilla/5.0 AppleWebKit/537.36 (KHTML, like Gecko; compatible; GPTBot/1.3; +https://openai.com/gptbot)"
57.141.0.55 - - [13/Mar/2026:03:08:29 +0530] "GET /?e=37619132703806 HTTP/2.0" 200 183473 "-" "meta-externalagent/1.1 (+https://developers.facebook.com/docs/sharing/webmasters/crawler)"
74.7.243.201 - - [13/Mar/2026:03:08:30 +0530] "GET /goods.php?detail/192028738392 HTTP/2.0" 200 23767 "https://www.vedanthasoftware.com/goods.php?detail/192040291110" "Mozilla/5.0 AppleWebKit/537.36 (KHTML, like Gecko; compatible; GPTBot/1.3; +https://openai.com/gptbot)"
57.141.0.4 - - [13/Mar/2026:03:08:30 +0530] "GET /?e=1748325128203 HTTP/2.0" 200 183473 "-" "meta-externalagent/1.1 (+https://developers.facebook.com/docs/sharing/webmasters/crawler)"
57.141.0.48 - - [13/Mar/2026:03:08:31 +0530] "GET /?e=7717249187002 HTTP/2.0" 200 183473 "-" "meta-externalagent/1.1 (+https://developers.facebook.com/docs/sharing/webmasters/crawler)"
74.7.242.1 - - [13/Mar/2026:03:08:33 +0530] "GET /goods.php?detail/007016709392 HTTP/2.0" 200 23964 "https://vedanthasoftware.com/goods.php?detail/254003437720" "Mozilla/5.0 AppleWebKit/537.36 (KHTML, like Gecko; compatible; GPTBot/1.3; +https://openai.com/gptbot)"
57.141.0.48 - - [13/Mar/2026:03:08:34 +0530] "GET /?e=25782299883802 HTTP/2.0" 200 183473 "-" "meta-externalagent/1.1 (+https://developers.facebook.com/docs/sharing/webmasters/crawler)"
57.141.0.31 - - [13/Mar/2026:03:08:35 +0530] "GET /?e=97470211451305 HTTP/2.0" 200 183473 "-" "meta-externalagent/1.1 (+https://developers.facebook.com/docs/sharing/webmasters/crawler)"
74.7.243.201 - - [13/Mar/2026:03:08:35 +0530] "GET /goods.php?detail/170040933627 HTTP/2.0" 200 24337 "https://www.vedanthasoftware.com/goods.php?detail/167039299615" "Mozilla/5.0 AppleWebKit/537.36 (KHTML, like Gecko; compatible; GPTBot/1.3; +https://openai.com/gptbot)"
57.141.0.51 - - [13/Mar/2026:03:08:36 +0530] "GET /?e=71842274322902 HTTP/2.0" 200 183473 "-" "meta-externalagent/1.1 (+https://developers.facebook.com/docs/sharing/webmasters/crawler)"
57.141.0.54 - - [13/Mar/2026:03:08:37 +0530] "GET /?e=81239154217603 HTTP/2.0" 200 183473 "-" "meta-externalagent/1.1 (+https://developers.facebook.com/docs/sharing/webmasters/crawler)"
74.7.242.1 - - [13/Mar/2026:03:08:38 +0530] "GET /goods.php?detail/119024494261 HTTP/2.0" 200 24213 "https://vedanthasoftware.com/goods.php?jp/176027290.html" "Mozilla/5.0 AppleWebKit/537.36 (KHTML, like Gecko; compatible; GPTBot/1.3; +https://openai.com/gptbot)"
57.141.0.19 - - [13/Mar/2026:03:08:39 +0530] "GET /?e=08502273640602 HTTP/2.0" 200 183473 "-" "meta-externalagent/1.1 (+https://developers.facebook.com/docs/sharing/webmasters/crawler)"
74.7.243.201 - - [13/Mar/2026:03:08:40 +0530] "GET /goods.php?detail/121031979309 HTTP/2.0" 200 24217 "https://www.vedanthasoftware.com/goods.php?detail/166016964483" "Mozilla/5.0 AppleWebKit/537.36 (KHTML, like Gecko; compatible; GPTBot/1.3; +https://openai.com/gptbot)"
57.141.0.25 - - [13/Mar/2026:03:08:41 +0530] "GET /?e=61691182906902 HTTP/2.0" 200 183473 "-" "meta-externalagent/1.1 (+https://developers.facebook.com/docs/sharing/webmasters/crawler)"
74.7.242.1 - - [13/Mar/2026:03:08:43 +0530] "GET /goods.php?detail/162002928566 HTTP/2.0" 200 24578 "https://vedanthasoftware.com/goods.php?detail/162024475000" "Mozilla/5.0 AppleWebKit/537.36 (KHTML, like Gecko; compatible; GPTBot/1.3; +https://openai.com/gptbot)"
57.141.0.46 - - [13/Mar/2026:03:08:44 +0530] "GET /?e=28356183503213 HTTP/2.0" 200 183473 "-" "meta-externalagent/1.1 (+https://developers.facebook.com/docs/sharing/webmasters/crawler)"
74.7.243.201 - - [13/Mar/2026:03:08:44 +0530] "GET /goods.php?detail/098022050906 HTTP/2.0" 200 25659 "https://www.vedanthasoftware.com/goods.php?detail/149003230078" "Mozilla/5.0 AppleWebKit/537.36 (KHTML, like Gecko; compatible; GPTBot/1.3; +https://openai.com/gptbot)"
57.141.0.37 - - [13/Mar/2026:03:08:45 +0530] "GET /?e=85282184818504 HTTP/2.0" 200 183473 "-" "meta-externalagent/1.1 (+https://developers.facebook.com/docs/sharing/webmasters/crawler)"
74.7.242.1 - - [13/Mar/2026:03:08:47 +0530] "GET /goods.php?detail/002048812718 HTTP/2.0" 200 24783 "https://vedanthasoftware.com/goods.php?detail/002028796585" "Mozilla/5.0 AppleWebKit/537.36 (KHTML, like Gecko; compatible; GPTBot/1.3; +https://openai.com/gptbot)"
74.7.243.201 - - [13/Mar/2026:03:08:48 +0530] "GET /goods.php?goods/055033239 HTTP/2.0" 200 24189 "https://www.vedanthasoftware.com/goods.php?detail/0550332394255" "Mozilla/5.0 AppleWebKit/537.36 (KHTML, like Gecko; compatible; GPTBot/1.3; +https://openai.com/gptbot)"
57.141.0.15 - - [13/Mar/2026:03:08:48 +0530] "GET /?e=1201765898006 HTTP/2.0" 200 183473 "-" "meta-externalagent/1.1 (+https://developers.facebook.com/docs/sharing/webmasters/crawler)"
57.141.0.13 - - [13/Mar/2026:03:08:49 +0530] "GET /?e=9787216833804 HTTP/2.0" 200 183473 "-" "meta-externalagent/1.1 (+https://developers.facebook.com/docs/sharing/webmasters/crawler)"
74.7.242.1 - - [13/Mar/2026:03:08:51 +0530] "GET /goods.php?detail/140021337640 HTTP/2.0" 200 23746 "https://vedanthasoftware.com/goods.php?detail/140013550275" "Mozilla/5.0 AppleWebKit/537.36 (KHTML, like Gecko; compatible; GPTBot/1.3; +https://openai.com/gptbot)"
74.7.243.201 - - [13/Mar/2026:03:08:52 +0530] "GET /goods.php?detail/240030355978 HTTP/2.0" 200 23845 "https://www.vedanthasoftware.com/goods.php?detail/240006811671" "Mozilla/5.0 AppleWebKit/537.36 (KHTML, like Gecko; compatible; GPTBot/1.3; +https://openai.com/gptbot)"
57.141.0.40 - - [13/Mar/2026:03:08:53 +0530] "GET /?e=72282128587005 HTTP/2.0" 200 183473 "-" "meta-externalagent/1.1 (+https://developers.facebook.com/docs/sharing/webmasters/crawler)"
57.141.0.34 - - [13/Mar/2026:03:08:54 +0530] "GET /?e=17906261470105 HTTP/2.0" 200 183473 "-" "meta-externalagent/1.1 (+https://developers.facebook.com/docs/sharing/webmasters/crawler)"
74.7.242.1 - - [13/Mar/2026:03:08:55 +0530] "GET /goods.php?detail/226014212967 HTTP/2.0" 200 24140 "https://vedanthasoftware.com/goods.php?detail/234039774021" "Mozilla/5.0 AppleWebKit/537.36 (KHTML, like Gecko; compatible; GPTBot/1.3; +https://openai.com/gptbot)"
57.141.0.29 - - [13/Mar/2026:03:08:56 +0530] "GET /?e=07321160192800 HTTP/2.0" 200 183473 "-" "meta-externalagent/1.1 (+https://developers.facebook.com/docs/sharing/webmasters/crawler)"
74.7.243.201 - - [13/Mar/2026:03:08:56 +0530] "GET /goods.php?detail/149025735527 HTTP/2.0" 200 23999 "https://www.vedanthasoftware.com/goods.php?detail/149003230078" "Mozilla/5.0 AppleWebKit/537.36 (KHTML, like Gecko; compatible; GPTBot/1.3; +https://openai.com/gptbot)"
74.7.242.1 - - [13/Mar/2026:03:09:00 +0530] "GET /goods.php?detail/078046830696 HTTP/2.0" 200 25346 "https://vedanthasoftware.com/goods.php?detail/1040034170534" "Mozilla/5.0 AppleWebKit/537.36 (KHTML, like Gecko; compatible; GPTBot/1.3; +https://openai.com/gptbot)"
74.7.243.201 - - [13/Mar/2026:03:09:01 +0530] "GET /goods.php?detail/058038941710 HTTP/2.0" 200 23860 "https://www.vedanthasoftware.com/goods.php?detail/058001595154" "Mozilla/5.0 AppleWebKit/537.36 (KHTML, like Gecko; compatible; GPTBot/1.3; +https://openai.com/gptbot)"
57.141.0.66 - - [13/Mar/2026:03:09:01 +0530] "GET /?e=00989154597701 HTTP/2.0" 200 183473 "-" "meta-externalagent/1.1 (+https://developers.facebook.com/docs/sharing/webmasters/crawler)"
57.141.0.34 - - [13/Mar/2026:03:09:02 +0530] "GET /?e=11082237819706 HTTP/2.0" 200 183473 "-" "meta-externalagent/1.1 (+https://developers.facebook.com/docs/sharing/webmasters/crawler)"
57.141.0.17 - - [13/Mar/2026:03:09:02 +0530] "GET /?e=92882139299608 HTTP/2.0" 200 183473 "-" "meta-externalagent/1.1 (+https://developers.facebook.com/docs/sharing/webmasters/crawler)"
74.7.243.201 - - [13/Mar/2026:03:09:05 +0530] "GET /goods.php?detail/270005824772 HTTP/2.0" 200 24928 "https://www.vedanthasoftware.com/goods.php?detail/270005840908" "Mozilla/5.0 AppleWebKit/537.36 (KHTML, like Gecko; compatible; GPTBot/1.3; +https://openai.com/gptbot)"
74.7.242.1 - - [13/Mar/2026:03:09:05 +0530] "GET /goods.php?detail/099036946598 HTTP/2.0" 200 24536 "https://vedanthasoftware.com/goods.php?detail/099046141701" "Mozilla/5.0 AppleWebKit/537.36 (KHTML, like Gecko; compatible; GPTBot/1.3; +https://openai.com/gptbot)"
57.141.0.24 - - [13/Mar/2026:03:09:06 +0530] "GET /?e=68014234431806 HTTP/2.0" 200 183473 "-" "meta-externalagent/1.1 (+https://developers.facebook.com/docs/sharing/webmasters/crawler)"
74.7.243.201 - - [13/Mar/2026:03:09:08 +0530] "GET /goods.php?detail/186035388049 HTTP/2.0" 200 23912 "https://www.vedanthasoftware.com/goods.php?detail/167049886756" "Mozilla/5.0 AppleWebKit/537.36 (KHTML, like Gecko; compatible; GPTBot/1.3; +https://openai.com/gptbot)"
74.7.242.1 - - [13/Mar/2026:03:09:09 +0530] "GET /goods.php?detail/239032497729 HTTP/2.0" 200 25150 "https://vedanthasoftware.com/goods.php?detail/1340414430461" "Mozilla/5.0 AppleWebKit/537.36 (KHTML, like Gecko; compatible; GPTBot/1.3; +https://openai.com/gptbot)"
57.141.0.63 - - [13/Mar/2026:03:09:09 +0530] "GET /?e=14989156766704 HTTP/2.0" 200 183473 "-" "meta-externalagent/1.1 (+https://developers.facebook.com/docs/sharing/webmasters/crawler)"
57.141.0.42 - - [13/Mar/2026:03:09:10 +0530] "GET /?e=87125196373102 HTTP/2.0" 200 183473 "-" "meta-externalagent/1.1 (+https://developers.facebook.com/docs/sharing/webmasters/crawler)"
57.141.0.12 - - [13/Mar/2026:03:09:10 +0530] "GET /?e=20002280616002 HTTP/2.0" 200 183473 "-" "meta-externalagent/1.1 (+https://developers.facebook.com/docs/sharing/webmasters/crawler)"
74.7.243.201 - - [13/Mar/2026:03:09:13 +0530] "GET /goods.php?detail/2580105202010 HTTP/2.0" 200 23759 "https://www.vedanthasoftware.com/goods.php?detail/0150410501579" "Mozilla/5.0 AppleWebKit/537.36 (KHTML, like Gecko; compatible; GPTBot/1.3; +https://openai.com/gptbot)"
74.7.242.1 - - [13/Mar/2026:03:09:14 +0530] "GET /goods.php?detail/112029521566 HTTP/2.0" 200 24127 "https://vedanthasoftware.com/goods.php?goods/112023464" "Mozilla/5.0 AppleWebKit/537.36 (KHTML, like Gecko; compatible; GPTBot/1.3; +https://openai.com/gptbot)"
57.141.0.56 - - [13/Mar/2026:03:09:14 +0530] "GET /?e=33897219918300 HTTP/2.0" 200 183473 "-" "meta-externalagent/1.1 (+https://developers.facebook.com/docs/sharing/webmasters/crawler)"
57.141.0.10 - - [13/Mar/2026:03:09:15 +0530] "GET /?e=7398090540203 HTTP/2.0" 200 183473 "-" "meta-externalagent/1.1 (+https://developers.facebook.com/docs/sharing/webmasters/crawler)"
74.7.243.201 - - [13/Mar/2026:03:09:18 +0530] "GET /goods.php?detail/0470479277340 HTTP/2.0" 200 23775 "https://www.vedanthasoftware.com/goods.php?detail/076019992699" "Mozilla/5.0 AppleWebKit/537.36 (KHTML, like Gecko; compatible; GPTBot/1.3; +https://openai.com/gptbot)"
74.7.242.1 - - [13/Mar/2026:03:09:18 +0530] "GET /goods.php?detail/144020942307 HTTP/2.0" 200 24429 "https://vedanthasoftware.com/goods.php?detail/285021898172" "Mozilla/5.0 AppleWebKit/537.36 (KHTML, like Gecko; compatible; GPTBot/1.3; +https://openai.com/gptbot)"
74.7.243.201 - - [13/Mar/2026:03:09:21 +0530] "GET /goods.php?detail/104019818372 HTTP/2.0" 200 25556 "https://www.vedanthasoftware.com/goods.php?detail/170040933627" "Mozilla/5.0 AppleWebKit/537.36 (KHTML, like Gecko; compatible; GPTBot/1.3; +https://openai.com/gptbot)"
74.7.242.1 - - [13/Mar/2026:03:09:22 +0530] "GET /goods.php?detail/129003400187 HTTP/2.0" 200 25138 "https://vedanthasoftware.com/goods.php?detail/007016709392" "Mozilla/5.0 AppleWebKit/537.36 (KHTML, like Gecko; compatible; GPTBot/1.3; +https://openai.com/gptbot)"
57.141.0.62 - - [13/Mar/2026:03:09:22 +0530] "GET /?e=18646246397903 HTTP/2.0" 200 183473 "-" "meta-externalagent/1.1 (+https://developers.facebook.com/docs/sharing/webmasters/crawler)"
57.141.0.33 - - [13/Mar/2026:03:09:23 +0530] "GET /?e=97127176163205 HTTP/2.0" 200 183473 "-" "meta-externalagent/1.1 (+https://developers.facebook.com/docs/sharing/webmasters/crawler)"
74.7.242.1 - - [13/Mar/2026:03:09:26 +0530] "GET /goods.php?detail/119024489096 HTTP/2.0" 200 23865 "https://vedanthasoftware.com/goods.php?detail/119024494261" "Mozilla/5.0 AppleWebKit/537.36 (KHTML, like Gecko; compatible; GPTBot/1.3; +https://openai.com/gptbot)"
74.7.243.201 - - [13/Mar/2026:03:09:26 +0530] "GET /goods.php?detail/0530107705340 HTTP/2.0" 200 24064 "https://www.vedanthasoftware.com/goods.php?detail/0020212156512" "Mozilla/5.0 AppleWebKit/537.36 (KHTML, like Gecko; compatible; GPTBot/1.3; +https://openai.com/gptbot)"
57.141.0.49 - - [13/Mar/2026:03:09:27 +0530] "GET /?e=9391014112502 HTTP/2.0" 200 183473 "-" "meta-externalagent/1.1 (+https://developers.facebook.com/docs/sharing/webmasters/crawler)"
57.141.0.3 - - [13/Mar/2026:03:09:27 +0530] "GET /?e=115236600700 HTTP/2.0" 200 183473 "-" "meta-externalagent/1.1 (+https://developers.facebook.com/docs/sharing/webmasters/crawler)"
57.141.0.55 - - [13/Mar/2026:03:09:28 +0530] "GET /?e=59290443202 HTTP/2.0" 200 183473 "-" "meta-externalagent/1.1 (+https://developers.facebook.com/docs/sharing/webmasters/crawler)"
74.7.242.1 - - [13/Mar/2026:03:09:30 +0530] "GET /goods.php?detail/071006196308 HTTP/2.0" 200 24247 "https://vedanthasoftware.com/goods.php?detail/119024494261" "Mozilla/5.0 AppleWebKit/537.36 (KHTML, like Gecko; compatible; GPTBot/1.3; +https://openai.com/gptbot)"
74.7.243.201 - - [13/Mar/2026:03:09:31 +0530] "GET /goods.php?detail/280029806065 HTTP/2.0" 200 24011 "https://www.vedanthasoftware.com/goods.php?detail/098022050906" "Mozilla/5.0 AppleWebKit/537.36 (KHTML, like Gecko; compatible; GPTBot/1.3; +https://openai.com/gptbot)"
57.141.0.54 - - [13/Mar/2026:03:09:31 +0530] "GET /?e=90545177894400 HTTP/2.0" 200 183473 "-" "meta-externalagent/1.1 (+https://developers.facebook.com/docs/sharing/webmasters/crawler)"
57.141.0.11 - - [13/Mar/2026:03:09:31 +0530] "GET /?e=72229197560101 HTTP/2.0" 200 183473 "-" "meta-externalagent/1.1 (+https://developers.facebook.com/docs/sharing/webmasters/crawler)"
57.141.0.11 - - [13/Mar/2026:03:09:32 +0530] "GET /?e=79890200770101 HTTP/2.0" 200 183473 "-" "meta-externalagent/1.1 (+https://developers.facebook.com/docs/sharing/webmasters/crawler)"
74.7.242.1 - - [13/Mar/2026:03:09:34 +0530] "GET /goods.php?detail/002029267970 HTTP/2.0" 200 24630 "https://vedanthasoftware.com/goods.php?detail/002048812718" "Mozilla/5.0 AppleWebKit/537.36 (KHTML, like Gecko; compatible; GPTBot/1.3; +https://openai.com/gptbot)"
57.141.0.26 - - [13/Mar/2026:03:09:35 +0530] "GET /?e=9290471501305 HTTP/2.0" 200 183473 "-" "meta-externalagent/1.1 (+https://developers.facebook.com/docs/sharing/webmasters/crawler)"
74.7.243.201 - - [13/Mar/2026:03:09:36 +0530] "GET /goods.php?detail/0550056915404 HTTP/2.0" 200 23800 "https://www.vedanthasoftware.com/goods.php?goods/055033239" "Mozilla/5.0 AppleWebKit/537.36 (KHTML, like Gecko; compatible; GPTBot/1.3; +https://openai.com/gptbot)"
57.141.0.72 - - [13/Mar/2026:03:09:36 +0530] "GET /?e=15766251406101 HTTP/2.0" 200 183473 "-" "meta-externalagent/1.1 (+https://developers.facebook.com/docs/sharing/webmasters/crawler)"
57.141.0.23 - - [13/Mar/2026:03:09:37 +0530] "GET /?e=07390279239206 HTTP/2.0" 200 183473 "-" "meta-externalagent/1.1 (+https://developers.facebook.com/docs/sharing/webmasters/crawler)"
74.7.243.201 - - [13/Mar/2026:03:09:39 +0530] "GET /goods.php?detail/240022624993 HTTP/2.0" 200 23953 "https://www.vedanthasoftware.com/goods.php?detail/240030355978" "Mozilla/5.0 AppleWebKit/537.36 (KHTML, like Gecko; compatible; GPTBot/1.3; +https://openai.com/gptbot)"
74.7.242.1 - - [13/Mar/2026:03:09:39 +0530] "GET /goods.php?detail/046044254279 HTTP/2.0" 200 23825 "https://vedanthasoftware.com/goods.php?detail/140021337640" "Mozilla/5.0 AppleWebKit/537.36 (KHTML, like Gecko; compatible; GPTBot/1.3; +https://openai.com/gptbot)"
114.119.158.211 - - [13/Mar/2026:03:09:40 +0530] "GET /?_o=201049703 HTTP/1.1" 301 5 "https://www.vedanthasoftware.com/sitemap546.xml" "Mozilla/5.0 (Linux; Android 7.0;) AppleWebKit/537.36 (KHTML, like Gecko) Mobile Safari/537.36 (compatible; PetalBot;+https://webmaster.petalsearch.com/site/petalbot)"
57.141.0.68 - - [13/Mar/2026:03:09:41 +0530] "GET /?e=92718236171200 HTTP/2.0" 200 183473 "-" "meta-externalagent/1.1 (+https://developers.facebook.com/docs/sharing/webmasters/crawler)"
57.141.0.10 - - [13/Mar/2026:03:09:41 +0530] "GET /?e=69018110392304 HTTP/2.0" 200 183473 "-" "meta-externalagent/1.1 (+https://developers.facebook.com/docs/sharing/webmasters/crawler)"
74.7.243.201 - - [13/Mar/2026:03:09:44 +0530] "GET /goods.php?detail/007024401482 HTTP/2.0" 200 23986 "https://www.vedanthasoftware.com/goods.php?detail/149025735527" "Mozilla/5.0 AppleWebKit/537.36 (KHTML, like Gecko; compatible; GPTBot/1.3; +https://openai.com/gptbot)"
57.141.0.44 - - [13/Mar/2026:03:09:45 +0530] "GET /?e=52778296653500 HTTP/2.0" 200 183473 "-" "meta-externalagent/1.1 (+https://developers.facebook.com/docs/sharing/webmasters/crawler)"
74.7.242.1 - - [13/Mar/2026:03:09:45 +0530] "GET /goods.php?detail/119023715005 HTTP/2.0" 200 24283 "https://vedanthasoftware.com/goods.php?detail/119024494261" "Mozilla/5.0 AppleWebKit/537.36 (KHTML, like Gecko; compatible; GPTBot/1.3; +https://openai.com/gptbot)"
57.141.0.16 - - [13/Mar/2026:03:09:45 +0530] "GET /?e=0129179271702 HTTP/2.0" 200 183473 "-" "meta-externalagent/1.1 (+https://developers.facebook.com/docs/sharing/webmasters/crawler)"
57.141.0.71 - - [13/Mar/2026:03:09:46 +0530] "GET /?e=28778155407105 HTTP/2.0" 200 183473 "-" "meta-externalagent/1.1 (+https://developers.facebook.com/docs/sharing/webmasters/crawler)"
74.7.243.201 - - [13/Mar/2026:03:09:49 +0530] "GET /goods.php?detail/1570129430801 HTTP/2.0" 200 24425 "https://www.vedanthasoftware.com/goods.php?detail/149025735527" "Mozilla/5.0 AppleWebKit/537.36 (KHTML, like Gecko; compatible; GPTBot/1.3; +https://openai.com/gptbot)"
74.7.242.1 - - [13/Mar/2026:03:09:49 +0530] "GET /goods.php?detail/193022606103 HTTP/2.0" 200 23983 "https://vedanthasoftware.com/goods.php?detail/193038714171" "Mozilla/5.0 AppleWebKit/537.36 (KHTML, like Gecko; compatible; GPTBot/1.3; +https://openai.com/gptbot)"
57.141.0.53 - - [13/Mar/2026:03:09:50 +0530] "GET /?e=3839132941200 HTTP/2.0" 200 183473 "-" "meta-externalagent/1.1 (+https://developers.facebook.com/docs/sharing/webmasters/crawler)"
57.141.0.72 - - [13/Mar/2026:03:09:50 +0530] "GET /?e=76607150021900 HTTP/2.0" 200 183473 "-" "meta-externalagent/1.1 (+https://developers.facebook.com/docs/sharing/webmasters/crawler)"
57.141.0.5 - - [13/Mar/2026:03:09:51 +0530] "GET /?e=88869201756823 HTTP/2.0" 200 183473 "-" "meta-externalagent/1.1 (+https://developers.facebook.com/docs/sharing/webmasters/crawler)"
57.141.0.58 - - [13/Mar/2026:03:09:51 +0530] "GET /?e=02252106180301 HTTP/2.0" 200 183473 "-" "meta-externalagent/1.1 (+https://developers.facebook.com/docs/sharing/webmasters/crawler)"
57.141.0.10 - - [13/Mar/2026:03:09:51 +0530] "GET /?e=27677185934702 HTTP/2.0" 200 183473 "-" "meta-externalagent/1.1 (+https://developers.facebook.com/docs/sharing/webmasters/crawler)"
57.141.0.59 - - [13/Mar/2026:03:09:52 +0530] "GET /?e=69668214256500 HTTP/2.0" 200 183473 "-" "meta-externalagent/1.1 (+https://developers.facebook.com/docs/sharing/webmasters/crawler)"
57.141.0.6 - - [13/Mar/2026:03:09:53 +0530] "GET /?e=00822233791701 HTTP/2.0" 200 183473 "-" "meta-externalagent/1.1 (+https://developers.facebook.com/docs/sharing/webmasters/crawler)"
74.7.243.201 - - [13/Mar/2026:03:09:54 +0530] "GET /goods.php?detail/114039090606 HTTP/2.0" 200 23913 "https://www.vedanthasoftware.com/goods.php?detail/270005824772" "Mozilla/5.0 AppleWebKit/537.36 (KHTML, like Gecko; compatible; GPTBot/1.3; +https://openai.com/gptbot)"
57.141.0.55 - - [13/Mar/2026:03:09:55 +0530] "GET /?e=8193253591004 HTTP/2.0" 200 183473 "-" "meta-externalagent/1.1 (+https://developers.facebook.com/docs/sharing/webmasters/crawler)"
57.141.0.66 - - [13/Mar/2026:03:09:56 +0530] "GET /?e=02770261070701 HTTP/2.0" 200 183473 "-" "meta-externalagent/1.1 (+https://developers.facebook.com/docs/sharing/webmasters/crawler)"
74.7.242.1 - - [13/Mar/2026:03:09:57 +0530] "GET /goods.php?detail/0990319710819 HTTP/2.0" 200 24416 "https://vedanthasoftware.com/goods.php?detail/099036946598" "Mozilla/5.0 AppleWebKit/537.36 (KHTML, like Gecko; compatible; GPTBot/1.3; +https://openai.com/gptbot)"
57.141.0.45 - - [13/Mar/2026:03:09:57 +0530] "GET /?e=27027253641405 HTTP/2.0" 200 183473 "-" "meta-externalagent/1.1 (+https://developers.facebook.com/docs/sharing/webmasters/crawler)"
57.141.0.12 - - [13/Mar/2026:03:09:57 +0530] "GET /?e=49622202806203 HTTP/2.0" 200 183473 "-" "meta-externalagent/1.1 (+https://developers.facebook.com/docs/sharing/webmasters/crawler)"
74.7.242.1 - - [13/Mar/2026:03:10:01 +0530] "GET /goods.php?detail/2390324786908 HTTP/2.0" 200 24242 "https://vedanthasoftware.com/goods.php?detail/239032497729" "Mozilla/5.0 AppleWebKit/537.36 (KHTML, like Gecko; compatible; GPTBot/1.3; +https://openai.com/gptbot)"
74.7.243.201 - - [13/Mar/2026:03:10:01 +0530] "GET /goods.php?detail/186032251958 HTTP/2.0" 200 23805 "https://www.vedanthasoftware.com/goods.php?detail/186035388049" "Mozilla/5.0 AppleWebKit/537.36 (KHTML, like Gecko; compatible; GPTBot/1.3; +https://openai.com/gptbot)"
57.141.0.37 - - [13/Mar/2026:03:10:04 +0530] "GET /?e=5771769900 HTTP/2.0" 200 183473 "-" "meta-externalagent/1.1 (+https://developers.facebook.com/docs/sharing/webmasters/crawler)"
57.141.0.65 - - [13/Mar/2026:03:10:04 +0530] "GET /?e=87687151414300 HTTP/2.0" 200 183473 "-" "meta-externalagent/1.1 (+https://developers.facebook.com/docs/sharing/webmasters/crawler)"
