74.7.242.1 - - [13/Mar/2026:00:28:08 +0530] "GET /goods.php?jp/025046050.html HTTP/2.0" 200 24862 "https://vedanthasoftware.com/goods.php?detail/025046050150" "Mozilla/5.0 AppleWebKit/537.36 (KHTML, like Gecko; compatible; GPTBot/1.3; +https://openai.com/gptbot)"
74.7.243.201 - - [13/Mar/2026:00:28:10 +0530] "GET /goods.php?detail/1330301919702 HTTP/2.0" 200 24054 "https://www.vedanthasoftware.com/goods.php?detail/133040958080" "Mozilla/5.0 AppleWebKit/537.36 (KHTML, like Gecko; compatible; GPTBot/1.3; +https://openai.com/gptbot)"
74.7.242.1 - - [13/Mar/2026:00:28:13 +0530] "GET /goods.php?jp/174048481.html HTTP/2.0" 200 23700 "https://vedanthasoftware.com/goods.php?detail/174027606226" "Mozilla/5.0 AppleWebKit/537.36 (KHTML, like Gecko; compatible; GPTBot/1.3; +https://openai.com/gptbot)"
74.7.243.201 - - [13/Mar/2026:00:28:14 +0530] "GET /goods.php?detail/075037689457 HTTP/2.0" 200 24629 "https://www.vedanthasoftware.com/goods.php?detail/0750193601227" "Mozilla/5.0 AppleWebKit/537.36 (KHTML, like Gecko; compatible; GPTBot/1.3; +https://openai.com/gptbot)"
74.7.242.1 - - [13/Mar/2026:00:28:17 +0530] "GET /goods.php?jp/050031036.html HTTP/2.0" 200 24630 "https://vedanthasoftware.com/goods.php?detail/050038989863" "Mozilla/5.0 AppleWebKit/537.36 (KHTML, like Gecko; compatible; GPTBot/1.3; +https://openai.com/gptbot)"
74.7.243.201 - - [13/Mar/2026:00:28:17 +0530] "GET /goods.php?detail/100029895128 HTTP/2.0" 200 24150 "https://www.vedanthasoftware.com/goods.php?detail/0750193601227" "Mozilla/5.0 AppleWebKit/537.36 (KHTML, like Gecko; compatible; GPTBot/1.3; +https://openai.com/gptbot)"
74.7.242.1 - - [13/Mar/2026:00:28:20 +0530] "GET /goods.php?jp/132035356.html HTTP/2.0" 200 24533 "https://vedanthasoftware.com/goods.php?detail/132016582959" "Mozilla/5.0 AppleWebKit/537.36 (KHTML, like Gecko; compatible; GPTBot/1.3; +https://openai.com/gptbot)"
74.7.243.201 - - [13/Mar/2026:00:28:21 +0530] "GET /goods.php?detail/281035478058 HTTP/2.0" 200 24118 "https://www.vedanthasoftware.com/goods.php?detail/281035481339" "Mozilla/5.0 AppleWebKit/537.36 (KHTML, like Gecko; compatible; GPTBot/1.3; +https://openai.com/gptbot)"
74.7.242.1 - - [13/Mar/2026:00:28:23 +0530] "GET /goods.php?goods/130003414 HTTP/2.0" 200 24583 "https://vedanthasoftware.com/goods.php?detail/130003414388" "Mozilla/5.0 AppleWebKit/537.36 (KHTML, like Gecko; compatible; GPTBot/1.3; +https://openai.com/gptbot)"
74.7.243.201 - - [13/Mar/2026:00:28:26 +0530] "GET /goods.php?detail/285045865511 HTTP/2.0" 200 24455 "https://www.vedanthasoftware.com/goods.php?detail/2170456718156" "Mozilla/5.0 AppleWebKit/537.36 (KHTML, like Gecko; compatible; GPTBot/1.3; +https://openai.com/gptbot)"
74.7.242.1 - - [13/Mar/2026:00:28:27 +0530] "GET /goods.php?detail/20103037684652 HTTP/2.0" 200 24457 "https://vedanthasoftware.com/goods.php?detail/1020470575520" "Mozilla/5.0 AppleWebKit/537.36 (KHTML, like Gecko; compatible; GPTBot/1.3; +https://openai.com/gptbot)"
74.7.243.201 - - [13/Mar/2026:00:28:31 +0530] "GET /goods.php?detail/229014390129 HTTP/2.0" 200 24020 "https://www.vedanthasoftware.com/goods.php?detail/1800360081082" "Mozilla/5.0 AppleWebKit/537.36 (KHTML, like Gecko; compatible; GPTBot/1.3; +https://openai.com/gptbot)"
74.7.242.1 - - [13/Mar/2026:00:28:32 +0530] "GET /goods.php?jp/111049782.html HTTP/2.0" 200 24641 "https://vedanthasoftware.com/goods.php?jp/111027232.html" "Mozilla/5.0 AppleWebKit/537.36 (KHTML, like Gecko; compatible; GPTBot/1.3; +https://openai.com/gptbot)"
74.7.242.1 - - [13/Mar/2026:00:28:36 +0530] "GET /goods.php?goods/024003505 HTTP/2.0" 200 23530 "https://vedanthasoftware.com/goods.php?jp/234009928.html" "Mozilla/5.0 AppleWebKit/537.36 (KHTML, like Gecko; compatible; GPTBot/1.3; +https://openai.com/gptbot)"
74.7.243.201 - - [13/Mar/2026:00:28:37 +0530] "GET /goods.php?detail/039024833465 HTTP/2.0" 200 24742 "https://www.vedanthasoftware.com/goods.php?detail/039006091894" "Mozilla/5.0 AppleWebKit/537.36 (KHTML, like Gecko; compatible; GPTBot/1.3; +https://openai.com/gptbot)"
74.7.242.1 - - [13/Mar/2026:00:28:41 +0530] "GET /goods.php?goods/030039954 HTTP/2.0" 200 24370 "https://vedanthasoftware.com/goods.php?jp/030014537.html" "Mozilla/5.0 AppleWebKit/537.36 (KHTML, like Gecko; compatible; GPTBot/1.3; +https://openai.com/gptbot)"
74.7.243.201 - - [13/Mar/2026:00:28:42 +0530] "GET /goods.php?detail/143023250607 HTTP/2.0" 200 23835 "https://www.vedanthasoftware.com/goods.php?detail/143010363883" "Mozilla/5.0 AppleWebKit/537.36 (KHTML, like Gecko; compatible; GPTBot/1.3; +https://openai.com/gptbot)"
74.7.242.1 - - [13/Mar/2026:00:28:44 +0530] "GET /goods.php?goods/211042929 HTTP/2.0" 200 23614 "https://vedanthasoftware.com/goods.php?detail/118031399501" "Mozilla/5.0 AppleWebKit/537.36 (KHTML, like Gecko; compatible; GPTBot/1.3; +https://openai.com/gptbot)"
57.141.0.53 - - [13/Mar/2026:00:28:45 +0530] "GET /?e=57882286957800 HTTP/2.0" 200 183473 "-" "meta-externalagent/1.1 (+https://developers.facebook.com/docs/sharing/webmasters/crawler)"
74.7.243.201 - - [13/Mar/2026:00:28:46 +0530] "GET /goods.php?detail/184023287009 HTTP/2.0" 200 24400 "https://www.vedanthasoftware.com/goods.php?detail/289046341742" "Mozilla/5.0 AppleWebKit/537.36 (KHTML, like Gecko; compatible; GPTBot/1.3; +https://openai.com/gptbot)"
74.7.242.1 - - [13/Mar/2026:00:28:48 +0530] "GET /goods.php?goods/228004810 HTTP/2.0" 200 24086 "https://vedanthasoftware.com/goods.php?detail/236033927769" "Mozilla/5.0 AppleWebKit/537.36 (KHTML, like Gecko; compatible; GPTBot/1.3; +https://openai.com/gptbot)"
74.7.243.201 - - [13/Mar/2026:00:28:49 +0530] "GET /goods.php?detail/0310124765676 HTTP/2.0" 200 24084 "https://www.vedanthasoftware.com/goods.php?detail/031032939695" "Mozilla/5.0 AppleWebKit/537.36 (KHTML, like Gecko; compatible; GPTBot/1.3; +https://openai.com/gptbot)"
74.7.242.1 - - [13/Mar/2026:00:28:52 +0530] "GET /goods.php?goods/176010755 HTTP/2.0" 200 23730 "https://vedanthasoftware.com/goods.php?jp/176010755.html" "Mozilla/5.0 AppleWebKit/537.36 (KHTML, like Gecko; compatible; GPTBot/1.3; +https://openai.com/gptbot)"
57.141.0.22 - - [13/Mar/2026:00:28:53 +0530] "GET /?e=37521283140806 HTTP/2.0" 200 183473 "-" "meta-externalagent/1.1 (+https://developers.facebook.com/docs/sharing/webmasters/crawler)"
74.7.243.201 - - [13/Mar/2026:00:28:53 +0530] "GET /goods.php?goods/184023287 HTTP/2.0" 200 24530 "https://www.vedanthasoftware.com/goods.php?detail/184023287009" "Mozilla/5.0 AppleWebKit/537.36 (KHTML, like Gecko; compatible; GPTBot/1.3; +https://openai.com/gptbot)"
57.141.0.38 - - [13/Mar/2026:00:28:54 +0530] "GET /?e=01558187072200 HTTP/2.0" 200 183473 "-" "meta-externalagent/1.1 (+https://developers.facebook.com/docs/sharing/webmasters/crawler)"
74.7.242.1 - - [13/Mar/2026:00:28:56 +0530] "GET /goods.php?goods/220010488 HTTP/2.0" 200 23662 "https://vedanthasoftware.com/goods.php?goods/100020785" "Mozilla/5.0 AppleWebKit/537.36 (KHTML, like Gecko; compatible; GPTBot/1.3; +https://openai.com/gptbot)"
66.249.73.97 - - [13/Mar/2026:00:28:56 +0530] "GET /?f=567638871 HTTP/1.1" 200 59695 "-" "Mozilla/5.0 (Linux; Android 6.0.1; Nexus 5X Build/MMB29P) AppleWebKit/537.36 (KHTML, like Gecko) Chrome/145.0.7632.116 Mobile Safari/537.36 (compatible; Googlebot/2.1; +http://www.google.com/bot.html)"
74.7.243.201 - - [13/Mar/2026:00:28:58 +0530] "GET /goods.php?detail/0960453138345 HTTP/2.0" 200 23781 "https://www.vedanthasoftware.com/goods.php?detail/0160108890048" "Mozilla/5.0 AppleWebKit/537.36 (KHTML, like Gecko; compatible; GPTBot/1.3; +https://openai.com/gptbot)"
74.7.242.1 - - [13/Mar/2026:00:29:00 +0530] "GET /goods.php?goods/232035529 HTTP/2.0" 200 24639 "https://vedanthasoftware.com/goods.php?detail/1920149024090" "Mozilla/5.0 AppleWebKit/537.36 (KHTML, like Gecko; compatible; GPTBot/1.3; +https://openai.com/gptbot)"
74.7.243.201 - - [13/Mar/2026:00:29:02 +0530] "GET /goods.php?detail/2970482129606 HTTP/2.0" 200 24589 "https://www.vedanthasoftware.com/goods.php?detail/103006011070" "Mozilla/5.0 AppleWebKit/537.36 (KHTML, like Gecko; compatible; GPTBot/1.3; +https://openai.com/gptbot)"
74.7.242.1 - - [13/Mar/2026:00:29:04 +0530] "GET /goods.php?goods/006014803 HTTP/2.0" 200 23780 "https://vedanthasoftware.com/goods.php?detail/006011137259" "Mozilla/5.0 AppleWebKit/537.36 (KHTML, like Gecko; compatible; GPTBot/1.3; +https://openai.com/gptbot)"
74.7.242.1 - - [13/Mar/2026:00:29:07 +0530] "GET /goods.php?goods/018014883 HTTP/2.0" 200 23845 "https://vedanthasoftware.com/goods.php?detail/0180148792452" "Mozilla/5.0 AppleWebKit/537.36 (KHTML, like Gecko; compatible; GPTBot/1.3; +https://openai.com/gptbot)"
74.7.243.201 - - [13/Mar/2026:00:29:07 +0530] "GET /goods.php?detail/1720458717385 HTTP/2.0" 200 23670 "https://www.vedanthasoftware.com/goods.php?detail/281037421268" "Mozilla/5.0 AppleWebKit/537.36 (KHTML, like Gecko; compatible; GPTBot/1.3; +https://openai.com/gptbot)"
74.7.242.1 - - [13/Mar/2026:00:29:10 +0530] "GET /goods.php?detail/119043074341 HTTP/2.0" 200 23861 "https://vedanthasoftware.com/goods.php?detail/20103037684652" "Mozilla/5.0 AppleWebKit/537.36 (KHTML, like Gecko; compatible; GPTBot/1.3; +https://openai.com/gptbot)"
74.7.243.201 - - [13/Mar/2026:00:29:11 +0530] "GET /goods.php?detail/075027588544 HTTP/2.0" 200 24356 "https://www.vedanthasoftware.com/goods.php?detail/075037689457" "Mozilla/5.0 AppleWebKit/537.36 (KHTML, like Gecko; compatible; GPTBot/1.3; +https://openai.com/gptbot)"
74.7.242.1 - - [13/Mar/2026:00:29:14 +0530] "GET /goods.php?goods/201046154 HTTP/2.0" 200 24182 "https://vedanthasoftware.com/goods.php?detail/20103037684652" "Mozilla/5.0 AppleWebKit/537.36 (KHTML, like Gecko; compatible; GPTBot/1.3; +https://openai.com/gptbot)"
74.7.243.201 - - [13/Mar/2026:00:29:15 +0530] "GET /goods.php?detail/263046192554 HTTP/2.0" 200 25035 "https://www.vedanthasoftware.com/goods.php?detail/075037689457" "Mozilla/5.0 AppleWebKit/537.36 (KHTML, like Gecko; compatible; GPTBot/1.3; +https://openai.com/gptbot)"
74.7.242.1 - - [13/Mar/2026:00:29:18 +0530] "GET /goods.php?goods/171002401 HTTP/2.0" 200 24002 "https://vedanthasoftware.com/goods.php?detail/182031613367" "Mozilla/5.0 AppleWebKit/537.36 (KHTML, like Gecko; compatible; GPTBot/1.3; +https://openai.com/gptbot)"
74.7.243.201 - - [13/Mar/2026:00:29:19 +0530] "GET /goods.php?detail/231020675168 HTTP/2.0" 200 24147 "https://www.vedanthasoftware.com/goods.php?detail/285045865511" "Mozilla/5.0 AppleWebKit/537.36 (KHTML, like Gecko; compatible; GPTBot/1.3; +https://openai.com/gptbot)"
74.7.242.1 - - [13/Mar/2026:00:29:22 +0530] "GET /goods.php?goods/053009204 HTTP/2.0" 200 23292 "https://vedanthasoftware.com/goods.php?jp/137012036.html" "Mozilla/5.0 AppleWebKit/537.36 (KHTML, like Gecko; compatible; GPTBot/1.3; +https://openai.com/gptbot)"
74.7.243.201 - - [13/Mar/2026:00:29:23 +0530] "GET /goods.php?detail/229003398029 HTTP/2.0" 200 24106 "https://www.vedanthasoftware.com/goods.php?detail/229014390129" "Mozilla/5.0 AppleWebKit/537.36 (KHTML, like Gecko; compatible; GPTBot/1.3; +https://openai.com/gptbot)"
74.7.242.1 - - [13/Mar/2026:00:29:25 +0530] "GET /goods.php?goods/225032593 HTTP/2.0" 200 24013 "https://vedanthasoftware.com/goods.php?jp/225048234.html" "Mozilla/5.0 AppleWebKit/537.36 (KHTML, like Gecko; compatible; GPTBot/1.3; +https://openai.com/gptbot)"
74.7.243.201 - - [13/Mar/2026:00:29:27 +0530] "GET /goods.php?detail/048017201450 HTTP/2.0" 200 24800 "https://www.vedanthasoftware.com/goods.php?detail/229014390129" "Mozilla/5.0 AppleWebKit/537.36 (KHTML, like Gecko; compatible; GPTBot/1.3; +https://openai.com/gptbot)"
74.7.242.1 - - [13/Mar/2026:00:29:29 +0530] "GET /goods.php?goods/023002218 HTTP/2.0" 200 23965 "https://vedanthasoftware.com/goods.php?detail/023024662258" "Mozilla/5.0 AppleWebKit/537.36 (KHTML, like Gecko; compatible; GPTBot/1.3; +https://openai.com/gptbot)"
74.7.243.201 - - [13/Mar/2026:00:29:30 +0530] "GET /goods.php?detail/281038247722 HTTP/2.0" 200 23719 "https://www.vedanthasoftware.com/goods.php?detail/281035478058" "Mozilla/5.0 AppleWebKit/537.36 (KHTML, like Gecko; compatible; GPTBot/1.3; +https://openai.com/gptbot)"
74.7.242.1 - - [13/Mar/2026:00:29:33 +0530] "GET /goods.php?goods/141020811 HTTP/2.0" 200 24849 "https://vedanthasoftware.com/goods.php?detail/1410243163433" "Mozilla/5.0 AppleWebKit/537.36 (KHTML, like Gecko; compatible; GPTBot/1.3; +https://openai.com/gptbot)"
74.7.243.201 - - [13/Mar/2026:00:29:35 +0530] "GET /goods.php?detail/257036028598 HTTP/2.0" 200 24101 "https://www.vedanthasoftware.com/goods.php?detail/184023287009" "Mozilla/5.0 AppleWebKit/537.36 (KHTML, like Gecko; compatible; GPTBot/1.3; +https://openai.com/gptbot)"
74.7.242.1 - - [13/Mar/2026:00:29:37 +0530] "GET /goods.php?goods/120042521 HTTP/2.0" 200 24762 "https://vedanthasoftware.com/goods.php?detail/1200246294094" "Mozilla/5.0 AppleWebKit/537.36 (KHTML, like Gecko; compatible; GPTBot/1.3; +https://openai.com/gptbot)"
74.7.243.201 - - [13/Mar/2026:00:29:38 +0530] "GET /goods.php?detail/07204263316901 HTTP/2.0" 200 24905 "https://www.vedanthasoftware.com/goods.php?detail/0310124765676" "Mozilla/5.0 AppleWebKit/537.36 (KHTML, like Gecko; compatible; GPTBot/1.3; +https://openai.com/gptbot)"
57.141.0.33 - - [13/Mar/2026:00:29:38 +0530] "GET /?e=82813191806502 HTTP/2.0" 200 183473 "-" "meta-externalagent/1.1 (+https://developers.facebook.com/docs/sharing/webmasters/crawler)"
114.119.153.137 - - [13/Mar/2026:00:29:38 +0530] "GET /?_p=067000037 HTTP/1.1" 301 5 "https://www.vedanthasoftware.com/sitemap546.xml" "Mozilla/5.0 (Linux; Android 7.0;) AppleWebKit/537.36 (KHTML, like Gecko) Mobile Safari/537.36 (compatible; PetalBot;+https://webmaster.petalsearch.com/site/petalbot)"
74.7.243.201 - - [13/Mar/2026:00:29:41 +0530] "GET /goods.php?detail/282047049922 HTTP/2.0" 200 24868 "https://www.vedanthasoftware.com/goods.php?detail/0960453138345" "Mozilla/5.0 AppleWebKit/537.36 (KHTML, like Gecko; compatible; GPTBot/1.3; +https://openai.com/gptbot)"
74.7.242.1 - - [13/Mar/2026:00:29:42 +0530] "GET /goods.php?goods/067004901 HTTP/2.0" 200 24322 "https://vedanthasoftware.com/goods.php?detail/067034042428" "Mozilla/5.0 AppleWebKit/537.36 (KHTML, like Gecko; compatible; GPTBot/1.3; +https://openai.com/gptbot)"
74.7.243.201 - - [13/Mar/2026:00:29:44 +0530] "GET /goods.php?detail/199044636000 HTTP/2.0" 200 23857 "https://www.vedanthasoftware.com/goods.php?detail/2970482129606" "Mozilla/5.0 AppleWebKit/537.36 (KHTML, like Gecko; compatible; GPTBot/1.3; +https://openai.com/gptbot)"
57.141.0.5 - - [13/Mar/2026:00:29:45 +0530] "GET /?e=79290130557500 HTTP/2.0" 200 183473 "-" "meta-externalagent/1.1 (+https://developers.facebook.com/docs/sharing/webmasters/crawler)"
74.7.242.1 - - [13/Mar/2026:00:29:46 +0530] "GET /goods.php?goods/077046990 HTTP/2.0" 200 25156 "https://vedanthasoftware.com/goods.php?detail/0770469907478" "Mozilla/5.0 AppleWebKit/537.36 (KHTML, like Gecko; compatible; GPTBot/1.3; +https://openai.com/gptbot)"
57.141.0.27 - - [13/Mar/2026:00:29:46 +0530] "GET /?e=9614539820801 HTTP/2.0" 200 183473 "-" "meta-externalagent/1.1 (+https://developers.facebook.com/docs/sharing/webmasters/crawler)"
74.7.243.201 - - [13/Mar/2026:00:29:49 +0530] "GET /goods.php?detail/031007243079 HTTP/2.0" 200 24340 "https://www.vedanthasoftware.com/goods.php?detail/0310124765676" "Mozilla/5.0 AppleWebKit/537.36 (KHTML, like Gecko; compatible; GPTBot/1.3; +https://openai.com/gptbot)"
74.7.242.1 - - [13/Mar/2026:00:29:50 +0530] "GET /goods.php?goods/001036531 HTTP/2.0" 200 23957 "https://vedanthasoftware.com/goods.php?detail/0010121595495" "Mozilla/5.0 AppleWebKit/537.36 (KHTML, like Gecko; compatible; GPTBot/1.3; +https://openai.com/gptbot)"
74.7.243.201 - - [13/Mar/2026:00:29:53 +0530] "GET /goods.php?detail/031007473377 HTTP/2.0" 200 23975 "https://www.vedanthasoftware.com/goods.php?detail/0310124765676" "Mozilla/5.0 AppleWebKit/537.36 (KHTML, like Gecko; compatible; GPTBot/1.3; +https://openai.com/gptbot)"
74.7.242.1 - - [13/Mar/2026:00:29:54 +0530] "GET /goods.php?goods/136020130 HTTP/2.0" 200 24559 "https://vedanthasoftware.com/goods.php?detail/136020130340" "Mozilla/5.0 AppleWebKit/537.36 (KHTML, like Gecko; compatible; GPTBot/1.3; +https://openai.com/gptbot)"
57.141.0.6 - - [13/Mar/2026:00:29:54 +0530] "GET /?e=5263142121101 HTTP/2.0" 200 183473 "-" "meta-externalagent/1.1 (+https://developers.facebook.com/docs/sharing/webmasters/crawler)"
57.141.0.2 - - [13/Mar/2026:00:29:55 +0530] "GET /?e=47107212785500 HTTP/2.0" 200 183473 "-" "meta-externalagent/1.1 (+https://developers.facebook.com/docs/sharing/webmasters/crawler)"
74.7.243.201 - - [13/Mar/2026:00:29:56 +0530] "GET /goods.php?detail/115010343512 HTTP/2.0" 200 24523 "https://www.vedanthasoftware.com/goods.php?detail/2970482129606" "Mozilla/5.0 AppleWebKit/537.36 (KHTML, like Gecko; compatible; GPTBot/1.3; +https://openai.com/gptbot)"
74.7.242.1 - - [13/Mar/2026:00:29:58 +0530] "GET /goods.php?goods/270034223 HTTP/2.0" 200 24840 "https://vedanthasoftware.com/goods.php?jp/270005074.html" "Mozilla/5.0 AppleWebKit/537.36 (KHTML, like Gecko; compatible; GPTBot/1.3; +https://openai.com/gptbot)"
66.249.73.98 - - [13/Mar/2026:00:29:59 +0530] "GET /?t=7760329671 HTTP/1.1" 200 57662 "-" "Mozilla/5.0 (Linux; Android 6.0.1; Nexus 5X Build/MMB29P) AppleWebKit/537.36 (KHTML, like Gecko) Chrome/145.0.7632.116 Mobile Safari/537.36 (compatible; Googlebot/2.1; +http://www.google.com/bot.html)"
74.7.243.201 - - [13/Mar/2026:00:30:00 +0530] "GET /goods.php?detail/184025521943 HTTP/2.0" 200 24042 "https://www.vedanthasoftware.com/goods.php?detail/184023287009" "Mozilla/5.0 AppleWebKit/537.36 (KHTML, like Gecko; compatible; GPTBot/1.3; +https://openai.com/gptbot)"
66.249.73.97 - - [13/Mar/2026:00:30:02 +0530] "GET /?q=3503871631 HTTP/1.1" 200 59198 "-" "Mozilla/5.0 (Linux; Android 6.0.1; Nexus 5X Build/MMB29P) AppleWebKit/537.36 (KHTML, like Gecko) Chrome/145.0.7632.116 Mobile Safari/537.36 (compatible; Googlebot/2.1; +http://www.google.com/bot.html)"
74.7.242.1 - - [13/Mar/2026:00:30:03 +0530] "GET /goods.php?goods/018031208 HTTP/2.0" 200 24334 "https://vedanthasoftware.com/goods.php?detail/018047037031" "Mozilla/5.0 AppleWebKit/537.36 (KHTML, like Gecko; compatible; GPTBot/1.3; +https://openai.com/gptbot)"
66.249.74.130 - - [13/Mar/2026:00:30:05 +0530] "GET /?e=2706872810200 HTTP/1.1" 200 54886 "-" "Mozilla/5.0 (Linux; Android 6.0.1; Nexus 5X Build/MMB29P) AppleWebKit/537.36 (KHTML, like Gecko) Chrome/145.0.7632.116 Mobile Safari/537.36 (compatible; Googlebot/2.1; +http://www.google.com/bot.html)"
74.7.243.201 - - [13/Mar/2026:00:30:06 +0530] "GET /goods.php?detail/229033236888 HTTP/2.0" 200 24556 "https://www.vedanthasoftware.com/goods.php?detail/229003398029" "Mozilla/5.0 AppleWebKit/537.36 (KHTML, like Gecko; compatible; GPTBot/1.3; +https://openai.com/gptbot)"
66.249.74.131 - - [13/Mar/2026:00:30:08 +0530] "GET /?e=8512715833704 HTTP/1.1" 200 55295 "-" "Mozilla/5.0 (Linux; Android 6.0.1; Nexus 5X Build/MMB29P) AppleWebKit/537.36 (KHTML, like Gecko) Chrome/145.0.7632.116 Mobile Safari/537.36 (compatible; Googlebot/2.1; +http://www.google.com/bot.html)"
74.7.242.1 - - [13/Mar/2026:00:30:08 +0530] "GET /goods.php?goods/066024722 HTTP/2.0" 200 23724 "https://vedanthasoftware.com/goods.php?jp/066048443.html" "Mozilla/5.0 AppleWebKit/537.36 (KHTML, like Gecko; compatible; GPTBot/1.3; +https://openai.com/gptbot)"
57.141.0.10 - - [13/Mar/2026:00:30:10 +0530] "GET /?e=2782285627503 HTTP/2.0" 200 183473 "-" "meta-externalagent/1.1 (+https://developers.facebook.com/docs/sharing/webmasters/crawler)"
74.7.243.201 - - [13/Mar/2026:00:30:12 +0530] "GET /goods.php?detail/147047813847 HTTP/2.0" 200 25052 "https://www.vedanthasoftware.com/goods.php?detail/048017201450" "Mozilla/5.0 AppleWebKit/537.36 (KHTML, like Gecko; compatible; GPTBot/1.3; +https://openai.com/gptbot)"
74.7.242.1 - - [13/Mar/2026:00:30:13 +0530] "GET /goods.php?goods/161031230 HTTP/2.0" 200 24182 "https://vedanthasoftware.com/goods.php?detail/161031230673" "Mozilla/5.0 AppleWebKit/537.36 (KHTML, like Gecko; compatible; GPTBot/1.3; +https://openai.com/gptbot)"
74.7.243.201 - - [13/Mar/2026:00:30:15 +0530] "GET /goods.php?detail/221037690715 HTTP/2.0" 200 25108 "https://www.vedanthasoftware.com/goods.php?detail/1720458717385" "Mozilla/5.0 AppleWebKit/537.36 (KHTML, like Gecko; compatible; GPTBot/1.3; +https://openai.com/gptbot)"
74.7.242.1 - - [13/Mar/2026:00:30:16 +0530] "GET /goods.php?goods/023043478 HTTP/2.0" 200 24655 "https://vedanthasoftware.com/goods.php?goods/023002218" "Mozilla/5.0 AppleWebKit/537.36 (KHTML, like Gecko; compatible; GPTBot/1.3; +https://openai.com/gptbot)"
74.7.243.201 - - [13/Mar/2026:00:30:18 +0530] "GET /goods.php?detail/206042544472 HTTP/2.0" 200 24187 "https://www.vedanthasoftware.com/goods.php?detail/257036028598" "Mozilla/5.0 AppleWebKit/537.36 (KHTML, like Gecko; compatible; GPTBot/1.3; +https://openai.com/gptbot)"
74.7.242.1 - - [13/Mar/2026:00:30:20 +0530] "GET /goods.php?goods/218028104 HTTP/2.0" 200 24165 "https://vedanthasoftware.com/goods.php?detail/139001836036" "Mozilla/5.0 AppleWebKit/537.36 (KHTML, like Gecko; compatible; GPTBot/1.3; +https://openai.com/gptbot)"
74.7.243.201 - - [13/Mar/2026:00:30:21 +0530] "GET /goods.php?detail/268044436614 HTTP/2.0" 200 24043 "https://www.vedanthasoftware.com/goods.php?detail/07204263316901" "Mozilla/5.0 AppleWebKit/537.36 (KHTML, like Gecko; compatible; GPTBot/1.3; +https://openai.com/gptbot)"
74.7.243.201 - - [13/Mar/2026:00:30:25 +0530] "GET /goods.php?detail/008000430037 HTTP/2.0" 200 24078 "https://www.vedanthasoftware.com/goods.php?detail/282047049922" "Mozilla/5.0 AppleWebKit/537.36 (KHTML, like Gecko; compatible; GPTBot/1.3; +https://openai.com/gptbot)"
74.7.242.1 - - [13/Mar/2026:00:30:25 +0530] "GET /goods.php?goods/095029544 HTTP/2.0" 200 23964 "https://vedanthasoftware.com/goods.php?detail/133001011533" "Mozilla/5.0 AppleWebKit/537.36 (KHTML, like Gecko; compatible; GPTBot/1.3; +https://openai.com/gptbot)"
57.141.0.60 - - [13/Mar/2026:00:30:26 +0530] "GET /?e=09762161678102 HTTP/2.0" 200 183473 "-" "meta-externalagent/1.1 (+https://developers.facebook.com/docs/sharing/webmasters/crawler)"
74.7.243.201 - - [13/Mar/2026:00:30:28 +0530] "GET /goods.php?detail/103033166214 HTTP/2.0" 200 24480 "https://www.vedanthasoftware.com/goods.php?detail/199044636000" "Mozilla/5.0 AppleWebKit/537.36 (KHTML, like Gecko; compatible; GPTBot/1.3; +https://openai.com/gptbot)"
74.7.242.1 - - [13/Mar/2026:00:30:30 +0530] "GET /goods.php?goods/286012218 HTTP/2.0" 200 24124 "https://vedanthasoftware.com/goods.php?detail/095014449232" "Mozilla/5.0 AppleWebKit/537.36 (KHTML, like Gecko; compatible; GPTBot/1.3; +https://openai.com/gptbot)"
74.7.243.201 - - [13/Mar/2026:00:30:32 +0530] "GET /goods.php?detail/131019107221 HTTP/2.0" 200 23934 "https://www.vedanthasoftware.com/goods.php?detail/031007243079" "Mozilla/5.0 AppleWebKit/537.36 (KHTML, like Gecko; compatible; GPTBot/1.3; +https://openai.com/gptbot)"
74.7.242.1 - - [13/Mar/2026:00:30:34 +0530] "GET /goods.php?goods/181013098 HTTP/2.0" 200 23750 "https://vedanthasoftware.com/goods.php?detail/187033353520" "Mozilla/5.0 AppleWebKit/537.36 (KHTML, like Gecko; compatible; GPTBot/1.3; +https://openai.com/gptbot)"
74.7.243.201 - - [13/Mar/2026:00:30:35 +0530] "GET /goods.php?detail/248033143636 HTTP/2.0" 200 24138 "https://www.vedanthasoftware.com/goods.php?detail/031007473377" "Mozilla/5.0 AppleWebKit/537.36 (KHTML, like Gecko; compatible; GPTBot/1.3; +https://openai.com/gptbot)"
74.7.242.1 - - [13/Mar/2026:00:30:37 +0530] "GET /goods.php?goods/133022043 HTTP/2.0" 200 23775 "https://vedanthasoftware.com/goods.php?detail/0390110707729" "Mozilla/5.0 AppleWebKit/537.36 (KHTML, like Gecko; compatible; GPTBot/1.3; +https://openai.com/gptbot)"
74.7.243.201 - - [13/Mar/2026:00:30:38 +0530] "GET /goods.php?detail/031013445080 HTTP/2.0" 200 24898 "https://www.vedanthasoftware.com/goods.php?detail/031007243079" "Mozilla/5.0 AppleWebKit/537.36 (KHTML, like Gecko; compatible; GPTBot/1.3; +https://openai.com/gptbot)"
74.7.242.1 - - [13/Mar/2026:00:30:41 +0530] "GET /goods.php?goods/176016746 HTTP/2.0" 200 24273 "https://vedanthasoftware.com/goods.php?detail/176017410730" "Mozilla/5.0 AppleWebKit/537.36 (KHTML, like Gecko; compatible; GPTBot/1.3; +https://openai.com/gptbot)"
74.7.243.201 - - [13/Mar/2026:00:30:41 +0530] "GET /goods.php?detail/184009343349 HTTP/2.0" 200 25250 "https://www.vedanthasoftware.com/goods.php?detail/184025521943" "Mozilla/5.0 AppleWebKit/537.36 (KHTML, like Gecko; compatible; GPTBot/1.3; +https://openai.com/gptbot)"
74.7.243.201 - - [13/Mar/2026:00:30:45 +0530] "GET /goods.php?detail/102020172724 HTTP/2.0" 200 24088 "https://www.vedanthasoftware.com/goods.php?detail/229033236888" "Mozilla/5.0 AppleWebKit/537.36 (KHTML, like Gecko; compatible; GPTBot/1.3; +https://openai.com/gptbot)"
74.7.242.1 - - [13/Mar/2026:00:30:45 +0530] "GET /goods.php?goods/181021351 HTTP/2.0" 200 24104 "https://vedanthasoftware.com/goods.php?detail/007028010507" "Mozilla/5.0 AppleWebKit/537.36 (KHTML, like Gecko; compatible; GPTBot/1.3; +https://openai.com/gptbot)"
74.7.243.201 - - [13/Mar/2026:00:30:48 +0530] "GET /goods.php?jp/190003722.html HTTP/2.0" 200 23714 "https://www.vedanthasoftware.com/goods.php?detail/147047813847" "Mozilla/5.0 AppleWebKit/537.36 (KHTML, like Gecko; compatible; GPTBot/1.3; +https://openai.com/gptbot)"
74.7.242.1 - - [13/Mar/2026:00:30:49 +0530] "GET /goods.php?goods/039009602 HTTP/2.0" 200 25209 "https://vedanthasoftware.com/goods.php?detail/211014427481" "Mozilla/5.0 AppleWebKit/537.36 (KHTML, like Gecko; compatible; GPTBot/1.3; +https://openai.com/gptbot)"
57.141.0.41 - - [13/Mar/2026:00:30:50 +0530] "GET /?e=91609244969506 HTTP/2.0" 200 183473 "-" "meta-externalagent/1.1 (+https://developers.facebook.com/docs/sharing/webmasters/crawler)"
74.7.243.201 - - [13/Mar/2026:00:30:51 +0530] "GET /goods.php?detail/14700826527299 HTTP/2.0" 200 24463 "https://www.vedanthasoftware.com/goods.php?detail/147047813847" "Mozilla/5.0 AppleWebKit/537.36 (KHTML, like Gecko; compatible; GPTBot/1.3; +https://openai.com/gptbot)"
74.7.242.1 - - [13/Mar/2026:00:30:52 +0530] "GET /goods.php?goods/022045354 HTTP/2.0" 200 24553 "https://vedanthasoftware.com/goods.php?detail/022048517974" "Mozilla/5.0 AppleWebKit/537.36 (KHTML, like Gecko; compatible; GPTBot/1.3; +https://openai.com/gptbot)"
74.7.243.201 - - [13/Mar/2026:00:30:55 +0530] "GET /goods.php?detail/147008217148 HTTP/2.0" 200 24948 "https://www.vedanthasoftware.com/goods.php?detail/147047813847" "Mozilla/5.0 AppleWebKit/537.36 (KHTML, like Gecko; compatible; GPTBot/1.3; +https://openai.com/gptbot)"
74.7.242.1 - - [13/Mar/2026:00:30:58 +0530] "GET /goods.php?goods/192018280 HTTP/2.0" 200 24023 "https://vedanthasoftware.com/goods.php?jp/192018277.html" "Mozilla/5.0 AppleWebKit/537.36 (KHTML, like Gecko; compatible; GPTBot/1.3; +https://openai.com/gptbot)"
74.7.243.201 - - [13/Mar/2026:00:30:59 +0530] "GET /goods.php?detail/265036559115 HTTP/2.0" 200 24844 "https://www.vedanthasoftware.com/goods.php?detail/184025521943" "Mozilla/5.0 AppleWebKit/537.36 (KHTML, like Gecko; compatible; GPTBot/1.3; +https://openai.com/gptbot)"
74.7.243.201 - - [13/Mar/2026:00:31:03 +0530] "GET /goods.php?detail/031013448882 HTTP/2.0" 200 23967 "https://www.vedanthasoftware.com/goods.php?detail/031007243079" "Mozilla/5.0 AppleWebKit/537.36 (KHTML, like Gecko; compatible; GPTBot/1.3; +https://openai.com/gptbot)"
74.7.242.1 - - [13/Mar/2026:00:31:03 +0530] "GET /goods.php?jp/023016671.html HTTP/2.0" 200 24379 "https://vedanthasoftware.com/goods.php?goods/023043478" "Mozilla/5.0 AppleWebKit/537.36 (KHTML, like Gecko; compatible; GPTBot/1.3; +https://openai.com/gptbot)"
57.141.0.61 - - [13/Mar/2026:00:31:04 +0530] "GET /?e=52018198786301 HTTP/2.0" 200 183473 "-" "meta-externalagent/1.1 (+https://developers.facebook.com/docs/sharing/webmasters/crawler)"
74.7.242.1 - - [13/Mar/2026:00:31:07 +0530] "GET /goods.php?detail/192018280439 HTTP/2.0" 200 24109 "https://vedanthasoftware.com/goods.php?goods/192018280" "Mozilla/5.0 AppleWebKit/537.36 (KHTML, like Gecko; compatible; GPTBot/1.3; +https://openai.com/gptbot)"
74.7.243.201 - - [13/Mar/2026:00:31:07 +0530] "GET /goods.php?detail/277029777409 HTTP/2.0" 200 24166 "https://www.vedanthasoftware.com/goods.php?detail/103033166214" "Mozilla/5.0 AppleWebKit/537.36 (KHTML, like Gecko; compatible; GPTBot/1.3; +https://openai.com/gptbot)"
57.141.0.68 - - [13/Mar/2026:00:31:08 +0530] "GET /?e=2025931238603 HTTP/2.0" 200 183473 "-" "meta-externalagent/1.1 (+https://developers.facebook.com/docs/sharing/webmasters/crawler)"
74.7.242.1 - - [13/Mar/2026:00:31:11 +0530] "GET /goods.php?jp/023044197.html HTTP/2.0" 200 24446 "https://vedanthasoftware.com/goods.php?goods/218028104" "Mozilla/5.0 AppleWebKit/537.36 (KHTML, like Gecko; compatible; GPTBot/1.3; +https://openai.com/gptbot)"
74.7.243.201 - - [13/Mar/2026:00:31:11 +0530] "GET /goods.php?detail/037049632675 HTTP/2.0" 200 23878 "https://www.vedanthasoftware.com/goods.php?detail/229033236888" "Mozilla/5.0 AppleWebKit/537.36 (KHTML, like Gecko; compatible; GPTBot/1.3; +https://openai.com/gptbot)"
74.7.242.1 - - [13/Mar/2026:00:31:15 +0530] "GET /goods.php?goods/101040128 HTTP/2.0" 200 24052 "https://vedanthasoftware.com/goods.php?detail/009001231685" "Mozilla/5.0 AppleWebKit/537.36 (KHTML, like Gecko; compatible; GPTBot/1.3; +https://openai.com/gptbot)"
74.7.243.201 - - [13/Mar/2026:00:31:16 +0530] "GET /goods.php?detail/2250455249904 HTTP/2.0" 200 24168 "https://www.vedanthasoftware.com/goods.php?detail/248033143636" "Mozilla/5.0 AppleWebKit/537.36 (KHTML, like Gecko; compatible; GPTBot/1.3; +https://openai.com/gptbot)"
74.7.242.1 - - [13/Mar/2026:00:31:20 +0530] "GET /goods.php?goods/243023449 HTTP/2.0" 200 24122 "https://vedanthasoftware.com/goods.php?detail/062032336389" "Mozilla/5.0 AppleWebKit/537.36 (KHTML, like Gecko; compatible; GPTBot/1.3; +https://openai.com/gptbot)"
74.7.243.201 - - [13/Mar/2026:00:31:21 +0530] "GET /goods.php?detail/211010198950 HTTP/2.0" 200 23854 "https://www.vedanthasoftware.com/goods.php?detail/031013445080" "Mozilla/5.0 AppleWebKit/537.36 (KHTML, like Gecko; compatible; GPTBot/1.3; +https://openai.com/gptbot)"
74.7.242.1 - - [13/Mar/2026:00:31:23 +0530] "GET /goods.php?goods/023026052 HTTP/2.0" 200 24210 "https://vedanthasoftware.com/goods.php?goods/023017251" "Mozilla/5.0 AppleWebKit/537.36 (KHTML, like Gecko; compatible; GPTBot/1.3; +https://openai.com/gptbot)"
74.7.243.201 - - [13/Mar/2026:00:31:25 +0530] "GET /goods.php?detail/300035651411 HTTP/2.0" 200 24310 "https://www.vedanthasoftware.com/goods.php?detail/248033143636" "Mozilla/5.0 AppleWebKit/537.36 (KHTML, like Gecko; compatible; GPTBot/1.3; +https://openai.com/gptbot)"
74.7.242.1 - - [13/Mar/2026:00:31:27 +0530] "GET /goods.php?detail/13304324694584 HTTP/2.0" 200 25484 "https://vedanthasoftware.com/goods.php?goods/133022043" "Mozilla/5.0 AppleWebKit/537.36 (KHTML, like Gecko; compatible; GPTBot/1.3; +https://openai.com/gptbot)"
74.7.243.201 - - [13/Mar/2026:00:31:28 +0530] "GET /goods.php?detail/102020303997 HTTP/2.0" 200 24181 "https://www.vedanthasoftware.com/goods.php?detail/102020172724" "Mozilla/5.0 AppleWebKit/537.36 (KHTML, like Gecko; compatible; GPTBot/1.3; +https://openai.com/gptbot)"
74.7.242.1 - - [13/Mar/2026:00:31:31 +0530] "GET /goods.php?goods/221026529 HTTP/2.0" 200 24225 "https://vedanthasoftware.com/goods.php?detail/221026529121" "Mozilla/5.0 AppleWebKit/537.36 (KHTML, like Gecko; compatible; GPTBot/1.3; +https://openai.com/gptbot)"
74.7.243.201 - - [13/Mar/2026:00:31:33 +0530] "GET /goods.php?detail/158016675424 HTTP/2.0" 200 23845 "https://www.vedanthasoftware.com/goods.php?detail/07204263316901" "Mozilla/5.0 AppleWebKit/537.36 (KHTML, like Gecko; compatible; GPTBot/1.3; +https://openai.com/gptbot)"
74.7.242.1 - - [13/Mar/2026:00:31:34 +0530] "GET /goods.php?goods/018003148 HTTP/2.0" 200 24694 "https://vedanthasoftware.com/goods.php?detail/018018162991" "Mozilla/5.0 AppleWebKit/537.36 (KHTML, like Gecko; compatible; GPTBot/1.3; +https://openai.com/gptbot)"
74.7.243.201 - - [13/Mar/2026:00:31:36 +0530] "GET /goods.php?detail/190003722376 HTTP/2.0" 200 23745 "https://www.vedanthasoftware.com/goods.php?jp/190003722.html" "Mozilla/5.0 AppleWebKit/537.36 (KHTML, like Gecko; compatible; GPTBot/1.3; +https://openai.com/gptbot)"
74.7.242.1 - - [13/Mar/2026:00:31:37 +0530] "GET /goods.php?goods/003041831 HTTP/2.0" 200 24251 "https://vedanthasoftware.com/goods.php?detail/0030119711355" "Mozilla/5.0 AppleWebKit/537.36 (KHTML, like Gecko; compatible; GPTBot/1.3; +https://openai.com/gptbot)"
74.7.243.201 - - [13/Mar/2026:00:31:39 +0530] "GET /goods.php?detail/230002684297 HTTP/2.0" 200 24036 "https://www.vedanthasoftware.com/goods.php?detail/131019107221" "Mozilla/5.0 AppleWebKit/537.36 (KHTML, like Gecko; compatible; GPTBot/1.3; +https://openai.com/gptbot)"
74.7.242.1 - - [13/Mar/2026:00:31:41 +0530] "GET /goods.php?goods/015016167 HTTP/2.0" 200 24528 "https://vedanthasoftware.com/goods.php?detail/192037257216" "Mozilla/5.0 AppleWebKit/537.36 (KHTML, like Gecko; compatible; GPTBot/1.3; +https://openai.com/gptbot)"
74.7.243.201 - - [13/Mar/2026:00:31:43 +0530] "GET /goods.php?detail/060036820178 HTTP/2.0" 200 23888 "https://www.vedanthasoftware.com/goods.php?detail/039024833465" "Mozilla/5.0 AppleWebKit/537.36 (KHTML, like Gecko; compatible; GPTBot/1.3; +https://openai.com/gptbot)"
74.7.242.1 - - [13/Mar/2026:00:31:45 +0530] "GET /goods.php?goods/007006217 HTTP/2.0" 200 23866 "https://vedanthasoftware.com/goods.php?jp/081001603.html" "Mozilla/5.0 AppleWebKit/537.36 (KHTML, like Gecko; compatible; GPTBot/1.3; +https://openai.com/gptbot)"
74.7.243.201 - - [13/Mar/2026:00:31:46 +0530] "GET /goods.php?detail/161009369231 HTTP/2.0" 200 24647 "https://www.vedanthasoftware.com/goods.php?detail/102020172724" "Mozilla/5.0 AppleWebKit/537.36 (KHTML, like Gecko; compatible; GPTBot/1.3; +https://openai.com/gptbot)"
74.7.242.1 - - [13/Mar/2026:00:31:49 +0530] "GET /goods.php?goods/064010015 HTTP/2.0" 200 23922 "https://vedanthasoftware.com/goods.php?detail/064002286279" "Mozilla/5.0 AppleWebKit/537.36 (KHTML, like Gecko; compatible; GPTBot/1.3; +https://openai.com/gptbot)"
74.7.243.201 - - [13/Mar/2026:00:31:49 +0530] "GET /goods.php?detail/277045569362 HTTP/2.0" 200 24077 "https://www.vedanthasoftware.com/goods.php?detail/277029777409" "Mozilla/5.0 AppleWebKit/537.36 (KHTML, like Gecko; compatible; GPTBot/1.3; +https://openai.com/gptbot)"
74.7.242.1 - - [13/Mar/2026:00:31:52 +0530] "GET /goods.php?goods/153012906 HTTP/2.0" 200 23567 "https://vedanthasoftware.com/goods.php?jp/023044197.html" "Mozilla/5.0 AppleWebKit/537.36 (KHTML, like Gecko; compatible; GPTBot/1.3; +https://openai.com/gptbot)"
74.7.243.201 - - [13/Mar/2026:00:31:52 +0530] "GET /goods.php?goods/105034329 HTTP/2.0" 200 24036 "https://www.vedanthasoftware.com/goods.php?detail/037049632675" "Mozilla/5.0 AppleWebKit/537.36 (KHTML, like Gecko; compatible; GPTBot/1.3; +https://openai.com/gptbot)"
57.141.0.54 - - [13/Mar/2026:00:31:53 +0530] "GET /?e=72999101154300 HTTP/2.0" 200 183473 "-" "meta-externalagent/1.1 (+https://developers.facebook.com/docs/sharing/webmasters/crawler)"
74.7.242.1 - - [13/Mar/2026:00:31:55 +0530] "GET /goods.php?goods/211038823 HTTP/2.0" 200 25223 "https://vedanthasoftware.com/goods.php?jp/211014067.html" "Mozilla/5.0 AppleWebKit/537.36 (KHTML, like Gecko; compatible; GPTBot/1.3; +https://openai.com/gptbot)"
74.7.243.201 - - [13/Mar/2026:00:31:56 +0530] "GET /goods.php?detail/295014022093 HTTP/2.0" 200 23179 "https://www.vedanthasoftware.com/goods.php?detail/008000430037" "Mozilla/5.0 AppleWebKit/537.36 (KHTML, like Gecko; compatible; GPTBot/1.3; +https://openai.com/gptbot)"
74.7.242.1 - - [13/Mar/2026:00:31:58 +0530] "GET /goods.php?goods/053015233 HTTP/2.0" 200 24015 "https://vedanthasoftware.com/goods.php?detail/053043459464" "Mozilla/5.0 AppleWebKit/537.36 (KHTML, like Gecko; compatible; GPTBot/1.3; +https://openai.com/gptbot)"
74.7.243.201 - - [13/Mar/2026:00:32:00 +0530] "GET /goods.php?detail/206008535626 HTTP/2.0" 200 24201 "https://www.vedanthasoftware.com/goods.php?detail/206042544472" "Mozilla/5.0 AppleWebKit/537.36 (KHTML, like Gecko; compatible; GPTBot/1.3; +https://openai.com/gptbot)"
74.7.242.1 - - [13/Mar/2026:00:32:02 +0530] "GET /goods.php?goods/206002732 HTTP/2.0" 200 23765 "https://vedanthasoftware.com/goods.php?detail/09702860532087" "Mozilla/5.0 AppleWebKit/537.36 (KHTML, like Gecko; compatible; GPTBot/1.3; +https://openai.com/gptbot)"
74.7.243.201 - - [13/Mar/2026:00:32:04 +0530] "GET /goods.php?detail/048000845618 HTTP/2.0" 200 24337 "https://www.vedanthasoftware.com/goods.php?detail/300035651411" "Mozilla/5.0 AppleWebKit/537.36 (KHTML, like Gecko; compatible; GPTBot/1.3; +https://openai.com/gptbot)"
74.7.242.1 - - [13/Mar/2026:00:32:06 +0530] "GET /goods.php?goods/033038779 HTTP/2.0" 200 24488 "https://vedanthasoftware.com/goods.php?detail/181018672389" "Mozilla/5.0 AppleWebKit/537.36 (KHTML, like Gecko; compatible; GPTBot/1.3; +https://openai.com/gptbot)"
74.7.243.201 - - [13/Mar/2026:00:32:08 +0530] "GET /goods.php?detail/102020173744 HTTP/2.0" 200 24187 "https://www.vedanthasoftware.com/goods.php?detail/102020303997" "Mozilla/5.0 AppleWebKit/537.36 (KHTML, like Gecko; compatible; GPTBot/1.3; +https://openai.com/gptbot)"
74.7.242.1 - - [13/Mar/2026:00:32:10 +0530] "GET /goods.php?goods/023044084 HTTP/2.0" 200 25052 "https://vedanthasoftware.com/goods.php?detail/0230052722600" "Mozilla/5.0 AppleWebKit/537.36 (KHTML, like Gecko; compatible; GPTBot/1.3; +https://openai.com/gptbot)"
74.7.243.201 - - [13/Mar/2026:00:32:13 +0530] "GET /goods.php?detail/204025369441 HTTP/2.0" 200 25016 "https://www.vedanthasoftware.com/goods.php?detail/282047049922" "Mozilla/5.0 AppleWebKit/537.36 (KHTML, like Gecko; compatible; GPTBot/1.3; +https://openai.com/gptbot)"
74.7.242.1 - - [13/Mar/2026:00:32:14 +0530] "GET /goods.php?goods/004028324 HTTP/2.0" 200 24319 "https://vedanthasoftware.com/goods.php?detail/0040458848156" "Mozilla/5.0 AppleWebKit/537.36 (KHTML, like Gecko; compatible; GPTBot/1.3; +https://openai.com/gptbot)"
74.7.243.201 - - [13/Mar/2026:00:32:17 +0530] "GET /goods.php?detail/190036488351 HTTP/2.0" 200 23903 "https://www.vedanthasoftware.com/goods.php?detail/190003722376" "Mozilla/5.0 AppleWebKit/537.36 (KHTML, like Gecko; compatible; GPTBot/1.3; +https://openai.com/gptbot)"
74.7.242.1 - - [13/Mar/2026:00:32:19 +0530] "GET /goods.php?goods/033009638 HTTP/2.0" 200 25097 "https://vedanthasoftware.com/goods.php?detail/1690475737842" "Mozilla/5.0 AppleWebKit/537.36 (KHTML, like Gecko; compatible; GPTBot/1.3; +https://openai.com/gptbot)"
74.7.243.201 - - [13/Mar/2026:00:32:20 +0530] "GET /goods.php?detail/143002704700 HTTP/2.0" 200 23948 "https://www.vedanthasoftware.com/goods.php?detail/230002684297" "Mozilla/5.0 AppleWebKit/537.36 (KHTML, like Gecko; compatible; GPTBot/1.3; +https://openai.com/gptbot)"
74.7.242.1 - - [13/Mar/2026:00:32:23 +0530] "GET /goods.php?goods/058006552 HTTP/2.0" 200 23811 "https://vedanthasoftware.com/goods.php?detail/058022090906" "Mozilla/5.0 AppleWebKit/537.36 (KHTML, like Gecko; compatible; GPTBot/1.3; +https://openai.com/gptbot)"
74.7.243.201 - - [13/Mar/2026:00:32:24 +0530] "GET /goods.php?detail/230002686428 HTTP/2.0" 200 24806 "https://www.vedanthasoftware.com/goods.php?detail/230002684297" "Mozilla/5.0 AppleWebKit/537.36 (KHTML, like Gecko; compatible; GPTBot/1.3; +https://openai.com/gptbot)"
74.7.242.1 - - [13/Mar/2026:00:32:27 +0530] "GET /goods.php?goods/052015660 HTTP/2.0" 200 24089 "https://vedanthasoftware.com/goods.php?detail/052015660430" "Mozilla/5.0 AppleWebKit/537.36 (KHTML, like Gecko; compatible; GPTBot/1.3; +https://openai.com/gptbot)"
74.7.243.201 - - [13/Mar/2026:00:32:28 +0530] "GET /goods.php?detail/265031178366 HTTP/2.0" 200 25225 "https://www.vedanthasoftware.com/goods.php?detail/265036559115" "Mozilla/5.0 AppleWebKit/537.36 (KHTML, like Gecko; compatible; GPTBot/1.3; +https://openai.com/gptbot)"
74.7.242.1 - - [13/Mar/2026:00:32:30 +0530] "GET /goods.php?goods/089033438 HTTP/2.0" 200 24375 "https://vedanthasoftware.com/goods.php?detail/110015149124" "Mozilla/5.0 AppleWebKit/537.36 (KHTML, like Gecko; compatible; GPTBot/1.3; +https://openai.com/gptbot)"
74.7.243.201 - - [13/Mar/2026:00:32:32 +0530] "GET /goods.php?detail/2770297761102 HTTP/2.0" 200 24191 "https://www.vedanthasoftware.com/goods.php?detail/277045569362" "Mozilla/5.0 AppleWebKit/537.36 (KHTML, like Gecko; compatible; GPTBot/1.3; +https://openai.com/gptbot)"
114.119.146.223 - - [13/Mar/2026:00:32:32 +0530] "GET /?_p=057004013 HTTP/1.1" 301 5 "https://www.vedanthasoftware.com/sitemap546.xml" "Mozilla/5.0 (Linux; Android 7.0;) AppleWebKit/537.36 (KHTML, like Gecko) Mobile Safari/537.36 (compatible; PetalBot;+https://webmaster.petalsearch.com/site/petalbot)"
141.98.11.44 - - [13/Mar/2026:00:32:32 +0530] "GET /wp-includes/sodium_compat/src/Core/SecretStream/State.php HTTP/1.1" 200 34 "-" "Mozilla/5.0 (Windows NT 10.0; Win64; x64) AppleWebKit/537.36"
74.7.242.1 - - [13/Mar/2026:00:32:33 +0530] "GET /goods.php?goods/148006008 HTTP/2.0" 200 24928 "https://vedanthasoftware.com/goods.php?detail/148025863514" "Mozilla/5.0 AppleWebKit/537.36 (KHTML, like Gecko; compatible; GPTBot/1.3; +https://openai.com/gptbot)"
74.7.243.201 - - [13/Mar/2026:00:32:36 +0530] "GET /goods.php?detail/105034332412 HTTP/2.0" 200 24212 "https://www.vedanthasoftware.com/goods.php?goods/105034329" "Mozilla/5.0 AppleWebKit/537.36 (KHTML, like Gecko; compatible; GPTBot/1.3; +https://openai.com/gptbot)"
74.7.242.1 - - [13/Mar/2026:00:32:38 +0530] "GET /goods.php?goods/054011848 HTTP/2.0" 200 24468 "https://vedanthasoftware.com/goods.php?jp/054000397.html" "Mozilla/5.0 AppleWebKit/537.36 (KHTML, like Gecko; compatible; GPTBot/1.3; +https://openai.com/gptbot)"
74.7.243.201 - - [13/Mar/2026:00:32:40 +0530] "GET /goods.php?detail/110036279308 HTTP/2.0" 200 24493 "https://www.vedanthasoftware.com/goods.php?detail/048017201450" "Mozilla/5.0 AppleWebKit/537.36 (KHTML, like Gecko; compatible; GPTBot/1.3; +https://openai.com/gptbot)"
74.7.242.1 - - [13/Mar/2026:00:32:41 +0530] "GET /goods.php?goods/106020141 HTTP/2.0" 200 24009 "https://vedanthasoftware.com/goods.php?jp/106018862.html" "Mozilla/5.0 AppleWebKit/537.36 (KHTML, like Gecko; compatible; GPTBot/1.3; +https://openai.com/gptbot)"
114.119.146.223 - - [13/Mar/2026:00:32:41 +0530] "GET /?_p=057004013 HTTP/1.1" 200 38168 "https://www.vedanthasoftware.com/sitemap546.xml" "Mozilla/5.0 (Linux; Android 7.0;) AppleWebKit/537.36 (KHTML, like Gecko) Mobile Safari/537.36 (compatible; PetalBot;+https://webmaster.petalsearch.com/site/petalbot)"
74.7.242.1 - - [13/Mar/2026:00:32:44 +0530] "GET /goods.php?goods/265022501 HTTP/2.0" 200 23709 "https://vedanthasoftware.com/goods.php?detail/2650161522665" "Mozilla/5.0 AppleWebKit/537.36 (KHTML, like Gecko; compatible; GPTBot/1.3; +https://openai.com/gptbot)"
74.7.243.201 - - [13/Mar/2026:00:32:44 +0530] "GET /goods.php?detail/104019632307 HTTP/2.0" 200 24314 "https://www.vedanthasoftware.com/goods.php?detail/031007473377" "Mozilla/5.0 AppleWebKit/537.36 (KHTML, like Gecko; compatible; GPTBot/1.3; +https://openai.com/gptbot)"
57.141.0.8 - - [13/Mar/2026:00:32:45 +0530] "GET /?e=19512256597701 HTTP/2.0" 200 183473 "-" "meta-externalagent/1.1 (+https://developers.facebook.com/docs/sharing/webmasters/crawler)"
74.7.242.1 - - [13/Mar/2026:00:32:47 +0530] "GET /goods.php?goods/022027975 HTTP/2.0" 200 24274 "https://vedanthasoftware.com/goods.php?jp/093041469.html" "Mozilla/5.0 AppleWebKit/537.36 (KHTML, like Gecko; compatible; GPTBot/1.3; +https://openai.com/gptbot)"
74.7.243.201 - - [13/Mar/2026:00:32:51 +0530] "GET /goods.php?detail/048018855181 HTTP/2.0" 200 23891 "https://www.vedanthasoftware.com/goods.php?detail/048000845618" "Mozilla/5.0 AppleWebKit/537.36 (KHTML, like Gecko; compatible; GPTBot/1.3; +https://openai.com/gptbot)"
74.7.242.1 - - [13/Mar/2026:00:32:51 +0530] "GET /goods.php?goods/233040308 HTTP/2.0" 200 24513 "https://vedanthasoftware.com/goods.php?detail/2330173232110" "Mozilla/5.0 AppleWebKit/537.36 (KHTML, like Gecko; compatible; GPTBot/1.3; +https://openai.com/gptbot)"
74.7.243.201 - - [13/Mar/2026:00:32:53 +0530] "GET /goods.php?detail/102024744355 HTTP/2.0" 200 24066 "https://www.vedanthasoftware.com/goods.php?detail/102020173744" "Mozilla/5.0 AppleWebKit/537.36 (KHTML, like Gecko; compatible; GPTBot/1.3; +https://openai.com/gptbot)"
57.141.0.21 - - [13/Mar/2026:00:32:54 +0530] "GET /?e=22170119291700 HTTP/2.0" 200 183473 "-" "meta-externalagent/1.1 (+https://developers.facebook.com/docs/sharing/webmasters/crawler)"
74.7.242.1 - - [13/Mar/2026:00:32:55 +0530] "GET /goods.php?goods/077012821 HTTP/2.0" 200 23868 "https://vedanthasoftware.com/goods.php?detail/077010786777" "Mozilla/5.0 AppleWebKit/537.36 (KHTML, like Gecko; compatible; GPTBot/1.3; +https://openai.com/gptbot)"
74.7.243.201 - - [13/Mar/2026:00:32:58 +0530] "GET /goods.php?detail/1630238611212 HTTP/2.0" 200 23902 "https://www.vedanthasoftware.com/goods.php?detail/204025369441" "Mozilla/5.0 AppleWebKit/537.36 (KHTML, like Gecko; compatible; GPTBot/1.3; +https://openai.com/gptbot)"
74.7.242.1 - - [13/Mar/2026:00:32:58 +0530] "GET /goods.php?goods/021004730 HTTP/2.0" 200 23943 "https://vedanthasoftware.com/goods.php?detail/021030736775" "Mozilla/5.0 AppleWebKit/537.36 (KHTML, like Gecko; compatible; GPTBot/1.3; +https://openai.com/gptbot)"
74.7.243.201 - - [13/Mar/2026:00:33:01 +0530] "GET /goods.php?detail/116045838571 HTTP/2.0" 200 24063 "https://www.vedanthasoftware.com/goods.php?detail/161009369231" "Mozilla/5.0 AppleWebKit/537.36 (KHTML, like Gecko; compatible; GPTBot/1.3; +https://openai.com/gptbot)"
74.7.242.1 - - [13/Mar/2026:00:33:02 +0530] "GET /goods.php?goods/003009511 HTTP/2.0" 200 24073 "https://vedanthasoftware.com/goods.php?detail/009002543145" "Mozilla/5.0 AppleWebKit/537.36 (KHTML, like Gecko; compatible; GPTBot/1.3; +https://openai.com/gptbot)"
51.195.215.16 - - [13/Mar/2026:00:33:02 +0530] "GET /wp-content/themes/consultix/css/radiantthemes-gutenberg-blocks.css?ver=1773341341 HTTP/2.0" 200 4608 "-" "Mozilla/5.0 (compatible; AhrefsBot/7.0; +http://ahrefs.com/robot/)"
74.7.242.1 - - [13/Mar/2026:00:33:05 +0530] "GET /goods.php?goods/196016063 HTTP/2.0" 200 24016 "https://vedanthasoftware.com/goods.php?jp/282008546.html" "Mozilla/5.0 AppleWebKit/537.36 (KHTML, like Gecko; compatible; GPTBot/1.3; +https://openai.com/gptbot)"
74.7.243.201 - - [13/Mar/2026:00:33:06 +0530] "GET /goods.php?detail/007031201148 HTTP/2.0" 200 24526 "https://www.vedanthasoftware.com/goods.php?detail/143002704700" "Mozilla/5.0 AppleWebKit/537.36 (KHTML, like Gecko; compatible; GPTBot/1.3; +https://openai.com/gptbot)"
74.7.242.1 - - [13/Mar/2026:00:33:09 +0530] "GET /goods.php?goods/194005901 HTTP/2.0" 200 24343 "https://vedanthasoftware.com/goods.php?detail/194005901381" "Mozilla/5.0 AppleWebKit/537.36 (KHTML, like Gecko; compatible; GPTBot/1.3; +https://openai.com/gptbot)"
74.7.243.201 - - [13/Mar/2026:00:33:10 +0530] "GET /goods.php?detail/242030645004 HTTP/2.0" 200 24540 "https://www.vedanthasoftware.com/goods.php?detail/230002686428" "Mozilla/5.0 AppleWebKit/537.36 (KHTML, like Gecko; compatible; GPTBot/1.3; +https://openai.com/gptbot)"
74.7.242.1 - - [13/Mar/2026:00:33:13 +0530] "GET /goods.php?goods/150038007 HTTP/2.0" 200 25087 "https://vedanthasoftware.com/goods.php?detail/150038006247" "Mozilla/5.0 AppleWebKit/537.36 (KHTML, like Gecko; compatible; GPTBot/1.3; +https://openai.com/gptbot)"
74.7.243.201 - - [13/Mar/2026:00:33:14 +0530] "GET /goods.php?detail/286015151256 HTTP/2.0" 200 24257 "https://www.vedanthasoftware.com/goods.php?detail/265031178366" "Mozilla/5.0 AppleWebKit/537.36 (KHTML, like Gecko; compatible; GPTBot/1.3; +https://openai.com/gptbot)"
74.7.243.201 - - [13/Mar/2026:00:33:16 +0530] "GET /goods.php?detail/277029775899 HTTP/2.0" 200 23997 "https://www.vedanthasoftware.com/goods.php?detail/2770297761102" "Mozilla/5.0 AppleWebKit/537.36 (KHTML, like Gecko; compatible; GPTBot/1.3; +https://openai.com/gptbot)"
74.7.242.1 - - [13/Mar/2026:00:33:19 +0530] "GET /goods.php?goods/166013623 HTTP/2.0" 200 24746 "https://vedanthasoftware.com/goods.php?detail/166013640265" "Mozilla/5.0 AppleWebKit/537.36 (KHTML, like Gecko; compatible; GPTBot/1.3; +https://openai.com/gptbot)"
74.7.243.201 - - [13/Mar/2026:00:33:20 +0530] "GET /goods.php?detail/230002683552 HTTP/2.0" 200 24187 "https://www.vedanthasoftware.com/goods.php?detail/230002686428" "Mozilla/5.0 AppleWebKit/537.36 (KHTML, like Gecko; compatible; GPTBot/1.3; +https://openai.com/gptbot)"
74.7.242.1 - - [13/Mar/2026:00:33:23 +0530] "GET /goods.php?goods/113030228 HTTP/2.0" 200 23633 "https://vedanthasoftware.com/goods.php?detail/220045925520" "Mozilla/5.0 AppleWebKit/537.36 (KHTML, like Gecko; compatible; GPTBot/1.3; +https://openai.com/gptbot)"
74.7.243.201 - - [13/Mar/2026:00:33:24 +0530] "GET /goods.php?detail/207017308279 HTTP/2.0" 200 24987 "https://www.vedanthasoftware.com/goods.php?detail/105034332412" "Mozilla/5.0 AppleWebKit/537.36 (KHTML, like Gecko; compatible; GPTBot/1.3; +https://openai.com/gptbot)"
74.7.243.201 - - [13/Mar/2026:00:33:27 +0530] "GET /goods.php?detail/277045571613 HTTP/2.0" 200 24100 "https://www.vedanthasoftware.com/goods.php?detail/277029777409" "Mozilla/5.0 AppleWebKit/537.36 (KHTML, like Gecko; compatible; GPTBot/1.3; +https://openai.com/gptbot)"
74.7.242.1 - - [13/Mar/2026:00:33:27 +0530] "GET /goods.php?goods/154045184 HTTP/2.0" 200 24070 "https://vedanthasoftware.com/goods.php?jp/154045186.html" "Mozilla/5.0 AppleWebKit/537.36 (KHTML, like Gecko; compatible; GPTBot/1.3; +https://openai.com/gptbot)"
74.7.243.201 - - [13/Mar/2026:00:33:30 +0530] "GET /goods.php?detail/172023094899 HTTP/2.0" 200 24374 "https://www.vedanthasoftware.com/goods.php?detail/1720458717385" "Mozilla/5.0 AppleWebKit/537.36 (KHTML, like Gecko; compatible; GPTBot/1.3; +https://openai.com/gptbot)"
