52.167.144.206 - - [13/Mar/2026:00:33:30 +0530] "GET /?e=4024251185801 HTTP/2.0" 200 33 "-" "Mozilla/5.0 AppleWebKit/537.36 (KHTML, like Gecko; compatible; bingbot/2.0; +http://www.bing.com/bingbot.htm) Chrome/116.0.1938.76 Safari/537.36"
74.7.242.1 - - [13/Mar/2026:00:33:31 +0530] "GET /goods.php?goods/181012621 HTTP/2.0" 200 23759 "https://vedanthasoftware.com/goods.php?detail/215048351565" "Mozilla/5.0 AppleWebKit/537.36 (KHTML, like Gecko; compatible; GPTBot/1.3; +https://openai.com/gptbot)"
74.7.243.201 - - [13/Mar/2026:00:33:34 +0530] "GET /goods.php?detail/104032899719 HTTP/2.0" 200 23763 "https://www.vedanthasoftware.com/goods.php?detail/277045569362" "Mozilla/5.0 AppleWebKit/537.36 (KHTML, like Gecko; compatible; GPTBot/1.3; +https://openai.com/gptbot)"
74.7.242.1 - - [13/Mar/2026:00:33:34 +0530] "GET /goods.php?goods/120032441 HTTP/2.0" 200 25038 "https://vedanthasoftware.com/goods.php?detail/015014312205" "Mozilla/5.0 AppleWebKit/537.36 (KHTML, like Gecko; compatible; GPTBot/1.3; +https://openai.com/gptbot)"
74.7.242.1 - - [13/Mar/2026:00:33:38 +0530] "GET /goods.php?goods/161032316 HTTP/2.0" 200 25472 "https://vedanthasoftware.com/goods.php?detail/017014300093" "Mozilla/5.0 AppleWebKit/537.36 (KHTML, like Gecko; compatible; GPTBot/1.3; +https://openai.com/gptbot)"
40.77.167.126 - - [13/Mar/2026:00:33:38 +0530] "GET /?e=2001320005005 HTTP/2.0" 200 33 "-" "Mozilla/5.0 AppleWebKit/537.36 (KHTML, like Gecko; compatible; bingbot/2.0; +http://www.bing.com/bingbot.htm) Chrome/116.0.1938.76 Safari/537.36"
74.7.243.201 - - [13/Mar/2026:00:33:38 +0530] "GET /goods.php?detail/206019487208 HTTP/2.0" 200 23717 "https://www.vedanthasoftware.com/goods.php?detail/1630238611212" "Mozilla/5.0 AppleWebKit/537.36 (KHTML, like Gecko; compatible; GPTBot/1.3; +https://openai.com/gptbot)"
74.7.242.1 - - [13/Mar/2026:00:33:41 +0530] "GET /goods.php?goods/072021275 HTTP/2.0" 200 23727 "https://vedanthasoftware.com/goods.php?detail/0720459740505" "Mozilla/5.0 AppleWebKit/537.36 (KHTML, like Gecko; compatible; GPTBot/1.3; +https://openai.com/gptbot)"
74.7.243.201 - - [13/Mar/2026:00:33:42 +0530] "GET /goods.php?detail/163048304184 HTTP/2.0" 200 25216 "https://www.vedanthasoftware.com/goods.php?detail/1630238611212" "Mozilla/5.0 AppleWebKit/537.36 (KHTML, like Gecko; compatible; GPTBot/1.3; +https://openai.com/gptbot)"
74.7.242.1 - - [13/Mar/2026:00:33:45 +0530] "GET /goods.php?goods/221004072 HTTP/2.0" 200 24034 "https://vedanthasoftware.com/goods.php?jp/221009895.html" "Mozilla/5.0 AppleWebKit/537.36 (KHTML, like Gecko; compatible; GPTBot/1.3; +https://openai.com/gptbot)"
74.7.243.201 - - [13/Mar/2026:00:33:45 +0530] "GET /goods.php?detail/161049287882 HTTP/2.0" 200 25293 "https://www.vedanthasoftware.com/goods.php?detail/161009369231" "Mozilla/5.0 AppleWebKit/537.36 (KHTML, like Gecko; compatible; GPTBot/1.3; +https://openai.com/gptbot)"
74.7.242.1 - - [13/Mar/2026:00:33:48 +0530] "GET /goods.php?goods/234042110 HTTP/2.0" 200 24961 "https://vedanthasoftware.com/goods.php?jp/234042111.html" "Mozilla/5.0 AppleWebKit/537.36 (KHTML, like Gecko; compatible; GPTBot/1.3; +https://openai.com/gptbot)"
74.7.243.201 - - [13/Mar/2026:00:33:48 +0530] "GET /goods.php?detail/0480291046769 HTTP/2.0" 200 24400 "https://www.vedanthasoftware.com/goods.php?detail/048018855181" "Mozilla/5.0 AppleWebKit/537.36 (KHTML, like Gecko; compatible; GPTBot/1.3; +https://openai.com/gptbot)"
114.119.153.137 - - [13/Mar/2026:00:33:49 +0530] "GET /?_p=055039081 HTTP/1.1" 301 5 "https://www.vedanthasoftware.com/sitemap546.xml" "Mozilla/5.0 (Linux; Android 7.0;) AppleWebKit/537.36 (KHTML, like Gecko) Mobile Safari/537.36 (compatible; PetalBot;+https://webmaster.petalsearch.com/site/petalbot)"
74.7.242.1 - - [13/Mar/2026:00:33:51 +0530] "GET /goods.php?goods/067017686 HTTP/2.0" 200 25231 "https://vedanthasoftware.com/goods.php?detail/067015810828" "Mozilla/5.0 AppleWebKit/537.36 (KHTML, like Gecko; compatible; GPTBot/1.3; +https://openai.com/gptbot)"
74.7.243.201 - - [13/Mar/2026:00:33:52 +0530] "GET /goods.php?jp/216036642.html HTTP/2.0" 200 24044 "https://www.vedanthasoftware.com/goods.php?detail/286015151256" "Mozilla/5.0 AppleWebKit/537.36 (KHTML, like Gecko; compatible; GPTBot/1.3; +https://openai.com/gptbot)"
74.7.242.1 - - [13/Mar/2026:00:33:55 +0530] "GET /goods.php?goods/063035225 HTTP/2.0" 200 23924 "https://vedanthasoftware.com/goods.php?detail/1180355226098" "Mozilla/5.0 AppleWebKit/537.36 (KHTML, like Gecko; compatible; GPTBot/1.3; +https://openai.com/gptbot)"
114.119.153.137 - - [13/Mar/2026:00:33:56 +0530] "GET /?_p=055039081 HTTP/1.1" 200 38167 "https://www.vedanthasoftware.com/sitemap546.xml" "Mozilla/5.0 (Linux; Android 7.0;) AppleWebKit/537.36 (KHTML, like Gecko) Mobile Safari/537.36 (compatible; PetalBot;+https://webmaster.petalsearch.com/site/petalbot)"
74.7.243.201 - - [13/Mar/2026:00:33:57 +0530] "GET /goods.php?detail/286015162762 HTTP/2.0" 200 24139 "https://www.vedanthasoftware.com/goods.php?detail/286015151256" "Mozilla/5.0 AppleWebKit/537.36 (KHTML, like Gecko; compatible; GPTBot/1.3; +https://openai.com/gptbot)"
72.167.150.128 - - [13/Mar/2026:00:33:58 +0530] "POST /xmlrpc.php HTTP/2.0" 200 401 "-" "Mozilla/5.0 (Windows NT 5.1; Win64; x64) AppleWebKit/537.36 (KHTML, like Gecko) Chrome/66.0.3359.117 Safari/537.36"
74.7.242.1 - - [13/Mar/2026:00:33:59 +0530] "GET /goods.php?goods/081014941 HTTP/2.0" 200 24056 "https://vedanthasoftware.com/goods.php?jp/114007477.html" "Mozilla/5.0 AppleWebKit/537.36 (KHTML, like Gecko; compatible; GPTBot/1.3; +https://openai.com/gptbot)"
74.7.243.201 - - [13/Mar/2026:00:34:01 +0530] "GET /goods.php?detail/257001596537 HTTP/2.0" 200 24851 "https://www.vedanthasoftware.com/goods.php?detail/277029775899" "Mozilla/5.0 AppleWebKit/537.36 (KHTML, like Gecko; compatible; GPTBot/1.3; +https://openai.com/gptbot)"
74.7.242.1 - - [13/Mar/2026:00:34:02 +0530] "GET /goods.php?goods/186017177 HTTP/2.0" 200 24048 "https://vedanthasoftware.com/goods.php?detail/296010760145" "Mozilla/5.0 AppleWebKit/537.36 (KHTML, like Gecko; compatible; GPTBot/1.3; +https://openai.com/gptbot)"
74.7.243.201 - - [13/Mar/2026:00:34:04 +0530] "GET /goods.php?detail/1020247432588 HTTP/2.0" 200 24097 "https://www.vedanthasoftware.com/goods.php?detail/102020173744" "Mozilla/5.0 AppleWebKit/537.36 (KHTML, like Gecko; compatible; GPTBot/1.3; +https://openai.com/gptbot)"
74.7.242.1 - - [13/Mar/2026:00:34:05 +0530] "GET /goods.php?goods/106045410 HTTP/2.0" 200 25086 "https://vedanthasoftware.com/goods.php?detail/106035359899" "Mozilla/5.0 AppleWebKit/537.36 (KHTML, like Gecko; compatible; GPTBot/1.3; +https://openai.com/gptbot)"
57.141.0.24 - - [13/Mar/2026:00:34:06 +0530] "GET /?e=9897442578500 HTTP/2.0" 200 183473 "-" "meta-externalagent/1.1 (+https://developers.facebook.com/docs/sharing/webmasters/crawler)"
74.7.243.201 - - [13/Mar/2026:00:34:08 +0530] "GET /goods.php?detail/181045378763 HTTP/2.0" 200 23794 "https://www.vedanthasoftware.com/goods.php?detail/277045571613" "Mozilla/5.0 AppleWebKit/537.36 (KHTML, like Gecko; compatible; GPTBot/1.3; +https://openai.com/gptbot)"
57.141.0.46 - - [13/Mar/2026:00:34:09 +0530] "GET /?e=97896298542606 HTTP/2.0" 200 183473 "-" "meta-externalagent/1.1 (+https://developers.facebook.com/docs/sharing/webmasters/crawler)"
74.7.242.1 - - [13/Mar/2026:00:34:09 +0530] "GET /goods.php?goods/272042754 HTTP/2.0" 200 23990 "https://vedanthasoftware.com/goods.php?detail/272040858304" "Mozilla/5.0 AppleWebKit/537.36 (KHTML, like Gecko; compatible; GPTBot/1.3; +https://openai.com/gptbot)"
74.7.243.201 - - [13/Mar/2026:00:34:13 +0530] "GET /goods.php?goods/155004829 HTTP/2.0" 200 24020 "https://www.vedanthasoftware.com/goods.php?detail/172023094899" "Mozilla/5.0 AppleWebKit/537.36 (KHTML, like Gecko; compatible; GPTBot/1.3; +https://openai.com/gptbot)"
74.7.242.1 - - [13/Mar/2026:00:34:13 +0530] "GET /goods.php?goods/210034211 HTTP/2.0" 200 24902 "https://vedanthasoftware.com/goods.php?detail/210034211089" "Mozilla/5.0 AppleWebKit/537.36 (KHTML, like Gecko; compatible; GPTBot/1.3; +https://openai.com/gptbot)"
74.7.243.201 - - [13/Mar/2026:00:34:16 +0530] "GET /goods.php?detail/2770190368868 HTTP/2.0" 200 24655 "https://www.vedanthasoftware.com/goods.php?detail/277045571613" "Mozilla/5.0 AppleWebKit/537.36 (KHTML, like Gecko; compatible; GPTBot/1.3; +https://openai.com/gptbot)"
74.7.242.1 - - [13/Mar/2026:00:34:16 +0530] "GET /goods.php?goods/155002009 HTTP/2.0" 200 24047 "https://vedanthasoftware.com/goods.php?detail/155002009906" "Mozilla/5.0 AppleWebKit/537.36 (KHTML, like Gecko; compatible; GPTBot/1.3; +https://openai.com/gptbot)"
74.7.243.201 - - [13/Mar/2026:00:34:19 +0530] "GET /goods.php?detail/217017020273 HTTP/2.0" 200 24680 "https://www.vedanthasoftware.com/goods.php?detail/206019487208" "Mozilla/5.0 AppleWebKit/537.36 (KHTML, like Gecko; compatible; GPTBot/1.3; +https://openai.com/gptbot)"
40.77.167.5 - - [13/Mar/2026:00:34:19 +0530] "GET /?e=481979701901 HTTP/2.0" 200 33 "-" "Mozilla/5.0 AppleWebKit/537.36 (KHTML, like Gecko; compatible; bingbot/2.0; +http://www.bing.com/bingbot.htm) Chrome/116.0.1938.76 Safari/537.36"
74.7.242.1 - - [13/Mar/2026:00:34:20 +0530] "GET /goods.php?goods/080040639 HTTP/2.0" 200 24025 "https://vedanthasoftware.com/goods.php?detail/080040639818" "Mozilla/5.0 AppleWebKit/537.36 (KHTML, like Gecko; compatible; GPTBot/1.3; +https://openai.com/gptbot)"
74.7.243.201 - - [13/Mar/2026:00:34:22 +0530] "GET /goods.php?detail/1440087423623 HTTP/2.0" 200 23951 "https://www.vedanthasoftware.com/goods.php?detail/204025369441" "Mozilla/5.0 AppleWebKit/537.36 (KHTML, like Gecko; compatible; GPTBot/1.3; +https://openai.com/gptbot)"
74.7.242.1 - - [13/Mar/2026:00:34:23 +0530] "GET /goods.php?goods/204044392 HTTP/2.0" 200 23541 "https://vedanthasoftware.com/goods.php?detail/204039040445" "Mozilla/5.0 AppleWebKit/537.36 (KHTML, like Gecko; compatible; GPTBot/1.3; +https://openai.com/gptbot)"
74.7.242.1 - - [13/Mar/2026:00:34:26 +0530] "GET /goods.php?goods/043014700 HTTP/2.0" 200 23858 "https://vedanthasoftware.com/goods.php?jp/082019312.html" "Mozilla/5.0 AppleWebKit/537.36 (KHTML, like Gecko; compatible; GPTBot/1.3; +https://openai.com/gptbot)"
74.7.243.201 - - [13/Mar/2026:00:34:27 +0530] "GET /goods.php?detail/1020249255893 HTTP/2.0" 200 23996 "https://www.vedanthasoftware.com/goods.php?detail/102024744355" "Mozilla/5.0 AppleWebKit/537.36 (KHTML, like Gecko; compatible; GPTBot/1.3; +https://openai.com/gptbot)"
74.7.242.1 - - [13/Mar/2026:00:34:29 +0530] "GET /goods.php?goods/074010175 HTTP/2.0" 200 23777 "https://vedanthasoftware.com/goods.php?detail/074041357282" "Mozilla/5.0 AppleWebKit/537.36 (KHTML, like Gecko; compatible; GPTBot/1.3; +https://openai.com/gptbot)"
74.7.243.201 - - [13/Mar/2026:00:34:30 +0530] "GET /goods.php?detail/083022843894 HTTP/2.0" 200 23099 "https://www.vedanthasoftware.com/goods.php?detail/0480291046769" "Mozilla/5.0 AppleWebKit/537.36 (KHTML, like Gecko; compatible; GPTBot/1.3; +https://openai.com/gptbot)"
74.7.243.201 - - [13/Mar/2026:00:34:33 +0530] "GET /goods.php?detail/2160276626296 HTTP/2.0" 200 24447 "https://www.vedanthasoftware.com/goods.php?jp/216036642.html" "Mozilla/5.0 AppleWebKit/537.36 (KHTML, like Gecko; compatible; GPTBot/1.3; +https://openai.com/gptbot)"
74.7.242.1 - - [13/Mar/2026:00:34:34 +0530] "GET /goods.php?goods/252030508 HTTP/2.0" 200 24325 "https://vedanthasoftware.com/goods.php?detail/252030508402" "Mozilla/5.0 AppleWebKit/537.36 (KHTML, like Gecko; compatible; GPTBot/1.3; +https://openai.com/gptbot)"
74.7.242.1 - - [13/Mar/2026:00:34:37 +0530] "GET /goods.php?goods/075017767 HTTP/2.0" 200 23766 "https://vedanthasoftware.com/goods.php?detail/075017767021" "Mozilla/5.0 AppleWebKit/537.36 (KHTML, like Gecko; compatible; GPTBot/1.3; +https://openai.com/gptbot)"
74.7.243.201 - - [13/Mar/2026:00:34:38 +0530] "GET /goods.php?detail/167009257214 HTTP/2.0" 200 25093 "https://www.vedanthasoftware.com/goods.php?jp/216036642.html" "Mozilla/5.0 AppleWebKit/537.36 (KHTML, like Gecko; compatible; GPTBot/1.3; +https://openai.com/gptbot)"
74.7.242.1 - - [13/Mar/2026:00:34:40 +0530] "GET /goods.php?goods/212023140 HTTP/2.0" 200 23749 "https://vedanthasoftware.com/goods.php?jp/212023139.html" "Mozilla/5.0 AppleWebKit/537.36 (KHTML, like Gecko; compatible; GPTBot/1.3; +https://openai.com/gptbot)"
74.7.243.201 - - [13/Mar/2026:00:34:43 +0530] "GET /goods.php?detail/2180323918264 HTTP/2.0" 200 23815 "https://www.vedanthasoftware.com/goods.php?detail/199044636000" "Mozilla/5.0 AppleWebKit/537.36 (KHTML, like Gecko; compatible; GPTBot/1.3; +https://openai.com/gptbot)"
74.7.242.1 - - [13/Mar/2026:00:34:44 +0530] "GET /goods.php?goods/181018669 HTTP/2.0" 200 24160 "https://vedanthasoftware.com/goods.php?detail/181048869978" "Mozilla/5.0 AppleWebKit/537.36 (KHTML, like Gecko; compatible; GPTBot/1.3; +https://openai.com/gptbot)"
74.7.243.201 - - [13/Mar/2026:00:34:46 +0530] "GET /goods.php?detail/1630476932293 HTTP/2.0" 200 23927 "https://www.vedanthasoftware.com/goods.php?detail/1630238611212" "Mozilla/5.0 AppleWebKit/537.36 (KHTML, like Gecko; compatible; GPTBot/1.3; +https://openai.com/gptbot)"
74.7.242.1 - - [13/Mar/2026:00:34:48 +0530] "GET /goods.php?goods/088012871 HTTP/2.0" 200 23761 "https://vedanthasoftware.com/goods.php?detail/088012860991" "Mozilla/5.0 AppleWebKit/537.36 (KHTML, like Gecko; compatible; GPTBot/1.3; +https://openai.com/gptbot)"
74.7.243.201 - - [13/Mar/2026:00:34:50 +0530] "GET /goods.php?detail/099026459491 HTTP/2.0" 200 24481 "https://www.vedanthasoftware.com/goods.php?detail/181045378763" "Mozilla/5.0 AppleWebKit/537.36 (KHTML, like Gecko; compatible; GPTBot/1.3; +https://openai.com/gptbot)"
74.7.242.1 - - [13/Mar/2026:00:34:51 +0530] "GET /goods.php?goods/033003587 HTTP/2.0" 200 24241 "https://vedanthasoftware.com/goods.php?detail/033003586858" "Mozilla/5.0 AppleWebKit/537.36 (KHTML, like Gecko; compatible; GPTBot/1.3; +https://openai.com/gptbot)"
74.7.243.201 - - [13/Mar/2026:00:34:54 +0530] "GET /goods.php?detail/2960357139577 HTTP/2.0" 200 23673 "https://www.vedanthasoftware.com/goods.php?detail/1020247432588" "Mozilla/5.0 AppleWebKit/537.36 (KHTML, like Gecko; compatible; GPTBot/1.3; +https://openai.com/gptbot)"
74.7.242.1 - - [13/Mar/2026:00:34:55 +0530] "GET /goods.php?goods/015049194 HTTP/2.0" 200 25097 "https://vedanthasoftware.com/goods.php?goods/015016167" "Mozilla/5.0 AppleWebKit/537.36 (KHTML, like Gecko; compatible; GPTBot/1.3; +https://openai.com/gptbot)"
74.7.243.201 - - [13/Mar/2026:00:34:56 +0530] "GET /goods.php?detail/123035594649 HTTP/2.0" 200 23951 "https://www.vedanthasoftware.com/goods.php?detail/2770190368868" "Mozilla/5.0 AppleWebKit/537.36 (KHTML, like Gecko; compatible; GPTBot/1.3; +https://openai.com/gptbot)"
74.7.242.1 - - [13/Mar/2026:00:34:59 +0530] "GET /goods.php?goods/122008298 HTTP/2.0" 200 23594 "https://vedanthasoftware.com/goods.php?detail/118008623626" "Mozilla/5.0 AppleWebKit/537.36 (KHTML, like Gecko; compatible; GPTBot/1.3; +https://openai.com/gptbot)"
74.7.243.201 - - [13/Mar/2026:00:35:01 +0530] "GET /goods.php?detail/153013851652 HTTP/2.0" 200 24176 "https://www.vedanthasoftware.com/goods.php?detail/217017020273" "Mozilla/5.0 AppleWebKit/537.36 (KHTML, like Gecko; compatible; GPTBot/1.3; +https://openai.com/gptbot)"
74.7.242.1 - - [13/Mar/2026:00:35:02 +0530] "GET /goods.php?goods/037002086 HTTP/2.0" 200 24895 "https://vedanthasoftware.com/goods.php?detail/139003389553" "Mozilla/5.0 AppleWebKit/537.36 (KHTML, like Gecko; compatible; GPTBot/1.3; +https://openai.com/gptbot)"
74.7.243.201 - - [13/Mar/2026:00:35:04 +0530] "GET /goods.php?detail/144003150040 HTTP/2.0" 200 24806 "https://www.vedanthasoftware.com/goods.php?detail/1440087423623" "Mozilla/5.0 AppleWebKit/537.36 (KHTML, like Gecko; compatible; GPTBot/1.3; +https://openai.com/gptbot)"
57.141.0.58 - - [13/Mar/2026:00:35:05 +0530] "GET /?e=4958234347302 HTTP/2.0" 200 183473 "-" "meta-externalagent/1.1 (+https://developers.facebook.com/docs/sharing/webmasters/crawler)"
74.7.242.1 - - [13/Mar/2026:00:35:08 +0530] "GET /goods.php?goods/156001851 HTTP/2.0" 200 23853 "https://vedanthasoftware.com/goods.php?detail/163009737430" "Mozilla/5.0 AppleWebKit/537.36 (KHTML, like Gecko; compatible; GPTBot/1.3; +https://openai.com/gptbot)"
74.7.243.201 - - [13/Mar/2026:00:35:09 +0530] "GET /goods.php?detail/102008780713 HTTP/2.0" 200 25111 "https://www.vedanthasoftware.com/goods.php?detail/1020249255893" "Mozilla/5.0 AppleWebKit/537.36 (KHTML, like Gecko; compatible; GPTBot/1.3; +https://openai.com/gptbot)"
74.7.242.1 - - [13/Mar/2026:00:35:12 +0530] "GET /goods.php?goods/202006140 HTTP/2.0" 200 24711 "https://vedanthasoftware.com/goods.php?detail/202009924940" "Mozilla/5.0 AppleWebKit/537.36 (KHTML, like Gecko; compatible; GPTBot/1.3; +https://openai.com/gptbot)"
74.7.243.201 - - [13/Mar/2026:00:35:13 +0530] "GET /goods.php?detail/005019517359 HTTP/2.0" 200 24225 "https://www.vedanthasoftware.com/goods.php?detail/1440087423623" "Mozilla/5.0 AppleWebKit/537.36 (KHTML, like Gecko; compatible; GPTBot/1.3; +https://openai.com/gptbot)"
74.7.242.1 - - [13/Mar/2026:00:35:15 +0530] "GET /goods.php?goods/025029565 HTTP/2.0" 200 24269 "https://vedanthasoftware.com/goods.php?detail/0820037503600" "Mozilla/5.0 AppleWebKit/537.36 (KHTML, like Gecko; compatible; GPTBot/1.3; +https://openai.com/gptbot)"
74.7.243.201 - - [13/Mar/2026:00:35:17 +0530] "GET /goods.php?detail/217030087971 HTTP/2.0" 200 24223 "https://www.vedanthasoftware.com/goods.php?detail/217017020273" "Mozilla/5.0 AppleWebKit/537.36 (KHTML, like Gecko; compatible; GPTBot/1.3; +https://openai.com/gptbot)"
74.7.242.1 - - [13/Mar/2026:00:35:18 +0530] "GET /goods.php?goods/247047640 HTTP/2.0" 200 23976 "https://vedanthasoftware.com/goods.php?detail/247047640388" "Mozilla/5.0 AppleWebKit/537.36 (KHTML, like Gecko; compatible; GPTBot/1.3; +https://openai.com/gptbot)"
74.7.242.1 - - [13/Mar/2026:00:35:21 +0530] "GET /goods.php?goods/114012818 HTTP/2.0" 200 23904 "https://vedanthasoftware.com/goods.php?detail/114012818277" "Mozilla/5.0 AppleWebKit/537.36 (KHTML, like Gecko; compatible; GPTBot/1.3; +https://openai.com/gptbot)"
74.7.242.1 - - [13/Mar/2026:00:35:24 +0530] "GET /goods.php?goods/224029880 HTTP/2.0" 200 24403 "https://vedanthasoftware.com/goods.php?jp/224029880.html" "Mozilla/5.0 AppleWebKit/537.36 (KHTML, like Gecko; compatible; GPTBot/1.3; +https://openai.com/gptbot)"
74.7.243.201 - - [13/Mar/2026:00:35:25 +0530] "GET /goods.php?detail/089000703778 HTTP/2.0" 200 24110 "https://www.vedanthasoftware.com/goods.php?detail/167009257214" "Mozilla/5.0 AppleWebKit/537.36 (KHTML, like Gecko; compatible; GPTBot/1.3; +https://openai.com/gptbot)"
74.7.243.201 - - [13/Mar/2026:00:35:29 +0530] "GET /goods.php?detail/167033101930 HTTP/2.0" 200 25133 "https://www.vedanthasoftware.com/goods.php?detail/167009257214" "Mozilla/5.0 AppleWebKit/537.36 (KHTML, like Gecko; compatible; GPTBot/1.3; +https://openai.com/gptbot)"
74.7.242.1 - - [13/Mar/2026:00:35:30 +0530] "GET /goods.php?goods/006010599 HTTP/2.0" 200 24343 "https://vedanthasoftware.com/goods.php?detail/006043969943" "Mozilla/5.0 AppleWebKit/537.36 (KHTML, like Gecko; compatible; GPTBot/1.3; +https://openai.com/gptbot)"
74.7.243.201 - - [13/Mar/2026:00:35:32 +0530] "GET /goods.php?detail/168028898261 HTTP/2.0" 200 24543 "https://www.vedanthasoftware.com/goods.php?detail/1630476932293" "Mozilla/5.0 AppleWebKit/537.36 (KHTML, like Gecko; compatible; GPTBot/1.3; +https://openai.com/gptbot)"
74.7.242.1 - - [13/Mar/2026:00:35:34 +0530] "GET /goods.php?goods/067006229 HTTP/2.0" 200 24958 "https://vedanthasoftware.com/goods.php?goods/067004901" "Mozilla/5.0 AppleWebKit/537.36 (KHTML, like Gecko; compatible; GPTBot/1.3; +https://openai.com/gptbot)"
74.7.243.201 - - [13/Mar/2026:00:35:36 +0530] "GET /goods.php?detail/151014371586 HTTP/2.0" 200 24019 "https://www.vedanthasoftware.com/goods.php?detail/167009257214" "Mozilla/5.0 AppleWebKit/537.36 (KHTML, like Gecko; compatible; GPTBot/1.3; +https://openai.com/gptbot)"
74.7.242.1 - - [13/Mar/2026:00:35:38 +0530] "GET /goods.php?goods/151004995 HTTP/2.0" 200 24239 "https://vedanthasoftware.com/goods.php?jp/003020566.html" "Mozilla/5.0 AppleWebKit/537.36 (KHTML, like Gecko; compatible; GPTBot/1.3; +https://openai.com/gptbot)"
74.7.243.201 - - [13/Mar/2026:00:35:39 +0530] "GET /goods.php?detail/296046782104 HTTP/2.0" 200 23886 "https://www.vedanthasoftware.com/goods.php?detail/2960357139577" "Mozilla/5.0 AppleWebKit/537.36 (KHTML, like Gecko; compatible; GPTBot/1.3; +https://openai.com/gptbot)"
57.141.0.23 - - [13/Mar/2026:00:35:40 +0530] "GET /?e=09690178574205 HTTP/2.0" 200 183473 "-" "meta-externalagent/1.1 (+https://developers.facebook.com/docs/sharing/webmasters/crawler)"
74.7.242.1 - - [13/Mar/2026:00:35:42 +0530] "GET /goods.php?goods/171031019 HTTP/2.0" 200 23955 "https://vedanthasoftware.com/goods.php?detail/171031019783" "Mozilla/5.0 AppleWebKit/537.36 (KHTML, like Gecko; compatible; GPTBot/1.3; +https://openai.com/gptbot)"
74.7.243.201 - - [13/Mar/2026:00:35:43 +0530] "GET /goods.php?detail/203021017778 HTTP/2.0" 200 24073 "https://www.vedanthasoftware.com/goods.php?detail/1630476932293" "Mozilla/5.0 AppleWebKit/537.36 (KHTML, like Gecko; compatible; GPTBot/1.3; +https://openai.com/gptbot)"
74.7.242.1 - - [13/Mar/2026:00:35:45 +0530] "GET /goods.php?goods/244022420 HTTP/2.0" 200 24311 "https://vedanthasoftware.com/goods.php?detail/080040697190" "Mozilla/5.0 AppleWebKit/537.36 (KHTML, like Gecko; compatible; GPTBot/1.3; +https://openai.com/gptbot)"
74.7.243.201 - - [13/Mar/2026:00:35:47 +0530] "GET /goods.php?detail/099036714324 HTTP/2.0" 200 24240 "https://www.vedanthasoftware.com/goods.php?detail/099026459491" "Mozilla/5.0 AppleWebKit/537.36 (KHTML, like Gecko; compatible; GPTBot/1.3; +https://openai.com/gptbot)"
74.7.242.1 - - [13/Mar/2026:00:35:48 +0530] "GET /goods.php?goods/114043144 HTTP/2.0" 200 23841 "https://vedanthasoftware.com/goods.php?detail/114043167084" "Mozilla/5.0 AppleWebKit/537.36 (KHTML, like Gecko; compatible; GPTBot/1.3; +https://openai.com/gptbot)"
74.7.243.201 - - [13/Mar/2026:00:35:50 +0530] "GET /goods.php?detail/144045563545 HTTP/2.0" 200 24200 "https://www.vedanthasoftware.com/goods.php?detail/144003150040" "Mozilla/5.0 AppleWebKit/537.36 (KHTML, like Gecko; compatible; GPTBot/1.3; +https://openai.com/gptbot)"
74.7.242.1 - - [13/Mar/2026:00:35:51 +0530] "GET /goods.php?goods/087018088 HTTP/2.0" 200 24455 "https://vedanthasoftware.com/goods.php?detail/091017136221" "Mozilla/5.0 AppleWebKit/537.36 (KHTML, like Gecko; compatible; GPTBot/1.3; +https://openai.com/gptbot)"
74.7.243.201 - - [13/Mar/2026:00:35:54 +0530] "GET /goods.php?detail/102048948978 HTTP/2.0" 200 24263 "https://www.vedanthasoftware.com/goods.php?detail/102008780713" "Mozilla/5.0 AppleWebKit/537.36 (KHTML, like Gecko; compatible; GPTBot/1.3; +https://openai.com/gptbot)"
74.7.242.1 - - [13/Mar/2026:00:35:54 +0530] "GET /goods.php?detail/208000755303 HTTP/2.0" 200 24043 "https://vedanthasoftware.com/goods.php?goods/066024722" "Mozilla/5.0 AppleWebKit/537.36 (KHTML, like Gecko; compatible; GPTBot/1.3; +https://openai.com/gptbot)"
74.7.242.1 - - [13/Mar/2026:00:35:57 +0530] "GET /goods.php?detail/119031591000 HTTP/2.0" 200 24119 "https://vedanthasoftware.com/goods.php?goods/053009204" "Mozilla/5.0 AppleWebKit/537.36 (KHTML, like Gecko; compatible; GPTBot/1.3; +https://openai.com/gptbot)"
74.7.243.201 - - [13/Mar/2026:00:35:58 +0530] "GET /goods.php?jp/005018109.html HTTP/2.0" 200 23801 "https://www.vedanthasoftware.com/goods.php?detail/005019517359" "Mozilla/5.0 AppleWebKit/537.36 (KHTML, like Gecko; compatible; GPTBot/1.3; +https://openai.com/gptbot)"
74.7.242.1 - - [13/Mar/2026:00:36:01 +0530] "GET /goods.php?detail/154011104771 HTTP/2.0" 200 25339 "https://vedanthasoftware.com/goods.php?goods/037002086" "Mozilla/5.0 AppleWebKit/537.36 (KHTML, like Gecko; compatible; GPTBot/1.3; +https://openai.com/gptbot)"
74.7.243.201 - - [13/Mar/2026:00:36:01 +0530] "GET /goods.php?detail/146012222632 HTTP/2.0" 200 24124 "https://www.vedanthasoftware.com/goods.php?detail/005019517359" "Mozilla/5.0 AppleWebKit/537.36 (KHTML, like Gecko; compatible; GPTBot/1.3; +https://openai.com/gptbot)"
74.7.242.1 - - [13/Mar/2026:00:36:04 +0530] "GET /goods.php?detail/135011050663 HTTP/2.0" 200 24195 "https://vedanthasoftware.com/goods.php?goods/033003587" "Mozilla/5.0 AppleWebKit/537.36 (KHTML, like Gecko; compatible; GPTBot/1.3; +https://openai.com/gptbot)"
74.7.243.201 - - [13/Mar/2026:00:36:06 +0530] "GET /goods.php?detail/220038616275 HTTP/2.0" 200 24765 "https://www.vedanthasoftware.com/goods.php?detail/2160276626296" "Mozilla/5.0 AppleWebKit/537.36 (KHTML, like Gecko; compatible; GPTBot/1.3; +https://openai.com/gptbot)"
74.7.242.1 - - [13/Mar/2026:00:36:09 +0530] "GET /goods.php?detail/037032007049 HTTP/2.0" 200 24082 "https://vedanthasoftware.com/goods.php?goods/081014941" "Mozilla/5.0 AppleWebKit/537.36 (KHTML, like Gecko; compatible; GPTBot/1.3; +https://openai.com/gptbot)"
74.7.243.201 - - [13/Mar/2026:00:36:09 +0530] "GET /goods.php?detail/044013537906 HTTP/2.0" 200 24674 "https://www.vedanthasoftware.com/goods.php?detail/1630476932293" "Mozilla/5.0 AppleWebKit/537.36 (KHTML, like Gecko; compatible; GPTBot/1.3; +https://openai.com/gptbot)"
57.141.0.31 - - [13/Mar/2026:00:36:10 +0530] "GET /?e=98028974000 HTTP/2.0" 200 183473 "-" "meta-externalagent/1.1 (+https://developers.facebook.com/docs/sharing/webmasters/crawler)"
74.7.243.201 - - [13/Mar/2026:00:36:12 +0530] "GET /goods.php?detail/2170300861758 HTTP/2.0" 200 24031 "https://www.vedanthasoftware.com/goods.php?detail/217017020273" "Mozilla/5.0 AppleWebKit/537.36 (KHTML, like Gecko; compatible; GPTBot/1.3; +https://openai.com/gptbot)"
74.7.242.1 - - [13/Mar/2026:00:36:13 +0530] "GET /goods.php?detail/054015945764 HTTP/2.0" 200 25240 "https://vedanthasoftware.com/goods.php?goods/067006229" "Mozilla/5.0 AppleWebKit/537.36 (KHTML, like Gecko; compatible; GPTBot/1.3; +https://openai.com/gptbot)"
74.7.243.201 - - [13/Mar/2026:00:36:16 +0530] "GET /goods.php?detail/2650123192689 HTTP/2.0" 200 24240 "https://www.vedanthasoftware.com/goods.php?detail/087036841655" "Mozilla/5.0 AppleWebKit/537.36 (KHTML, like Gecko; compatible; GPTBot/1.3; +https://openai.com/gptbot)"
57.141.0.21 - - [13/Mar/2026:00:36:17 +0530] "GET /?e=85074182526902 HTTP/2.0" 200 183473 "-" "meta-externalagent/1.1 (+https://developers.facebook.com/docs/sharing/webmasters/crawler)"
74.7.242.1 - - [13/Mar/2026:00:36:17 +0530] "GET /goods.php?detail/039002038600 HTTP/2.0" 200 23942 "https://vedanthasoftware.com/goods.php?goods/033009638" "Mozilla/5.0 AppleWebKit/537.36 (KHTML, like Gecko; compatible; GPTBot/1.3; +https://openai.com/gptbot)"
74.7.243.201 - - [13/Mar/2026:00:36:19 +0530] "GET /goods.php?detail/1650109939372 HTTP/2.0" 200 24450 "https://www.vedanthasoftware.com/goods.php?detail/075027588544" "Mozilla/5.0 AppleWebKit/537.36 (KHTML, like Gecko; compatible; GPTBot/1.3; +https://openai.com/gptbot)"
74.7.242.1 - - [13/Mar/2026:00:36:20 +0530] "GET /goods.php?detail/232035529200 HTTP/2.0" 200 24588 "https://vedanthasoftware.com/goods.php?goods/232035529" "Mozilla/5.0 AppleWebKit/537.36 (KHTML, like Gecko; compatible; GPTBot/1.3; +https://openai.com/gptbot)"
74.7.243.201 - - [13/Mar/2026:00:36:23 +0530] "GET /goods.php?detail/0250218464760 HTTP/2.0" 200 24226 "https://www.vedanthasoftware.com/goods.php?detail/233040056829" "Mozilla/5.0 AppleWebKit/537.36 (KHTML, like Gecko; compatible; GPTBot/1.3; +https://openai.com/gptbot)"
74.7.242.1 - - [13/Mar/2026:00:36:24 +0530] "GET /goods.php?detail/039009597001 HTTP/2.0" 200 25122 "https://vedanthasoftware.com/goods.php?goods/039009602" "Mozilla/5.0 AppleWebKit/537.36 (KHTML, like Gecko; compatible; GPTBot/1.3; +https://openai.com/gptbot)"
74.7.243.201 - - [13/Mar/2026:00:36:26 +0530] "GET /goods.php?detail/275006564132 HTTP/2.0" 200 23826 "https://www.vedanthasoftware.com/goods.php?detail/099036714324" "Mozilla/5.0 AppleWebKit/537.36 (KHTML, like Gecko; compatible; GPTBot/1.3; +https://openai.com/gptbot)"
74.7.242.1 - - [13/Mar/2026:00:36:28 +0530] "GET /goods.php?detail/031030420039 HTTP/2.0" 200 24006 "https://vedanthasoftware.com/goods.php?jp/031030422.html" "Mozilla/5.0 AppleWebKit/537.36 (KHTML, like Gecko; compatible; GPTBot/1.3; +https://openai.com/gptbot)"
74.7.243.201 - - [13/Mar/2026:00:36:30 +0530] "GET /goods.php?detail/144046447425 HTTP/2.0" 200 23902 "https://www.vedanthasoftware.com/goods.php?detail/144045563545" "Mozilla/5.0 AppleWebKit/537.36 (KHTML, like Gecko; compatible; GPTBot/1.3; +https://openai.com/gptbot)"
74.7.242.1 - - [13/Mar/2026:00:36:31 +0530] "GET /goods.php?detail/114043175117 HTTP/2.0" 200 23900 "https://vedanthasoftware.com/goods.php?goods/114043144" "Mozilla/5.0 AppleWebKit/537.36 (KHTML, like Gecko; compatible; GPTBot/1.3; +https://openai.com/gptbot)"
74.7.243.201 - - [13/Mar/2026:00:36:33 +0530] "GET /goods.php?detail/257036474820 HTTP/2.0" 200 25151 "https://www.vedanthasoftware.com/goods.php?detail/144045563545" "Mozilla/5.0 AppleWebKit/537.36 (KHTML, like Gecko; compatible; GPTBot/1.3; +https://openai.com/gptbot)"
74.7.242.1 - - [13/Mar/2026:00:36:35 +0530] "GET /goods.php?detail/068001046817 HTTP/2.0" 200 23946 "https://vedanthasoftware.com/goods.php?goods/025029565" "Mozilla/5.0 AppleWebKit/537.36 (KHTML, like Gecko; compatible; GPTBot/1.3; +https://openai.com/gptbot)"
74.7.243.201 - - [13/Mar/2026:00:36:36 +0530] "GET /goods.php?detail/242034625919 HTTP/2.0" 200 23286 "https://www.vedanthasoftware.com/goods.php?detail/099036714324" "Mozilla/5.0 AppleWebKit/537.36 (KHTML, like Gecko; compatible; GPTBot/1.3; +https://openai.com/gptbot)"
43.173.176.46 - - [13/Mar/2026:00:36:37 +0530] "GET /retail/ HTTP/1.1" 200 31696 "-" "Mozilla/5.0 (Windows NT 10.0; Win64; x64) AppleWebKit/537.36 (KHTML, like Gecko) Chrome/103.0.0.0 Safari/537.36"
74.7.242.1 - - [13/Mar/2026:00:36:38 +0530] "GET /goods.php?detail/080044823046 HTTP/2.0" 200 24543 "https://vedanthasoftware.com/goods.php?goods/080040639" "Mozilla/5.0 AppleWebKit/537.36 (KHTML, like Gecko; compatible; GPTBot/1.3; +https://openai.com/gptbot)"
43.173.180.100 - - [13/Mar/2026:00:36:38 +0530] "GET /wp-content/themes/consultix/css/radiantthemes-gutenberg-blocks.css?ver=1773342397 HTTP/1.1" 200 4621 "https://vedanthasoftware.com/retail/" "Mozilla/5.0 (Windows NT 10.0; Win64; x64) AppleWebKit/537.36 (KHTML, like Gecko) Chrome/103.0.0.0 Safari/537.36"
74.7.242.1 - - [13/Mar/2026:00:36:41 +0530] "GET /goods.php?detail/283022842399 HTTP/2.0" 200 23885 "https://vedanthasoftware.com/goods.php?detail/138031143373" "Mozilla/5.0 AppleWebKit/537.36 (KHTML, like Gecko; compatible; GPTBot/1.3; +https://openai.com/gptbot)"
31.143.24.253 - - [13/Mar/2026:00:36:42 +0530] "GET /mobile-applications/ HTTP/1.1" 200 31436 "-" "Mozilla/5.0 (iPod; U; CPU iPhone OS 4_1 like Mac OS X; st-ZA) AppleWebKit/531.6.3 (KHTML, like Gecko) Version/4.0.5 Mobile/8B119 Safari/6531.6.3"
74.7.243.201 - - [13/Mar/2026:00:36:42 +0530] "GET /goods.php?detail/201018410809 HTTP/2.0" 200 23497 "https://www.vedanthasoftware.com/goods.php?detail/146012222632" "Mozilla/5.0 AppleWebKit/537.36 (KHTML, like Gecko; compatible; GPTBot/1.3; +https://openai.com/gptbot)"
57.141.0.65 - - [13/Mar/2026:00:36:43 +0530] "GET /?e=7908094675307 HTTP/2.0" 200 183473 "-" "meta-externalagent/1.1 (+https://developers.facebook.com/docs/sharing/webmasters/crawler)"
74.7.243.201 - - [13/Mar/2026:00:36:46 +0530] "GET /goods.php?detail/2280196296358 HTTP/2.0" 200 24293 "https://www.vedanthasoftware.com/goods.php?detail/146012222632" "Mozilla/5.0 AppleWebKit/537.36 (KHTML, like Gecko; compatible; GPTBot/1.3; +https://openai.com/gptbot)"
74.7.242.1 - - [13/Mar/2026:00:36:47 +0530] "GET /goods.php?shop/goods/approximately029013870.html HTTP/2.0" 200 23828 "https://vedanthasoftware.com/goods.php?m36712343827" "Mozilla/5.0 AppleWebKit/537.36 (KHTML, like Gecko; compatible; GPTBot/1.3; +https://openai.com/gptbot)"
74.7.243.201 - - [13/Mar/2026:00:36:50 +0530] "GET /goods.php?detail/1750298210682 HTTP/2.0" 200 23778 "https://www.vedanthasoftware.com/goods.php?detail/175038603933" "Mozilla/5.0 AppleWebKit/537.36 (KHTML, like Gecko; compatible; GPTBot/1.3; +https://openai.com/gptbot)"
74.7.242.1 - - [13/Mar/2026:00:36:50 +0530] "GET /goods.php?detail/195019591527 HTTP/2.0" 200 24111 "https://vedanthasoftware.com/goods.php?jp/132035356.html" "Mozilla/5.0 AppleWebKit/537.36 (KHTML, like Gecko; compatible; GPTBot/1.3; +https://openai.com/gptbot)"
114.119.144.200 - - [13/Mar/2026:00:36:50 +0530] "GET /?_p=051027371 HTTP/1.1" 301 5 "https://www.vedanthasoftware.com/sitemap546.xml" "Mozilla/5.0 (Linux; Android 7.0;) AppleWebKit/537.36 (KHTML, like Gecko) Mobile Safari/537.36 (compatible; PetalBot;+https://webmaster.petalsearch.com/site/petalbot)"
57.141.0.58 - - [13/Mar/2026:00:36:51 +0530] "GET /?e=82440226112400 HTTP/2.0" 200 183473 "-" "meta-externalagent/1.1 (+https://developers.facebook.com/docs/sharing/webmasters/crawler)"
74.7.242.1 - - [13/Mar/2026:00:36:54 +0530] "GET /goods.php?category/1090_1832/1/listing HTTP/2.0" 200 25272 "https://vedanthasoftware.com/goods.php?detail/040048526565" "Mozilla/5.0 AppleWebKit/537.36 (KHTML, like Gecko; compatible; GPTBot/1.3; +https://openai.com/gptbot)"
74.7.243.201 - - [13/Mar/2026:00:36:54 +0530] "GET /goods.php?jp/217020786.html HTTP/2.0" 200 24258 "https://www.vedanthasoftware.com/goods.php?detail/2170300861758" "Mozilla/5.0 AppleWebKit/537.36 (KHTML, like Gecko; compatible; GPTBot/1.3; +https://openai.com/gptbot)"
114.119.144.200 - - [13/Mar/2026:00:36:55 +0530] "GET /?_p=051027371 HTTP/1.1" 200 38165 "https://www.vedanthasoftware.com/sitemap546.xml" "Mozilla/5.0 (Linux; Android 7.0;) AppleWebKit/537.36 (KHTML, like Gecko) Mobile Safari/537.36 (compatible; PetalBot;+https://webmaster.petalsearch.com/site/petalbot)"
74.7.242.1 - - [13/Mar/2026:00:36:58 +0530] "GET /goods.php?detail/295030936956 HTTP/2.0" 200 24871 "https://vedanthasoftware.com/goods.php?goods/015016167" "Mozilla/5.0 AppleWebKit/537.36 (KHTML, like Gecko; compatible; GPTBot/1.3; +https://openai.com/gptbot)"
74.7.243.201 - - [13/Mar/2026:00:36:59 +0530] "GET /goods.php?goods/265049631 HTTP/2.0" 200 24221 "https://www.vedanthasoftware.com/goods.php?detail/2650123192689" "Mozilla/5.0 AppleWebKit/537.36 (KHTML, like Gecko; compatible; GPTBot/1.3; +https://openai.com/gptbot)"
74.7.242.1 - - [13/Mar/2026:00:37:01 +0530] "GET /goods.php?detail/23203552519547 HTTP/2.0" 200 24769 "https://vedanthasoftware.com/goods.php?detail/232035529200" "Mozilla/5.0 AppleWebKit/537.36 (KHTML, like Gecko; compatible; GPTBot/1.3; +https://openai.com/gptbot)"
74.7.243.201 - - [13/Mar/2026:00:37:03 +0530] "GET /goods.php?goods/165010985 HTTP/2.0" 200 24027 "https://www.vedanthasoftware.com/goods.php?detail/1650109939372" "Mozilla/5.0 AppleWebKit/537.36 (KHTML, like Gecko; compatible; GPTBot/1.3; +https://openai.com/gptbot)"
74.7.242.1 - - [13/Mar/2026:00:37:06 +0530] "GET /goods.php?detail/149022424075 HTTP/2.0" 200 24403 "https://vedanthasoftware.com/goods.php?detail/112049495336" "Mozilla/5.0 AppleWebKit/537.36 (KHTML, like Gecko; compatible; GPTBot/1.3; +https://openai.com/gptbot)"
74.7.243.201 - - [13/Mar/2026:00:37:07 +0530] "GET /goods.php?detail/025042049387 HTTP/2.0" 200 24087 "https://www.vedanthasoftware.com/goods.php?detail/0250218464760" "Mozilla/5.0 AppleWebKit/537.36 (KHTML, like Gecko; compatible; GPTBot/1.3; +https://openai.com/gptbot)"
74.7.242.1 - - [13/Mar/2026:00:37:09 +0530] "GET /goods.php?detail/077011240798 HTTP/2.0" 200 23637 "https://vedanthasoftware.com/goods.php?goods/077012821" "Mozilla/5.0 AppleWebKit/537.36 (KHTML, like Gecko; compatible; GPTBot/1.3; +https://openai.com/gptbot)"
57.141.0.61 - - [13/Mar/2026:00:37:10 +0530] "GET /?e=07166188209613 HTTP/2.0" 200 183473 "-" "meta-externalagent/1.1 (+https://developers.facebook.com/docs/sharing/webmasters/crawler)"
74.7.243.201 - - [13/Mar/2026:00:37:11 +0530] "GET /goods.php?detail/223035288921 HTTP/2.0" 200 23924 "https://www.vedanthasoftware.com/goods.php?detail/1650109939372" "Mozilla/5.0 AppleWebKit/537.36 (KHTML, like Gecko; compatible; GPTBot/1.3; +https://openai.com/gptbot)"
74.7.242.1 - - [13/Mar/2026:00:37:14 +0530] "GET /goods.php?detail/064006266318 HTTP/2.0" 200 25099 "https://vedanthasoftware.com/goods.php?goods/033038779" "Mozilla/5.0 AppleWebKit/537.36 (KHTML, like Gecko; compatible; GPTBot/1.3; +https://openai.com/gptbot)"
74.7.243.201 - - [13/Mar/2026:00:37:15 +0530] "GET /goods.php?detail/291030992104 HTTP/2.0" 200 23718 "https://www.vedanthasoftware.com/goods.php?detail/144046447425" "Mozilla/5.0 AppleWebKit/537.36 (KHTML, like Gecko; compatible; GPTBot/1.3; +https://openai.com/gptbot)"
74.7.242.1 - - [13/Mar/2026:00:37:18 +0530] "GET /goods.php?detail/120042521237 HTTP/2.0" 200 24786 "https://vedanthasoftware.com/goods.php?goods/120042521" "Mozilla/5.0 AppleWebKit/537.36 (KHTML, like Gecko; compatible; GPTBot/1.3; +https://openai.com/gptbot)"
74.7.243.201 - - [13/Mar/2026:00:37:19 +0530] "GET /goods.php?detail/110017237727 HTTP/2.0" 200 24011 "https://www.vedanthasoftware.com/goods.php?detail/257036474820" "Mozilla/5.0 AppleWebKit/537.36 (KHTML, like Gecko; compatible; GPTBot/1.3; +https://openai.com/gptbot)"
74.7.242.1 - - [13/Mar/2026:00:37:22 +0530] "GET /goods.php?detail/080003419890 HTTP/2.0" 200 24050 "https://vedanthasoftware.com/goods.php?detail/080044823046" "Mozilla/5.0 AppleWebKit/537.36 (KHTML, like Gecko; compatible; GPTBot/1.3; +https://openai.com/gptbot)"
74.7.243.201 - - [13/Mar/2026:00:37:23 +0530] "GET /goods.php?detail/2020064393658 HTTP/2.0" 200 24749 "https://www.vedanthasoftware.com/goods.php?detail/143002704700" "Mozilla/5.0 AppleWebKit/537.36 (KHTML, like Gecko; compatible; GPTBot/1.3; +https://openai.com/gptbot)"
57.141.0.25 - - [13/Mar/2026:00:37:23 +0530] "GET /?e=11150281028800 HTTP/2.0" 200 183473 "-" "meta-externalagent/1.1 (+https://developers.facebook.com/docs/sharing/webmasters/crawler)"
74.7.242.1 - - [13/Mar/2026:00:37:26 +0530] "GET /goods.php?detail/198033919503 HTTP/2.0" 200 23711 "https://vedanthasoftware.com/goods.php?goods/018003148" "Mozilla/5.0 AppleWebKit/537.36 (KHTML, like Gecko; compatible; GPTBot/1.3; +https://openai.com/gptbot)"
57.141.0.61 - - [13/Mar/2026:00:37:27 +0530] "GET /?e=40372252067611 HTTP/2.0" 200 183473 "-" "meta-externalagent/1.1 (+https://developers.facebook.com/docs/sharing/webmasters/crawler)"
74.7.243.201 - - [13/Mar/2026:00:37:28 +0530] "GET /goods.php?detail/149001864131 HTTP/2.0" 200 24424 "https://www.vedanthasoftware.com/goods.php?detail/201018410809" "Mozilla/5.0 AppleWebKit/537.36 (KHTML, like Gecko; compatible; GPTBot/1.3; +https://openai.com/gptbot)"
74.7.242.1 - - [13/Mar/2026:00:37:30 +0530] "GET /goods.php?detail/099006927373 HTTP/2.0" 200 24333 "https://vedanthasoftware.com/goods.php?goods/099000908" "Mozilla/5.0 AppleWebKit/537.36 (KHTML, like Gecko; compatible; GPTBot/1.3; +https://openai.com/gptbot)"
74.7.243.201 - - [13/Mar/2026:00:37:32 +0530] "GET /goods.php?detail/1720270277602 HTTP/2.0" 200 24356 "https://www.vedanthasoftware.com/goods.php?detail/092028745442" "Mozilla/5.0 AppleWebKit/537.36 (KHTML, like Gecko; compatible; GPTBot/1.3; +https://openai.com/gptbot)"
74.7.242.1 - - [13/Mar/2026:00:37:34 +0530] "GET /goods.php?detail/037011035029 HTTP/2.0" 200 23890 "https://vedanthasoftware.com/goods.php?detail/037032007049" "Mozilla/5.0 AppleWebKit/537.36 (KHTML, like Gecko; compatible; GPTBot/1.3; +https://openai.com/gptbot)"
74.7.243.201 - - [13/Mar/2026:00:37:35 +0530] "GET /goods.php?m63618233155 HTTP/2.0" 200 24461 "https://www.vedanthasoftware.com/goods.php?detail/1750298210682" "Mozilla/5.0 AppleWebKit/537.36 (KHTML, like Gecko; compatible; GPTBot/1.3; +https://openai.com/gptbot)"
74.7.242.1 - - [13/Mar/2026:00:37:39 +0530] "GET /goods.php?detail/075039500912 HTTP/2.0" 200 24241 "https://vedanthasoftware.com/goods.php?jp/075039500.html" "Mozilla/5.0 AppleWebKit/537.36 (KHTML, like Gecko; compatible; GPTBot/1.3; +https://openai.com/gptbot)"
74.7.243.201 - - [13/Mar/2026:00:37:39 +0530] "GET /goods.php?detail/020003137788 HTTP/2.0" 200 24203 "https://www.vedanthasoftware.com/goods.php?jp/217020786.html" "Mozilla/5.0 AppleWebKit/537.36 (KHTML, like Gecko; compatible; GPTBot/1.3; +https://openai.com/gptbot)"
74.7.243.201 - - [13/Mar/2026:00:37:42 +0530] "GET /goods.php?detail/1750010154031 HTTP/2.0" 200 23955 "https://www.vedanthasoftware.com/goods.php?detail/1750298210682" "Mozilla/5.0 AppleWebKit/537.36 (KHTML, like Gecko; compatible; GPTBot/1.3; +https://openai.com/gptbot)"
74.7.242.1 - - [13/Mar/2026:00:37:44 +0530] "GET /goods.php?detail/239010419590 HTTP/2.0" 200 24143 "https://vedanthasoftware.com/goods.php?detail/114043175117" "Mozilla/5.0 AppleWebKit/537.36 (KHTML, like Gecko; compatible; GPTBot/1.3; +https://openai.com/gptbot)"
74.7.243.201 - - [13/Mar/2026:00:37:46 +0530] "GET /goods.php?detail/217048775367 HTTP/2.0" 200 24293 "https://www.vedanthasoftware.com/goods.php?jp/217020786.html" "Mozilla/5.0 AppleWebKit/537.36 (KHTML, like Gecko; compatible; GPTBot/1.3; +https://openai.com/gptbot)"
74.7.242.1 - - [13/Mar/2026:00:37:48 +0530] "GET /goods.php?detail/202033926510 HTTP/2.0" 200 24223 "https://vedanthasoftware.com/goods.php?goods/202006140" "Mozilla/5.0 AppleWebKit/537.36 (KHTML, like Gecko; compatible; GPTBot/1.3; +https://openai.com/gptbot)"
74.7.243.201 - - [13/Mar/2026:00:37:50 +0530] "GET /goods.php?detail/025000732089 HTTP/2.0" 200 24212 "https://www.vedanthasoftware.com/goods.php?detail/025042049387" "Mozilla/5.0 AppleWebKit/537.36 (KHTML, like Gecko; compatible; GPTBot/1.3; +https://openai.com/gptbot)"
74.7.242.1 - - [13/Mar/2026:00:37:51 +0530] "GET /goods.php?detail/101035317554 HTTP/2.0" 200 23599 "https://vedanthasoftware.com/goods.php?goods/101040128" "Mozilla/5.0 AppleWebKit/537.36 (KHTML, like Gecko; compatible; GPTBot/1.3; +https://openai.com/gptbot)"
74.7.243.201 - - [13/Mar/2026:00:37:53 +0530] "GET /goods.php?detail/217048774491 HTTP/2.0" 200 24146 "https://www.vedanthasoftware.com/goods.php?jp/217020786.html" "Mozilla/5.0 AppleWebKit/537.36 (KHTML, like Gecko; compatible; GPTBot/1.3; +https://openai.com/gptbot)"
57.141.0.40 - - [13/Mar/2026:00:37:54 +0530] "GET /?e=383849258504 HTTP/2.0" 200 183473 "-" "meta-externalagent/1.1 (+https://developers.facebook.com/docs/sharing/webmasters/crawler)"
74.7.242.1 - - [13/Mar/2026:00:37:55 +0530] "GET /goods.php?detail/145003688300 HTTP/2.0" 200 24075 "https://vedanthasoftware.com/goods.php?goods/023043478" "Mozilla/5.0 AppleWebKit/537.36 (KHTML, like Gecko; compatible; GPTBot/1.3; +https://openai.com/gptbot)"
74.7.243.201 - - [13/Mar/2026:00:37:58 +0530] "GET /goods.php?detail/291008295949 HTTP/2.0" 200 24060 "https://www.vedanthasoftware.com/goods.php?detail/291030992104" "Mozilla/5.0 AppleWebKit/537.36 (KHTML, like Gecko; compatible; GPTBot/1.3; +https://openai.com/gptbot)"
74.7.242.1 - - [13/Mar/2026:00:37:58 +0530] "GET /goods.php?goods/049007484 HTTP/2.0" 200 23933 "https://vedanthasoftware.com/goods.php?detail/064006266318" "Mozilla/5.0 AppleWebKit/537.36 (KHTML, like Gecko; compatible; GPTBot/1.3; +https://openai.com/gptbot)"
57.141.0.14 - - [13/Mar/2026:00:37:59 +0530] "GET /?e=02508268373002 HTTP/2.0" 200 183473 "-" "meta-externalagent/1.1 (+https://developers.facebook.com/docs/sharing/webmasters/crawler)"
74.7.243.201 - - [13/Mar/2026:00:38:01 +0530] "GET /goods.php?goods/203042585 HTTP/2.0" 200 23656 "https://www.vedanthasoftware.com/goods.php?detail/110017237727" "Mozilla/5.0 AppleWebKit/537.36 (KHTML, like Gecko; compatible; GPTBot/1.3; +https://openai.com/gptbot)"
74.7.242.1 - - [13/Mar/2026:00:38:03 +0530] "GET /goods.php?detail/120049464680 HTTP/2.0" 200 23953 "https://vedanthasoftware.com/goods.php?detail/120042521237" "Mozilla/5.0 AppleWebKit/537.36 (KHTML, like Gecko; compatible; GPTBot/1.3; +https://openai.com/gptbot)"
74.7.243.201 - - [13/Mar/2026:00:38:05 +0530] "GET /goods.php?detail/202017040484 HTTP/2.0" 200 24856 "https://www.vedanthasoftware.com/goods.php?detail/2020064393658" "Mozilla/5.0 AppleWebKit/537.36 (KHTML, like Gecko; compatible; GPTBot/1.3; +https://openai.com/gptbot)"
74.7.242.1 - - [13/Mar/2026:00:38:07 +0530] "GET /goods.php?detail/185023505833 HTTP/2.0" 200 24764 "https://vedanthasoftware.com/goods.php?goods/130003414" "Mozilla/5.0 AppleWebKit/537.36 (KHTML, like Gecko; compatible; GPTBot/1.3; +https://openai.com/gptbot)"
74.7.243.201 - - [13/Mar/2026:00:38:09 +0530] "GET /goods.php?detail/202017041036 HTTP/2.0" 200 24034 "https://www.vedanthasoftware.com/goods.php?detail/2020064393658" "Mozilla/5.0 AppleWebKit/537.36 (KHTML, like Gecko; compatible; GPTBot/1.3; +https://openai.com/gptbot)"
74.7.242.1 - - [13/Mar/2026:00:38:10 +0530] "GET /goods.php?detail/023044197070 HTTP/2.0" 200 24514 "https://vedanthasoftware.com/goods.php?jp/023044197.html" "Mozilla/5.0 AppleWebKit/537.36 (KHTML, like Gecko; compatible; GPTBot/1.3; +https://openai.com/gptbot)"
114.119.158.211 - - [13/Mar/2026:00:38:10 +0530] "GET /?_p=049029611 HTTP/1.1" 301 5 "https://www.vedanthasoftware.com/sitemap546.xml" "Mozilla/5.0 (Linux; Android 7.0;) AppleWebKit/537.36 (KHTML, like Gecko) Mobile Safari/537.36 (compatible; PetalBot;+https://webmaster.petalsearch.com/site/petalbot)"
74.7.243.201 - - [13/Mar/2026:00:38:12 +0530] "GET /goods.php?detail/17200593932446 HTTP/2.0" 200 24653 "https://www.vedanthasoftware.com/goods.php?detail/1720270277602" "Mozilla/5.0 AppleWebKit/537.36 (KHTML, like Gecko; compatible; GPTBot/1.3; +https://openai.com/gptbot)"
114.119.158.211 - - [13/Mar/2026:00:38:13 +0530] "GET /?_p=049029611 HTTP/1.1" 200 38163 "https://www.vedanthasoftware.com/sitemap546.xml" "Mozilla/5.0 (Linux; Android 7.0;) AppleWebKit/537.36 (KHTML, like Gecko) Mobile Safari/537.36 (compatible; PetalBot;+https://webmaster.petalsearch.com/site/petalbot)"
74.7.242.1 - - [13/Mar/2026:00:38:14 +0530] "GET /goods.php?detail/250020098876 HTTP/2.0" 200 24191 "https://vedanthasoftware.com/goods.php?goods/114012818" "Mozilla/5.0 AppleWebKit/537.36 (KHTML, like Gecko; compatible; GPTBot/1.3; +https://openai.com/gptbot)"
74.7.243.201 - - [13/Mar/2026:00:38:17 +0530] "GET /goods.php?detail/165024326582 HTTP/2.0" 200 25350 "https://www.vedanthasoftware.com/goods.php?detail/110017237727" "Mozilla/5.0 AppleWebKit/537.36 (KHTML, like Gecko; compatible; GPTBot/1.3; +https://openai.com/gptbot)"
74.7.242.1 - - [13/Mar/2026:00:38:18 +0530] "GET /goods.php?detail/151037477851 HTTP/2.0" 200 24294 "https://vedanthasoftware.com/goods.php?goods/151004995" "Mozilla/5.0 AppleWebKit/537.36 (KHTML, like Gecko; compatible; GPTBot/1.3; +https://openai.com/gptbot)"
74.7.243.201 - - [13/Mar/2026:00:38:21 +0530] "GET /goods.php?detail/223035312983 HTTP/2.0" 200 23958 "https://www.vedanthasoftware.com/goods.php?detail/223035288921" "Mozilla/5.0 AppleWebKit/537.36 (KHTML, like Gecko; compatible; GPTBot/1.3; +https://openai.com/gptbot)"
74.7.242.1 - - [13/Mar/2026:00:38:22 +0530] "GET /goods.php?detail/221001087819 HTTP/2.0" 200 24161 "https://vedanthasoftware.com/goods.php?goods/265022501" "Mozilla/5.0 AppleWebKit/537.36 (KHTML, like Gecko; compatible; GPTBot/1.3; +https://openai.com/gptbot)"
74.7.243.201 - - [13/Mar/2026:00:38:25 +0530] "GET /goods.php?detail/172005938908 HTTP/2.0" 200 24539 "https://www.vedanthasoftware.com/goods.php?detail/1720270277602" "Mozilla/5.0 AppleWebKit/537.36 (KHTML, like Gecko; compatible; GPTBot/1.3; +https://openai.com/gptbot)"
74.7.242.1 - - [13/Mar/2026:00:38:26 +0530] "GET /goods.php?detail/018014883941 HTTP/2.0" 200 23769 "https://vedanthasoftware.com/goods.php?goods/018014883" "Mozilla/5.0 AppleWebKit/537.36 (KHTML, like Gecko; compatible; GPTBot/1.3; +https://openai.com/gptbot)"
74.7.243.201 - - [13/Mar/2026:00:38:28 +0530] "GET /goods.php?detail/175003844911 HTTP/2.0" 200 23870 "https://www.vedanthasoftware.com/goods.php?detail/1750010154031" "Mozilla/5.0 AppleWebKit/537.36 (KHTML, like Gecko; compatible; GPTBot/1.3; +https://openai.com/gptbot)"
74.7.242.1 - - [13/Mar/2026:00:38:29 +0530] "GET /goods.php?goods/212012513 HTTP/2.0" 200 23734 "https://vedanthasoftware.com/goods.php?detail/202033926510" "Mozilla/5.0 AppleWebKit/537.36 (KHTML, like Gecko; compatible; GPTBot/1.3; +https://openai.com/gptbot)"
74.7.243.201 - - [13/Mar/2026:00:38:31 +0530] "GET /goods.php?detail/025015234124 HTTP/2.0" 200 24181 "https://www.vedanthasoftware.com/goods.php?detail/025000732089" "Mozilla/5.0 AppleWebKit/537.36 (KHTML, like Gecko; compatible; GPTBot/1.3; +https://openai.com/gptbot)"
74.7.242.1 - - [13/Mar/2026:00:38:32 +0530] "GET /goods.php?detail/039022419228 HTTP/2.0" 200 25245 "https://vedanthasoftware.com/goods.php?detail/039009597001" "Mozilla/5.0 AppleWebKit/537.36 (KHTML, like Gecko; compatible; GPTBot/1.3; +https://openai.com/gptbot)"
74.7.243.201 - - [13/Mar/2026:00:38:35 +0530] "GET /goods.php?detail/1440335134342 HTTP/2.0" 200 23899 "https://www.vedanthasoftware.com/goods.php?detail/217048774491" "Mozilla/5.0 AppleWebKit/537.36 (KHTML, like Gecko; compatible; GPTBot/1.3; +https://openai.com/gptbot)"
74.7.242.1 - - [13/Mar/2026:00:38:35 +0530] "GET /goods.php?detail/218027437475 HTTP/2.0" 200 24172 "https://vedanthasoftware.com/goods.php?goods/218028104" "Mozilla/5.0 AppleWebKit/537.36 (KHTML, like Gecko; compatible; GPTBot/1.3; +https://openai.com/gptbot)"
57.141.0.13 - - [13/Mar/2026:00:38:36 +0530] "GET /?e=3829788161900 HTTP/2.0" 200 183473 "-" "meta-externalagent/1.1 (+https://developers.facebook.com/docs/sharing/webmasters/crawler)"
57.141.0.16 - - [13/Mar/2026:00:38:37 +0530] "GET /?e=46162231662601 HTTP/2.0" 200 183473 "-" "meta-externalagent/1.1 (+https://developers.facebook.com/docs/sharing/webmasters/crawler)"
74.7.243.201 - - [13/Mar/2026:00:38:39 +0530] "GET /goods.php?goods/291008295 HTTP/2.0" 200 24142 "https://www.vedanthasoftware.com/goods.php?detail/291008295949" "Mozilla/5.0 AppleWebKit/537.36 (KHTML, like Gecko; compatible; GPTBot/1.3; +https://openai.com/gptbot)"
