74.7.242.1 - - [13/Mar/2026:00:54:20 +0530] "GET /goods.php?detail/206009598622 HTTP/2.0" 200 24163 "https://vedanthasoftware.com/goods.php?detail/206048049085" "Mozilla/5.0 AppleWebKit/537.36 (KHTML, like Gecko; compatible; GPTBot/1.3; +https://openai.com/gptbot)"
74.7.243.201 - - [13/Mar/2026:00:54:21 +0530] "GET /goods.php?detail/049048050536 HTTP/2.0" 200 24329 "https://www.vedanthasoftware.com/goods.php?detail/170002906986" "Mozilla/5.0 AppleWebKit/537.36 (KHTML, like Gecko; compatible; GPTBot/1.3; +https://openai.com/gptbot)"
74.7.243.201 - - [13/Mar/2026:00:54:24 +0530] "GET /goods.php?detail/222038334710 HTTP/2.0" 200 23818 "https://www.vedanthasoftware.com/goods.php?detail/222031568450" "Mozilla/5.0 AppleWebKit/537.36 (KHTML, like Gecko; compatible; GPTBot/1.3; +https://openai.com/gptbot)"
74.7.242.1 - - [13/Mar/2026:00:54:24 +0530] "GET /goods.php?detail/080044819462 HTTP/2.0" 200 25132 "https://vedanthasoftware.com/goods.php?goods/080040639" "Mozilla/5.0 AppleWebKit/537.36 (KHTML, like Gecko; compatible; GPTBot/1.3; +https://openai.com/gptbot)"
74.7.243.201 - - [13/Mar/2026:00:54:27 +0530] "GET /goods.php?detail/170024881804 HTTP/2.0" 200 24929 "https://www.vedanthasoftware.com/goods.php?detail/170002906986" "Mozilla/5.0 AppleWebKit/537.36 (KHTML, like Gecko; compatible; GPTBot/1.3; +https://openai.com/gptbot)"
74.7.242.1 - - [13/Mar/2026:00:54:28 +0530] "GET /goods.php?detail/181037878271 HTTP/2.0" 200 23805 "https://vedanthasoftware.com/goods.php?detail/181013017847" "Mozilla/5.0 AppleWebKit/537.36 (KHTML, like Gecko; compatible; GPTBot/1.3; +https://openai.com/gptbot)"
74.7.243.201 - - [13/Mar/2026:00:54:30 +0530] "GET /goods.php?detail/099025755282 HTTP/2.0" 200 23810 "https://www.vedanthasoftware.com/goods.php?detail/099011197209" "Mozilla/5.0 AppleWebKit/537.36 (KHTML, like Gecko; compatible; GPTBot/1.3; +https://openai.com/gptbot)"
74.7.242.1 - - [13/Mar/2026:00:54:31 +0530] "GET /goods.php?detail/1810378779987 HTTP/2.0" 200 23862 "https://vedanthasoftware.com/goods.php?detail/181013017847" "Mozilla/5.0 AppleWebKit/537.36 (KHTML, like Gecko; compatible; GPTBot/1.3; +https://openai.com/gptbot)"
74.7.243.201 - - [13/Mar/2026:00:54:35 +0530] "GET /goods.php?detail/2360435808960 HTTP/2.0" 200 23975 "https://www.vedanthasoftware.com/goods.php?detail/136012595612" "Mozilla/5.0 AppleWebKit/537.36 (KHTML, like Gecko; compatible; GPTBot/1.3; +https://openai.com/gptbot)"
74.7.242.1 - - [13/Mar/2026:00:54:35 +0530] "GET /goods.php?detail/080010741501 HTTP/2.0" 200 24346 "https://vedanthasoftware.com/goods.php?goods/214033074" "Mozilla/5.0 AppleWebKit/537.36 (KHTML, like Gecko; compatible; GPTBot/1.3; +https://openai.com/gptbot)"
74.7.243.201 - - [13/Mar/2026:00:54:38 +0530] "GET /goods.php?detail/037037626079 HTTP/2.0" 200 23848 "https://www.vedanthasoftware.com/goods.php?detail/0330309780071" "Mozilla/5.0 AppleWebKit/537.36 (KHTML, like Gecko; compatible; GPTBot/1.3; +https://openai.com/gptbot)"
74.7.242.1 - - [13/Mar/2026:00:54:39 +0530] "GET /goods.php?jp/285032525.html HTTP/2.0" 200 24301 "https://vedanthasoftware.com/goods.php?detail/285032525557" "Mozilla/5.0 AppleWebKit/537.36 (KHTML, like Gecko; compatible; GPTBot/1.3; +https://openai.com/gptbot)"
74.7.243.201 - - [13/Mar/2026:00:54:40 +0530] "GET /goods.php?detail/2020405876461 HTTP/2.0" 200 24499 "https://www.vedanthasoftware.com/goods.php?detail/2020032536367" "Mozilla/5.0 AppleWebKit/537.36 (KHTML, like Gecko; compatible; GPTBot/1.3; +https://openai.com/gptbot)"
57.141.0.54 - - [13/Mar/2026:00:54:41 +0530] "GET /?e=01491135190302 HTTP/2.0" 200 183473 "-" "meta-externalagent/1.1 (+https://developers.facebook.com/docs/sharing/webmasters/crawler)"
74.7.242.1 - - [13/Mar/2026:00:54:42 +0530] "GET /goods.php?detail/029007607893 HTTP/2.0" 200 25067 "https://vedanthasoftware.com/goods.php?detail/029045919086" "Mozilla/5.0 AppleWebKit/537.36 (KHTML, like Gecko; compatible; GPTBot/1.3; +https://openai.com/gptbot)"
74.7.243.201 - - [13/Mar/2026:00:54:45 +0530] "GET /goods.php?detail/2320101598545 HTTP/2.0" 200 24992 "https://www.vedanthasoftware.com/goods.php?detail/23200842946495" "Mozilla/5.0 AppleWebKit/537.36 (KHTML, like Gecko; compatible; GPTBot/1.3; +https://openai.com/gptbot)"
74.7.242.1 - - [13/Mar/2026:00:54:45 +0530] "GET /goods.php?detail/142041242448 HTTP/2.0" 200 24269 "https://vedanthasoftware.com/goods.php?detail/142014774702" "Mozilla/5.0 AppleWebKit/537.36 (KHTML, like Gecko; compatible; GPTBot/1.3; +https://openai.com/gptbot)"
57.141.0.12 - - [13/Mar/2026:00:54:46 +0530] "GET /?e=03287189150401 HTTP/2.0" 200 183473 "-" "meta-externalagent/1.1 (+https://developers.facebook.com/docs/sharing/webmasters/crawler)"
74.7.242.1 - - [13/Mar/2026:00:54:49 +0530] "GET /goods.php?detail/135010552705 HTTP/2.0" 200 24370 "https://vedanthasoftware.com/goods.php?detail/135045869699" "Mozilla/5.0 AppleWebKit/537.36 (KHTML, like Gecko; compatible; GPTBot/1.3; +https://openai.com/gptbot)"
74.7.243.201 - - [13/Mar/2026:00:54:49 +0530] "GET /goods.php?detail/297032170998 HTTP/2.0" 200 24858 "https://www.vedanthasoftware.com/goods.php?detail/250041686207" "Mozilla/5.0 AppleWebKit/537.36 (KHTML, like Gecko; compatible; GPTBot/1.3; +https://openai.com/gptbot)"
66.249.74.130 - - [13/Mar/2026:00:54:49 +0530] "GET /?e=10704123185109 HTTP/1.1" 200 57398 "-" "Mozilla/5.0 (Linux; Android 6.0.1; Nexus 5X Build/MMB29P) AppleWebKit/537.36 (KHTML, like Gecko) Chrome/145.0.7632.116 Mobile Safari/537.36 (compatible; Googlebot/2.1; +http://www.google.com/bot.html)"
74.7.242.1 - - [13/Mar/2026:00:54:53 +0530] "GET /goods.php?detail/214033066221 HTTP/2.0" 200 24205 "https://vedanthasoftware.com/goods.php?goods/214033074" "Mozilla/5.0 AppleWebKit/537.36 (KHTML, like Gecko; compatible; GPTBot/1.3; +https://openai.com/gptbot)"
74.7.243.201 - - [13/Mar/2026:00:54:53 +0530] "GET /goods.php?detail/266001580074 HTTP/2.0" 200 24186 "https://www.vedanthasoftware.com/goods.php?detail/266010902085" "Mozilla/5.0 AppleWebKit/537.36 (KHTML, like Gecko; compatible; GPTBot/1.3; +https://openai.com/gptbot)"
74.7.243.201 - - [13/Mar/2026:00:54:56 +0530] "GET /goods.php?detail/249040207447 HTTP/2.0" 200 24969 "https://www.vedanthasoftware.com/goods.php?detail/110047361299" "Mozilla/5.0 AppleWebKit/537.36 (KHTML, like Gecko; compatible; GPTBot/1.3; +https://openai.com/gptbot)"
74.7.242.1 - - [13/Mar/2026:00:54:57 +0530] "GET /goods.php?detail/242004231675 HTTP/2.0" 200 24227 "https://vedanthasoftware.com/goods.php?detail/242004232841" "Mozilla/5.0 AppleWebKit/537.36 (KHTML, like Gecko; compatible; GPTBot/1.3; +https://openai.com/gptbot)"
74.7.243.201 - - [13/Mar/2026:00:55:00 +0530] "GET /goods.php?detail/266001725061 HTTP/2.0" 200 24571 "https://www.vedanthasoftware.com/goods.php?detail/266010902085" "Mozilla/5.0 AppleWebKit/537.36 (KHTML, like Gecko; compatible; GPTBot/1.3; +https://openai.com/gptbot)"
74.7.242.1 - - [13/Mar/2026:00:55:01 +0530] "GET /goods.php?detail/059032303926 HTTP/2.0" 200 24132 "https://vedanthasoftware.com/goods.php?detail/285032525557" "Mozilla/5.0 AppleWebKit/537.36 (KHTML, like Gecko; compatible; GPTBot/1.3; +https://openai.com/gptbot)"
57.141.0.33 - - [13/Mar/2026:00:55:02 +0530] "GET /?e=0774342516001 HTTP/2.0" 200 183473 "-" "meta-externalagent/1.1 (+https://developers.facebook.com/docs/sharing/webmasters/crawler)"
74.7.243.201 - - [13/Mar/2026:00:55:04 +0530] "GET /goods.php?jp/249040207.html HTTP/2.0" 200 25066 "https://www.vedanthasoftware.com/goods.php?detail/249040207447" "Mozilla/5.0 AppleWebKit/537.36 (KHTML, like Gecko; compatible; GPTBot/1.3; +https://openai.com/gptbot)"
74.7.242.1 - - [13/Mar/2026:00:55:05 +0530] "GET /goods.php?detail/080002722111 HTTP/2.0" 200 23685 "https://vedanthasoftware.com/goods.php?detail/080044819462" "Mozilla/5.0 AppleWebKit/537.36 (KHTML, like Gecko; compatible; GPTBot/1.3; +https://openai.com/gptbot)"
74.7.242.1 - - [13/Mar/2026:00:55:10 +0530] "GET /goods.php?detail/080002721999 HTTP/2.0" 200 25094 "https://vedanthasoftware.com/goods.php?detail/080044819462" "Mozilla/5.0 AppleWebKit/537.36 (KHTML, like Gecko; compatible; GPTBot/1.3; +https://openai.com/gptbot)"
74.7.242.1 - - [13/Mar/2026:00:55:13 +0530] "GET /goods.php?detail/181024581595 HTTP/2.0" 200 24213 "https://vedanthasoftware.com/goods.php?detail/1810378779987" "Mozilla/5.0 AppleWebKit/537.36 (KHTML, like Gecko; compatible; GPTBot/1.3; +https://openai.com/gptbot)"
57.141.0.34 - - [13/Mar/2026:00:55:14 +0530] "GET /?e=04778203679700 HTTP/2.0" 200 183473 "-" "meta-externalagent/1.1 (+https://developers.facebook.com/docs/sharing/webmasters/crawler)"
114.119.134.226 - - [13/Mar/2026:00:55:14 +0530] "GET /?_p=010003240 HTTP/1.1" 301 5 "https://www.vedanthasoftware.com/sitemap546.xml" "Mozilla/5.0 (Linux; Android 7.0;) AppleWebKit/537.36 (KHTML, like Gecko) Mobile Safari/537.36 (compatible; PetalBot;+https://webmaster.petalsearch.com/site/petalbot)"
74.7.242.1 - - [13/Mar/2026:00:55:17 +0530] "GET /goods.php?detail/102001306165 HTTP/2.0" 200 24412 "https://vedanthasoftware.com/goods.php?detail/135045869699" "Mozilla/5.0 AppleWebKit/537.36 (KHTML, like Gecko; compatible; GPTBot/1.3; +https://openai.com/gptbot)"
57.141.0.64 - - [13/Mar/2026:00:55:18 +0530] "GET /?e=57309176912200 HTTP/2.0" 200 183473 "-" "meta-externalagent/1.1 (+https://developers.facebook.com/docs/sharing/webmasters/crawler)"
114.119.134.226 - - [13/Mar/2026:00:55:19 +0530] "GET /?_p=010003240 HTTP/1.1" 200 38166 "https://www.vedanthasoftware.com/sitemap546.xml" "Mozilla/5.0 (Linux; Android 7.0;) AppleWebKit/537.36 (KHTML, like Gecko) Mobile Safari/537.36 (compatible; PetalBot;+https://webmaster.petalsearch.com/site/petalbot)"
74.7.242.1 - - [13/Mar/2026:00:55:22 +0530] "GET /goods.php?detail/285047962280 HTTP/2.0" 200 24265 "https://vedanthasoftware.com/goods.php?jp/285032525.html" "Mozilla/5.0 AppleWebKit/537.36 (KHTML, like Gecko; compatible; GPTBot/1.3; +https://openai.com/gptbot)"
57.141.0.9 - - [13/Mar/2026:00:55:23 +0530] "GET /?e=08281134797101 HTTP/2.0" 200 183473 "-" "meta-externalagent/1.1 (+https://developers.facebook.com/docs/sharing/webmasters/crawler)"
74.7.243.201 - - [13/Mar/2026:00:55:24 +0530] "GET /goods.php?detail/248035825673 HTTP/2.0" 200 23770 "https://www.vedanthasoftware.com/goods.php?detail/222038334710" "Mozilla/5.0 AppleWebKit/537.36 (KHTML, like Gecko; compatible; GPTBot/1.3; +https://openai.com/gptbot)"
74.7.242.1 - - [13/Mar/2026:00:55:25 +0530] "GET /goods.php?detail/265027858825 HTTP/2.0" 200 24966 "https://vedanthasoftware.com/goods.php?detail/080010741501" "Mozilla/5.0 AppleWebKit/537.36 (KHTML, like Gecko; compatible; GPTBot/1.3; +https://openai.com/gptbot)"
74.7.243.201 - - [13/Mar/2026:00:55:28 +0530] "GET /goods.php?detail/283012978024 HTTP/2.0" 200 25434 "https://www.vedanthasoftware.com/goods.php?detail/049048050536" "Mozilla/5.0 AppleWebKit/537.36 (KHTML, like Gecko; compatible; GPTBot/1.3; +https://openai.com/gptbot)"
74.7.242.1 - - [13/Mar/2026:00:55:29 +0530] "GET /goods.php?detail/285046386085 HTTP/2.0" 200 24432 "https://vedanthasoftware.com/goods.php?jp/285032525.html" "Mozilla/5.0 AppleWebKit/537.36 (KHTML, like Gecko; compatible; GPTBot/1.3; +https://openai.com/gptbot)"
74.7.243.201 - - [13/Mar/2026:00:55:32 +0530] "GET /goods.php?detail/202021245968 HTTP/2.0" 200 24112 "https://www.vedanthasoftware.com/goods.php?detail/202003764852" "Mozilla/5.0 AppleWebKit/537.36 (KHTML, like Gecko; compatible; GPTBot/1.3; +https://openai.com/gptbot)"
57.141.0.12 - - [13/Mar/2026:00:55:33 +0530] "GET /?e=7475744267100 HTTP/2.0" 200 183473 "-" "meta-externalagent/1.1 (+https://developers.facebook.com/docs/sharing/webmasters/crawler)"
74.7.242.1 - - [13/Mar/2026:00:55:33 +0530] "GET /goods.php?detail/242004233918 HTTP/2.0" 200 24509 "https://vedanthasoftware.com/goods.php?detail/242004232841" "Mozilla/5.0 AppleWebKit/537.36 (KHTML, like Gecko; compatible; GPTBot/1.3; +https://openai.com/gptbot)"
57.141.0.65 - - [13/Mar/2026:00:55:34 +0530] "GET /?e=60902297525101 HTTP/2.0" 200 183473 "-" "meta-externalagent/1.1 (+https://developers.facebook.com/docs/sharing/webmasters/crawler)"
74.7.243.201 - - [13/Mar/2026:00:55:36 +0530] "GET /goods.php?detail/218001090819 HTTP/2.0" 200 23818 "https://www.vedanthasoftware.com/goods.php?detail/2360435808960" "Mozilla/5.0 AppleWebKit/537.36 (KHTML, like Gecko; compatible; GPTBot/1.3; +https://openai.com/gptbot)"
74.7.242.1 - - [13/Mar/2026:00:55:36 +0530] "GET /goods.php?detail/238009929387 HTTP/2.0" 200 23849 "https://vedanthasoftware.com/goods.php?detail/214033066221" "Mozilla/5.0 AppleWebKit/537.36 (KHTML, like Gecko; compatible; GPTBot/1.3; +https://openai.com/gptbot)"
74.7.243.201 - - [13/Mar/2026:00:55:40 +0530] "GET /goods.php?detail/073026912836 HTTP/2.0" 200 25441 "https://www.vedanthasoftware.com/goods.php?detail/037037626079" "Mozilla/5.0 AppleWebKit/537.36 (KHTML, like Gecko; compatible; GPTBot/1.3; +https://openai.com/gptbot)"
74.7.242.1 - - [13/Mar/2026:00:55:40 +0530] "GET /goods.php?detail/242024162995 HTTP/2.0" 200 24769 "https://vedanthasoftware.com/goods.php?detail/242004231675" "Mozilla/5.0 AppleWebKit/537.36 (KHTML, like Gecko; compatible; GPTBot/1.3; +https://openai.com/gptbot)"
57.141.0.2 - - [13/Mar/2026:00:55:41 +0530] "GET /?e=68737241710200 HTTP/2.0" 200 183473 "-" "meta-externalagent/1.1 (+https://developers.facebook.com/docs/sharing/webmasters/crawler)"
74.7.242.1 - - [13/Mar/2026:00:55:43 +0530] "GET /goods.php?detail/172033022771 HTTP/2.0" 200 24360 "https://vedanthasoftware.com/goods.php?detail/059032303926" "Mozilla/5.0 AppleWebKit/537.36 (KHTML, like Gecko; compatible; GPTBot/1.3; +https://openai.com/gptbot)"
74.7.243.201 - - [13/Mar/2026:00:55:44 +0530] "GET /goods.php?detail/104029600104 HTTP/2.0" 200 23815 "https://www.vedanthasoftware.com/goods.php?detail/2020405876461" "Mozilla/5.0 AppleWebKit/537.36 (KHTML, like Gecko; compatible; GPTBot/1.3; +https://openai.com/gptbot)"
74.7.243.201 - - [13/Mar/2026:00:55:47 +0530] "GET /goods.php?detail/232039837293 HTTP/2.0" 200 24224 "https://www.vedanthasoftware.com/goods.php?detail/2320101598545" "Mozilla/5.0 AppleWebKit/537.36 (KHTML, like Gecko; compatible; GPTBot/1.3; +https://openai.com/gptbot)"
74.7.242.1 - - [13/Mar/2026:00:55:47 +0530] "GET /goods.php?detail/202014043781 HTTP/2.0" 200 25485 "https://vedanthasoftware.com/goods.php?detail/142041242448" "Mozilla/5.0 AppleWebKit/537.36 (KHTML, like Gecko; compatible; GPTBot/1.3; +https://openai.com/gptbot)"
74.7.243.201 - - [13/Mar/2026:00:55:50 +0530] "GET /goods.php?detail/254005085561 HTTP/2.0" 200 25404 "https://www.vedanthasoftware.com/goods.php?detail/037037626079" "Mozilla/5.0 AppleWebKit/537.36 (KHTML, like Gecko; compatible; GPTBot/1.3; +https://openai.com/gptbot)"
74.7.242.1 - - [13/Mar/2026:00:55:51 +0530] "GET /goods.php?detail/0800393076200 HTTP/2.0" 200 24294 "https://vedanthasoftware.com/goods.php?detail/080010741501" "Mozilla/5.0 AppleWebKit/537.36 (KHTML, like Gecko; compatible; GPTBot/1.3; +https://openai.com/gptbot)"
74.7.243.201 - - [13/Mar/2026:00:55:54 +0530] "GET /goods.php?detail/105005144136 HTTP/2.0" 200 24049 "https://www.vedanthasoftware.com/goods.php?detail/266001580074" "Mozilla/5.0 AppleWebKit/537.36 (KHTML, like Gecko; compatible; GPTBot/1.3; +https://openai.com/gptbot)"
57.141.0.35 - - [13/Mar/2026:00:55:55 +0530] "GET /?e=77811229349901 HTTP/2.0" 200 183473 "-" "meta-externalagent/1.1 (+https://developers.facebook.com/docs/sharing/webmasters/crawler)"
57.141.0.11 - - [13/Mar/2026:00:55:56 +0530] "GET /?e=21899259358905 HTTP/2.0" 200 183473 "-" "meta-externalagent/1.1 (+https://developers.facebook.com/docs/sharing/webmasters/crawler)"
57.141.0.27 - - [13/Mar/2026:00:55:57 +0530] "GET /?e=37352215939702 HTTP/2.0" 200 183473 "-" "meta-externalagent/1.1 (+https://developers.facebook.com/docs/sharing/webmasters/crawler)"
74.7.242.1 - - [13/Mar/2026:00:55:57 +0530] "GET /goods.php?detail/029047083086 HTTP/2.0" 200 23964 "https://vedanthasoftware.com/goods.php?detail/029007607893" "Mozilla/5.0 AppleWebKit/537.36 (KHTML, like Gecko; compatible; GPTBot/1.3; +https://openai.com/gptbot)"
74.7.243.201 - - [13/Mar/2026:00:56:00 +0530] "GET /goods.php?detail/287026636608 HTTP/2.0" 200 24785 "https://www.vedanthasoftware.com/goods.php?detail/249040207447" "Mozilla/5.0 AppleWebKit/537.36 (KHTML, like Gecko; compatible; GPTBot/1.3; +https://openai.com/gptbot)"
74.7.242.1 - - [13/Mar/2026:00:56:00 +0530] "GET /goods.php?detail/211045452399 HTTP/2.0" 200 23707 "https://vedanthasoftware.com/goods.php?detail/242004231675" "Mozilla/5.0 AppleWebKit/537.36 (KHTML, like Gecko; compatible; GPTBot/1.3; +https://openai.com/gptbot)"
74.7.242.1 - - [13/Mar/2026:00:56:04 +0530] "GET /goods.php?detail/135010553135 HTTP/2.0" 200 24826 "https://vedanthasoftware.com/goods.php?detail/135045869699" "Mozilla/5.0 AppleWebKit/537.36 (KHTML, like Gecko; compatible; GPTBot/1.3; +https://openai.com/gptbot)"
74.7.243.201 - - [13/Mar/2026:00:56:04 +0530] "GET /goods.php?detail/012003383125 HTTP/2.0" 200 24313 "https://www.vedanthasoftware.com/goods.php?jp/249040207.html" "Mozilla/5.0 AppleWebKit/537.36 (KHTML, like Gecko; compatible; GPTBot/1.3; +https://openai.com/gptbot)"
185.249.227.216 - - [13/Mar/2026:00:56:05 +0530] "GET / HTTP/1.1" 200 38169 "-" "Mozilla/5.0 (X11; Linux x86_64) AppleWebKit/537.36 (KHTML, like Gecko) Chrome/44.0.2403.157 Safari/537.36"
74.7.242.1 - - [13/Mar/2026:00:56:09 +0530] "GET /goods.php?goods/265048247 HTTP/2.0" 200 24712 "https://vedanthasoftware.com/goods.php?detail/265027858825" "Mozilla/5.0 AppleWebKit/537.36 (KHTML, like Gecko; compatible; GPTBot/1.3; +https://openai.com/gptbot)"
74.7.243.201 - - [13/Mar/2026:00:56:09 +0530] "GET /goods.php?detail/152047442372 HTTP/2.0" 200 23120 "https://www.vedanthasoftware.com/goods.php?detail/248035825673" "Mozilla/5.0 AppleWebKit/537.36 (KHTML, like Gecko; compatible; GPTBot/1.3; +https://openai.com/gptbot)"
74.7.242.1 - - [13/Mar/2026:00:56:12 +0530] "GET /goods.php?detail/2850043147234 HTTP/2.0" 200 23791 "https://vedanthasoftware.com/goods.php?detail/285046386085" "Mozilla/5.0 AppleWebKit/537.36 (KHTML, like Gecko; compatible; GPTBot/1.3; +https://openai.com/gptbot)"
74.7.243.201 - - [13/Mar/2026:00:56:12 +0530] "GET /goods.php?detail/0110123105858 HTTP/2.0" 200 23934 "https://www.vedanthasoftware.com/goods.php?detail/249040207447" "Mozilla/5.0 AppleWebKit/537.36 (KHTML, like Gecko; compatible; GPTBot/1.3; +https://openai.com/gptbot)"
74.7.243.201 - - [13/Mar/2026:00:56:16 +0530] "GET /goods.php?detail/266017993402 HTTP/2.0" 200 24468 "https://www.vedanthasoftware.com/goods.php?detail/266001725061" "Mozilla/5.0 AppleWebKit/537.36 (KHTML, like Gecko; compatible; GPTBot/1.3; +https://openai.com/gptbot)"
74.7.242.1 - - [13/Mar/2026:00:56:16 +0530] "GET /goods.php?detail/282040323823 HTTP/2.0" 200 24046 "https://vedanthasoftware.com/goods.php?detail/242004233918" "Mozilla/5.0 AppleWebKit/537.36 (KHTML, like Gecko; compatible; GPTBot/1.3; +https://openai.com/gptbot)"
74.7.243.201 - - [13/Mar/2026:00:56:19 +0530] "GET /goods.php?detail/026048466966 HTTP/2.0" 200 25451 "https://www.vedanthasoftware.com/goods.php?detail/218001090819" "Mozilla/5.0 AppleWebKit/537.36 (KHTML, like Gecko; compatible; GPTBot/1.3; +https://openai.com/gptbot)"
74.7.242.1 - - [13/Mar/2026:00:56:20 +0530] "GET /goods.php?detail/214033072785 HTTP/2.0" 200 23727 "https://vedanthasoftware.com/goods.php?detail/214033066221" "Mozilla/5.0 AppleWebKit/537.36 (KHTML, like Gecko; compatible; GPTBot/1.3; +https://openai.com/gptbot)"
74.7.243.201 - - [13/Mar/2026:00:56:22 +0530] "GET /goods.php?detail/236043564005 HTTP/2.0" 200 24016 "https://www.vedanthasoftware.com/goods.php?detail/2360435808960" "Mozilla/5.0 AppleWebKit/537.36 (KHTML, like Gecko; compatible; GPTBot/1.3; +https://openai.com/gptbot)"
74.7.242.1 - - [13/Mar/2026:00:56:23 +0530] "GET /goods.php?detail/069016485512 HTTP/2.0" 200 24198 "https://vedanthasoftware.com/goods.php?detail/242024162995" "Mozilla/5.0 AppleWebKit/537.36 (KHTML, like Gecko; compatible; GPTBot/1.3; +https://openai.com/gptbot)"
74.7.243.201 - - [13/Mar/2026:00:56:25 +0530] "GET /goods.php?detail/104006372904 HTTP/2.0" 200 24055 "https://www.vedanthasoftware.com/goods.php?detail/104029600104" "Mozilla/5.0 AppleWebKit/537.36 (KHTML, like Gecko; compatible; GPTBot/1.3; +https://openai.com/gptbot)"
74.7.242.1 - - [13/Mar/2026:00:56:26 +0530] "GET /goods.php?detail/0470370406338 HTTP/2.0" 200 23819 "https://vedanthasoftware.com/goods.php?detail/172033022771" "Mozilla/5.0 AppleWebKit/537.36 (KHTML, like Gecko; compatible; GPTBot/1.3; +https://openai.com/gptbot)"
74.7.243.201 - - [13/Mar/2026:00:56:28 +0530] "GET /goods.php?detail/126029027540 HTTP/2.0" 200 25991 "https://www.vedanthasoftware.com/goods.php?detail/232039837293" "Mozilla/5.0 AppleWebKit/537.36 (KHTML, like Gecko; compatible; GPTBot/1.3; +https://openai.com/gptbot)"
57.141.0.54 - - [13/Mar/2026:00:56:29 +0530] "GET /?e=72080189062109 HTTP/2.0" 200 183473 "-" "meta-externalagent/1.1 (+https://developers.facebook.com/docs/sharing/webmasters/crawler)"
74.7.242.1 - - [13/Mar/2026:00:56:30 +0530] "GET /goods.php?goods/105026404 HTTP/2.0" 200 23767 "https://vedanthasoftware.com/goods.php?detail/202014043781" "Mozilla/5.0 AppleWebKit/537.36 (KHTML, like Gecko; compatible; GPTBot/1.3; +https://openai.com/gptbot)"
74.7.243.201 - - [13/Mar/2026:00:56:34 +0530] "GET /goods.php?detail/254007979365 HTTP/2.0" 200 24173 "https://www.vedanthasoftware.com/goods.php?detail/254005085561" "Mozilla/5.0 AppleWebKit/537.36 (KHTML, like Gecko; compatible; GPTBot/1.3; +https://openai.com/gptbot)"
74.7.242.1 - - [13/Mar/2026:00:56:34 +0530] "GET /goods.php?detail/202038066846 HTTP/2.0" 200 24821 "https://vedanthasoftware.com/goods.php?detail/202014043781" "Mozilla/5.0 AppleWebKit/537.36 (KHTML, like Gecko; compatible; GPTBot/1.3; +https://openai.com/gptbot)"
74.7.243.201 - - [13/Mar/2026:00:56:37 +0530] "GET /goods.php?detail/105025330101 HTTP/2.0" 200 24173 "https://www.vedanthasoftware.com/goods.php?detail/105005144136" "Mozilla/5.0 AppleWebKit/537.36 (KHTML, like Gecko; compatible; GPTBot/1.3; +https://openai.com/gptbot)"
74.7.242.1 - - [13/Mar/2026:00:56:37 +0530] "GET /goods.php?detail/021007223578 HTTP/2.0" 200 24534 "https://vedanthasoftware.com/goods.php?detail/135045869699" "Mozilla/5.0 AppleWebKit/537.36 (KHTML, like Gecko; compatible; GPTBot/1.3; +https://openai.com/gptbot)"
141.98.11.23 - - [13/Mar/2026:00:56:37 +0530] "GET /wp-login.php HTTP/1.1" 200 2438 "www.google.com" "Mozilla/5.0 (Windows NT 10.0; Win64; x64) AppleWebKit/537.36 (KHTML, like Gecko) Chrome/91.0.4472.124 Safari/537.36"
141.98.11.23 - - [13/Mar/2026:00:56:38 +0530] "POST /wp-login.php HTTP/1.1" 200 2595 "https://vedanthasoftware.com/wp-admin/" "Mozilla/5.0 (Windows NT 10.0; Win64; x64) AppleWebKit/537.36 (KHTML, like Gecko) Chrome/91.0.4472.124 Safari/537.36"
74.7.243.201 - - [13/Mar/2026:00:56:40 +0530] "GET /goods.php?detail/218006749064 HTTP/2.0" 200 23883 "https://www.vedanthasoftware.com/goods.php?detail/105005144136" "Mozilla/5.0 AppleWebKit/537.36 (KHTML, like Gecko; compatible; GPTBot/1.3; +https://openai.com/gptbot)"
74.7.242.1 - - [13/Mar/2026:00:56:41 +0530] "GET /goods.php?detail/146039615601 HTTP/2.0" 200 24661 "https://vedanthasoftware.com/goods.php?detail/211045452399" "Mozilla/5.0 AppleWebKit/537.36 (KHTML, like Gecko; compatible; GPTBot/1.3; +https://openai.com/gptbot)"
141.98.11.23 - - [13/Mar/2026:00:56:41 +0530] "GET /wp-admin/ HTTP/1.1" 302 5 "www.google.com" "Mozilla/5.0 (Windows NT 10.0; Win64; x64) AppleWebKit/537.36 (KHTML, like Gecko) Chrome/91.0.4472.124 Safari/537.36"
141.98.11.23 - - [13/Mar/2026:00:56:41 +0530] "GET /wp-login.php?redirect_to=https%3A%2F%2Fvedanthasoftware.com%2Fwp-admin%2F&reauth=1 HTTP/1.1" 200 2438 "www.google.com" "Mozilla/5.0 (Windows NT 10.0; Win64; x64) AppleWebKit/537.36 (KHTML, like Gecko) Chrome/91.0.4472.124 Safari/537.36"
74.7.243.201 - - [13/Mar/2026:00:56:44 +0530] "GET /goods.php?detail/122019133290 HTTP/2.0" 200 23934 "https://www.vedanthasoftware.com/goods.php?detail/254005085561" "Mozilla/5.0 AppleWebKit/537.36 (KHTML, like Gecko; compatible; GPTBot/1.3; +https://openai.com/gptbot)"
74.7.242.1 - - [13/Mar/2026:00:56:45 +0530] "GET /goods.php?detail/0400272790627 HTTP/2.0" 200 24181 "https://vedanthasoftware.com/goods.php?detail/211045452399" "Mozilla/5.0 AppleWebKit/537.36 (KHTML, like Gecko; compatible; GPTBot/1.3; +https://openai.com/gptbot)"
74.7.243.201 - - [13/Mar/2026:00:56:48 +0530] "GET /goods.php?detail/176049552176 HTTP/2.0" 200 25096 "https://www.vedanthasoftware.com/goods.php?detail/287026636608" "Mozilla/5.0 AppleWebKit/537.36 (KHTML, like Gecko; compatible; GPTBot/1.3; +https://openai.com/gptbot)"
74.7.242.1 - - [13/Mar/2026:00:56:48 +0530] "GET /goods.php?detail/265016205629 HTTP/2.0" 200 24200 "https://vedanthasoftware.com/goods.php?goods/265048247" "Mozilla/5.0 AppleWebKit/537.36 (KHTML, like Gecko; compatible; GPTBot/1.3; +https://openai.com/gptbot)"
74.7.243.201 - - [13/Mar/2026:00:56:52 +0530] "GET /goods.php?detail/087042029722 HTTP/2.0" 200 24211 "https://www.vedanthasoftware.com/goods.php?detail/0110123105858" "Mozilla/5.0 AppleWebKit/537.36 (KHTML, like Gecko; compatible; GPTBot/1.3; +https://openai.com/gptbot)"
74.7.242.1 - - [13/Mar/2026:00:56:52 +0530] "GET /goods.php?detail/264036374016 HTTP/2.0" 200 24087 "https://vedanthasoftware.com/goods.php?detail/2850043147234" "Mozilla/5.0 AppleWebKit/537.36 (KHTML, like Gecko; compatible; GPTBot/1.3; +https://openai.com/gptbot)"
114.119.144.200 - - [13/Mar/2026:00:56:53 +0530] "GET /?_o=296004492 HTTP/1.1" 301 5 "https://www.vedanthasoftware.com/sitemap546.xml" "Mozilla/5.0 (Linux; Android 7.0;) AppleWebKit/537.36 (KHTML, like Gecko) Mobile Safari/537.36 (compatible; PetalBot;+https://webmaster.petalsearch.com/site/petalbot)"
74.7.243.201 - - [13/Mar/2026:00:56:56 +0530] "GET /goods.php?detail/011033362257 HTTP/2.0" 200 25498 "https://www.vedanthasoftware.com/goods.php?detail/0110123105858" "Mozilla/5.0 AppleWebKit/537.36 (KHTML, like Gecko; compatible; GPTBot/1.3; +https://openai.com/gptbot)"
74.7.242.1 - - [13/Mar/2026:00:56:56 +0530] "GET /goods.php?detail/282038412741 HTTP/2.0" 200 23813 "https://vedanthasoftware.com/goods.php?detail/282040323823" "Mozilla/5.0 AppleWebKit/537.36 (KHTML, like Gecko; compatible; GPTBot/1.3; +https://openai.com/gptbot)"
74.7.243.201 - - [13/Mar/2026:00:57:00 +0530] "GET /goods.php?detail/252029089162 HTTP/2.0" 200 24407 "https://www.vedanthasoftware.com/goods.php?detail/266017993402" "Mozilla/5.0 AppleWebKit/537.36 (KHTML, like Gecko; compatible; GPTBot/1.3; +https://openai.com/gptbot)"
74.7.242.1 - - [13/Mar/2026:00:57:01 +0530] "GET /goods.php?detail/133043245380 HTTP/2.0" 200 25214 "https://vedanthasoftware.com/goods.php?goods/133022043" "Mozilla/5.0 AppleWebKit/537.36 (KHTML, like Gecko; compatible; GPTBot/1.3; +https://openai.com/gptbot)"
74.7.242.1 - - [13/Mar/2026:00:57:04 +0530] "GET /goods.php?detail/078048384641 HTTP/2.0" 200 24040 "https://vedanthasoftware.com/goods.php?detail/145003688300" "Mozilla/5.0 AppleWebKit/537.36 (KHTML, like Gecko; compatible; GPTBot/1.3; +https://openai.com/gptbot)"
74.7.243.201 - - [13/Mar/2026:00:57:04 +0530] "GET /goods.php?goods/236043650 HTTP/2.0" 200 23964 "https://www.vedanthasoftware.com/goods.php?detail/236043564005" "Mozilla/5.0 AppleWebKit/537.36 (KHTML, like Gecko; compatible; GPTBot/1.3; +https://openai.com/gptbot)"
74.7.242.1 - - [13/Mar/2026:00:57:08 +0530] "GET /goods.php?detail/010021225975 HTTP/2.0" 200 24008 "https://vedanthasoftware.com/goods.php?detail/027014824343" "Mozilla/5.0 AppleWebKit/537.36 (KHTML, like Gecko; compatible; GPTBot/1.3; +https://openai.com/gptbot)"
74.7.243.201 - - [13/Mar/2026:00:57:09 +0530] "GET /goods.php?detail/068031670686 HTTP/2.0" 200 24207 "https://www.vedanthasoftware.com/goods.php?detail/236043564005" "Mozilla/5.0 AppleWebKit/537.36 (KHTML, like Gecko; compatible; GPTBot/1.3; +https://openai.com/gptbot)"
74.7.242.1 - - [13/Mar/2026:00:57:13 +0530] "GET /goods.php?detail/186011054191 HTTP/2.0" 200 23869 "https://vedanthasoftware.com/goods.php?goods/099000908" "Mozilla/5.0 AppleWebKit/537.36 (KHTML, like Gecko; compatible; GPTBot/1.3; +https://openai.com/gptbot)"
74.7.243.201 - - [13/Mar/2026:00:57:13 +0530] "GET /goods.php?detail/236047245044 HTTP/2.0" 200 23916 "https://www.vedanthasoftware.com/goods.php?detail/236043564005" "Mozilla/5.0 AppleWebKit/537.36 (KHTML, like Gecko; compatible; GPTBot/1.3; +https://openai.com/gptbot)"
141.98.11.44 - - [13/Mar/2026:00:57:13 +0530] "GET /wp-includes/sodium_compat/src/Core/SecretStream/State.php HTTP/1.1" 200 34 "-" "Mozilla/5.0 (Windows NT 10.0; Win64; x64) AppleWebKit/537.36"
57.141.0.71 - - [13/Mar/2026:00:57:14 +0530] "GET /?e=8864887721500 HTTP/2.0" 200 183473 "-" "meta-externalagent/1.1 (+https://developers.facebook.com/docs/sharing/webmasters/crawler)"
74.7.242.1 - - [13/Mar/2026:00:57:17 +0530] "GET /goods.php?detail/2020177372887 HTTP/2.0" 200 25442 "https://vedanthasoftware.com/goods.php?detail/202038066846" "Mozilla/5.0 AppleWebKit/537.36 (KHTML, like Gecko; compatible; GPTBot/1.3; +https://openai.com/gptbot)"
74.7.243.201 - - [13/Mar/2026:00:57:18 +0530] "GET /goods.php?detail/235022317844 HTTP/2.0" 200 23905 "https://www.vedanthasoftware.com/goods.php?detail/126029027540" "Mozilla/5.0 AppleWebKit/537.36 (KHTML, like Gecko; compatible; GPTBot/1.3; +https://openai.com/gptbot)"
74.7.243.201 - - [13/Mar/2026:00:57:21 +0530] "GET /goods.php?detail/236043652685 HTTP/2.0" 200 23892 "https://www.vedanthasoftware.com/goods.php?detail/236043564005" "Mozilla/5.0 AppleWebKit/537.36 (KHTML, like Gecko; compatible; GPTBot/1.3; +https://openai.com/gptbot)"
209.141.47.233 - - [13/Mar/2026:00:57:21 +0530] "GET /wp-login.php HTTP/1.1" 200 7805 "-" "Mozilla/5.0 (Macintosh; Intel Mac OS X 10_9_2) AppleWebKit/537.36 (KHTML, like Gecko) Chrome/35.0.1916.153 Safari/537.36"
74.7.242.1 - - [13/Mar/2026:00:57:22 +0530] "GET /goods.php?detail/081014941126 HTTP/2.0" 200 24131 "https://vedanthasoftware.com/goods.php?goods/081014941" "Mozilla/5.0 AppleWebKit/537.36 (KHTML, like Gecko; compatible; GPTBot/1.3; +https://openai.com/gptbot)"
209.141.47.233 - - [13/Mar/2026:00:57:23 +0530] "POST /wp-login.php HTTP/1.1" 200 8287 "-" "Mozilla/5.0 (Macintosh; Intel Mac OS X 10_9_2) AppleWebKit/537.36 (KHTML, like Gecko) Chrome/35.0.1916.153 Safari/537.36"
74.7.243.201 - - [13/Mar/2026:00:57:24 +0530] "GET /goods.php?detail/105023710941 HTTP/2.0" 200 23903 "https://www.vedanthasoftware.com/goods.php?detail/105025330101" "Mozilla/5.0 AppleWebKit/537.36 (KHTML, like Gecko; compatible; GPTBot/1.3; +https://openai.com/gptbot)"
57.141.0.11 - - [13/Mar/2026:00:57:25 +0530] "GET /?e=1627647278500 HTTP/2.0" 200 183473 "-" "meta-externalagent/1.1 (+https://developers.facebook.com/docs/sharing/webmasters/crawler)"
74.7.242.1 - - [13/Mar/2026:00:57:27 +0530] "GET /goods.php?detail/176010757218 HTTP/2.0" 200 24030 "https://vedanthasoftware.com/goods.php?goods/176010755" "Mozilla/5.0 AppleWebKit/537.36 (KHTML, like Gecko; compatible; GPTBot/1.3; +https://openai.com/gptbot)"
74.7.243.201 - - [13/Mar/2026:00:57:28 +0530] "GET /goods.php?detail/104043817578 HTTP/2.0" 200 24835 "https://www.vedanthasoftware.com/goods.php?detail/104006372904" "Mozilla/5.0 AppleWebKit/537.36 (KHTML, like Gecko; compatible; GPTBot/1.3; +https://openai.com/gptbot)"
74.7.242.1 - - [13/Mar/2026:00:57:31 +0530] "GET /goods.php?detail/040006301824 HTTP/2.0" 200 24023 "https://vedanthasoftware.com/goods.php?detail/0400272790627" "Mozilla/5.0 AppleWebKit/537.36 (KHTML, like Gecko; compatible; GPTBot/1.3; +https://openai.com/gptbot)"
74.7.243.201 - - [13/Mar/2026:00:57:33 +0530] "GET /goods.php?detail/176044403355 HTTP/2.0" 200 23960 "https://www.vedanthasoftware.com/goods.php?detail/176049552176" "Mozilla/5.0 AppleWebKit/537.36 (KHTML, like Gecko; compatible; GPTBot/1.3; +https://openai.com/gptbot)"
74.7.242.1 - - [13/Mar/2026:00:57:35 +0530] "GET /goods.php?detail/040005397463 HTTP/2.0" 200 25088 "https://vedanthasoftware.com/goods.php?detail/0400272790627" "Mozilla/5.0 AppleWebKit/537.36 (KHTML, like Gecko; compatible; GPTBot/1.3; +https://openai.com/gptbot)"
74.7.243.201 - - [13/Mar/2026:00:57:36 +0530] "GET /goods.php?jp/087042032.html HTTP/2.0" 200 24333 "https://www.vedanthasoftware.com/goods.php?detail/087042029722" "Mozilla/5.0 AppleWebKit/537.36 (KHTML, like Gecko; compatible; GPTBot/1.3; +https://openai.com/gptbot)"
74.7.242.1 - - [13/Mar/2026:00:57:38 +0530] "GET /goods.php?detail/264024790355 HTTP/2.0" 200 24963 "https://vedanthasoftware.com/goods.php?detail/264036374016" "Mozilla/5.0 AppleWebKit/537.36 (KHTML, like Gecko; compatible; GPTBot/1.3; +https://openai.com/gptbot)"
74.7.243.201 - - [13/Mar/2026:00:57:39 +0530] "GET /goods.php?detail/0110123091828 HTTP/2.0" 200 24465 "https://www.vedanthasoftware.com/goods.php?detail/011033362257" "Mozilla/5.0 AppleWebKit/537.36 (KHTML, like Gecko; compatible; GPTBot/1.3; +https://openai.com/gptbot)"
74.7.242.1 - - [13/Mar/2026:00:57:41 +0530] "GET /goods.php?goods/268011372 HTTP/2.0" 200 24444 "https://vedanthasoftware.com/goods.php?detail/282038412741" "Mozilla/5.0 AppleWebKit/537.36 (KHTML, like Gecko; compatible; GPTBot/1.3; +https://openai.com/gptbot)"
74.7.243.201 - - [13/Mar/2026:00:57:42 +0530] "GET /goods.php?detail/282018951321 HTTP/2.0" 200 23945 "https://www.vedanthasoftware.com/goods.php?detail/105025330101" "Mozilla/5.0 AppleWebKit/537.36 (KHTML, like Gecko; compatible; GPTBot/1.3; +https://openai.com/gptbot)"
57.141.0.68 - - [13/Mar/2026:00:57:42 +0530] "GET /?e=07240250358801 HTTP/2.0" 200 183473 "-" "meta-externalagent/1.1 (+https://developers.facebook.com/docs/sharing/webmasters/crawler)"
74.7.242.1 - - [13/Mar/2026:00:57:44 +0530] "GET /goods.php?detail/2820085528427 HTTP/2.0" 200 23726 "https://vedanthasoftware.com/goods.php?detail/282038412741" "Mozilla/5.0 AppleWebKit/537.36 (KHTML, like Gecko; compatible; GPTBot/1.3; +https://openai.com/gptbot)"
74.7.243.201 - - [13/Mar/2026:00:57:46 +0530] "GET /goods.php?detail/029036041776 HTTP/2.0" 200 24049 "https://www.vedanthasoftware.com/goods.php?detail/218006749064" "Mozilla/5.0 AppleWebKit/537.36 (KHTML, like Gecko; compatible; GPTBot/1.3; +https://openai.com/gptbot)"
74.7.242.1 - - [13/Mar/2026:00:57:48 +0530] "GET /goods.php?detail/005043470915 HTTP/2.0" 200 23723 "https://vedanthasoftware.com/goods.php?detail/099012190933" "Mozilla/5.0 AppleWebKit/537.36 (KHTML, like Gecko; compatible; GPTBot/1.3; +https://openai.com/gptbot)"
74.7.243.201 - - [13/Mar/2026:00:57:49 +0530] "GET /goods.php?detail/236043575113 HTTP/2.0" 200 24940 "https://www.vedanthasoftware.com/goods.php?goods/236043650" "Mozilla/5.0 AppleWebKit/537.36 (KHTML, like Gecko; compatible; GPTBot/1.3; +https://openai.com/gptbot)"
57.141.0.9 - - [13/Mar/2026:00:57:49 +0530] "GET /?e=99016227164506 HTTP/2.0" 200 183473 "-" "meta-externalagent/1.1 (+https://developers.facebook.com/docs/sharing/webmasters/crawler)"
74.7.243.201 - - [13/Mar/2026:00:57:52 +0530] "GET /goods.php?detail/283024090166 HTTP/2.0" 200 25028 "https://www.vedanthasoftware.com/goods.php?detail/283012978024" "Mozilla/5.0 AppleWebKit/537.36 (KHTML, like Gecko; compatible; GPTBot/1.3; +https://openai.com/gptbot)"
74.7.242.1 - - [13/Mar/2026:00:57:53 +0530] "GET /goods.php?detail/264028892480 HTTP/2.0" 200 24217 "https://vedanthasoftware.com/goods.php?detail/264005537373" "Mozilla/5.0 AppleWebKit/537.36 (KHTML, like Gecko; compatible; GPTBot/1.3; +https://openai.com/gptbot)"
74.7.243.201 - - [13/Mar/2026:00:57:56 +0530] "GET /goods.php?detail/115021538200 HTTP/2.0" 200 25052 "https://www.vedanthasoftware.com/goods.php?detail/235022317844" "Mozilla/5.0 AppleWebKit/537.36 (KHTML, like Gecko; compatible; GPTBot/1.3; +https://openai.com/gptbot)"
74.7.242.1 - - [13/Mar/2026:00:57:57 +0530] "GET /goods.php?detail/221009828130 HTTP/2.0" 200 23815 "https://vedanthasoftware.com/goods.php?goods/221026529" "Mozilla/5.0 AppleWebKit/537.36 (KHTML, like Gecko; compatible; GPTBot/1.3; +https://openai.com/gptbot)"
74.7.243.201 - - [13/Mar/2026:00:58:00 +0530] "GET /goods.php?detail/078027542026 HTTP/2.0" 200 24524 "https://www.vedanthasoftware.com/goods.php?detail/236043652685" "Mozilla/5.0 AppleWebKit/537.36 (KHTML, like Gecko; compatible; GPTBot/1.3; +https://openai.com/gptbot)"
40.77.167.149 - - [13/Mar/2026:00:58:01 +0530] "GET /?e=80493112809003 HTTP/2.0" 200 33 "-" "Mozilla/5.0 AppleWebKit/537.36 (KHTML, like Gecko; compatible; bingbot/2.0; +http://www.bing.com/bingbot.htm) Chrome/116.0.1938.76 Safari/537.36"
74.7.242.1 - - [13/Mar/2026:00:58:01 +0530] "GET /goods.php?detail/107009300549 HTTP/2.0" 200 24069 "https://vedanthasoftware.com/goods.php?detail/2020177372887" "Mozilla/5.0 AppleWebKit/537.36 (KHTML, like Gecko; compatible; GPTBot/1.3; +https://openai.com/gptbot)"
74.7.243.201 - - [13/Mar/2026:00:58:04 +0530] "GET /goods.php?detail/284044716163 HTTP/2.0" 200 24213 "https://www.vedanthasoftware.com/goods.php?detail/236043652685" "Mozilla/5.0 AppleWebKit/537.36 (KHTML, like Gecko; compatible; GPTBot/1.3; +https://openai.com/gptbot)"
74.7.242.1 - - [13/Mar/2026:00:58:04 +0530] "GET /goods.php?detail/081028928242 HTTP/2.0" 200 24864 "https://vedanthasoftware.com/goods.php?detail/081014941126" "Mozilla/5.0 AppleWebKit/537.36 (KHTML, like Gecko; compatible; GPTBot/1.3; +https://openai.com/gptbot)"
74.7.243.201 - - [13/Mar/2026:00:58:08 +0530] "GET /goods.php?detail/066045450723 HTTP/2.0" 200 24945 "https://www.vedanthasoftware.com/goods.php?detail/104043817578" "Mozilla/5.0 AppleWebKit/537.36 (KHTML, like Gecko; compatible; GPTBot/1.3; +https://openai.com/gptbot)"
74.7.242.1 - - [13/Mar/2026:00:58:08 +0530] "GET /goods.php?detail/0810149408780 HTTP/2.0" 200 24200 "https://vedanthasoftware.com/goods.php?detail/081014941126" "Mozilla/5.0 AppleWebKit/537.36 (KHTML, like Gecko; compatible; GPTBot/1.3; +https://openai.com/gptbot)"
57.141.0.47 - - [13/Mar/2026:00:58:09 +0530] "GET /?e=74545160499804 HTTP/2.0" 200 183473 "-" "meta-externalagent/1.1 (+https://developers.facebook.com/docs/sharing/webmasters/crawler)"
74.7.243.201 - - [13/Mar/2026:00:58:12 +0530] "GET /goods.php?detail/1050060614130 HTTP/2.0" 200 23856 "https://www.vedanthasoftware.com/goods.php?detail/105023710941" "Mozilla/5.0 AppleWebKit/537.36 (KHTML, like Gecko; compatible; GPTBot/1.3; +https://openai.com/gptbot)"
74.7.242.1 - - [13/Mar/2026:00:58:13 +0530] "GET /goods.php?detail/040006877311 HTTP/2.0" 200 25008 "https://vedanthasoftware.com/goods.php?detail/040006301824" "Mozilla/5.0 AppleWebKit/537.36 (KHTML, like Gecko; compatible; GPTBot/1.3; +https://openai.com/gptbot)"
74.7.243.201 - - [13/Mar/2026:00:58:15 +0530] "GET /goods.php?detail/1580058608466 HTTP/2.0" 200 24100 "https://www.vedanthasoftware.com/goods.php?detail/235022317844" "Mozilla/5.0 AppleWebKit/537.36 (KHTML, like Gecko; compatible; GPTBot/1.3; +https://openai.com/gptbot)"
74.7.242.1 - - [13/Mar/2026:00:58:16 +0530] "GET /goods.php?detail/215040769529 HTTP/2.0" 200 24617 "https://vedanthasoftware.com/goods.php?detail/081014941126" "Mozilla/5.0 AppleWebKit/537.36 (KHTML, like Gecko; compatible; GPTBot/1.3; +https://openai.com/gptbot)"
74.7.243.201 - - [13/Mar/2026:00:58:19 +0530] "GET /goods.php?detail/087042030992 HTTP/2.0" 200 23715 "https://www.vedanthasoftware.com/goods.php?jp/087042032.html" "Mozilla/5.0 AppleWebKit/537.36 (KHTML, like Gecko; compatible; GPTBot/1.3; +https://openai.com/gptbot)"
74.7.242.1 - - [13/Mar/2026:00:58:21 +0530] "GET /goods.php?detail/006023624614 HTTP/2.0" 200 24723 "https://vedanthasoftware.com/goods.php?goods/006010599" "Mozilla/5.0 AppleWebKit/537.36 (KHTML, like Gecko; compatible; GPTBot/1.3; +https://openai.com/gptbot)"
74.7.243.201 - - [13/Mar/2026:00:58:24 +0530] "GET /goods.php?detail/0260472547091 HTTP/2.0" 200 24391 "https://www.vedanthasoftware.com/goods.php?detail/026048466966" "Mozilla/5.0 AppleWebKit/537.36 (KHTML, like Gecko; compatible; GPTBot/1.3; +https://openai.com/gptbot)"
74.7.242.1 - - [13/Mar/2026:00:58:24 +0530] "GET /goods.php?detail/268011986780 HTTP/2.0" 200 24699 "https://vedanthasoftware.com/goods.php?goods/268011372" "Mozilla/5.0 AppleWebKit/537.36 (KHTML, like Gecko; compatible; GPTBot/1.3; +https://openai.com/gptbot)"
74.7.242.1 - - [13/Mar/2026:00:58:28 +0530] "GET /goods.php?detail/063000478499 HTTP/2.0" 200 23768 "https://vedanthasoftware.com/goods.php?detail/2820085528427" "Mozilla/5.0 AppleWebKit/537.36 (KHTML, like Gecko; compatible; GPTBot/1.3; +https://openai.com/gptbot)"
74.7.243.201 - - [13/Mar/2026:00:58:28 +0530] "GET /goods.php?detail/2330159766237 HTTP/2.0" 200 24708 "https://www.vedanthasoftware.com/goods.php?detail/2320101598545" "Mozilla/5.0 AppleWebKit/537.36 (KHTML, like Gecko; compatible; GPTBot/1.3; +https://openai.com/gptbot)"
74.7.242.1 - - [13/Mar/2026:00:58:31 +0530] "GET /goods.php?detail/282013837444 HTTP/2.0" 200 23674 "https://vedanthasoftware.com/goods.php?detail/005043470915" "Mozilla/5.0 AppleWebKit/537.36 (KHTML, like Gecko; compatible; GPTBot/1.3; +https://openai.com/gptbot)"
74.7.243.201 - - [13/Mar/2026:00:58:31 +0530] "GET /goods.php?detail/012021397813 HTTP/2.0" 200 23725 "https://www.vedanthasoftware.com/goods.php?detail/236043575113" "Mozilla/5.0 AppleWebKit/537.36 (KHTML, like Gecko; compatible; GPTBot/1.3; +https://openai.com/gptbot)"
114.119.146.223 - - [13/Mar/2026:00:58:31 +0530] "GET /?_o=283013609 HTTP/1.1" 301 5 "https://www.vedanthasoftware.com/sitemap546.xml" "Mozilla/5.0 (Linux; Android 7.0;) AppleWebKit/537.36 (KHTML, like Gecko) Mobile Safari/537.36 (compatible; PetalBot;+https://webmaster.petalsearch.com/site/petalbot)"
74.7.243.201 - - [13/Mar/2026:00:58:35 +0530] "GET /goods.php?detail/283029079303 HTTP/2.0" 200 24048 "https://www.vedanthasoftware.com/goods.php?detail/283024090166" "Mozilla/5.0 AppleWebKit/537.36 (KHTML, like Gecko; compatible; GPTBot/1.3; +https://openai.com/gptbot)"
74.7.242.1 - - [13/Mar/2026:00:58:35 +0530] "GET /goods.php?detail/018008568949 HTTP/2.0" 200 24103 "https://vedanthasoftware.com/goods.php?goods/054011848" "Mozilla/5.0 AppleWebKit/537.36 (KHTML, like Gecko; compatible; GPTBot/1.3; +https://openai.com/gptbot)"
114.119.146.223 - - [13/Mar/2026:00:58:35 +0530] "GET /?_o=283013609 HTTP/1.1" 200 38167 "https://www.vedanthasoftware.com/sitemap546.xml" "Mozilla/5.0 (Linux; Android 7.0;) AppleWebKit/537.36 (KHTML, like Gecko) Mobile Safari/537.36 (compatible; PetalBot;+https://webmaster.petalsearch.com/site/petalbot)"
74.7.242.1 - - [13/Mar/2026:00:58:39 +0530] "GET /goods.php?detail/054029085120 HTTP/2.0" 200 23944 "https://vedanthasoftware.com/goods.php?goods/054011848" "Mozilla/5.0 AppleWebKit/537.36 (KHTML, like Gecko; compatible; GPTBot/1.3; +https://openai.com/gptbot)"
74.7.243.201 - - [13/Mar/2026:00:58:40 +0530] "GET /goods.php?detail/11503697913128 HTTP/2.0" 200 25315 "https://www.vedanthasoftware.com/goods.php?detail/115021538200" "Mozilla/5.0 AppleWebKit/537.36 (KHTML, like Gecko; compatible; GPTBot/1.3; +https://openai.com/gptbot)"
74.7.242.1 - - [13/Mar/2026:00:58:43 +0530] "GET /goods.php?detail/107008830618 HTTP/2.0" 200 23553 "https://vedanthasoftware.com/goods.php?detail/107009300549" "Mozilla/5.0 AppleWebKit/537.36 (KHTML, like Gecko; compatible; GPTBot/1.3; +https://openai.com/gptbot)"
74.7.243.201 - - [13/Mar/2026:00:58:44 +0530] "GET /goods.php?detail/011019135271 HTTP/2.0" 200 23534 "https://www.vedanthasoftware.com/goods.php?detail/078027542026" "Mozilla/5.0 AppleWebKit/537.36 (KHTML, like Gecko; compatible; GPTBot/1.3; +https://openai.com/gptbot)"
74.7.242.1 - - [13/Mar/2026:00:58:48 +0530] "GET /goods.php?detail/0810419508515 HTTP/2.0" 200 23887 "https://vedanthasoftware.com/goods.php?detail/081028928242" "Mozilla/5.0 AppleWebKit/537.36 (KHTML, like Gecko; compatible; GPTBot/1.3; +https://openai.com/gptbot)"
74.7.243.201 - - [13/Mar/2026:00:58:48 +0530] "GET /goods.php?detail/0520124876027 HTTP/2.0" 200 24158 "https://www.vedanthasoftware.com/goods.php?detail/284044716163" "Mozilla/5.0 AppleWebKit/537.36 (KHTML, like Gecko; compatible; GPTBot/1.3; +https://openai.com/gptbot)"
74.7.242.1 - - [13/Mar/2026:00:58:51 +0530] "GET /goods.php?detail/247042305033 HTTP/2.0" 200 23854 "https://vedanthasoftware.com/goods.php?detail/027014824343" "Mozilla/5.0 AppleWebKit/537.36 (KHTML, like Gecko; compatible; GPTBot/1.3; +https://openai.com/gptbot)"
57.141.0.41 - - [13/Mar/2026:00:58:52 +0530] "GET /?e=64404293028900 HTTP/2.0" 200 183473 "-" "meta-externalagent/1.1 (+https://developers.facebook.com/docs/sharing/webmasters/crawler)"
74.7.243.201 - - [13/Mar/2026:00:58:53 +0530] "GET /goods.php?detail/020009272745 HTTP/2.0" 200 25397 "https://www.vedanthasoftware.com/goods.php?detail/284044716163" "Mozilla/5.0 AppleWebKit/537.36 (KHTML, like Gecko; compatible; GPTBot/1.3; +https://openai.com/gptbot)"
74.7.242.1 - - [13/Mar/2026:00:58:56 +0530] "GET /goods.php?detail/207033089333 HTTP/2.0" 200 24082 "https://vedanthasoftware.com/goods.php?detail/040006877311" "Mozilla/5.0 AppleWebKit/537.36 (KHTML, like Gecko; compatible; GPTBot/1.3; +https://openai.com/gptbot)"
74.7.243.201 - - [13/Mar/2026:00:58:56 +0530] "GET /goods.php?detail/105025806510 HTTP/2.0" 200 23790 "https://www.vedanthasoftware.com/goods.php?detail/1050060614130" "Mozilla/5.0 AppleWebKit/537.36 (KHTML, like Gecko; compatible; GPTBot/1.3; +https://openai.com/gptbot)"
74.7.242.1 - - [13/Mar/2026:00:58:59 +0530] "GET /goods.php?detail/180028410893 HTTP/2.0" 200 24448 "https://vedanthasoftware.com/goods.php?detail/0600449065516" "Mozilla/5.0 AppleWebKit/537.36 (KHTML, like Gecko; compatible; GPTBot/1.3; +https://openai.com/gptbot)"
57.141.0.23 - - [13/Mar/2026:00:59:00 +0530] "GET /?e=0982152049806 HTTP/2.0" 200 183473 "-" "meta-externalagent/1.1 (+https://developers.facebook.com/docs/sharing/webmasters/crawler)"
74.7.243.201 - - [13/Mar/2026:00:59:00 +0530] "GET /goods.php?detail/133003020963 HTTP/2.0" 200 23698 "https://www.vedanthasoftware.com/goods.php?detail/1580058608466" "Mozilla/5.0 AppleWebKit/537.36 (KHTML, like Gecko; compatible; GPTBot/1.3; +https://openai.com/gptbot)"
74.7.242.1 - - [13/Mar/2026:00:59:03 +0530] "GET /goods.php?detail/282008553357 HTTP/2.0" 200 23509 "https://vedanthasoftware.com/goods.php?detail/282038412741" "Mozilla/5.0 AppleWebKit/537.36 (KHTML, like Gecko; compatible; GPTBot/1.3; +https://openai.com/gptbot)"
74.7.243.201 - - [13/Mar/2026:00:59:05 +0530] "GET /goods.php?detail/087042010570 HTTP/2.0" 200 23641 "https://www.vedanthasoftware.com/goods.php?detail/087042030992" "Mozilla/5.0 AppleWebKit/537.36 (KHTML, like Gecko; compatible; GPTBot/1.3; +https://openai.com/gptbot)"
74.7.242.1 - - [13/Mar/2026:00:59:07 +0530] "GET /goods.php?detail/268011380893 HTTP/2.0" 200 24376 "https://vedanthasoftware.com/goods.php?detail/268011986780" "Mozilla/5.0 AppleWebKit/537.36 (KHTML, like Gecko; compatible; GPTBot/1.3; +https://openai.com/gptbot)"
74.7.243.201 - - [13/Mar/2026:00:59:08 +0530] "GET /goods.php?detail/096007732973 HTTP/2.0" 200 24039 "https://www.vedanthasoftware.com/goods.php?detail/087042030992" "Mozilla/5.0 AppleWebKit/537.36 (KHTML, like Gecko; compatible; GPTBot/1.3; +https://openai.com/gptbot)"
74.7.242.1 - - [13/Mar/2026:00:59:11 +0530] "GET /goods.php?detail/080029912114 HTTP/2.0" 200 23845 "https://vedanthasoftware.com/goods.php?detail/080033601707" "Mozilla/5.0 AppleWebKit/537.36 (KHTML, like Gecko; compatible; GPTBot/1.3; +https://openai.com/gptbot)"
74.7.243.201 - - [13/Mar/2026:00:59:12 +0530] "GET /goods.php?detail/0060390653655 HTTP/2.0" 200 24395 "https://www.vedanthasoftware.com/goods.php?detail/087042030992" "Mozilla/5.0 AppleWebKit/537.36 (KHTML, like Gecko; compatible; GPTBot/1.3; +https://openai.com/gptbot)"
74.7.242.1 - - [13/Mar/2026:00:59:15 +0530] "GET /goods.php?detail/063022582966 HTTP/2.0" 200 24123 "https://vedanthasoftware.com/goods.php?goods/063035225" "Mozilla/5.0 AppleWebKit/537.36 (KHTML, like Gecko; compatible; GPTBot/1.3; +https://openai.com/gptbot)"
74.7.243.201 - - [13/Mar/2026:00:59:15 +0530] "GET /goods.php?detail/044037263722 HTTP/2.0" 200 24074 "https://www.vedanthasoftware.com/goods.php?detail/066045450723" "Mozilla/5.0 AppleWebKit/537.36 (KHTML, like Gecko; compatible; GPTBot/1.3; +https://openai.com/gptbot)"
74.7.242.1 - - [13/Mar/2026:00:59:19 +0530] "GET /goods.php?detail/252020133800 HTTP/2.0" 200 23943 "https://vedanthasoftware.com/goods.php?detail/018008568949" "Mozilla/5.0 AppleWebKit/537.36 (KHTML, like Gecko; compatible; GPTBot/1.3; +https://openai.com/gptbot)"
74.7.243.201 - - [13/Mar/2026:00:59:20 +0530] "GET /goods.php?detail/283043137834 HTTP/2.0" 200 24609 "https://www.vedanthasoftware.com/goods.php?detail/283029079303" "Mozilla/5.0 AppleWebKit/537.36 (KHTML, like Gecko; compatible; GPTBot/1.3; +https://openai.com/gptbot)"
74.7.242.1 - - [13/Mar/2026:00:59:23 +0530] "GET /goods.php?detail/099006925385 HTTP/2.0" 200 24181 "https://vedanthasoftware.com/goods.php?goods/099000908" "Mozilla/5.0 AppleWebKit/537.36 (KHTML, like Gecko; compatible; GPTBot/1.3; +https://openai.com/gptbot)"
74.7.243.201 - - [13/Mar/2026:00:59:23 +0530] "GET /goods.php?detail/1050177302110 HTTP/2.0" 200 24039 "https://www.vedanthasoftware.com/goods.php?detail/11503697913128" "Mozilla/5.0 AppleWebKit/537.36 (KHTML, like Gecko; compatible; GPTBot/1.3; +https://openai.com/gptbot)"
74.7.242.1 - - [13/Mar/2026:00:59:25 +0530] "GET /goods.php?detail/116021442813 HTTP/2.0" 200 24027 "https://vedanthasoftware.com/goods.php?detail/1160152508251" "Mozilla/5.0 AppleWebKit/537.36 (KHTML, like Gecko; compatible; GPTBot/1.3; +https://openai.com/gptbot)"
57.141.0.30 - - [13/Mar/2026:00:59:26 +0530] "GET /?e=72782182601800 HTTP/2.0" 200 183473 "-" "meta-externalagent/1.1 (+https://developers.facebook.com/docs/sharing/webmasters/crawler)"
74.7.243.201 - - [13/Mar/2026:00:59:26 +0530] "GET /goods.php?detail/233047769160 HTTP/2.0" 200 23847 "https://www.vedanthasoftware.com/goods.php?detail/2330159766237" "Mozilla/5.0 AppleWebKit/537.36 (KHTML, like Gecko; compatible; GPTBot/1.3; +https://openai.com/gptbot)"
