74.7.242.1 - - [13/Mar/2026:00:38:39 +0530] "GET /goods.php?detail/049007487200 HTTP/2.0" 200 23824 "https://vedanthasoftware.com/goods.php?goods/049007484" "Mozilla/5.0 AppleWebKit/537.36 (KHTML, like Gecko; compatible; GPTBot/1.3; +https://openai.com/gptbot)"
57.141.0.7 - - [13/Mar/2026:00:38:40 +0530] "GET /?e=03920201775511 HTTP/2.0" 200 183473 "-" "meta-externalagent/1.1 (+https://developers.facebook.com/docs/sharing/webmasters/crawler)"
74.7.242.1 - - [13/Mar/2026:00:38:43 +0530] "GET /goods.php?detail/087003380638 HTTP/2.0" 200 24612 "https://vedanthasoftware.com/goods.php?detail/120049464680" "Mozilla/5.0 AppleWebKit/537.36 (KHTML, like Gecko; compatible; GPTBot/1.3; +https://openai.com/gptbot)"
57.141.0.35 - - [13/Mar/2026:00:38:44 +0530] "GET /?e=20797120488801 HTTP/2.0" 200 183473 "-" "meta-externalagent/1.1 (+https://developers.facebook.com/docs/sharing/webmasters/crawler)"
74.7.243.201 - - [13/Mar/2026:00:38:45 +0530] "GET /goods.php?detail/144026245264 HTTP/2.0" 200 23949 "https://www.vedanthasoftware.com/goods.php?goods/203042585" "Mozilla/5.0 AppleWebKit/537.36 (KHTML, like Gecko; compatible; GPTBot/1.3; +https://openai.com/gptbot)"
74.7.242.1 - - [13/Mar/2026:00:38:48 +0530] "GET /goods.php?detail/203041959506 HTTP/2.0" 200 24581 "https://vedanthasoftware.com/goods.php?goods/192018280" "Mozilla/5.0 AppleWebKit/537.36 (KHTML, like Gecko; compatible; GPTBot/1.3; +https://openai.com/gptbot)"
74.7.243.201 - - [13/Mar/2026:00:38:48 +0530] "GET /goods.php?detail/177015373013 HTTP/2.0" 200 24230 "https://www.vedanthasoftware.com/goods.php?detail/202017040484" "Mozilla/5.0 AppleWebKit/537.36 (KHTML, like Gecko; compatible; GPTBot/1.3; +https://openai.com/gptbot)"
57.141.0.39 - - [13/Mar/2026:00:38:49 +0530] "GET /?e=08598218136708 HTTP/2.0" 200 183473 "-" "meta-externalagent/1.1 (+https://developers.facebook.com/docs/sharing/webmasters/crawler)"
74.7.243.201 - - [13/Mar/2026:00:38:52 +0530] "GET /goods.php?detail/202034102268 HTTP/2.0" 200 24028 "https://www.vedanthasoftware.com/goods.php?detail/202017041036" "Mozilla/5.0 AppleWebKit/537.36 (KHTML, like Gecko; compatible; GPTBot/1.3; +https://openai.com/gptbot)"
74.7.242.1 - - [13/Mar/2026:00:38:52 +0530] "GET /goods.php?detail/070015068087 HTTP/2.0" 200 23977 "https://vedanthasoftware.com/goods.php?goods/049007484" "Mozilla/5.0 AppleWebKit/537.36 (KHTML, like Gecko; compatible; GPTBot/1.3; +https://openai.com/gptbot)"
74.7.243.201 - - [13/Mar/2026:00:38:55 +0530] "GET /goods.php?detail/2020333792699 HTTP/2.0" 200 24015 "https://www.vedanthasoftware.com/goods.php?detail/202017041036" "Mozilla/5.0 AppleWebKit/537.36 (KHTML, like Gecko; compatible; GPTBot/1.3; +https://openai.com/gptbot)"
74.7.242.1 - - [13/Mar/2026:00:38:56 +0530] "GET /goods.php?detail/028008489249 HTTP/2.0" 200 25318 "https://vedanthasoftware.com/goods.php?goods/220010488" "Mozilla/5.0 AppleWebKit/537.36 (KHTML, like Gecko; compatible; GPTBot/1.3; +https://openai.com/gptbot)"
74.7.243.201 - - [13/Mar/2026:00:38:58 +0530] "GET /goods.php?detail/202027958148 HTTP/2.0" 200 24391 "https://www.vedanthasoftware.com/goods.php?detail/202017040484" "Mozilla/5.0 AppleWebKit/537.36 (KHTML, like Gecko; compatible; GPTBot/1.3; +https://openai.com/gptbot)"
74.7.242.1 - - [13/Mar/2026:00:38:59 +0530] "GET /goods.php?detail/022045354005 HTTP/2.0" 200 24603 "https://vedanthasoftware.com/goods.php?goods/022045354" "Mozilla/5.0 AppleWebKit/537.36 (KHTML, like Gecko; compatible; GPTBot/1.3; +https://openai.com/gptbot)"
74.7.243.201 - - [13/Mar/2026:00:39:02 +0530] "GET /goods.php?detail/223035313733 HTTP/2.0" 200 24595 "https://www.vedanthasoftware.com/goods.php?detail/223035312983" "Mozilla/5.0 AppleWebKit/537.36 (KHTML, like Gecko; compatible; GPTBot/1.3; +https://openai.com/gptbot)"
74.7.242.1 - - [13/Mar/2026:00:39:03 +0530] "GET /goods.php?jp/060015741.html HTTP/2.0" 200 25356 "https://vedanthasoftware.com/goods.php?detail/221001087819" "Mozilla/5.0 AppleWebKit/537.36 (KHTML, like Gecko; compatible; GPTBot/1.3; +https://openai.com/gptbot)"
74.7.243.201 - - [13/Mar/2026:00:39:06 +0530] "GET /goods.php?detail/202033378886 HTTP/2.0" 200 24799 "https://www.vedanthasoftware.com/goods.php?detail/202017041036" "Mozilla/5.0 AppleWebKit/537.36 (KHTML, like Gecko; compatible; GPTBot/1.3; +https://openai.com/gptbot)"
74.7.242.1 - - [13/Mar/2026:00:39:07 +0530] "GET /goods.php?detail/265030379944 HTTP/2.0" 200 24037 "https://vedanthasoftware.com/goods.php?detail/221001087819" "Mozilla/5.0 AppleWebKit/537.36 (KHTML, like Gecko; compatible; GPTBot/1.3; +https://openai.com/gptbot)"
74.7.242.1 - - [13/Mar/2026:00:39:10 +0530] "GET /goods.php?detail/221003362373 HTTP/2.0" 200 23793 "https://vedanthasoftware.com/goods.php?detail/221001087819" "Mozilla/5.0 AppleWebKit/537.36 (KHTML, like Gecko; compatible; GPTBot/1.3; +https://openai.com/gptbot)"
74.7.243.201 - - [13/Mar/2026:00:39:10 +0530] "GET /goods.php?detail/202027956685 HTTP/2.0" 200 24199 "https://www.vedanthasoftware.com/goods.php?detail/202017040484" "Mozilla/5.0 AppleWebKit/537.36 (KHTML, like Gecko; compatible; GPTBot/1.3; +https://openai.com/gptbot)"
74.7.243.201 - - [13/Mar/2026:00:39:13 +0530] "GET /goods.php?detail/180021402174 HTTP/2.0" 200 24098 "https://www.vedanthasoftware.com/goods.php?detail/025015234124" "Mozilla/5.0 AppleWebKit/537.36 (KHTML, like Gecko; compatible; GPTBot/1.3; +https://openai.com/gptbot)"
74.7.242.1 - - [13/Mar/2026:00:39:14 +0530] "GET /goods.php?m24359338124 HTTP/2.0" 200 24031 "https://vedanthasoftware.com/goods.php?detail/039022419228" "Mozilla/5.0 AppleWebKit/537.36 (KHTML, like Gecko; compatible; GPTBot/1.3; +https://openai.com/gptbot)"
74.7.243.201 - - [13/Mar/2026:00:39:16 +0530] "GET /goods.php?detail/144018050091 HTTP/2.0" 200 23783 "https://www.vedanthasoftware.com/goods.php?detail/1440335134342" "Mozilla/5.0 AppleWebKit/537.36 (KHTML, like Gecko; compatible; GPTBot/1.3; +https://openai.com/gptbot)"
74.7.242.1 - - [13/Mar/2026:00:39:17 +0530] "GET /goods.php?detail/295005758859 HTTP/2.0" 200 23776 "https://vedanthasoftware.com/goods.php?goods/155002009" "Mozilla/5.0 AppleWebKit/537.36 (KHTML, like Gecko; compatible; GPTBot/1.3; +https://openai.com/gptbot)"
74.7.243.201 - - [13/Mar/2026:00:39:20 +0530] "GET /goods.php?detail/281001995735 HTTP/2.0" 200 24261 "https://www.vedanthasoftware.com/goods.php?detail/17200593932446" "Mozilla/5.0 AppleWebKit/537.36 (KHTML, like Gecko; compatible; GPTBot/1.3; +https://openai.com/gptbot)"
74.7.242.1 - - [13/Mar/2026:00:39:21 +0530] "GET /goods.php?detail/267023096396 HTTP/2.0" 200 23920 "https://vedanthasoftware.com/goods.php?detail/049007487200" "Mozilla/5.0 AppleWebKit/537.36 (KHTML, like Gecko; compatible; GPTBot/1.3; +https://openai.com/gptbot)"
74.7.243.201 - - [13/Mar/2026:00:39:23 +0530] "GET /goods.php?detail/011044908730 HTTP/2.0" 200 24932 "https://www.vedanthasoftware.com/goods.php?detail/025000732089" "Mozilla/5.0 AppleWebKit/537.36 (KHTML, like Gecko; compatible; GPTBot/1.3; +https://openai.com/gptbot)"
74.7.242.1 - - [13/Mar/2026:00:39:25 +0530] "GET /goods.php?jp/173043618.html HTTP/2.0" 200 24197 "https://vedanthasoftware.com/goods.php?detail/087003380638" "Mozilla/5.0 AppleWebKit/537.36 (KHTML, like Gecko; compatible; GPTBot/1.3; +https://openai.com/gptbot)"
74.7.243.201 - - [13/Mar/2026:00:39:26 +0530] "GET /goods.php?detail/203042585092 HTTP/2.0" 200 23659 "https://www.vedanthasoftware.com/goods.php?goods/203042585" "Mozilla/5.0 AppleWebKit/537.36 (KHTML, like Gecko; compatible; GPTBot/1.3; +https://openai.com/gptbot)"
74.7.242.1 - - [13/Mar/2026:00:39:28 +0530] "GET /goods.php?detail/203037759778 HTTP/2.0" 200 24877 "https://vedanthasoftware.com/goods.php?detail/203041959506" "Mozilla/5.0 AppleWebKit/537.36 (KHTML, like Gecko; compatible; GPTBot/1.3; +https://openai.com/gptbot)"
74.7.243.201 - - [13/Mar/2026:00:39:29 +0530] "GET /goods.php?detail/144026252337 HTTP/2.0" 200 24423 "https://www.vedanthasoftware.com/goods.php?detail/144026245264" "Mozilla/5.0 AppleWebKit/537.36 (KHTML, like Gecko; compatible; GPTBot/1.3; +https://openai.com/gptbot)"
74.7.242.1 - - [13/Mar/2026:00:39:31 +0530] "GET /goods.php?jp/070015068.html HTTP/2.0" 200 23853 "https://vedanthasoftware.com/goods.php?detail/070015068087" "Mozilla/5.0 AppleWebKit/537.36 (KHTML, like Gecko; compatible; GPTBot/1.3; +https://openai.com/gptbot)"
74.7.243.201 - - [13/Mar/2026:00:39:33 +0530] "GET /goods.php?detail/025039087159 HTTP/2.0" 200 24316 "https://www.vedanthasoftware.com/goods.php?detail/025015234124" "Mozilla/5.0 AppleWebKit/537.36 (KHTML, like Gecko; compatible; GPTBot/1.3; +https://openai.com/gptbot)"
74.7.242.1 - - [13/Mar/2026:00:39:35 +0530] "GET /goods.php?detail/020030620822 HTTP/2.0" 200 23718 "https://vedanthasoftware.com/goods.php?detail/028008489249" "Mozilla/5.0 AppleWebKit/537.36 (KHTML, like Gecko; compatible; GPTBot/1.3; +https://openai.com/gptbot)"
74.7.243.201 - - [13/Mar/2026:00:39:36 +0530] "GET /goods.php?detail/139000827981 HTTP/2.0" 200 23687 "https://www.vedanthasoftware.com/goods.php?detail/202027958148" "Mozilla/5.0 AppleWebKit/537.36 (KHTML, like Gecko; compatible; GPTBot/1.3; +https://openai.com/gptbot)"
74.7.243.201 - - [13/Mar/2026:00:39:39 +0530] "GET /goods.php?detail/2840286311786 HTTP/2.0" 200 23662 "https://www.vedanthasoftware.com/goods.php?detail/202017041036" "Mozilla/5.0 AppleWebKit/537.36 (KHTML, like Gecko; compatible; GPTBot/1.3; +https://openai.com/gptbot)"
74.7.242.1 - - [13/Mar/2026:00:39:39 +0530] "GET /goods.php?goods/022011678 HTTP/2.0" 200 24397 "https://vedanthasoftware.com/goods.php?detail/022045354005" "Mozilla/5.0 AppleWebKit/537.36 (KHTML, like Gecko; compatible; GPTBot/1.3; +https://openai.com/gptbot)"
74.7.243.201 - - [13/Mar/2026:00:39:42 +0530] "GET /goods.php?detail/288046724204 HTTP/2.0" 200 24331 "https://www.vedanthasoftware.com/goods.php?detail/202033378886" "Mozilla/5.0 AppleWebKit/537.36 (KHTML, like Gecko; compatible; GPTBot/1.3; +https://openai.com/gptbot)"
74.7.242.1 - - [13/Mar/2026:00:39:44 +0530] "GET /goods.php?detail/060040075008 HTTP/2.0" 200 24142 "https://vedanthasoftware.com/goods.php?jp/060015741.html" "Mozilla/5.0 AppleWebKit/537.36 (KHTML, like Gecko; compatible; GPTBot/1.3; +https://openai.com/gptbot)"
74.7.243.201 - - [13/Mar/2026:00:39:45 +0530] "GET /goods.php?detail/135024756565 HTTP/2.0" 200 24053 "https://www.vedanthasoftware.com/goods.php?detail/144026245264" "Mozilla/5.0 AppleWebKit/537.36 (KHTML, like Gecko; compatible; GPTBot/1.3; +https://openai.com/gptbot)"
74.7.242.1 - - [13/Mar/2026:00:39:48 +0530] "GET /goods.php?detail/114033006804 HTTP/2.0" 200 24375 "https://vedanthasoftware.com/goods.php?goods/114012818" "Mozilla/5.0 AppleWebKit/537.36 (KHTML, like Gecko; compatible; GPTBot/1.3; +https://openai.com/gptbot)"
74.7.243.201 - - [13/Mar/2026:00:39:48 +0530] "GET /goods.php?detail/2870028002729 HTTP/2.0" 200 24354 "https://www.vedanthasoftware.com/goods.php?detail/010020799807" "Mozilla/5.0 AppleWebKit/537.36 (KHTML, like Gecko; compatible; GPTBot/1.3; +https://openai.com/gptbot)"
74.7.243.201 - - [13/Mar/2026:00:39:52 +0530] "GET /goods.php?detail/144027170161 HTTP/2.0" 200 23918 "https://www.vedanthasoftware.com/goods.php?detail/144018050091" "Mozilla/5.0 AppleWebKit/537.36 (KHTML, like Gecko; compatible; GPTBot/1.3; +https://openai.com/gptbot)"
74.7.242.1 - - [13/Mar/2026:00:39:52 +0530] "GET /goods.php?detail/056040302664 HTTP/2.0" 200 23855 "https://vedanthasoftware.com/goods.php?detail/255024024290" "Mozilla/5.0 AppleWebKit/537.36 (KHTML, like Gecko; compatible; GPTBot/1.3; +https://openai.com/gptbot)"
74.7.243.201 - - [13/Mar/2026:00:39:56 +0530] "GET /goods.php?detail/0090205536020 HTTP/2.0" 200 24814 "https://www.vedanthasoftware.com/goods.php?detail/097006997930" "Mozilla/5.0 AppleWebKit/537.36 (KHTML, like Gecko; compatible; GPTBot/1.3; +https://openai.com/gptbot)"
57.141.0.17 - - [13/Mar/2026:00:39:57 +0530] "GET /?e=081713594902 HTTP/2.0" 200 183473 "-" "meta-externalagent/1.1 (+https://developers.facebook.com/docs/sharing/webmasters/crawler)"
74.7.242.1 - - [13/Mar/2026:00:39:57 +0530] "GET /goods.php?detail/229004878202 HTTP/2.0" 200 24143 "https://vedanthasoftware.com/goods.php?detail/018014883941" "Mozilla/5.0 AppleWebKit/537.36 (KHTML, like Gecko; compatible; GPTBot/1.3; +https://openai.com/gptbot)"
74.7.243.201 - - [13/Mar/2026:00:39:59 +0530] "GET /goods.php?detail/011009896542 HTTP/2.0" 200 24282 "https://www.vedanthasoftware.com/goods.php?detail/011044908730" "Mozilla/5.0 AppleWebKit/537.36 (KHTML, like Gecko; compatible; GPTBot/1.3; +https://openai.com/gptbot)"
74.7.242.1 - - [13/Mar/2026:00:40:00 +0530] "GET /goods.php?detail/042046970204 HTTP/2.0" 200 24787 "https://vedanthasoftware.com/goods.php?detail/295005758859" "Mozilla/5.0 AppleWebKit/537.36 (KHTML, like Gecko; compatible; GPTBot/1.3; +https://openai.com/gptbot)"
74.7.243.201 - - [13/Mar/2026:00:40:03 +0530] "GET /goods.php?detail/2020292066725 HTTP/2.0" 200 25139 "https://www.vedanthasoftware.com/goods.php?detail/197041877387" "Mozilla/5.0 AppleWebKit/537.36 (KHTML, like Gecko; compatible; GPTBot/1.3; +https://openai.com/gptbot)"
74.7.242.1 - - [13/Mar/2026:00:40:05 +0530] "GET /goods.php?detail/023004204630 HTTP/2.0" 200 24650 "https://vedanthasoftware.com/goods.php?detail/267023096396" "Mozilla/5.0 AppleWebKit/537.36 (KHTML, like Gecko; compatible; GPTBot/1.3; +https://openai.com/gptbot)"
114.119.147.45 - - [13/Mar/2026:00:40:05 +0530] "GET /?_p=045037551 HTTP/1.1" 301 5 "https://www.vedanthasoftware.com/sitemap546.xml" "Mozilla/5.0 (Linux; Android 7.0;) AppleWebKit/537.36 (KHTML, like Gecko) Mobile Safari/537.36 (compatible; PetalBot;+https://webmaster.petalsearch.com/site/petalbot)"
74.7.243.201 - - [13/Mar/2026:00:40:07 +0530] "GET /goods.php?detail/144026251155 HTTP/2.0" 200 24945 "https://www.vedanthasoftware.com/goods.php?detail/144026252337" "Mozilla/5.0 AppleWebKit/537.36 (KHTML, like Gecko; compatible; GPTBot/1.3; +https://openai.com/gptbot)"
74.7.242.1 - - [13/Mar/2026:00:40:08 +0530] "GET /goods.php?detail/149044797574 HTTP/2.0" 200 23922 "https://vedanthasoftware.com/goods.php?goods/113030228" "Mozilla/5.0 AppleWebKit/537.36 (KHTML, like Gecko; compatible; GPTBot/1.3; +https://openai.com/gptbot)"
74.7.243.201 - - [13/Mar/2026:00:40:12 +0530] "GET /goods.php?detail/0320322942300 HTTP/2.0" 200 24892 "https://www.vedanthasoftware.com/goods.php?detail/032015332857" "Mozilla/5.0 AppleWebKit/537.36 (KHTML, like Gecko; compatible; GPTBot/1.3; +https://openai.com/gptbot)"
114.119.147.45 - - [13/Mar/2026:00:40:13 +0530] "GET /?_p=045037551 HTTP/1.1" 200 38163 "https://www.vedanthasoftware.com/sitemap546.xml" "Mozilla/5.0 (Linux; Android 7.0;) AppleWebKit/537.36 (KHTML, like Gecko) Mobile Safari/537.36 (compatible; PetalBot;+https://webmaster.petalsearch.com/site/petalbot)"
74.7.242.1 - - [13/Mar/2026:00:40:13 +0530] "GET /goods.php?detail/1520202108814 HTTP/2.0" 200 24118 "https://vedanthasoftware.com/goods.php?detail/203037759778" "Mozilla/5.0 AppleWebKit/537.36 (KHTML, like Gecko; compatible; GPTBot/1.3; +https://openai.com/gptbot)"
57.141.0.68 - - [13/Mar/2026:00:40:14 +0530] "GET /?e=74019108294007 HTTP/2.0" 200 183473 "-" "meta-externalagent/1.1 (+https://developers.facebook.com/docs/sharing/webmasters/crawler)"
74.7.243.201 - - [13/Mar/2026:00:40:16 +0530] "GET /goods.php?detail/1630133012401 HTTP/2.0" 200 23882 "https://www.vedanthasoftware.com/goods.php?detail/298003701301" "Mozilla/5.0 AppleWebKit/537.36 (KHTML, like Gecko; compatible; GPTBot/1.3; +https://openai.com/gptbot)"
74.7.242.1 - - [13/Mar/2026:00:40:17 +0530] "GET /goods.php?detail/20302641722938 HTTP/2.0" 200 24286 "https://vedanthasoftware.com/goods.php?detail/203037759778" "Mozilla/5.0 AppleWebKit/537.36 (KHTML, like Gecko; compatible; GPTBot/1.3; +https://openai.com/gptbot)"
74.7.243.201 - - [13/Mar/2026:00:40:19 +0530] "GET /goods.php?detail/1050209090065 HTTP/2.0" 200 23938 "https://www.vedanthasoftware.com/goods.php?detail/1050107540660" "Mozilla/5.0 AppleWebKit/537.36 (KHTML, like Gecko; compatible; GPTBot/1.3; +https://openai.com/gptbot)"
74.7.242.1 - - [13/Mar/2026:00:40:20 +0530] "GET /goods.php?detail/070018154207 HTTP/2.0" 200 24112 "https://vedanthasoftware.com/goods.php?jp/070015068.html" "Mozilla/5.0 AppleWebKit/537.36 (KHTML, like Gecko; compatible; GPTBot/1.3; +https://openai.com/gptbot)"
74.7.243.201 - - [13/Mar/2026:00:40:22 +0530] "GET /goods.php?detail/288019972388 HTTP/2.0" 200 24654 "https://www.vedanthasoftware.com/goods.php?detail/288046724204" "Mozilla/5.0 AppleWebKit/537.36 (KHTML, like Gecko; compatible; GPTBot/1.3; +https://openai.com/gptbot)"
74.7.242.1 - - [13/Mar/2026:00:40:24 +0530] "GET /goods.php?detail/0220052292686 HTTP/2.0" 200 24539 "https://vedanthasoftware.com/goods.php?goods/022011678" "Mozilla/5.0 AppleWebKit/537.36 (KHTML, like Gecko; compatible; GPTBot/1.3; +https://openai.com/gptbot)"
74.7.243.201 - - [13/Mar/2026:00:40:25 +0530] "GET /goods.php?detail/0820056620025 HTTP/2.0" 200 24376 "https://www.vedanthasoftware.com/goods.php?detail/114006402114" "Mozilla/5.0 AppleWebKit/537.36 (KHTML, like Gecko; compatible; GPTBot/1.3; +https://openai.com/gptbot)"
57.141.0.38 - - [13/Mar/2026:00:40:25 +0530] "GET /?e=98797260399404 HTTP/2.0" 200 183473 "-" "meta-externalagent/1.1 (+https://developers.facebook.com/docs/sharing/webmasters/crawler)"
74.7.242.1 - - [13/Mar/2026:00:40:29 +0530] "GET /goods.php?detail/060030130224 HTTP/2.0" 200 24521 "https://vedanthasoftware.com/goods.php?detail/060040075008" "Mozilla/5.0 AppleWebKit/537.36 (KHTML, like Gecko; compatible; GPTBot/1.3; +https://openai.com/gptbot)"
74.7.243.201 - - [13/Mar/2026:00:40:29 +0530] "GET /goods.php?detail/1010117415579 HTTP/2.0" 200 23590 "https://www.vedanthasoftware.com/goods.php?detail/101012747764" "Mozilla/5.0 AppleWebKit/537.36 (KHTML, like Gecko; compatible; GPTBot/1.3; +https://openai.com/gptbot)"
74.7.243.201 - - [13/Mar/2026:00:40:32 +0530] "GET /goods.php?detail/004031890459 HTTP/2.0" 200 24484 "https://www.vedanthasoftware.com/goods.php?detail/144027170161" "Mozilla/5.0 AppleWebKit/537.36 (KHTML, like Gecko; compatible; GPTBot/1.3; +https://openai.com/gptbot)"
74.7.242.1 - - [13/Mar/2026:00:40:32 +0530] "GET /goods.php?detail/220010488250 HTTP/2.0" 200 23703 "https://vedanthasoftware.com/goods.php?goods/220010488" "Mozilla/5.0 AppleWebKit/537.36 (KHTML, like Gecko; compatible; GPTBot/1.3; +https://openai.com/gptbot)"
72.167.150.128 - - [13/Mar/2026:00:40:32 +0530] "GET /wp-login.php HTTP/2.0" 200 2426 "-" "Mozilla/5.0 (Macintosh; Intel Mac OS X 10_13_4) AppleWebKit/537.36 (KHTML, like Gecko) Chrome/66.0.3359.117 Safari/537.36"
51.195.244.179 - - [13/Mar/2026:00:40:33 +0530] "GET /2025/ HTTP/2.0" 200 32178 "-" "Mozilla/5.0 (compatible; AhrefsBot/7.0; +http://ahrefs.com/robot/)"
74.7.243.201 - - [13/Mar/2026:00:40:36 +0530] "GET /goods.php?detail/0030034432318 HTTP/2.0" 200 24073 "https://www.vedanthasoftware.com/goods.php?detail/003021740478" "Mozilla/5.0 AppleWebKit/537.36 (KHTML, like Gecko; compatible; GPTBot/1.3; +https://openai.com/gptbot)"
74.7.242.1 - - [13/Mar/2026:00:40:36 +0530] "GET /goods.php?jp/056034472.html HTTP/2.0" 200 23998 "https://vedanthasoftware.com/goods.php?detail/056040302664" "Mozilla/5.0 AppleWebKit/537.36 (KHTML, like Gecko; compatible; GPTBot/1.3; +https://openai.com/gptbot)"
57.141.0.41 - - [13/Mar/2026:00:40:37 +0530] "GET /?e=3629025332402 HTTP/2.0" 200 183473 "-" "meta-externalagent/1.1 (+https://developers.facebook.com/docs/sharing/webmasters/crawler)"
74.7.243.201 - - [13/Mar/2026:00:40:39 +0530] "GET /goods.php?detail/0110191673018 HTTP/2.0" 200 24729 "https://www.vedanthasoftware.com/goods.php?detail/011009896542" "Mozilla/5.0 AppleWebKit/537.36 (KHTML, like Gecko; compatible; GPTBot/1.3; +https://openai.com/gptbot)"
72.167.150.128 - - [13/Mar/2026:00:40:40 +0530] "POST /wp-login.php HTTP/2.0" 200 2611 "https://vedanthasoftware.com/wp-login.php" "Mozilla/5.0 (Macintosh; Intel Mac OS X 10_13_4) AppleWebKit/537.36 (KHTML, like Gecko) Chrome/66.0.3359.117 Safari/537.36"
74.7.242.1 - - [13/Mar/2026:00:40:40 +0530] "GET /goods.php?detail/025011203209 HTTP/2.0" 200 25055 "https://vedanthasoftware.com/goods.php?detail/229004878202" "Mozilla/5.0 AppleWebKit/537.36 (KHTML, like Gecko; compatible; GPTBot/1.3; +https://openai.com/gptbot)"
74.7.243.201 - - [13/Mar/2026:00:40:42 +0530] "GET /goods.php?detail/202046460075 HTTP/2.0" 200 24344 "https://www.vedanthasoftware.com/goods.php?detail/2020292066725" "Mozilla/5.0 AppleWebKit/537.36 (KHTML, like Gecko; compatible; GPTBot/1.3; +https://openai.com/gptbot)"
74.7.242.1 - - [13/Mar/2026:00:40:44 +0530] "GET /goods.php?detail/122049802240 HTTP/2.0" 200 23936 "https://vedanthasoftware.com/goods.php?detail/056040302664" "Mozilla/5.0 AppleWebKit/537.36 (KHTML, like Gecko; compatible; GPTBot/1.3; +https://openai.com/gptbot)"
74.7.243.201 - - [13/Mar/2026:00:40:46 +0530] "GET /goods.php?detail/202046461726 HTTP/2.0" 200 24491 "https://www.vedanthasoftware.com/goods.php?detail/2020292066725" "Mozilla/5.0 AppleWebKit/537.36 (KHTML, like Gecko; compatible; GPTBot/1.3; +https://openai.com/gptbot)"
74.7.242.1 - - [13/Mar/2026:00:40:48 +0530] "GET /goods.php?detail/023030658205 HTTP/2.0" 200 24394 "https://vedanthasoftware.com/goods.php?detail/023004204630" "Mozilla/5.0 AppleWebKit/537.36 (KHTML, like Gecko; compatible; GPTBot/1.3; +https://openai.com/gptbot)"
74.7.243.201 - - [13/Mar/2026:00:40:50 +0530] "GET /goods.php?detail/2600355625566 HTTP/2.0" 200 25170 "https://www.vedanthasoftware.com/goods.php?detail/260027461211" "Mozilla/5.0 AppleWebKit/537.36 (KHTML, like Gecko; compatible; GPTBot/1.3; +https://openai.com/gptbot)"
74.7.242.1 - - [13/Mar/2026:00:40:52 +0530] "GET /goods.php?detail/090017861880 HTTP/2.0" 200 24333 "https://vedanthasoftware.com/goods.php?goods/181021351" "Mozilla/5.0 AppleWebKit/537.36 (KHTML, like Gecko; compatible; GPTBot/1.3; +https://openai.com/gptbot)"
74.7.243.201 - - [13/Mar/2026:00:40:53 +0530] "GET /goods.php?detail/163039716299 HTTP/2.0" 200 24666 "https://www.vedanthasoftware.com/goods.php?detail/1630133012401" "Mozilla/5.0 AppleWebKit/537.36 (KHTML, like Gecko; compatible; GPTBot/1.3; +https://openai.com/gptbot)"
74.7.242.1 - - [13/Mar/2026:00:40:55 +0530] "GET /goods.php?detail/211016873680 HTTP/2.0" 200 24427 "https://vedanthasoftware.com/goods.php?goods/211038823" "Mozilla/5.0 AppleWebKit/537.36 (KHTML, like Gecko; compatible; GPTBot/1.3; +https://openai.com/gptbot)"
74.7.243.201 - - [13/Mar/2026:00:40:56 +0530] "GET /goods.php?detail/1050107509655 HTTP/2.0" 200 24073 "https://www.vedanthasoftware.com/goods.php?detail/1050209090065" "Mozilla/5.0 AppleWebKit/537.36 (KHTML, like Gecko; compatible; GPTBot/1.3; +https://openai.com/gptbot)"
74.7.242.1 - - [13/Mar/2026:00:40:59 +0530] "GET /goods.php?detail/203037404031 HTTP/2.0" 200 24726 "https://vedanthasoftware.com/goods.php?detail/20302641722938" "Mozilla/5.0 AppleWebKit/537.36 (KHTML, like Gecko; compatible; GPTBot/1.3; +https://openai.com/gptbot)"
74.7.243.201 - - [13/Mar/2026:00:41:00 +0530] "GET /goods.php?detail/0640440471003 HTTP/2.0" 200 24802 "https://www.vedanthasoftware.com/goods.php?detail/267016659511" "Mozilla/5.0 AppleWebKit/537.36 (KHTML, like Gecko; compatible; GPTBot/1.3; +https://openai.com/gptbot)"
74.7.242.1 - - [13/Mar/2026:00:41:03 +0530] "GET /goods.php?detail/061018806427 HTTP/2.0" 200 24524 "https://vedanthasoftware.com/goods.php?detail/208000755303" "Mozilla/5.0 AppleWebKit/537.36 (KHTML, like Gecko; compatible; GPTBot/1.3; +https://openai.com/gptbot)"
74.7.243.201 - - [13/Mar/2026:00:41:04 +0530] "GET /goods.php?detail/0770403470469 HTTP/2.0" 200 24241 "https://www.vedanthasoftware.com/goods.php?jp/281004032.html" "Mozilla/5.0 AppleWebKit/537.36 (KHTML, like Gecko; compatible; GPTBot/1.3; +https://openai.com/gptbot)"
74.7.242.1 - - [13/Mar/2026:00:41:07 +0530] "GET /goods.php?detail/288021029411 HTTP/2.0" 200 23752 "https://vedanthasoftware.com/goods.php?detail/0220052292686" "Mozilla/5.0 AppleWebKit/537.36 (KHTML, like Gecko; compatible; GPTBot/1.3; +https://openai.com/gptbot)"
74.7.243.201 - - [13/Mar/2026:00:41:08 +0530] "GET /goods.php?detail/0600303064102 HTTP/2.0" 200 24347 "https://www.vedanthasoftware.com/goods.php?detail/060047210779" "Mozilla/5.0 AppleWebKit/537.36 (KHTML, like Gecko; compatible; GPTBot/1.3; +https://openai.com/gptbot)"
74.7.242.1 - - [13/Mar/2026:00:41:10 +0530] "GET /goods.php?detail/060044910108 HTTP/2.0" 200 24039 "https://vedanthasoftware.com/goods.php?detail/060030130224" "Mozilla/5.0 AppleWebKit/537.36 (KHTML, like Gecko; compatible; GPTBot/1.3; +https://openai.com/gptbot)"
74.7.243.201 - - [13/Mar/2026:00:41:11 +0530] "GET /goods.php?detail/0040140661726 HTTP/2.0" 200 24581 "https://www.vedanthasoftware.com/goods.php?detail/004031890459" "Mozilla/5.0 AppleWebKit/537.36 (KHTML, like Gecko; compatible; GPTBot/1.3; +https://openai.com/gptbot)"
74.7.242.1 - - [13/Mar/2026:00:41:14 +0530] "GET /goods.php?detail/179023890719 HTTP/2.0" 200 24599 "https://vedanthasoftware.com/goods.php?jp/173043618.html" "Mozilla/5.0 AppleWebKit/537.36 (KHTML, like Gecko; compatible; GPTBot/1.3; +https://openai.com/gptbot)"
74.7.243.201 - - [13/Mar/2026:00:41:14 +0530] "GET /goods.php?detail/059008861388 HTTP/2.0" 200 24440 "https://www.vedanthasoftware.com/goods.php?detail/0030034432318" "Mozilla/5.0 AppleWebKit/537.36 (KHTML, like Gecko; compatible; GPTBot/1.3; +https://openai.com/gptbot)"
74.7.243.201 - - [13/Mar/2026:00:41:18 +0530] "GET /goods.php?detail/011019908480 HTTP/2.0" 200 24137 "https://www.vedanthasoftware.com/goods.php?detail/0110191673018" "Mozilla/5.0 AppleWebKit/537.36 (KHTML, like Gecko; compatible; GPTBot/1.3; +https://openai.com/gptbot)"
74.7.242.1 - - [13/Mar/2026:00:41:19 +0530] "GET /goods.php?goods/086017461 HTTP/2.0" 200 25265 "https://vedanthasoftware.com/goods.php?jp/056034472.html" "Mozilla/5.0 AppleWebKit/537.36 (KHTML, like Gecko; compatible; GPTBot/1.3; +https://openai.com/gptbot)"
74.7.243.201 - - [13/Mar/2026:00:41:21 +0530] "GET /goods.php?detail/202029879340 HTTP/2.0" 200 24230 "https://www.vedanthasoftware.com/goods.php?detail/202046460075" "Mozilla/5.0 AppleWebKit/537.36 (KHTML, like Gecko; compatible; GPTBot/1.3; +https://openai.com/gptbot)"
74.7.242.1 - - [13/Mar/2026:00:41:22 +0530] "GET /goods.php?detail/056040303103 HTTP/2.0" 200 24203 "https://vedanthasoftware.com/goods.php?jp/056034472.html" "Mozilla/5.0 AppleWebKit/537.36 (KHTML, like Gecko; compatible; GPTBot/1.3; +https://openai.com/gptbot)"
74.7.243.201 - - [13/Mar/2026:00:41:26 +0530] "GET /goods.php?detail/202002114753 HTTP/2.0" 200 23929 "https://www.vedanthasoftware.com/goods.php?detail/202046461726" "Mozilla/5.0 AppleWebKit/537.36 (KHTML, like Gecko; compatible; GPTBot/1.3; +https://openai.com/gptbot)"
74.7.242.1 - - [13/Mar/2026:00:41:26 +0530] "GET /goods.php?detail/175037230310 HTTP/2.0" 200 24401 "https://vedanthasoftware.com/goods.php?detail/025011203209" "Mozilla/5.0 AppleWebKit/537.36 (KHTML, like Gecko; compatible; GPTBot/1.3; +https://openai.com/gptbot)"
74.7.243.201 - - [13/Mar/2026:00:41:29 +0530] "GET /goods.php?detail/260038389563 HTTP/2.0" 200 25075 "https://www.vedanthasoftware.com/goods.php?detail/2600355625566" "Mozilla/5.0 AppleWebKit/537.36 (KHTML, like Gecko; compatible; GPTBot/1.3; +https://openai.com/gptbot)"
74.7.242.1 - - [13/Mar/2026:00:41:29 +0530] "GET /goods.php?detail/034045134511 HTTP/2.0" 200 23925 "https://vedanthasoftware.com/goods.php?detail/023030658205" "Mozilla/5.0 AppleWebKit/537.36 (KHTML, like Gecko; compatible; GPTBot/1.3; +https://openai.com/gptbot)"
57.141.0.19 - - [13/Mar/2026:00:41:30 +0530] "GET /?e=51376241971802 HTTP/2.0" 200 183473 "-" "meta-externalagent/1.1 (+https://developers.facebook.com/docs/sharing/webmasters/crawler)"
74.7.243.201 - - [13/Mar/2026:00:41:32 +0530] "GET /goods.php?detail/102001406257 HTTP/2.0" 200 24828 "https://www.vedanthasoftware.com/goods.php?detail/163039716299" "Mozilla/5.0 AppleWebKit/537.36 (KHTML, like Gecko; compatible; GPTBot/1.3; +https://openai.com/gptbot)"
74.7.242.1 - - [13/Mar/2026:00:41:33 +0530] "GET /goods.php?jp/090041093.html HTTP/2.0" 200 25807 "https://vedanthasoftware.com/goods.php?detail/090017861880" "Mozilla/5.0 AppleWebKit/537.36 (KHTML, like Gecko; compatible; GPTBot/1.3; +https://openai.com/gptbot)"
74.7.243.201 - - [13/Mar/2026:00:41:35 +0530] "GET /goods.php?m32120316067 HTTP/2.0" 200 24115 "https://www.vedanthasoftware.com/goods.php?detail/1050107509655" "Mozilla/5.0 AppleWebKit/537.36 (KHTML, like Gecko; compatible; GPTBot/1.3; +https://openai.com/gptbot)"
74.7.242.1 - - [13/Mar/2026:00:41:36 +0530] "GET /goods.php?jp/021039563.html HTTP/2.0" 200 24300 "https://vedanthasoftware.com/goods.php?detail/211016873680" "Mozilla/5.0 AppleWebKit/537.36 (KHTML, like Gecko; compatible; GPTBot/1.3; +https://openai.com/gptbot)"
114.119.153.137 - - [13/Mar/2026:00:41:36 +0530] "GET /?_p=037029989 HTTP/1.1" 301 5 "https://www.vedanthasoftware.com/sitemap546.xml" "Mozilla/5.0 (Linux; Android 7.0;) AppleWebKit/537.36 (KHTML, like Gecko) Mobile Safari/537.36 (compatible; PetalBot;+https://webmaster.petalsearch.com/site/petalbot)"
57.141.0.53 - - [13/Mar/2026:00:41:37 +0530] "GET /?e=69303258062702 HTTP/2.0" 200 183473 "-" "meta-externalagent/1.1 (+https://developers.facebook.com/docs/sharing/webmasters/crawler)"
74.7.243.201 - - [13/Mar/2026:00:41:39 +0530] "GET /goods.php?detail/069047092974 HTTP/2.0" 200 24036 "https://www.vedanthasoftware.com/goods.php?detail/0640440471003" "Mozilla/5.0 AppleWebKit/537.36 (KHTML, like Gecko; compatible; GPTBot/1.3; +https://openai.com/gptbot)"
114.119.153.137 - - [13/Mar/2026:00:41:40 +0530] "GET /?_p=037029989 HTTP/1.1" 200 38167 "https://www.vedanthasoftware.com/sitemap546.xml" "Mozilla/5.0 (Linux; Android 7.0;) AppleWebKit/537.36 (KHTML, like Gecko) Mobile Safari/537.36 (compatible; PetalBot;+https://webmaster.petalsearch.com/site/petalbot)"
74.7.242.1 - - [13/Mar/2026:00:41:40 +0530] "GET /goods.php?detail/065015858712 HTTP/2.0" 200 23608 "https://vedanthasoftware.com/goods.php?goods/136020130" "Mozilla/5.0 AppleWebKit/537.36 (KHTML, like Gecko; compatible; GPTBot/1.3; +https://openai.com/gptbot)"
57.141.0.57 - - [13/Mar/2026:00:41:41 +0530] "GET /?e=03209294209100 HTTP/2.0" 200 183473 "-" "meta-externalagent/1.1 (+https://developers.facebook.com/docs/sharing/webmasters/crawler)"
74.7.243.201 - - [13/Mar/2026:00:41:43 +0530] "GET /goods.php?detail/154036341045 HTTP/2.0" 200 24162 "https://www.vedanthasoftware.com/goods.php?detail/0770403470469" "Mozilla/5.0 AppleWebKit/537.36 (KHTML, like Gecko; compatible; GPTBot/1.3; +https://openai.com/gptbot)"
74.7.242.1 - - [13/Mar/2026:00:41:44 +0530] "GET /goods.php?detail/061009164366 HTTP/2.0" 200 24833 "https://vedanthasoftware.com/goods.php?detail/061018806427" "Mozilla/5.0 AppleWebKit/537.36 (KHTML, like Gecko; compatible; GPTBot/1.3; +https://openai.com/gptbot)"
74.7.243.201 - - [13/Mar/2026:00:41:46 +0530] "GET /goods.php?detail/060047211169 HTTP/2.0" 200 23969 "https://www.vedanthasoftware.com/goods.php?detail/0600303064102" "Mozilla/5.0 AppleWebKit/537.36 (KHTML, like Gecko; compatible; GPTBot/1.3; +https://openai.com/gptbot)"
74.7.242.1 - - [13/Mar/2026:00:41:47 +0530] "GET /goods.php?detail/295007712508 HTTP/2.0" 200 25196 "https://vedanthasoftware.com/goods.php?goods/150038007" "Mozilla/5.0 AppleWebKit/537.36 (KHTML, like Gecko; compatible; GPTBot/1.3; +https://openai.com/gptbot)"
74.7.243.201 - - [13/Mar/2026:00:41:50 +0530] "GET /goods.php?detail/28203917496818 HTTP/2.0" 200 25472 "https://www.vedanthasoftware.com/goods.php?detail/0040140661726" "Mozilla/5.0 AppleWebKit/537.36 (KHTML, like Gecko; compatible; GPTBot/1.3; +https://openai.com/gptbot)"
74.7.242.1 - - [13/Mar/2026:00:41:51 +0530] "GET /goods.php?detail/060044103490 HTTP/2.0" 200 24059 "https://vedanthasoftware.com/goods.php?detail/060044910108" "Mozilla/5.0 AppleWebKit/537.36 (KHTML, like Gecko; compatible; GPTBot/1.3; +https://openai.com/gptbot)"
57.141.0.35 - - [13/Mar/2026:00:41:51 +0530] "GET /?e=96959249087302 HTTP/2.0" 200 183473 "-" "meta-externalagent/1.1 (+https://developers.facebook.com/docs/sharing/webmasters/crawler)"
74.7.243.201 - - [13/Mar/2026:00:41:54 +0530] "GET /goods.php?detail/004013633254 HTTP/2.0" 200 24660 "https://www.vedanthasoftware.com/goods.php?detail/0040140661726" "Mozilla/5.0 AppleWebKit/537.36 (KHTML, like Gecko; compatible; GPTBot/1.3; +https://openai.com/gptbot)"
74.7.242.1 - - [13/Mar/2026:00:41:54 +0530] "GET /goods.php?detail/093044966709 HTTP/2.0" 200 23967 "https://vedanthasoftware.com/goods.php?detail/179023890719" "Mozilla/5.0 AppleWebKit/537.36 (KHTML, like Gecko; compatible; GPTBot/1.3; +https://openai.com/gptbot)"
74.7.243.201 - - [13/Mar/2026:00:41:57 +0530] "GET /goods.php?detail/195011374225 HTTP/2.0" 200 24214 "https://www.vedanthasoftware.com/goods.php?detail/0040140661726" "Mozilla/5.0 AppleWebKit/537.36 (KHTML, like Gecko; compatible; GPTBot/1.3; +https://openai.com/gptbot)"
74.7.242.1 - - [13/Mar/2026:00:41:58 +0530] "GET /goods.php?detail/265012767619 HTTP/2.0" 200 23858 "https://vedanthasoftware.com/goods.php?detail/265030379944" "Mozilla/5.0 AppleWebKit/537.36 (KHTML, like Gecko; compatible; GPTBot/1.3; +https://openai.com/gptbot)"
74.7.243.201 - - [13/Mar/2026:00:42:01 +0530] "GET /goods.php?detail/202030686013 HTTP/2.0" 200 23992 "https://www.vedanthasoftware.com/goods.php?detail/202029879340" "Mozilla/5.0 AppleWebKit/537.36 (KHTML, like Gecko; compatible; GPTBot/1.3; +https://openai.com/gptbot)"
74.7.242.1 - - [13/Mar/2026:00:42:02 +0530] "GET /goods.php?detail/004000889618 HTTP/2.0" 200 23736 "https://vedanthasoftware.com/goods.php?detail/056040303103" "Mozilla/5.0 AppleWebKit/537.36 (KHTML, like Gecko; compatible; GPTBot/1.3; +https://openai.com/gptbot)"
74.7.242.1 - - [13/Mar/2026:00:42:06 +0530] "GET /goods.php?detail/209004320840 HTTP/2.0" 200 24836 "https://vedanthasoftware.com/goods.php?detail/175037230310" "Mozilla/5.0 AppleWebKit/537.36 (KHTML, like Gecko; compatible; GPTBot/1.3; +https://openai.com/gptbot)"
74.7.243.201 - - [13/Mar/2026:00:42:07 +0530] "GET /goods.php?detail/186046060313 HTTP/2.0" 200 24076 "https://www.vedanthasoftware.com/goods.php?detail/202029879340" "Mozilla/5.0 AppleWebKit/537.36 (KHTML, like Gecko; compatible; GPTBot/1.3; +https://openai.com/gptbot)"
185.249.227.216 - - [13/Mar/2026:00:42:07 +0530] "GET / HTTP/1.1" 200 31911 "-" "Mozilla/5.0 (X11; Linux x86_64) AppleWebKit/537.36 (KHTML, like Gecko) Chrome/44.0.2403.157 Safari/537.36"
57.141.0.16 - - [13/Mar/2026:00:42:08 +0530] "GET /?e=12988255582805 HTTP/2.0" 200 183473 "-" "meta-externalagent/1.1 (+https://developers.facebook.com/docs/sharing/webmasters/crawler)"
74.7.242.1 - - [13/Mar/2026:00:42:11 +0530] "GET /goods.php?detail/034041427042 HTTP/2.0" 200 23823 "https://vedanthasoftware.com/goods.php?detail/034045134511" "Mozilla/5.0 AppleWebKit/537.36 (KHTML, like Gecko; compatible; GPTBot/1.3; +https://openai.com/gptbot)"
74.7.243.201 - - [13/Mar/2026:00:42:11 +0530] "GET /goods.php?detail/268044700793 HTTP/2.0" 200 24827 "https://www.vedanthasoftware.com/goods.php?detail/2600355625566" "Mozilla/5.0 AppleWebKit/537.36 (KHTML, like Gecko; compatible; GPTBot/1.3; +https://openai.com/gptbot)"
57.141.0.29 - - [13/Mar/2026:00:42:12 +0530] "GET /?e=90712233376302 HTTP/2.0" 200 183473 "-" "meta-externalagent/1.1 (+https://developers.facebook.com/docs/sharing/webmasters/crawler)"
74.7.242.1 - - [13/Mar/2026:00:42:15 +0530] "GET /goods.php?detail/027014824343 HTTP/2.0" 200 23596 "https://vedanthasoftware.com/goods.php?detail/179023890719" "Mozilla/5.0 AppleWebKit/537.36 (KHTML, like Gecko; compatible; GPTBot/1.3; +https://openai.com/gptbot)"
74.7.243.201 - - [13/Mar/2026:00:42:16 +0530] "GET /goods.php?detail/120043601965 HTTP/2.0" 200 23975 "https://www.vedanthasoftware.com/goods.php?detail/0040140661726" "Mozilla/5.0 AppleWebKit/537.36 (KHTML, like Gecko; compatible; GPTBot/1.3; +https://openai.com/gptbot)"
74.7.242.1 - - [13/Mar/2026:00:42:18 +0530] "GET /goods.php?detail/049045576234 HTTP/2.0" 200 23891 "https://vedanthasoftware.com/goods.php?jp/021039563.html" "Mozilla/5.0 AppleWebKit/537.36 (KHTML, like Gecko; compatible; GPTBot/1.3; +https://openai.com/gptbot)"
74.7.243.201 - - [13/Mar/2026:00:42:19 +0530] "GET /goods.php?detail/0320101346698 HTTP/2.0" 200 24692 "https://www.vedanthasoftware.com/goods.php?detail/1050107509655" "Mozilla/5.0 AppleWebKit/537.36 (KHTML, like Gecko; compatible; GPTBot/1.3; +https://openai.com/gptbot)"
74.7.242.1 - - [13/Mar/2026:00:42:22 +0530] "GET /goods.php?detail/214008295825 HTTP/2.0" 200 23835 "https://vedanthasoftware.com/goods.php?goods/136020130" "Mozilla/5.0 AppleWebKit/537.36 (KHTML, like Gecko; compatible; GPTBot/1.3; +https://openai.com/gptbot)"
74.7.243.201 - - [13/Mar/2026:00:42:22 +0530] "GET /goods.php?detail/2200322084550 HTTP/2.0" 200 23897 "https://www.vedanthasoftware.com/goods.php?detail/19803644959469" "Mozilla/5.0 AppleWebKit/537.36 (KHTML, like Gecko; compatible; GPTBot/1.3; +https://openai.com/gptbot)"
74.7.243.201 - - [13/Mar/2026:00:42:25 +0530] "GET /goods.php?detail/1730390030314 HTTP/2.0" 200 24059 "https://www.vedanthasoftware.com/goods.php?detail/173021118262" "Mozilla/5.0 AppleWebKit/537.36 (KHTML, like Gecko; compatible; GPTBot/1.3; +https://openai.com/gptbot)"
74.7.242.1 - - [13/Mar/2026:00:42:26 +0530] "GET /goods.php?detail/120038815209 HTTP/2.0" 200 23836 "https://vedanthasoftware.com/goods.php?detail/060040075008" "Mozilla/5.0 AppleWebKit/537.36 (KHTML, like Gecko; compatible; GPTBot/1.3; +https://openai.com/gptbot)"
74.7.242.1 - - [13/Mar/2026:00:42:29 +0530] "GET /goods.php?detail/284001986862 HTTP/2.0" 200 24818 "https://vedanthasoftware.com/goods.php?goods/003009511" "Mozilla/5.0 AppleWebKit/537.36 (KHTML, like Gecko; compatible; GPTBot/1.3; +https://openai.com/gptbot)"
74.7.243.201 - - [13/Mar/2026:00:42:29 +0530] "GET /goods.php?detail/0220013151512 HTTP/2.0" 200 24001 "https://www.vedanthasoftware.com/goods.php?detail/159001107164" "Mozilla/5.0 AppleWebKit/537.36 (KHTML, like Gecko; compatible; GPTBot/1.3; +https://openai.com/gptbot)"
74.7.243.201 - - [13/Mar/2026:00:42:32 +0530] "GET /goods.php?detail/282016320621 HTTP/2.0" 200 24454 "https://www.vedanthasoftware.com/goods.php?detail/28203917496818" "Mozilla/5.0 AppleWebKit/537.36 (KHTML, like Gecko; compatible; GPTBot/1.3; +https://openai.com/gptbot)"
74.7.242.1 - - [13/Mar/2026:00:42:33 +0530] "GET /goods.php?detail/060047390454 HTTP/2.0" 200 24760 "https://vedanthasoftware.com/goods.php?detail/060044103490" "Mozilla/5.0 AppleWebKit/537.36 (KHTML, like Gecko; compatible; GPTBot/1.3; +https://openai.com/gptbot)"
74.7.242.1 - - [13/Mar/2026:00:42:36 +0530] "GET /goods.php?detail/0390060038403 HTTP/2.0" 200 24961 "https://vedanthasoftware.com/goods.php?detail/039022419228" "Mozilla/5.0 AppleWebKit/537.36 (KHTML, like Gecko; compatible; GPTBot/1.3; +https://openai.com/gptbot)"
74.7.243.201 - - [13/Mar/2026:00:42:36 +0530] "GET /goods.php?detail/0650105606512 HTTP/2.0" 200 24171 "https://www.vedanthasoftware.com/goods.php?detail/234035313337" "Mozilla/5.0 AppleWebKit/537.36 (KHTML, like Gecko; compatible; GPTBot/1.3; +https://openai.com/gptbot)"
74.7.243.201 - - [13/Mar/2026:00:42:39 +0530] "GET /goods.php?detail/0740099898906 HTTP/2.0" 200 24047 "https://www.vedanthasoftware.com/goods.php?detail/172003361492" "Mozilla/5.0 AppleWebKit/537.36 (KHTML, like Gecko; compatible; GPTBot/1.3; +https://openai.com/gptbot)"
74.7.242.1 - - [13/Mar/2026:00:42:40 +0530] "GET /goods.php?detail/0600400782603 HTTP/2.0" 200 23634 "https://vedanthasoftware.com/goods.php?jp/060015741.html" "Mozilla/5.0 AppleWebKit/537.36 (KHTML, like Gecko; compatible; GPTBot/1.3; +https://openai.com/gptbot)"
74.7.243.201 - - [13/Mar/2026:00:42:43 +0530] "GET /goods.php?detail/043016454433 HTTP/2.0" 200 23691 "https://www.vedanthasoftware.com/goods.php?detail/202030686013" "Mozilla/5.0 AppleWebKit/537.36 (KHTML, like Gecko; compatible; GPTBot/1.3; +https://openai.com/gptbot)"
74.7.242.1 - - [13/Mar/2026:00:42:44 +0530] "GET /goods.php?detail/004048799410 HTTP/2.0" 200 24215 "https://vedanthasoftware.com/goods.php?detail/004000889618" "Mozilla/5.0 AppleWebKit/537.36 (KHTML, like Gecko; compatible; GPTBot/1.3; +https://openai.com/gptbot)"
74.7.243.201 - - [13/Mar/2026:00:42:47 +0530] "GET /goods.php?detail/202028198823 HTTP/2.0" 200 24827 "https://www.vedanthasoftware.com/goods.php?detail/202030686013" "Mozilla/5.0 AppleWebKit/537.36 (KHTML, like Gecko; compatible; GPTBot/1.3; +https://openai.com/gptbot)"
74.7.242.1 - - [13/Mar/2026:00:42:48 +0530] "GET /goods.php?detail/004048798764 HTTP/2.0" 200 23465 "https://vedanthasoftware.com/goods.php?detail/004000889618" "Mozilla/5.0 AppleWebKit/537.36 (KHTML, like Gecko; compatible; GPTBot/1.3; +https://openai.com/gptbot)"
74.7.243.201 - - [13/Mar/2026:00:42:50 +0530] "GET /goods.php?detail/202028194727 HTTP/2.0" 200 25239 "https://www.vedanthasoftware.com/goods.php?detail/202030686013" "Mozilla/5.0 AppleWebKit/537.36 (KHTML, like Gecko; compatible; GPTBot/1.3; +https://openai.com/gptbot)"
74.7.242.1 - - [13/Mar/2026:00:42:52 +0530] "GET /goods.php?detail/0400104194891 HTTP/2.0" 200 24555 "https://vedanthasoftware.com/goods.php?goods/206002732" "Mozilla/5.0 AppleWebKit/537.36 (KHTML, like Gecko; compatible; GPTBot/1.3; +https://openai.com/gptbot)"
114.119.147.45 - - [13/Mar/2026:00:42:52 +0530] "GET /?_p=037020087 HTTP/1.1" 301 5 "https://www.vedanthasoftware.com/sitemap546.xml" "Mozilla/5.0 (Linux; Android 7.0;) AppleWebKit/537.36 (KHTML, like Gecko) Mobile Safari/537.36 (compatible; PetalBot;+https://webmaster.petalsearch.com/site/petalbot)"
74.7.243.201 - - [13/Mar/2026:00:42:55 +0530] "GET /goods.php?detail/0770317213703 HTTP/2.0" 200 24367 "https://www.vedanthasoftware.com/goods.php?detail/077011630015" "Mozilla/5.0 AppleWebKit/537.36 (KHTML, like Gecko; compatible; GPTBot/1.3; +https://openai.com/gptbot)"
74.7.242.1 - - [13/Mar/2026:00:42:55 +0530] "GET /goods.php?detail/0770107890550 HTTP/2.0" 200 23714 "https://vedanthasoftware.com/goods.php?goods/077012821" "Mozilla/5.0 AppleWebKit/537.36 (KHTML, like Gecko; compatible; GPTBot/1.3; +https://openai.com/gptbot)"
74.7.242.1 - - [13/Mar/2026:00:42:58 +0530] "GET /goods.php?detail/0730019060806 HTTP/2.0" 200 23803 "https://vedanthasoftware.com/goods.php?jp/025046050.html" "Mozilla/5.0 AppleWebKit/537.36 (KHTML, like Gecko; compatible; GPTBot/1.3; +https://openai.com/gptbot)"
74.7.242.1 - - [13/Mar/2026:00:43:03 +0530] "GET /goods.php?detail/2440224203970 HTTP/2.0" 200 24505 "https://vedanthasoftware.com/goods.php?goods/244022420" "Mozilla/5.0 AppleWebKit/537.36 (KHTML, like Gecko; compatible; GPTBot/1.3; +https://openai.com/gptbot)"
74.7.243.201 - - [13/Mar/2026:00:43:04 +0530] "GET /goods.php?detail/0190189190916 HTTP/2.0" 200 25112 "https://www.vedanthasoftware.com/goods.php?detail/184047991767" "Mozilla/5.0 AppleWebKit/537.36 (KHTML, like Gecko; compatible; GPTBot/1.3; +https://openai.com/gptbot)"
57.141.0.19 - - [13/Mar/2026:00:43:04 +0530] "GET /?e=80227263743302 HTTP/2.0" 200 183473 "-" "meta-externalagent/1.1 (+https://developers.facebook.com/docs/sharing/webmasters/crawler)"
57.141.0.7 - - [13/Mar/2026:00:43:05 +0530] "GET /?e=78228251550302 HTTP/2.0" 200 183473 "-" "meta-externalagent/1.1 (+https://developers.facebook.com/docs/sharing/webmasters/crawler)"
74.7.242.1 - - [13/Mar/2026:00:43:07 +0530] "GET /goods.php?goods/120032360 HTTP/2.0" 200 24088 "https://vedanthasoftware.com/goods.php?detail/120038815209" "Mozilla/5.0 AppleWebKit/537.36 (KHTML, like Gecko; compatible; GPTBot/1.3; +https://openai.com/gptbot)"
74.7.243.201 - - [13/Mar/2026:00:43:08 +0530] "GET /goods.php?detail/2410324049686 HTTP/2.0" 200 24663 "https://www.vedanthasoftware.com/goods.php?detail/2200322084550" "Mozilla/5.0 AppleWebKit/537.36 (KHTML, like Gecko; compatible; GPTBot/1.3; +https://openai.com/gptbot)"
57.141.0.71 - - [13/Mar/2026:00:43:08 +0530] "GET /?e=88034275518400 HTTP/2.0" 200 183473 "-" "meta-externalagent/1.1 (+https://developers.facebook.com/docs/sharing/webmasters/crawler)"
74.7.242.1 - - [13/Mar/2026:00:43:10 +0530] "GET /goods.php?detail/0070250022854 HTTP/2.0" 200 23595 "https://vedanthasoftware.com/goods.php?jp/060015741.html" "Mozilla/5.0 AppleWebKit/537.36 (KHTML, like Gecko; compatible; GPTBot/1.3; +https://openai.com/gptbot)"
74.7.243.201 - - [13/Mar/2026:00:43:11 +0530] "GET /goods.php?detail/0050182882872 HTTP/2.0" 200 24044 "https://www.vedanthasoftware.com/goods.php?detail/0050115450854" "Mozilla/5.0 AppleWebKit/537.36 (KHTML, like Gecko; compatible; GPTBot/1.3; +https://openai.com/gptbot)"
74.7.242.1 - - [13/Mar/2026:00:43:14 +0530] "GET /goods.php?detail/2040443929493 HTTP/2.0" 200 23558 "https://vedanthasoftware.com/goods.php?goods/204044392" "Mozilla/5.0 AppleWebKit/537.36 (KHTML, like Gecko; compatible; GPTBot/1.3; +https://openai.com/gptbot)"
74.7.243.201 - - [13/Mar/2026:00:43:15 +0530] "GET /goods.php?detail/022019540322 HTTP/2.0" 200 24366 "https://www.vedanthasoftware.com/goods.php?detail/0220013151512" "Mozilla/5.0 AppleWebKit/537.36 (KHTML, like Gecko; compatible; GPTBot/1.3; +https://openai.com/gptbot)"
74.7.242.1 - - [13/Mar/2026:00:43:17 +0530] "GET /goods.php?detail/0290038033600 HTTP/2.0" 200 24166 "https://vedanthasoftware.com/goods.php?goods/058006552" "Mozilla/5.0 AppleWebKit/537.36 (KHTML, like Gecko; compatible; GPTBot/1.3; +https://openai.com/gptbot)"
74.7.243.201 - - [13/Mar/2026:00:43:18 +0530] "GET /goods.php?detail/2900204192044 HTTP/2.0" 200 24199 "https://www.vedanthasoftware.com/goods.php?detail/024040230083" "Mozilla/5.0 AppleWebKit/537.36 (KHTML, like Gecko; compatible; GPTBot/1.3; +https://openai.com/gptbot)"
74.7.242.1 - - [13/Mar/2026:00:43:20 +0530] "GET /goods.php?detail/177011708642 HTTP/2.0" 200 23838 "https://vedanthasoftware.com/goods.php?detail/0600400782603" "Mozilla/5.0 AppleWebKit/537.36 (KHTML, like Gecko; compatible; GPTBot/1.3; +https://openai.com/gptbot)"
74.7.243.201 - - [13/Mar/2026:00:43:21 +0530] "GET /goods.php?detail/0150156350455 HTTP/2.0" 200 24199 "https://www.vedanthasoftware.com/goods.php?detail/004039069883" "Mozilla/5.0 AppleWebKit/537.36 (KHTML, like Gecko; compatible; GPTBot/1.3; +https://openai.com/gptbot)"
74.7.242.1 - - [13/Mar/2026:00:43:23 +0530] "GET /goods.php?detail/1680010690619 HTTP/2.0" 200 23823 "https://vedanthasoftware.com/goods.php?goods/022045354" "Mozilla/5.0 AppleWebKit/537.36 (KHTML, like Gecko; compatible; GPTBot/1.3; +https://openai.com/gptbot)"
74.7.243.201 - - [13/Mar/2026:00:43:25 +0530] "GET /goods.php?detail/162038516868 HTTP/2.0" 200 24718 "https://www.vedanthasoftware.com/goods.php?detail/0740099898906" "Mozilla/5.0 AppleWebKit/537.36 (KHTML, like Gecko; compatible; GPTBot/1.3; +https://openai.com/gptbot)"
74.7.242.1 - - [13/Mar/2026:00:43:27 +0530] "GET /goods.php?detail/2030011036107 HTTP/2.0" 200 24003 "https://vedanthasoftware.com/goods.php?detail/203037759778" "Mozilla/5.0 AppleWebKit/537.36 (KHTML, like Gecko; compatible; GPTBot/1.3; +https://openai.com/gptbot)"
74.7.243.201 - - [13/Mar/2026:00:43:29 +0530] "GET /goods.php?detail/118011595028 HTTP/2.0" 200 24123 "https://www.vedanthasoftware.com/goods.php?detail/043016454433" "Mozilla/5.0 AppleWebKit/537.36 (KHTML, like Gecko; compatible; GPTBot/1.3; +https://openai.com/gptbot)"
74.7.242.1 - - [13/Mar/2026:00:43:30 +0530] "GET /goods.php?detail/0330035810087 HTTP/2.0" 200 23469 "https://vedanthasoftware.com/goods.php?goods/033003587" "Mozilla/5.0 AppleWebKit/537.36 (KHTML, like Gecko; compatible; GPTBot/1.3; +https://openai.com/gptbot)"
57.141.0.68 - - [13/Mar/2026:00:43:30 +0530] "GET /?e=29172107915700 HTTP/2.0" 200 183473 "-" "meta-externalagent/1.1 (+https://developers.facebook.com/docs/sharing/webmasters/crawler)"
74.7.243.201 - - [13/Mar/2026:00:43:33 +0530] "GET /goods.php?detail/202049079808 HTTP/2.0" 200 24252 "https://www.vedanthasoftware.com/goods.php?detail/202028198823" "Mozilla/5.0 AppleWebKit/537.36 (KHTML, like Gecko; compatible; GPTBot/1.3; +https://openai.com/gptbot)"
74.7.242.1 - - [13/Mar/2026:00:43:34 +0530] "GET /goods.php?detail/1810115890106 HTTP/2.0" 200 25097 "https://vedanthasoftware.com/goods.php?detail/037032007049" "Mozilla/5.0 AppleWebKit/537.36 (KHTML, like Gecko; compatible; GPTBot/1.3; +https://openai.com/gptbot)"
74.7.243.201 - - [13/Mar/2026:00:43:36 +0530] "GET /goods.php?detail/2940119611442 HTTP/2.0" 200 23635 "https://www.vedanthasoftware.com/goods.php?detail/202028194727" "Mozilla/5.0 AppleWebKit/537.36 (KHTML, like Gecko; compatible; GPTBot/1.3; +https://openai.com/gptbot)"
74.7.242.1 - - [13/Mar/2026:00:43:37 +0530] "GET /goods.php?detail/0150055201084 HTTP/2.0" 200 23714 "https://vedanthasoftware.com/goods.php?goods/166013623" "Mozilla/5.0 AppleWebKit/537.36 (KHTML, like Gecko; compatible; GPTBot/1.3; +https://openai.com/gptbot)"
74.7.243.201 - - [13/Mar/2026:00:43:40 +0530] "GET /goods.php?detail/077033416942 HTTP/2.0" 200 24746 "https://www.vedanthasoftware.com/goods.php?detail/0770317213703" "Mozilla/5.0 AppleWebKit/537.36 (KHTML, like Gecko; compatible; GPTBot/1.3; +https://openai.com/gptbot)"
74.7.242.1 - - [13/Mar/2026:00:43:42 +0530] "GET /goods.php?detail/0180312088288 HTTP/2.0" 200 24383 "https://vedanthasoftware.com/goods.php?goods/018031208" "Mozilla/5.0 AppleWebKit/537.36 (KHTML, like Gecko; compatible; GPTBot/1.3; +https://openai.com/gptbot)"
74.7.243.201 - - [13/Mar/2026:00:43:44 +0530] "GET /goods.php?detail/136000978817 HTTP/2.0" 200 23916 "https://www.vedanthasoftware.com/goods.php?detail/202028194727" "Mozilla/5.0 AppleWebKit/537.36 (KHTML, like Gecko; compatible; GPTBot/1.3; +https://openai.com/gptbot)"
57.141.0.30 - - [13/Mar/2026:00:43:45 +0530] "GET /?e=4601396957400 HTTP/2.0" 200 183473 "-" "meta-externalagent/1.1 (+https://developers.facebook.com/docs/sharing/webmasters/crawler)"
74.7.242.1 - - [13/Mar/2026:00:43:46 +0530] "GET /goods.php?detail/090011114680 HTTP/2.0" 200 24427 "https://vedanthasoftware.com/goods.php?goods/001036531" "Mozilla/5.0 AppleWebKit/537.36 (KHTML, like Gecko; compatible; GPTBot/1.3; +https://openai.com/gptbot)"
