57.141.0.16 - - [13/Mar/2026:02:12:25 +0530] "GET /?e=222362378104 HTTP/2.0" 200 183473 "-" "meta-externalagent/1.1 (+https://developers.facebook.com/docs/sharing/webmasters/crawler)"
57.141.0.33 - - [13/Mar/2026:02:12:25 +0530] "GET /?e=39546169836302 HTTP/2.0" 200 183473 "-" "meta-externalagent/1.1 (+https://developers.facebook.com/docs/sharing/webmasters/crawler)"
74.7.242.1 - - [13/Mar/2026:02:12:28 +0530] "GET /goods.php?detail/043003777539 HTTP/2.0" 200 24243 "https://vedanthasoftware.com/goods.php?detail/043049268959" "Mozilla/5.0 AppleWebKit/537.36 (KHTML, like Gecko; compatible; GPTBot/1.3; +https://openai.com/gptbot)"
74.7.243.201 - - [13/Mar/2026:02:12:28 +0530] "GET /goods.php?detail/295036338989 HTTP/2.0" 200 23558 "https://www.vedanthasoftware.com/goods.php?detail/0740101701772" "Mozilla/5.0 AppleWebKit/537.36 (KHTML, like Gecko; compatible; GPTBot/1.3; +https://openai.com/gptbot)"
74.7.242.1 - - [13/Mar/2026:02:12:31 +0530] "GET /goods.php?detail/1070240787780 HTTP/2.0" 200 23854 "https://vedanthasoftware.com/goods.php?detail/107003868366" "Mozilla/5.0 AppleWebKit/537.36 (KHTML, like Gecko; compatible; GPTBot/1.3; +https://openai.com/gptbot)"
74.7.243.201 - - [13/Mar/2026:02:12:31 +0530] "GET /goods.php?detail/0800350506960 HTTP/2.0" 200 24312 "https://www.vedanthasoftware.com/goods.php?detail/0120202522787" "Mozilla/5.0 AppleWebKit/537.36 (KHTML, like Gecko; compatible; GPTBot/1.3; +https://openai.com/gptbot)"
57.141.0.60 - - [13/Mar/2026:02:12:32 +0530] "GET /?e=06898245053402 HTTP/2.0" 200 183473 "-" "meta-externalagent/1.1 (+https://developers.facebook.com/docs/sharing/webmasters/crawler)"
57.141.0.41 - - [13/Mar/2026:02:12:32 +0530] "GET /?e=19161188092206 HTTP/2.0" 200 183473 "-" "meta-externalagent/1.1 (+https://developers.facebook.com/docs/sharing/webmasters/crawler)"
74.7.243.201 - - [13/Mar/2026:02:12:36 +0530] "GET /goods.php?detail/0740101716626 HTTP/2.0" 200 24067 "https://www.vedanthasoftware.com/goods.php?detail/0740101701772" "Mozilla/5.0 AppleWebKit/537.36 (KHTML, like Gecko; compatible; GPTBot/1.3; +https://openai.com/gptbot)"
74.7.242.1 - - [13/Mar/2026:02:12:36 +0530] "GET /goods.php?detail/2020153683761 HTTP/2.0" 200 23810 "https://vedanthasoftware.com/goods.php?jp/202015368.html" "Mozilla/5.0 AppleWebKit/537.36 (KHTML, like Gecko; compatible; GPTBot/1.3; +https://openai.com/gptbot)"
74.7.243.201 - - [13/Mar/2026:02:12:39 +0530] "GET /goods.php?detail/046040817130 HTTP/2.0" 200 23997 "https://www.vedanthasoftware.com/goods.php?detail/0460340601162" "Mozilla/5.0 AppleWebKit/537.36 (KHTML, like Gecko; compatible; GPTBot/1.3; +https://openai.com/gptbot)"
57.141.0.61 - - [13/Mar/2026:02:12:40 +0530] "GET /?e=7179725175405 HTTP/2.0" 200 183473 "-" "meta-externalagent/1.1 (+https://developers.facebook.com/docs/sharing/webmasters/crawler)"
74.7.242.1 - - [13/Mar/2026:02:12:40 +0530] "GET /goods.php?detail/1970221079712 HTTP/2.0" 200 24232 "https://vedanthasoftware.com/goods.php?goods/079008496" "Mozilla/5.0 AppleWebKit/537.36 (KHTML, like Gecko; compatible; GPTBot/1.3; +https://openai.com/gptbot)"
57.141.0.11 - - [13/Mar/2026:02:12:41 +0530] "GET /?e=68779112398801 HTTP/2.0" 200 183473 "-" "meta-externalagent/1.1 (+https://developers.facebook.com/docs/sharing/webmasters/crawler)"
74.7.243.201 - - [13/Mar/2026:02:12:42 +0530] "GET /goods.php?detail/171015562695 HTTP/2.0" 200 24451 "https://www.vedanthasoftware.com/goods.php?detail/171026793505" "Mozilla/5.0 AppleWebKit/537.36 (KHTML, like Gecko; compatible; GPTBot/1.3; +https://openai.com/gptbot)"
74.7.242.1 - - [13/Mar/2026:02:12:43 +0530] "GET /goods.php?detail/058031502111 HTTP/2.0" 200 24149 "https://vedanthasoftware.com/goods.php?detail/058039908315" "Mozilla/5.0 AppleWebKit/537.36 (KHTML, like Gecko; compatible; GPTBot/1.3; +https://openai.com/gptbot)"
57.141.0.15 - - [13/Mar/2026:02:12:44 +0530] "GET /?e=31601108000203 HTTP/2.0" 200 183473 "-" "meta-externalagent/1.1 (+https://developers.facebook.com/docs/sharing/webmasters/crawler)"
74.7.243.201 - - [13/Mar/2026:02:12:46 +0530] "GET /goods.php?detail/292012558493 HTTP/2.0" 200 24066 "https://www.vedanthasoftware.com/goods.php?detail/1120161178201" "Mozilla/5.0 AppleWebKit/537.36 (KHTML, like Gecko; compatible; GPTBot/1.3; +https://openai.com/gptbot)"
74.7.242.1 - - [13/Mar/2026:02:12:47 +0530] "GET /goods.php?detail/132047055243 HTTP/2.0" 200 24792 "https://vedanthasoftware.com/goods.php?detail/132040510655" "Mozilla/5.0 AppleWebKit/537.36 (KHTML, like Gecko; compatible; GPTBot/1.3; +https://openai.com/gptbot)"
57.141.0.15 - - [13/Mar/2026:02:12:47 +0530] "GET /?e=23539122359900 HTTP/2.0" 200 183473 "-" "meta-externalagent/1.1 (+https://developers.facebook.com/docs/sharing/webmasters/crawler)"
57.141.0.27 - - [13/Mar/2026:02:12:48 +0530] "GET /?e=84808135812304 HTTP/2.0" 200 183473 "-" "meta-externalagent/1.1 (+https://developers.facebook.com/docs/sharing/webmasters/crawler)"
74.7.243.201 - - [13/Mar/2026:02:12:50 +0530] "GET /goods.php?detail/0130310614614 HTTP/2.0" 200 23988 "https://www.vedanthasoftware.com/goods.php?detail/013024473136" "Mozilla/5.0 AppleWebKit/537.36 (KHTML, like Gecko; compatible; GPTBot/1.3; +https://openai.com/gptbot)"
74.7.242.1 - - [13/Mar/2026:02:12:51 +0530] "GET /goods.php?detail/228020402425 HTTP/2.0" 200 24720 "https://vedanthasoftware.com/goods.php?detail/277009740577" "Mozilla/5.0 AppleWebKit/537.36 (KHTML, like Gecko; compatible; GPTBot/1.3; +https://openai.com/gptbot)"
57.141.0.64 - - [13/Mar/2026:02:12:51 +0530] "GET /?e=3009463980400 HTTP/2.0" 200 183473 "-" "meta-externalagent/1.1 (+https://developers.facebook.com/docs/sharing/webmasters/crawler)"
57.141.0.34 - - [13/Mar/2026:02:12:52 +0530] "GET /?e=89012106968200 HTTP/2.0" 200 183473 "-" "meta-externalagent/1.1 (+https://developers.facebook.com/docs/sharing/webmasters/crawler)"
74.7.242.1 - - [13/Mar/2026:02:12:55 +0530] "GET /goods.php?detail/001001571378 HTTP/2.0" 200 24258 "https://vedanthasoftware.com/goods.php?detail/058039908315" "Mozilla/5.0 AppleWebKit/537.36 (KHTML, like Gecko; compatible; GPTBot/1.3; +https://openai.com/gptbot)"
74.7.243.201 - - [13/Mar/2026:02:12:56 +0530] "GET /goods.php?detail/2650080802950 HTTP/2.0" 200 24152 "https://www.vedanthasoftware.com/goods.php?jp/018018509.html" "Mozilla/5.0 AppleWebKit/537.36 (KHTML, like Gecko; compatible; GPTBot/1.3; +https://openai.com/gptbot)"
57.141.0.36 - - [13/Mar/2026:02:12:57 +0530] "GET /?e=82101292407301 HTTP/2.0" 200 183473 "-" "meta-externalagent/1.1 (+https://developers.facebook.com/docs/sharing/webmasters/crawler)"
141.98.11.44 - - [13/Mar/2026:02:12:57 +0530] "GET /wp-includes/sodium_compat/src/Core/SecretStream/State.php HTTP/1.1" 200 34 "-" "Mozilla/5.0 (Windows NT 10.0; Win64; x64) AppleWebKit/537.36"
57.141.0.54 - - [13/Mar/2026:02:12:57 +0530] "GET /?e=7112824101500 HTTP/2.0" 200 183473 "-" "meta-externalagent/1.1 (+https://developers.facebook.com/docs/sharing/webmasters/crawler)"
74.7.242.1 - - [13/Mar/2026:02:13:00 +0530] "GET /goods.php?detail/022017404824 HTTP/2.0" 200 24178 "https://vedanthasoftware.com/goods.php?detail/147019193789" "Mozilla/5.0 AppleWebKit/537.36 (KHTML, like Gecko; compatible; GPTBot/1.3; +https://openai.com/gptbot)"
74.7.243.201 - - [13/Mar/2026:02:13:00 +0530] "GET /goods.php?detail/1190119339904 HTTP/2.0" 200 23878 "https://www.vedanthasoftware.com/goods.php?detail/229029531488" "Mozilla/5.0 AppleWebKit/537.36 (KHTML, like Gecko; compatible; GPTBot/1.3; +https://openai.com/gptbot)"
57.141.0.9 - - [13/Mar/2026:02:13:01 +0530] "GET /?e=02819166901500 HTTP/2.0" 200 183473 "-" "meta-externalagent/1.1 (+https://developers.facebook.com/docs/sharing/webmasters/crawler)"
74.7.242.1 - - [13/Mar/2026:02:13:04 +0530] "GET /goods.php?detail/215046302506 HTTP/2.0" 200 24269 "https://vedanthasoftware.com/goods.php?detail/147019193789" "Mozilla/5.0 AppleWebKit/537.36 (KHTML, like Gecko; compatible; GPTBot/1.3; +https://openai.com/gptbot)"
57.141.0.41 - - [13/Mar/2026:02:13:05 +0530] "GET /?e=2750524098201 HTTP/2.0" 200 183473 "-" "meta-externalagent/1.1 (+https://developers.facebook.com/docs/sharing/webmasters/crawler)"
114.119.158.211 - - [13/Mar/2026:02:13:05 +0530] "GET /?_p=185026991 HTTP/1.1" 301 5 "https://www.vedanthasoftware.com/sitemap546.xml" "Mozilla/5.0 (Linux; Android 7.0;) AppleWebKit/537.36 (KHTML, like Gecko) Mobile Safari/537.36 (compatible; PetalBot;+https://webmaster.petalsearch.com/site/petalbot)"
74.7.243.201 - - [13/Mar/2026:02:13:06 +0530] "GET /goods.php?detail/282028076191 HTTP/2.0" 200 23842 "https://www.vedanthasoftware.com/goods.php?detail/282028083033" "Mozilla/5.0 AppleWebKit/537.36 (KHTML, like Gecko; compatible; GPTBot/1.3; +https://openai.com/gptbot)"
74.7.242.1 - - [13/Mar/2026:02:13:09 +0530] "GET /goods.php?detail/279039862058 HTTP/2.0" 200 24565 "https://vedanthasoftware.com/goods.php?detail/058039908315" "Mozilla/5.0 AppleWebKit/537.36 (KHTML, like Gecko; compatible; GPTBot/1.3; +https://openai.com/gptbot)"
114.119.158.211 - - [13/Mar/2026:02:13:10 +0530] "GET /?_p=185026991 HTTP/1.1" 200 38172 "https://www.vedanthasoftware.com/sitemap546.xml" "Mozilla/5.0 (Linux; Android 7.0;) AppleWebKit/537.36 (KHTML, like Gecko) Mobile Safari/537.36 (compatible; PetalBot;+https://webmaster.petalsearch.com/site/petalbot)"
74.7.243.201 - - [13/Mar/2026:02:13:10 +0530] "GET /goods.php?detail/1800231132801 HTTP/2.0" 200 24596 "https://www.vedanthasoftware.com/goods.php?detail/282028083033" "Mozilla/5.0 AppleWebKit/537.36 (KHTML, like Gecko; compatible; GPTBot/1.3; +https://openai.com/gptbot)"
57.141.0.16 - - [13/Mar/2026:02:13:11 +0530] "GET /?e=20222278851002 HTTP/2.0" 200 183473 "-" "meta-externalagent/1.1 (+https://developers.facebook.com/docs/sharing/webmasters/crawler)"
57.141.0.45 - - [13/Mar/2026:02:13:12 +0530] "GET /?e=1076122022302 HTTP/2.0" 200 183473 "-" "meta-externalagent/1.1 (+https://developers.facebook.com/docs/sharing/webmasters/crawler)"
74.7.242.1 - - [13/Mar/2026:02:13:13 +0530] "GET /goods.php?detail/185026656624 HTTP/2.0" 200 24409 "https://vedanthasoftware.com/goods.php?detail/043003777539" "Mozilla/5.0 AppleWebKit/537.36 (KHTML, like Gecko; compatible; GPTBot/1.3; +https://openai.com/gptbot)"
74.7.243.201 - - [13/Mar/2026:02:13:14 +0530] "GET /goods.php?detail/295010427044 HTTP/2.0" 200 23840 "https://www.vedanthasoftware.com/goods.php?detail/295036338989" "Mozilla/5.0 AppleWebKit/537.36 (KHTML, like Gecko; compatible; GPTBot/1.3; +https://openai.com/gptbot)"
57.141.0.65 - - [13/Mar/2026:02:13:14 +0530] "GET /?e=8526731431101 HTTP/2.0" 200 183473 "-" "meta-externalagent/1.1 (+https://developers.facebook.com/docs/sharing/webmasters/crawler)"
57.141.0.36 - - [13/Mar/2026:02:13:16 +0530] "GET /?e=9520110604300 HTTP/2.0" 200 183473 "-" "meta-externalagent/1.1 (+https://developers.facebook.com/docs/sharing/webmasters/crawler)"
74.7.242.1 - - [13/Mar/2026:02:13:18 +0530] "GET /goods.php?detail/1870180989211 HTTP/2.0" 200 23682 "https://vedanthasoftware.com/goods.php?detail/1070240787780" "Mozilla/5.0 AppleWebKit/537.36 (KHTML, like Gecko; compatible; GPTBot/1.3; +https://openai.com/gptbot)"
57.141.0.68 - - [13/Mar/2026:02:13:19 +0530] "GET /?e=4434178315303 HTTP/2.0" 200 183473 "-" "meta-externalagent/1.1 (+https://developers.facebook.com/docs/sharing/webmasters/crawler)"
57.141.0.7 - - [13/Mar/2026:02:13:20 +0530] "GET /?e=20718233895101 HTTP/2.0" 200 183473 "-" "meta-externalagent/1.1 (+https://developers.facebook.com/docs/sharing/webmasters/crawler)"
74.7.243.201 - - [13/Mar/2026:02:13:20 +0530] "GET /goods.php?detail/295010426117 HTTP/2.0" 200 23726 "https://www.vedanthasoftware.com/goods.php?detail/295036338989" "Mozilla/5.0 AppleWebKit/537.36 (KHTML, like Gecko; compatible; GPTBot/1.3; +https://openai.com/gptbot)"
57.141.0.18 - - [13/Mar/2026:02:13:21 +0530] "GET /?e=8261856354400 HTTP/2.0" 200 183473 "-" "meta-externalagent/1.1 (+https://developers.facebook.com/docs/sharing/webmasters/crawler)"
74.7.242.1 - - [13/Mar/2026:02:13:24 +0530] "GET /goods.php?detail/1070038727838 HTTP/2.0" 200 24349 "https://vedanthasoftware.com/goods.php?detail/1070240787780" "Mozilla/5.0 AppleWebKit/537.36 (KHTML, like Gecko; compatible; GPTBot/1.3; +https://openai.com/gptbot)"
74.7.243.201 - - [13/Mar/2026:02:13:25 +0530] "GET /goods.php?detail/0740101736010 HTTP/2.0" 200 24283 "https://www.vedanthasoftware.com/goods.php?detail/0740101716626" "Mozilla/5.0 AppleWebKit/537.36 (KHTML, like Gecko; compatible; GPTBot/1.3; +https://openai.com/gptbot)"
57.141.0.24 - - [13/Mar/2026:02:13:25 +0530] "GET /?e=79108212186101 HTTP/2.0" 200 183473 "-" "meta-externalagent/1.1 (+https://developers.facebook.com/docs/sharing/webmasters/crawler)"
57.141.0.5 - - [13/Mar/2026:02:13:25 +0530] "GET /?e=78908121863801 HTTP/2.0" 200 183473 "-" "meta-externalagent/1.1 (+https://developers.facebook.com/docs/sharing/webmasters/crawler)"
74.7.242.1 - - [13/Mar/2026:02:13:28 +0530] "GET /goods.php?detail/107024153717 HTTP/2.0" 200 24288 "https://vedanthasoftware.com/goods.php?detail/107003868366" "Mozilla/5.0 AppleWebKit/537.36 (KHTML, like Gecko; compatible; GPTBot/1.3; +https://openai.com/gptbot)"
74.7.243.201 - - [13/Mar/2026:02:13:28 +0530] "GET /goods.php?detail/0060415415007 HTTP/2.0" 200 23567 "https://www.vedanthasoftware.com/goods.php?detail/006041365813" "Mozilla/5.0 AppleWebKit/537.36 (KHTML, like Gecko; compatible; GPTBot/1.3; +https://openai.com/gptbot)"
57.141.0.15 - - [13/Mar/2026:02:13:29 +0530] "GET /?e=78499299858303 HTTP/2.0" 200 183473 "-" "meta-externalagent/1.1 (+https://developers.facebook.com/docs/sharing/webmasters/crawler)"
57.141.0.45 - - [13/Mar/2026:02:13:29 +0530] "GET /?e=53207285089502 HTTP/2.0" 200 183473 "-" "meta-externalagent/1.1 (+https://developers.facebook.com/docs/sharing/webmasters/crawler)"
74.7.242.1 - - [13/Mar/2026:02:13:31 +0530] "GET /goods.php?detail/226012775112 HTTP/2.0" 200 23865 "https://vedanthasoftware.com/goods.php?detail/058031502111" "Mozilla/5.0 AppleWebKit/537.36 (KHTML, like Gecko; compatible; GPTBot/1.3; +https://openai.com/gptbot)"
74.7.243.201 - - [13/Mar/2026:02:13:31 +0530] "GET /goods.php?detail/0360494496939 HTTP/2.0" 200 24614 "https://www.vedanthasoftware.com/goods.php?detail/171015562695" "Mozilla/5.0 AppleWebKit/537.36 (KHTML, like Gecko; compatible; GPTBot/1.3; +https://openai.com/gptbot)"
57.141.0.35 - - [13/Mar/2026:02:13:32 +0530] "GET /?e=85173204021301 HTTP/2.0" 200 183473 "-" "meta-externalagent/1.1 (+https://developers.facebook.com/docs/sharing/webmasters/crawler)"
74.7.242.1 - - [13/Mar/2026:02:13:35 +0530] "GET /goods.php?goods/132047049 HTTP/2.0" 200 25072 "https://vedanthasoftware.com/goods.php?detail/132047055243" "Mozilla/5.0 AppleWebKit/537.36 (KHTML, like Gecko; compatible; GPTBot/1.3; +https://openai.com/gptbot)"
74.7.243.201 - - [13/Mar/2026:02:13:35 +0530] "GET /goods.php?detail/022024073051 HTTP/2.0" 200 23934 "https://www.vedanthasoftware.com/goods.php?detail/292012558493" "Mozilla/5.0 AppleWebKit/537.36 (KHTML, like Gecko; compatible; GPTBot/1.3; +https://openai.com/gptbot)"
57.141.0.11 - - [13/Mar/2026:02:13:36 +0530] "GET /?e=9178829292004 HTTP/2.0" 200 183473 "-" "meta-externalagent/1.1 (+https://developers.facebook.com/docs/sharing/webmasters/crawler)"
74.7.242.1 - - [13/Mar/2026:02:13:39 +0530] "GET /goods.php?detail/062000211048 HTTP/2.0" 200 23525 "https://vedanthasoftware.com/goods.php?detail/132047055243" "Mozilla/5.0 AppleWebKit/537.36 (KHTML, like Gecko; compatible; GPTBot/1.3; +https://openai.com/gptbot)"
74.7.243.201 - - [13/Mar/2026:02:13:39 +0530] "GET /goods.php?detail/1610107616187 HTTP/2.0" 200 24154 "https://www.vedanthasoftware.com/goods.php?detail/037019873710" "Mozilla/5.0 AppleWebKit/537.36 (KHTML, like Gecko; compatible; GPTBot/1.3; +https://openai.com/gptbot)"
74.7.242.1 - - [13/Mar/2026:02:13:42 +0530] "GET /goods.php?detail/132047047377 HTTP/2.0" 200 25095 "https://vedanthasoftware.com/goods.php?detail/132047055243" "Mozilla/5.0 AppleWebKit/537.36 (KHTML, like Gecko; compatible; GPTBot/1.3; +https://openai.com/gptbot)"
74.7.243.201 - - [13/Mar/2026:02:13:43 +0530] "GET /goods.php?detail/159043008118 HTTP/2.0" 200 23615 "https://www.vedanthasoftware.com/goods.php?detail/2650080802950" "Mozilla/5.0 AppleWebKit/537.36 (KHTML, like Gecko; compatible; GPTBot/1.3; +https://openai.com/gptbot)"
57.141.0.62 - - [13/Mar/2026:02:13:43 +0530] "GET /?e=86100160636004 HTTP/2.0" 200 183473 "-" "meta-externalagent/1.1 (+https://developers.facebook.com/docs/sharing/webmasters/crawler)"
57.141.0.32 - - [13/Mar/2026:02:13:44 +0530] "GET /?e=09673233203403 HTTP/2.0" 200 183473 "-" "meta-externalagent/1.1 (+https://developers.facebook.com/docs/sharing/webmasters/crawler)"
57.141.0.34 - - [13/Mar/2026:02:13:45 +0530] "GET /?e=48099114903000 HTTP/2.0" 200 183473 "-" "meta-externalagent/1.1 (+https://developers.facebook.com/docs/sharing/webmasters/crawler)"
74.7.242.1 - - [13/Mar/2026:02:13:45 +0530] "GET /goods.php?detail/204022475845 HTTP/2.0" 200 24139 "https://vedanthasoftware.com/goods.php?detail/204018407809" "Mozilla/5.0 AppleWebKit/537.36 (KHTML, like Gecko; compatible; GPTBot/1.3; +https://openai.com/gptbot)"
74.7.243.201 - - [13/Mar/2026:02:13:47 +0530] "GET /goods.php?detail/119013525183 HTTP/2.0" 200 23838 "https://www.vedanthasoftware.com/goods.php?detail/1190119339904" "Mozilla/5.0 AppleWebKit/537.36 (KHTML, like Gecko; compatible; GPTBot/1.3; +https://openai.com/gptbot)"
74.7.242.1 - - [13/Mar/2026:02:13:48 +0530] "GET /goods.php?detail/170012647478 HTTP/2.0" 200 23956 "https://vedanthasoftware.com/goods.php?detail/215046302506" "Mozilla/5.0 AppleWebKit/537.36 (KHTML, like Gecko; compatible; GPTBot/1.3; +https://openai.com/gptbot)"
57.141.0.66 - - [13/Mar/2026:02:13:49 +0530] "GET /?e=2305892970001 HTTP/2.0" 200 183473 "-" "meta-externalagent/1.1 (+https://developers.facebook.com/docs/sharing/webmasters/crawler)"
74.7.243.201 - - [13/Mar/2026:02:13:51 +0530] "GET /goods.php?detail/0330337433176 HTTP/2.0" 200 25162 "https://www.vedanthasoftware.com/goods.php?detail/033009666686" "Mozilla/5.0 AppleWebKit/537.36 (KHTML, like Gecko; compatible; GPTBot/1.3; +https://openai.com/gptbot)"
74.7.242.1 - - [13/Mar/2026:02:13:52 +0530] "GET /goods.php?detail/297002755997 HTTP/2.0" 200 23960 "https://vedanthasoftware.com/goods.php?detail/279039862058" "Mozilla/5.0 AppleWebKit/537.36 (KHTML, like Gecko; compatible; GPTBot/1.3; +https://openai.com/gptbot)"
57.141.0.30 - - [13/Mar/2026:02:13:53 +0530] "GET /?e=19890159368102 HTTP/2.0" 200 183473 "-" "meta-externalagent/1.1 (+https://developers.facebook.com/docs/sharing/webmasters/crawler)"
74.7.243.201 - - [13/Mar/2026:02:13:55 +0530] "GET /goods.php?detail/0440430447254 HTTP/2.0" 200 23821 "https://www.vedanthasoftware.com/goods.php?detail/044042929689" "Mozilla/5.0 AppleWebKit/537.36 (KHTML, like Gecko; compatible; GPTBot/1.3; +https://openai.com/gptbot)"
57.141.0.54 - - [13/Mar/2026:02:13:56 +0530] "GET /?e=6069018150201 HTTP/2.0" 200 183473 "-" "meta-externalagent/1.1 (+https://developers.facebook.com/docs/sharing/webmasters/crawler)"
57.141.0.31 - - [13/Mar/2026:02:13:56 +0530] "GET /?e=34944150521006 HTTP/2.0" 200 183473 "-" "meta-externalagent/1.1 (+https://developers.facebook.com/docs/sharing/webmasters/crawler)"
57.141.0.55 - - [13/Mar/2026:02:13:57 +0530] "GET /?e=70071263587410 HTTP/2.0" 200 183473 "-" "meta-externalagent/1.1 (+https://developers.facebook.com/docs/sharing/webmasters/crawler)"
74.7.242.1 - - [13/Mar/2026:02:13:57 +0530] "GET /goods.php?detail/249026100924 HTTP/2.0" 200 23914 "https://vedanthasoftware.com/goods.php?detail/279039862058" "Mozilla/5.0 AppleWebKit/537.36 (KHTML, like Gecko; compatible; GPTBot/1.3; +https://openai.com/gptbot)"
111.172.249.49 - - [13/Mar/2026:02:13:58 +0530] "GET / HTTP/1.1" 301 169 "-" "Mozilla/5.0 (iPhone; CPU iPhone OS 13_2_3 like Mac OS X) AppleWebKit/605.1.15 (KHTML, like Gecko) Version/13.0.3 Mobile/15E148 Safari/604.1"
74.7.243.201 - - [13/Mar/2026:02:14:00 +0530] "GET /goods.php?detail/295036343016 HTTP/2.0" 200 24022 "https://www.vedanthasoftware.com/goods.php?detail/295010427044" "Mozilla/5.0 AppleWebKit/537.36 (KHTML, like Gecko; compatible; GPTBot/1.3; +https://openai.com/gptbot)"
74.7.242.1 - - [13/Mar/2026:02:14:00 +0530] "GET /goods.php?detail/1870180970017 HTTP/2.0" 200 23561 "https://vedanthasoftware.com/goods.php?detail/1870180989211" "Mozilla/5.0 AppleWebKit/537.36 (KHTML, like Gecko; compatible; GPTBot/1.3; +https://openai.com/gptbot)"
57.141.0.70 - - [13/Mar/2026:02:14:01 +0530] "GET /?e=79839144061703 HTTP/2.0" 200 183473 "-" "meta-externalagent/1.1 (+https://developers.facebook.com/docs/sharing/webmasters/crawler)"
74.7.243.201 - - [13/Mar/2026:02:14:03 +0530] "GET /goods.php?detail/059029159054 HTTP/2.0" 200 23882 "https://www.vedanthasoftware.com/goods.php?detail/295010426117" "Mozilla/5.0 AppleWebKit/537.36 (KHTML, like Gecko; compatible; GPTBot/1.3; +https://openai.com/gptbot)"
57.141.0.53 - - [13/Mar/2026:02:14:04 +0530] "GET /?e=39267253043300 HTTP/2.0" 200 183473 "-" "meta-externalagent/1.1 (+https://developers.facebook.com/docs/sharing/webmasters/crawler)"
185.249.227.216 - - [13/Mar/2026:02:14:05 +0530] "GET / HTTP/1.1" 200 31911 "-" "Mozilla/5.0 (X11; Linux x86_64) AppleWebKit/537.36 (KHTML, like Gecko) Chrome/44.0.2403.157 Safari/537.36"
111.172.249.49 - - [13/Mar/2026:02:14:06 +0530] "GET / HTTP/1.1" 200 38165 "http://vedanthasoftware.com" "Mozilla/5.0 (iPhone; CPU iPhone OS 13_2_3 like Mac OS X) AppleWebKit/605.1.15 (KHTML, like Gecko) Version/13.0.3 Mobile/15E148 Safari/604.1"
74.7.242.1 - - [13/Mar/2026:02:14:08 +0530] "GET /goods.php?detail/237007530050 HTTP/2.0" 200 24101 "https://vedanthasoftware.com/goods.php?detail/1070038727838" "Mozilla/5.0 AppleWebKit/537.36 (KHTML, like Gecko; compatible; GPTBot/1.3; +https://openai.com/gptbot)"
57.141.0.65 - - [13/Mar/2026:02:14:09 +0530] "GET /?e=7720862597501 HTTP/2.0" 200 183473 "-" "meta-externalagent/1.1 (+https://developers.facebook.com/docs/sharing/webmasters/crawler)"
57.141.0.72 - - [13/Mar/2026:02:14:10 +0530] "GET /?e=01898215640609 HTTP/2.0" 200 183473 "-" "meta-externalagent/1.1 (+https://developers.facebook.com/docs/sharing/webmasters/crawler)"
114.119.158.211 - - [13/Mar/2026:02:14:10 +0530] "GET /?_p=174008718 HTTP/1.1" 301 5 "https://www.vedanthasoftware.com/sitemap546.xml" "Mozilla/5.0 (Linux; Android 7.0;) AppleWebKit/537.36 (KHTML, like Gecko) Mobile Safari/537.36 (compatible; PetalBot;+https://webmaster.petalsearch.com/site/petalbot)"
74.7.243.201 - - [13/Mar/2026:02:14:10 +0530] "GET /goods.php?detail/198018658687 HTTP/2.0" 200 24090 "https://www.vedanthasoftware.com/goods.php?detail/0740101736010" "Mozilla/5.0 AppleWebKit/537.36 (KHTML, like Gecko; compatible; GPTBot/1.3; +https://openai.com/gptbot)"
57.141.0.41 - - [13/Mar/2026:02:14:11 +0530] "GET /?e=27593231451100 HTTP/2.0" 200 183473 "-" "meta-externalagent/1.1 (+https://developers.facebook.com/docs/sharing/webmasters/crawler)"
74.7.242.1 - - [13/Mar/2026:02:14:13 +0530] "GET /goods.php?detail/185008403191 HTTP/2.0" 200 24225 "https://vedanthasoftware.com/goods.php?detail/185038866607" "Mozilla/5.0 AppleWebKit/537.36 (KHTML, like Gecko; compatible; GPTBot/1.3; +https://openai.com/gptbot)"
74.7.243.201 - - [13/Mar/2026:02:14:15 +0530] "GET /goods.php?detail/030044062352 HTTP/2.0" 200 23570 "https://www.vedanthasoftware.com/goods.php?detail/295010426117" "Mozilla/5.0 AppleWebKit/537.36 (KHTML, like Gecko; compatible; GPTBot/1.3; +https://openai.com/gptbot)"
57.141.0.46 - - [13/Mar/2026:02:14:16 +0530] "GET /?e=14708294925202 HTTP/2.0" 200 183473 "-" "meta-externalagent/1.1 (+https://developers.facebook.com/docs/sharing/webmasters/crawler)"
74.7.242.1 - - [13/Mar/2026:02:14:16 +0530] "GET /goods.php?detail/241025292395 HTTP/2.0" 200 24419 "https://vedanthasoftware.com/goods.php?detail/241035520200" "Mozilla/5.0 AppleWebKit/537.36 (KHTML, like Gecko; compatible; GPTBot/1.3; +https://openai.com/gptbot)"
57.141.0.9 - - [13/Mar/2026:02:14:17 +0530] "GET /?e=9032542964910 HTTP/2.0" 200 183473 "-" "meta-externalagent/1.1 (+https://developers.facebook.com/docs/sharing/webmasters/crawler)"
57.141.0.42 - - [13/Mar/2026:02:14:18 +0530] "GET /?e=0384129210601 HTTP/2.0" 200 183473 "-" "meta-externalagent/1.1 (+https://developers.facebook.com/docs/sharing/webmasters/crawler)"
114.119.158.211 - - [13/Mar/2026:02:14:18 +0530] "GET /?_p=174008718 HTTP/1.1" 200 38164 "https://www.vedanthasoftware.com/sitemap546.xml" "Mozilla/5.0 (Linux; Android 7.0;) AppleWebKit/537.36 (KHTML, like Gecko) Mobile Safari/537.36 (compatible; PetalBot;+https://webmaster.petalsearch.com/site/petalbot)"
74.7.243.201 - - [13/Mar/2026:02:14:20 +0530] "GET /goods.php?detail/040049089122 HTTP/2.0" 200 24558 "https://www.vedanthasoftware.com/goods.php?detail/0360494496939" "Mozilla/5.0 AppleWebKit/537.36 (KHTML, like Gecko; compatible; GPTBot/1.3; +https://openai.com/gptbot)"
57.141.0.65 - - [13/Mar/2026:02:14:21 +0530] "GET /?e=89011211447701 HTTP/2.0" 200 183473 "-" "meta-externalagent/1.1 (+https://developers.facebook.com/docs/sharing/webmasters/crawler)"
74.7.242.1 - - [13/Mar/2026:02:14:22 +0530] "GET /goods.php?detail/206028916672 HTTP/2.0" 200 24127 "https://vedanthasoftware.com/goods.php?detail/044039554600" "Mozilla/5.0 AppleWebKit/537.36 (KHTML, like Gecko; compatible; GPTBot/1.3; +https://openai.com/gptbot)"
57.141.0.71 - - [13/Mar/2026:02:14:23 +0530] "GET /?e=78021134230702 HTTP/2.0" 200 183473 "-" "meta-externalagent/1.1 (+https://developers.facebook.com/docs/sharing/webmasters/crawler)"
74.7.243.201 - - [13/Mar/2026:02:14:24 +0530] "GET /goods.php?detail/2690090015609 HTTP/2.0" 200 24179 "https://www.vedanthasoftware.com/goods.php?detail/183015793220" "Mozilla/5.0 AppleWebKit/537.36 (KHTML, like Gecko; compatible; GPTBot/1.3; +https://openai.com/gptbot)"
74.7.242.1 - - [13/Mar/2026:02:14:27 +0530] "GET /goods.php?detail/285005729023 HTTP/2.0" 200 24393 "https://vedanthasoftware.com/goods.php?detail/285047962280" "Mozilla/5.0 AppleWebKit/537.36 (KHTML, like Gecko; compatible; GPTBot/1.3; +https://openai.com/gptbot)"
74.7.243.201 - - [13/Mar/2026:02:14:27 +0530] "GET /goods.php?detail/1610354578576 HTTP/2.0" 200 23893 "https://www.vedanthasoftware.com/goods.php?detail/1610107616187" "Mozilla/5.0 AppleWebKit/537.36 (KHTML, like Gecko; compatible; GPTBot/1.3; +https://openai.com/gptbot)"
57.141.0.66 - - [13/Mar/2026:02:14:28 +0530] "GET /?e=39913139803401 HTTP/2.0" 200 183473 "-" "meta-externalagent/1.1 (+https://developers.facebook.com/docs/sharing/webmasters/crawler)"
74.7.242.1 - - [13/Mar/2026:02:14:30 +0530] "GET /goods.php?detail/044023795474 HTTP/2.0" 200 23807 "https://vedanthasoftware.com/goods.php?detail/044004997569" "Mozilla/5.0 AppleWebKit/537.36 (KHTML, like Gecko; compatible; GPTBot/1.3; +https://openai.com/gptbot)"
74.7.243.201 - - [13/Mar/2026:02:14:30 +0530] "GET /goods.php?detail/159043009068 HTTP/2.0" 200 23672 "https://www.vedanthasoftware.com/goods.php?detail/159043008118" "Mozilla/5.0 AppleWebKit/537.36 (KHTML, like Gecko; compatible; GPTBot/1.3; +https://openai.com/gptbot)"
57.141.0.42 - - [13/Mar/2026:02:14:31 +0530] "GET /?e=67223213334704 HTTP/2.0" 200 183473 "-" "meta-externalagent/1.1 (+https://developers.facebook.com/docs/sharing/webmasters/crawler)"
57.141.0.48 - - [13/Mar/2026:02:14:32 +0530] "GET /?e=93992262061606 HTTP/2.0" 200 183473 "-" "meta-externalagent/1.1 (+https://developers.facebook.com/docs/sharing/webmasters/crawler)"
74.7.242.1 - - [13/Mar/2026:02:14:34 +0530] "GET /goods.php?detail/221001153426 HTTP/2.0" 200 24635 "https://vedanthasoftware.com/goods.php?detail/221008806483" "Mozilla/5.0 AppleWebKit/537.36 (KHTML, like Gecko; compatible; GPTBot/1.3; +https://openai.com/gptbot)"
74.7.243.201 - - [13/Mar/2026:02:14:35 +0530] "GET /goods.php?detail/089024732268 HTTP/2.0" 200 23756 "https://www.vedanthasoftware.com/goods.php?detail/119013525183" "Mozilla/5.0 AppleWebKit/537.36 (KHTML, like Gecko; compatible; GPTBot/1.3; +https://openai.com/gptbot)"
57.141.0.15 - - [13/Mar/2026:02:14:35 +0530] "GET /?e=92773263039100 HTTP/2.0" 200 183473 "-" "meta-externalagent/1.1 (+https://developers.facebook.com/docs/sharing/webmasters/crawler)"
57.141.0.38 - - [13/Mar/2026:02:14:36 +0530] "GET /?e=78275131595900 HTTP/2.0" 200 183473 "-" "meta-externalagent/1.1 (+https://developers.facebook.com/docs/sharing/webmasters/crawler)"
74.7.242.1 - - [13/Mar/2026:02:14:38 +0530] "GET /goods.php?detail/263036234526 HTTP/2.0" 200 23780 "https://vedanthasoftware.com/goods.php?detail/170012647478" "Mozilla/5.0 AppleWebKit/537.36 (KHTML, like Gecko; compatible; GPTBot/1.3; +https://openai.com/gptbot)"
74.7.243.201 - - [13/Mar/2026:02:14:39 +0530] "GET /goods.php?detail/024027172380 HTTP/2.0" 200 24952 "https://www.vedanthasoftware.com/goods.php?detail/0330337433176" "Mozilla/5.0 AppleWebKit/537.36 (KHTML, like Gecko; compatible; GPTBot/1.3; +https://openai.com/gptbot)"
57.141.0.67 - - [13/Mar/2026:02:14:39 +0530] "GET /?e=91996111230601 HTTP/2.0" 200 183473 "-" "meta-externalagent/1.1 (+https://developers.facebook.com/docs/sharing/webmasters/crawler)"
74.7.242.1 - - [13/Mar/2026:02:14:41 +0530] "GET /goods.php?jp/297002755.html HTTP/2.0" 200 24068 "https://vedanthasoftware.com/goods.php?detail/297002755997" "Mozilla/5.0 AppleWebKit/537.36 (KHTML, like Gecko; compatible; GPTBot/1.3; +https://openai.com/gptbot)"
57.141.0.32 - - [13/Mar/2026:02:14:42 +0530] "GET /?e=6029179395203 HTTP/2.0" 200 183473 "-" "meta-externalagent/1.1 (+https://developers.facebook.com/docs/sharing/webmasters/crawler)"
74.7.243.201 - - [13/Mar/2026:02:14:43 +0530] "GET /goods.php?detail/033022451425 HTTP/2.0" 200 24426 "https://www.vedanthasoftware.com/goods.php?detail/0330337433176" "Mozilla/5.0 AppleWebKit/537.36 (KHTML, like Gecko; compatible; GPTBot/1.3; +https://openai.com/gptbot)"
74.7.242.1 - - [13/Mar/2026:02:14:45 +0530] "GET /goods.php?detail/069007972499 HTTP/2.0" 200 24120 "https://vedanthasoftware.com/goods.php?detail/170012647478" "Mozilla/5.0 AppleWebKit/537.36 (KHTML, like Gecko; compatible; GPTBot/1.3; +https://openai.com/gptbot)"
74.7.243.201 - - [13/Mar/2026:02:14:47 +0530] "GET /goods.php?detail/082033490849 HTTP/2.0" 200 24091 "https://www.vedanthasoftware.com/goods.php?detail/295036343016" "Mozilla/5.0 AppleWebKit/537.36 (KHTML, like Gecko; compatible; GPTBot/1.3; +https://openai.com/gptbot)"
74.7.242.1 - - [13/Mar/2026:02:14:48 +0530] "GET /goods.php?detail/023034328950 HTTP/2.0" 200 23765 "https://vedanthasoftware.com/goods.php?detail/297002755997" "Mozilla/5.0 AppleWebKit/537.36 (KHTML, like Gecko; compatible; GPTBot/1.3; +https://openai.com/gptbot)"
57.141.0.31 - - [13/Mar/2026:02:14:49 +0530] "GET /?e=70111290084200 HTTP/2.0" 200 183473 "-" "meta-externalagent/1.1 (+https://developers.facebook.com/docs/sharing/webmasters/crawler)"
57.141.0.35 - - [13/Mar/2026:02:14:49 +0530] "GET /?e=8116715749501 HTTP/2.0" 200 183473 "-" "meta-externalagent/1.1 (+https://developers.facebook.com/docs/sharing/webmasters/crawler)"
74.7.242.1 - - [13/Mar/2026:02:14:52 +0530] "GET /goods.php?detail/157028255214 HTTP/2.0" 200 23837 "https://vedanthasoftware.com/goods.php?detail/157043457815" "Mozilla/5.0 AppleWebKit/537.36 (KHTML, like Gecko; compatible; GPTBot/1.3; +https://openai.com/gptbot)"
74.7.243.201 - - [13/Mar/2026:02:14:52 +0530] "GET /goods.php?detail/295036357588 HTTP/2.0" 200 23732 "https://www.vedanthasoftware.com/goods.php?detail/295036343016" "Mozilla/5.0 AppleWebKit/537.36 (KHTML, like Gecko; compatible; GPTBot/1.3; +https://openai.com/gptbot)"
57.141.0.27 - - [13/Mar/2026:02:14:53 +0530] "GET /?e=84448129262106 HTTP/2.0" 200 183473 "-" "meta-externalagent/1.1 (+https://developers.facebook.com/docs/sharing/webmasters/crawler)"
57.141.0.49 - - [13/Mar/2026:02:14:53 +0530] "GET /?e=82020289286905 HTTP/2.0" 200 183473 "-" "meta-externalagent/1.1 (+https://developers.facebook.com/docs/sharing/webmasters/crawler)"
74.7.242.1 - - [13/Mar/2026:02:14:55 +0530] "GET /goods.php?detail/130031153104 HTTP/2.0" 200 23970 "https://vedanthasoftware.com/goods.php?detail/185008403191" "Mozilla/5.0 AppleWebKit/537.36 (KHTML, like Gecko; compatible; GPTBot/1.3; +https://openai.com/gptbot)"
74.7.243.201 - - [13/Mar/2026:02:14:56 +0530] "GET /goods.php?detail/198016128223 HTTP/2.0" 200 24147 "https://www.vedanthasoftware.com/goods.php?detail/198018658687" "Mozilla/5.0 AppleWebKit/537.36 (KHTML, like Gecko; compatible; GPTBot/1.3; +https://openai.com/gptbot)"
57.141.0.8 - - [13/Mar/2026:02:14:56 +0530] "GET /?e=59725210171900 HTTP/2.0" 200 183473 "-" "meta-externalagent/1.1 (+https://developers.facebook.com/docs/sharing/webmasters/crawler)"
57.141.0.39 - - [13/Mar/2026:02:14:57 +0530] "GET /?e=3989315061205 HTTP/2.0" 200 183473 "-" "meta-externalagent/1.1 (+https://developers.facebook.com/docs/sharing/webmasters/crawler)"
74.7.242.1 - - [13/Mar/2026:02:14:59 +0530] "GET /goods.php?detail/241031006538 HTTP/2.0" 200 24039 "https://vedanthasoftware.com/goods.php?detail/241025292395" "Mozilla/5.0 AppleWebKit/537.36 (KHTML, like Gecko; compatible; GPTBot/1.3; +https://openai.com/gptbot)"
74.7.243.201 - - [13/Mar/2026:02:15:00 +0530] "GET /goods.php?detail/059033776201 HTTP/2.0" 200 23792 "https://www.vedanthasoftware.com/goods.php?detail/059029159054" "Mozilla/5.0 AppleWebKit/537.36 (KHTML, like Gecko; compatible; GPTBot/1.3; +https://openai.com/gptbot)"
74.7.242.1 - - [13/Mar/2026:02:15:03 +0530] "GET /goods.php?goods/206028921 HTTP/2.0" 200 25412 "https://vedanthasoftware.com/goods.php?detail/206028916672" "Mozilla/5.0 AppleWebKit/537.36 (KHTML, like Gecko; compatible; GPTBot/1.3; +https://openai.com/gptbot)"
74.7.243.201 - - [13/Mar/2026:02:15:03 +0530] "GET /goods.php?detail/0160164767477 HTTP/2.0" 200 24499 "https://www.vedanthasoftware.com/goods.php?detail/222002925636" "Mozilla/5.0 AppleWebKit/537.36 (KHTML, like Gecko; compatible; GPTBot/1.3; +https://openai.com/gptbot)"
74.7.243.201 - - [13/Mar/2026:02:15:08 +0530] "GET /goods.php?detail/0020304909097 HTTP/2.0" 200 24009 "https://www.vedanthasoftware.com/goods.php?goods/002030490" "Mozilla/5.0 AppleWebKit/537.36 (KHTML, like Gecko; compatible; GPTBot/1.3; +https://openai.com/gptbot)"
74.7.242.1 - - [13/Mar/2026:02:15:07 +0530] "GET /goods.php?detail/111031975587 HTTP/2.0" 200 23974 "https://vedanthasoftware.com/goods.php?detail/241025292395" "Mozilla/5.0 AppleWebKit/537.36 (KHTML, like Gecko; compatible; GPTBot/1.3; +https://openai.com/gptbot)"
57.141.0.8 - - [13/Mar/2026:02:15:09 +0530] "GET /?e=59810232620601 HTTP/2.0" 200 183473 "-" "meta-externalagent/1.1 (+https://developers.facebook.com/docs/sharing/webmasters/crawler)"
57.141.0.46 - - [13/Mar/2026:02:15:09 +0530] "GET /?e=7761163492202 HTTP/2.0" 200 183473 "-" "meta-externalagent/1.1 (+https://developers.facebook.com/docs/sharing/webmasters/crawler)"
74.7.242.1 - - [13/Mar/2026:02:15:13 +0530] "GET /goods.php?detail/162012902810 HTTP/2.0" 200 23672 "https://vedanthasoftware.com/goods.php?detail/285005729023" "Mozilla/5.0 AppleWebKit/537.36 (KHTML, like Gecko; compatible; GPTBot/1.3; +https://openai.com/gptbot)"
74.7.243.201 - - [13/Mar/2026:02:15:13 +0530] "GET /goods.php?detail/2070167107062 HTTP/2.0" 200 23905 "https://www.vedanthasoftware.com/goods.php?detail/207016105726" "Mozilla/5.0 AppleWebKit/537.36 (KHTML, like Gecko; compatible; GPTBot/1.3; +https://openai.com/gptbot)"
57.141.0.65 - - [13/Mar/2026:02:15:14 +0530] "GET /?e=0114512336304 HTTP/2.0" 200 183473 "-" "meta-externalagent/1.1 (+https://developers.facebook.com/docs/sharing/webmasters/crawler)"
57.141.0.9 - - [13/Mar/2026:02:15:15 +0530] "GET /?e=21408204487405 HTTP/2.0" 200 183473 "-" "meta-externalagent/1.1 (+https://developers.facebook.com/docs/sharing/webmasters/crawler)"
57.141.0.41 - - [13/Mar/2026:02:15:16 +0530] "GET /?e=7258745195308 HTTP/2.0" 200 183473 "-" "meta-externalagent/1.1 (+https://developers.facebook.com/docs/sharing/webmasters/crawler)"
57.141.0.33 - - [13/Mar/2026:02:15:16 +0530] "GET /?e=08238190670201 HTTP/2.0" 200 183473 "-" "meta-externalagent/1.1 (+https://developers.facebook.com/docs/sharing/webmasters/crawler)"
74.7.242.1 - - [13/Mar/2026:02:15:18 +0530] "GET /goods.php?detail/285007748950 HTTP/2.0" 200 24438 "https://vedanthasoftware.com/goods.php?detail/285005729023" "Mozilla/5.0 AppleWebKit/537.36 (KHTML, like Gecko; compatible; GPTBot/1.3; +https://openai.com/gptbot)"
74.7.243.201 - - [13/Mar/2026:02:15:19 +0530] "GET /goods.php?detail/0650166969611 HTTP/2.0" 200 24222 "https://www.vedanthasoftware.com/goods.php?detail/065006298704" "Mozilla/5.0 AppleWebKit/537.36 (KHTML, like Gecko; compatible; GPTBot/1.3; +https://openai.com/gptbot)"
57.141.0.25 - - [13/Mar/2026:02:15:20 +0530] "GET /?e=81892221630203 HTTP/2.0" 200 183473 "-" "meta-externalagent/1.1 (+https://developers.facebook.com/docs/sharing/webmasters/crawler)"
74.7.242.1 - - [13/Mar/2026:02:15:22 +0530] "GET /goods.php?detail/166024292966 HTTP/2.0" 200 23764 "https://vedanthasoftware.com/goods.php?detail/263036234526" "Mozilla/5.0 AppleWebKit/537.36 (KHTML, like Gecko; compatible; GPTBot/1.3; +https://openai.com/gptbot)"
57.141.0.65 - - [13/Mar/2026:02:15:23 +0530] "GET /?e=66161119405400 HTTP/2.0" 200 183473 "-" "meta-externalagent/1.1 (+https://developers.facebook.com/docs/sharing/webmasters/crawler)"
74.7.243.201 - - [13/Mar/2026:02:15:23 +0530] "GET /goods.php?detail/073008265304 HTTP/2.0" 200 24099 "https://www.vedanthasoftware.com/goods.php?detail/089024732268" "Mozilla/5.0 AppleWebKit/537.36 (KHTML, like Gecko; compatible; GPTBot/1.3; +https://openai.com/gptbot)"
114.119.149.83 - - [13/Mar/2026:02:15:24 +0530] "GET /?_p=172018172 HTTP/1.1" 301 5 "https://www.vedanthasoftware.com/sitemap546.xml" "Mozilla/5.0 (Linux; Android 7.0;) AppleWebKit/537.36 (KHTML, like Gecko) Mobile Safari/537.36 (compatible; PetalBot;+https://webmaster.petalsearch.com/site/petalbot)"
74.7.242.1 - - [13/Mar/2026:02:15:25 +0530] "GET /goods.php?detail/239001359742 HTTP/2.0" 200 24702 "https://vedanthasoftware.com/goods.php?detail/285005729023" "Mozilla/5.0 AppleWebKit/537.36 (KHTML, like Gecko; compatible; GPTBot/1.3; +https://openai.com/gptbot)"
114.119.149.83 - - [13/Mar/2026:02:15:26 +0530] "GET /?_p=172018172 HTTP/1.1" 200 38169 "https://www.vedanthasoftware.com/sitemap546.xml" "Mozilla/5.0 (Linux; Android 7.0;) AppleWebKit/537.36 (KHTML, like Gecko) Mobile Safari/537.36 (compatible; PetalBot;+https://webmaster.petalsearch.com/site/petalbot)"
74.7.243.201 - - [13/Mar/2026:02:15:28 +0530] "GET /goods.php?detail/0770016770257 HTTP/2.0" 200 24139 "https://www.vedanthasoftware.com/goods.php?detail/077003212224" "Mozilla/5.0 AppleWebKit/537.36 (KHTML, like Gecko; compatible; GPTBot/1.3; +https://openai.com/gptbot)"
74.7.242.1 - - [13/Mar/2026:02:15:29 +0530] "GET /goods.php?detail/115038392403 HTTP/2.0" 200 24021 "https://vedanthasoftware.com/goods.php?jp/297002755.html" "Mozilla/5.0 AppleWebKit/537.36 (KHTML, like Gecko; compatible; GPTBot/1.3; +https://openai.com/gptbot)"
52.167.144.202 - - [13/Mar/2026:02:15:29 +0530] "GET /?e=0197736037202 HTTP/2.0" 200 33 "-" "Mozilla/5.0 AppleWebKit/537.36 (KHTML, like Gecko; compatible; bingbot/2.0; +http://www.bing.com/bingbot.htm) Chrome/116.0.1938.76 Safari/537.36"
57.141.0.16 - - [13/Mar/2026:02:15:29 +0530] "GET /?e=71574190259703 HTTP/2.0" 200 183473 "-" "meta-externalagent/1.1 (+https://developers.facebook.com/docs/sharing/webmasters/crawler)"
57.141.0.30 - - [13/Mar/2026:02:15:30 +0530] "GET /?e=11060171516202 HTTP/2.0" 200 183473 "-" "meta-externalagent/1.1 (+https://developers.facebook.com/docs/sharing/webmasters/crawler)"
74.7.242.1 - - [13/Mar/2026:02:15:33 +0530] "GET /goods.php?detail/062044035433 HTTP/2.0" 200 23657 "https://vedanthasoftware.com/goods.php?detail/023034328950" "Mozilla/5.0 AppleWebKit/537.36 (KHTML, like Gecko; compatible; GPTBot/1.3; +https://openai.com/gptbot)"
74.7.243.201 - - [13/Mar/2026:02:15:33 +0530] "GET /goods.php?detail/199036485351 HTTP/2.0" 200 24960 "https://www.vedanthasoftware.com/goods.php?detail/033022451425" "Mozilla/5.0 AppleWebKit/537.36 (KHTML, like Gecko; compatible; GPTBot/1.3; +https://openai.com/gptbot)"
57.141.0.58 - - [13/Mar/2026:02:15:34 +0530] "GET /?e=1974020379600 HTTP/2.0" 200 183473 "-" "meta-externalagent/1.1 (+https://developers.facebook.com/docs/sharing/webmasters/crawler)"
57.141.0.71 - - [13/Mar/2026:02:15:34 +0530] "GET /?e=32123100401017 HTTP/2.0" 200 183473 "-" "meta-externalagent/1.1 (+https://developers.facebook.com/docs/sharing/webmasters/crawler)"
74.7.242.1 - - [13/Mar/2026:02:15:37 +0530] "GET /goods.php?detail/1490411604814 HTTP/2.0" 200 23879 "https://vedanthasoftware.com/goods.php?detail/157028255214" "Mozilla/5.0 AppleWebKit/537.36 (KHTML, like Gecko; compatible; GPTBot/1.3; +https://openai.com/gptbot)"
74.7.243.201 - - [13/Mar/2026:02:15:37 +0530] "GET /goods.php?detail/0120012778288 HTTP/2.0" 200 24164 "https://www.vedanthasoftware.com/goods.php?jp/012011640.html" "Mozilla/5.0 AppleWebKit/537.36 (KHTML, like Gecko; compatible; GPTBot/1.3; +https://openai.com/gptbot)"
57.141.0.44 - - [13/Mar/2026:02:15:38 +0530] "GET /?e=12238125315108 HTTP/2.0" 200 183473 "-" "meta-externalagent/1.1 (+https://developers.facebook.com/docs/sharing/webmasters/crawler)"
57.141.0.39 - - [13/Mar/2026:02:15:39 +0530] "GET /?e=89491104058800 HTTP/2.0" 200 183473 "-" "meta-externalagent/1.1 (+https://developers.facebook.com/docs/sharing/webmasters/crawler)"
74.7.242.1 - - [13/Mar/2026:02:15:41 +0530] "GET /goods.php?detail/130005131048 HTTP/2.0" 200 24730 "https://vedanthasoftware.com/goods.php?detail/130031153104" "Mozilla/5.0 AppleWebKit/537.36 (KHTML, like Gecko; compatible; GPTBot/1.3; +https://openai.com/gptbot)"
57.141.0.16 - - [13/Mar/2026:02:15:42 +0530] "GET /?e=12199211583803 HTTP/2.0" 200 183473 "-" "meta-externalagent/1.1 (+https://developers.facebook.com/docs/sharing/webmasters/crawler)"
54.39.210.201 - - [13/Mar/2026:02:15:42 +0530] "GET /robots.txt HTTP/2.0" 200 412 "-" "Mozilla/5.0 (compatible; AhrefsBot/7.0; +http://ahrefs.com/robot/)"
74.7.243.201 - - [13/Mar/2026:02:15:42 +0530] "GET /goods.php?detail/1080430404347 HTTP/2.0" 200 24200 "https://www.vedanthasoftware.com/goods.php?jp/088029056.html" "Mozilla/5.0 AppleWebKit/537.36 (KHTML, like Gecko; compatible; GPTBot/1.3; +https://openai.com/gptbot)"
57.141.0.17 - - [13/Mar/2026:02:15:43 +0530] "GET /?e=57173227469406 HTTP/2.0" 200 183473 "-" "meta-externalagent/1.1 (+https://developers.facebook.com/docs/sharing/webmasters/crawler)"
74.7.242.1 - - [13/Mar/2026:02:15:45 +0530] "GET /goods.php?detail/130005295276 HTTP/2.0" 200 24146 "https://vedanthasoftware.com/goods.php?detail/130031153104" "Mozilla/5.0 AppleWebKit/537.36 (KHTML, like Gecko; compatible; GPTBot/1.3; +https://openai.com/gptbot)"
74.7.243.201 - - [13/Mar/2026:02:15:46 +0530] "GET /goods.php?detail/0520065251851 HTTP/2.0" 200 23735 "https://www.vedanthasoftware.com/goods.php?detail/198016128223" "Mozilla/5.0 AppleWebKit/537.36 (KHTML, like Gecko; compatible; GPTBot/1.3; +https://openai.com/gptbot)"
57.141.0.37 - - [13/Mar/2026:02:15:46 +0530] "GET /?e=93097190265306 HTTP/2.0" 200 183473 "-" "meta-externalagent/1.1 (+https://developers.facebook.com/docs/sharing/webmasters/crawler)"
74.7.242.1 - - [13/Mar/2026:02:15:49 +0530] "GET /goods.php?detail/2060289220998 HTTP/2.0" 200 24038 "https://vedanthasoftware.com/goods.php?goods/206028921" "Mozilla/5.0 AppleWebKit/537.36 (KHTML, like Gecko; compatible; GPTBot/1.3; +https://openai.com/gptbot)"
198.244.240.166 - - [13/Mar/2026:02:15:50 +0530] "GET /goods.php?sitemap447.xml HTTP/2.0" 200 33 "-" "Mozilla/5.0 (compatible; AhrefsBot/7.0; +http://ahrefs.com/robot/)"
74.7.243.201 - - [13/Mar/2026:02:15:52 +0530] "GET /goods.php?detail/059029164681 HTTP/2.0" 200 23794 "https://www.vedanthasoftware.com/goods.php?detail/059033776201" "Mozilla/5.0 AppleWebKit/537.36 (KHTML, like Gecko; compatible; GPTBot/1.3; +https://openai.com/gptbot)"
57.141.0.24 - - [13/Mar/2026:02:15:53 +0530] "GET /?e=7102320469200 HTTP/2.0" 200 183473 "-" "meta-externalagent/1.1 (+https://developers.facebook.com/docs/sharing/webmasters/crawler)"
74.7.242.1 - - [13/Mar/2026:02:15:53 +0530] "GET /goods.php?detail/111031711350 HTTP/2.0" 200 23802 "https://vedanthasoftware.com/goods.php?detail/111031975587" "Mozilla/5.0 AppleWebKit/537.36 (KHTML, like Gecko; compatible; GPTBot/1.3; +https://openai.com/gptbot)"
74.7.242.1 - - [13/Mar/2026:02:15:57 +0530] "GET /goods.php?detail/028040973007 HTTP/2.0" 200 24100 "https://vedanthasoftware.com/goods.php?detail/130031153104" "Mozilla/5.0 AppleWebKit/537.36 (KHTML, like Gecko; compatible; GPTBot/1.3; +https://openai.com/gptbot)"
74.7.243.201 - - [13/Mar/2026:02:15:57 +0530] "GET /goods.php?detail/013018732184 HTTP/2.0" 200 24673 "https://www.vedanthasoftware.com/goods.php?detail/0160164767477" "Mozilla/5.0 AppleWebKit/537.36 (KHTML, like Gecko; compatible; GPTBot/1.3; +https://openai.com/gptbot)"
74.7.243.201 - - [13/Mar/2026:02:16:01 +0530] "GET /goods.php?detail/198016627060 HTTP/2.0" 200 25164 "https://www.vedanthasoftware.com/goods.php?detail/198016128223" "Mozilla/5.0 AppleWebKit/537.36 (KHTML, like Gecko; compatible; GPTBot/1.3; +https://openai.com/gptbot)"
74.7.242.1 - - [13/Mar/2026:02:16:01 +0530] "GET /goods.php?jp/204026358.html HTTP/2.0" 200 24621 "https://vedanthasoftware.com/goods.php?detail/285007748950" "Mozilla/5.0 AppleWebKit/537.36 (KHTML, like Gecko; compatible; GPTBot/1.3; +https://openai.com/gptbot)"
57.141.0.39 - - [13/Mar/2026:02:16:02 +0530] "GET /?e=08490226073509 HTTP/2.0" 200 183473 "-" "meta-externalagent/1.1 (+https://developers.facebook.com/docs/sharing/webmasters/crawler)"
57.141.0.30 - - [13/Mar/2026:02:16:03 +0530] "GET /?e=54051107449000 HTTP/2.0" 200 183473 "-" "meta-externalagent/1.1 (+https://developers.facebook.com/docs/sharing/webmasters/crawler)"
74.7.243.201 - - [13/Mar/2026:02:16:05 +0530] "GET /goods.php?detail/207016719511 HTTP/2.0" 200 24107 "https://www.vedanthasoftware.com/goods.php?detail/2070167107062" "Mozilla/5.0 AppleWebKit/537.36 (KHTML, like Gecko; compatible; GPTBot/1.3; +https://openai.com/gptbot)"
74.7.242.1 - - [13/Mar/2026:02:16:05 +0530] "GET /goods.php?detail/134001711243 HTTP/2.0" 200 23821 "https://vedanthasoftware.com/goods.php?detail/166024292966" "Mozilla/5.0 AppleWebKit/537.36 (KHTML, like Gecko; compatible; GPTBot/1.3; +https://openai.com/gptbot)"
57.141.0.50 - - [13/Mar/2026:02:16:06 +0530] "GET /?e=40729240206902 HTTP/2.0" 200 183473 "-" "meta-externalagent/1.1 (+https://developers.facebook.com/docs/sharing/webmasters/crawler)"
57.141.0.4 - - [13/Mar/2026:02:16:06 +0530] "GET /?e=9402617630403 HTTP/2.0" 200 183473 "-" "meta-externalagent/1.1 (+https://developers.facebook.com/docs/sharing/webmasters/crawler)"
74.7.243.201 - - [13/Mar/2026:02:16:09 +0530] "GET /goods.php?detail/065004596067 HTTP/2.0" 200 25314 "https://www.vedanthasoftware.com/goods.php?detail/0650166969611" "Mozilla/5.0 AppleWebKit/537.36 (KHTML, like Gecko; compatible; GPTBot/1.3; +https://openai.com/gptbot)"
74.7.242.1 - - [13/Mar/2026:02:16:11 +0530] "GET /goods.php?detail/231047318603 HTTP/2.0" 200 24568 "https://vedanthasoftware.com/goods.php?detail/239001359742" "Mozilla/5.0 AppleWebKit/537.36 (KHTML, like Gecko; compatible; GPTBot/1.3; +https://openai.com/gptbot)"
74.7.243.201 - - [13/Mar/2026:02:16:12 +0530] "GET /goods.php?detail/124031837414 HTTP/2.0" 200 23621 "https://www.vedanthasoftware.com/goods.php?detail/0160164767477" "Mozilla/5.0 AppleWebKit/537.36 (KHTML, like Gecko; compatible; GPTBot/1.3; +https://openai.com/gptbot)"
57.141.0.17 - - [13/Mar/2026:02:16:14 +0530] "GET /?e=2711010241801 HTTP/2.0" 200 183473 "-" "meta-externalagent/1.1 (+https://developers.facebook.com/docs/sharing/webmasters/crawler)"
74.7.242.1 - - [13/Mar/2026:02:16:14 +0530] "GET /goods.php?detail/089005885077 HTTP/2.0" 200 24146 "https://vedanthasoftware.com/goods.php?detail/115038392403" "Mozilla/5.0 AppleWebKit/537.36 (KHTML, like Gecko; compatible; GPTBot/1.3; +https://openai.com/gptbot)"
74.7.243.201 - - [13/Mar/2026:02:16:17 +0530] "GET /goods.php?detail/077018005405 HTTP/2.0" 200 23754 "https://www.vedanthasoftware.com/goods.php?detail/0770016770257" "Mozilla/5.0 AppleWebKit/537.36 (KHTML, like Gecko; compatible; GPTBot/1.3; +https://openai.com/gptbot)"
74.7.242.1 - - [13/Mar/2026:02:16:18 +0530] "GET /goods.php?detail/1520469379292 HTTP/2.0" 200 24058 "https://vedanthasoftware.com/goods.php?detail/239001359742" "Mozilla/5.0 AppleWebKit/537.36 (KHTML, like Gecko; compatible; GPTBot/1.3; +https://openai.com/gptbot)"
57.141.0.5 - - [13/Mar/2026:02:16:18 +0530] "GET /?e=96881134446204 HTTP/2.0" 200 183473 "-" "meta-externalagent/1.1 (+https://developers.facebook.com/docs/sharing/webmasters/crawler)"
57.141.0.18 - - [13/Mar/2026:02:16:19 +0530] "GET /?e=8748616860607 HTTP/2.0" 200 183473 "-" "meta-externalagent/1.1 (+https://developers.facebook.com/docs/sharing/webmasters/crawler)"
57.141.0.11 - - [13/Mar/2026:02:16:20 +0530] "GET /?e=3672454347402 HTTP/2.0" 200 183473 "-" "meta-externalagent/1.1 (+https://developers.facebook.com/docs/sharing/webmasters/crawler)"
74.7.243.201 - - [13/Mar/2026:02:16:21 +0530] "GET /goods.php?detail/0770180044607 HTTP/2.0" 200 24076 "https://www.vedanthasoftware.com/goods.php?detail/0770016770257" "Mozilla/5.0 AppleWebKit/537.36 (KHTML, like Gecko; compatible; GPTBot/1.3; +https://openai.com/gptbot)"
57.141.0.26 - - [13/Mar/2026:02:16:22 +0530] "GET /?e=7698546207803 HTTP/2.0" 200 183473 "-" "meta-externalagent/1.1 (+https://developers.facebook.com/docs/sharing/webmasters/crawler)"
57.141.0.20 - - [13/Mar/2026:02:16:23 +0530] "GET /?e=2119379482105 HTTP/2.0" 200 183473 "-" "meta-externalagent/1.1 (+https://developers.facebook.com/docs/sharing/webmasters/crawler)"
74.7.242.1 - - [13/Mar/2026:02:16:24 +0530] "GET /goods.php?detail/149041158504 HTTP/2.0" 200 23955 "https://vedanthasoftware.com/goods.php?detail/1490411604814" "Mozilla/5.0 AppleWebKit/537.36 (KHTML, like Gecko; compatible; GPTBot/1.3; +https://openai.com/gptbot)"
57.141.0.65 - - [13/Mar/2026:02:16:25 +0530] "GET /?e=51477263076910 HTTP/2.0" 200 183473 "-" "meta-externalagent/1.1 (+https://developers.facebook.com/docs/sharing/webmasters/crawler)"
